[INFO] fetching crate dorimubot-framework-core 0.0.8...
[INFO] testing dorimubot-framework-core-0.0.8 against 1.100.0-beta.1 for beta-1.100-4
[INFO] extracting crate dorimubot-framework-core 0.0.8 into /workspace/builds/worker-4-tc2/source
[INFO] started tweaking crates.io crate dorimubot-framework-core 0.0.8
[INFO] removed 0 missing tests
[INFO] finished tweaking crates.io crate dorimubot-framework-core 0.0.8
[INFO] tweaked toml for crates.io crate dorimubot-framework-core 0.0.8 written to /workspace/builds/worker-4-tc2/source/Cargo.toml
[INFO] validating manifest of crates.io crate dorimubot-framework-core 0.0.8 on toolchain 1.100.0-beta.1
[INFO] running `Command { std: CARGO_HOME="/workspace/cargo-home" RUSTUP_HOME="/workspace/rustup-home" "/workspace/cargo-home/bin/cargo" "+1.100.0-beta.1" "metadata" "--manifest-path" "Cargo.toml" "--no-deps", kill_on_drop: false }`
[INFO] crate crates.io crate dorimubot-framework-core 0.0.8 already has a lockfile, it will not be regenerated
[INFO] running `Command { std: CARGO_HOME="/workspace/cargo-home" RUSTUP_HOME="/workspace/rustup-home" "/workspace/cargo-home/bin/cargo" "+1.100.0-beta.1" "fetch" "--manifest-path" "Cargo.toml", kill_on_drop: false }`
[INFO] running `Command { std: "docker" "create" "-v" "/var/lib/crater-agent-workspace/builds/worker-4-tc2/source:/opt/rustwide/workdir:ro,Z" "-v" "/var/lib/crater-agent-workspace/builds/worker-4-tc2/target:/opt/rustwide/target:rw,Z" "-v" "/var/lib/crater-agent-workspace/cargo-home:/opt/rustwide/cargo-home:ro,Z" "-v" "/var/lib/crater-agent-workspace/rustup-home:/opt/rustwide/rustup-home:ro,Z" "-m" "1610612736" "--network" "none" "ghcr.io/rust-lang/crates-build-env/linux@sha256:77db811e55d90add9212f6832c23229e3de5f1c1f9905e8cb07319ea15df73ac" "sleep" "infinity", kill_on_drop: false }`
[INFO] [stdout] 295ab674469597945ec060a4e1887c7eb662cd3a82eec6386a4cae18b89bc636
[INFO] running `Command { std: "docker" "start" "295ab674469597945ec060a4e1887c7eb662cd3a82eec6386a4cae18b89bc636", kill_on_drop: false }`
[INFO] running `Command { std: "docker" "inspect" "295ab674469597945ec060a4e1887c7eb662cd3a82eec6386a4cae18b89bc636", kill_on_drop: false }`
[INFO] running `Command { std: "docker" "exec" "-e" "SOURCE_DIR=/opt/rustwide/workdir" "-e" "CARGO_HOME=/opt/rustwide/cargo-home" "-e" "RUSTUP_HOME=/opt/rustwide/rustup-home" "-e" "CARGO_TARGET_DIR=/opt/rustwide/target" "-w" "/opt/rustwide/workdir" "--user" "0:0" "295ab674469597945ec060a4e1887c7eb662cd3a82eec6386a4cae18b89bc636" "/opt/rustwide/cargo-home/bin/cargo" "+1.100.0-beta.1" "metadata" "--no-deps" "--format-version=1", kill_on_drop: false }`
[INFO] running `Command { std: "docker" "inspect" "295ab674469597945ec060a4e1887c7eb662cd3a82eec6386a4cae18b89bc636", kill_on_drop: false }`
[INFO] running `Command { std: "docker" "exec" "-e" "SOURCE_DIR=/opt/rustwide/workdir" "-e" "CARGO_HOME=/opt/rustwide/cargo-home" "-e" "RUSTUP_HOME=/opt/rustwide/rustup-home" "-e" "CARGO_TARGET_DIR=/opt/rustwide/target" "-e" "CARGO_INCREMENTAL=0" "-e" "RUST_BACKTRACE=full" "-e" "RUSTFLAGS=--cap-lints=warn" "-e" "RUSTDOCFLAGS=--cap-lints=warn" "-w" "/opt/rustwide/workdir" "--user" "0:0" "295ab674469597945ec060a4e1887c7eb662cd3a82eec6386a4cae18b89bc636" "/opt/rustwide/cargo-home/bin/cargo" "+1.100.0-beta.1" "build" "--frozen" "--message-format=json", kill_on_drop: false }`
[INFO] [stderr]    Compiling proc-macro2 v1.0.107
[INFO] [stderr]    Compiling libc v0.2.189
[INFO] [stderr]    Compiling cc v1.4.0
[INFO] [stderr]    Compiling futures-core v0.3.33
[INFO] [stderr]    Compiling smallvec v1.15.2
[INFO] [stderr]    Compiling http v1.5.0
[INFO] [stderr]    Compiling slab v0.4.12
[INFO] [stderr]    Compiling zeroize v1.9.0
[INFO] [stderr]    Compiling futures-sink v0.3.33
[INFO] [stderr]    Compiling futures-task v0.3.33
[INFO] [stderr]    Compiling rustls-pki-types v1.15.1
[INFO] [stderr]    Compiling serde_core v1.0.229
[INFO] [stderr]    Compiling openssl v0.10.81
[INFO] [stderr]    Compiling futures-util v0.3.33
[INFO] [stderr]    Compiling try-lock v0.2.5
[INFO] [stderr]    Compiling bitflags v2.13.1
[INFO] [stderr]    Compiling typenum v1.20.1
[INFO] [stderr]    Compiling foreign-types-shared v0.1.1
[INFO] [stderr]    Compiling subtle v2.6.1
[INFO] [stderr]    Compiling quote v1.0.47
[INFO] [stderr]    Compiling syn v2.0.119
[INFO] [stderr]    Compiling syn v3.0.3
[INFO] [stderr]    Compiling foreign-types v0.3.2
[INFO] [stderr]    Compiling want v0.3.1
[INFO] [stderr]    Compiling futures-channel v0.3.33
[INFO] [stderr]    Compiling http-body v1.1.0
[INFO] [stderr]    Compiling rustls v0.23.43
[INFO] [stderr]    Compiling native-tls v0.2.18
[INFO] [stderr]    Compiling ipnet v2.12.1
[INFO] [stderr]    Compiling hybrid-array v0.4.14
[INFO] [stderr]    Compiling errno v0.3.14
[INFO] [stderr]    Compiling socket2 v0.6.5
[INFO] [stderr]    Compiling signal-hook-registry v1.4.8
[INFO] [stderr]    Compiling mio v1.2.2
[INFO] [stderr]    Compiling openssl-sys v0.9.117
[INFO] [stderr]    Compiling ring v0.17.14
[INFO] [stderr]    Compiling getrandom v0.2.17
[INFO] [stderr]    Compiling openssl-probe v0.2.1
[INFO] [stderr]    Compiling semver v1.0.28
[INFO] [stderr]    Compiling serde v1.0.229
[INFO] [stderr]    Compiling log v0.4.33
[INFO] [stderr]    Compiling base64 v0.22.1
[INFO] [stderr]    Compiling rustc_version v0.4.1
[INFO] [stderr]    Compiling crypto-common v0.2.2
[INFO] [stderr]    Compiling block-buffer v0.12.1
[INFO] [stderr]    Compiling sync_wrapper v1.0.2
[INFO] [stderr]    Compiling serde_json v1.0.151
[INFO] [stderr]    Compiling curve25519-dalek v5.0.0
[INFO] [stderr]    Compiling http-body-util v0.1.4
[INFO] [stderr]    Compiling webpki-roots v1.0.9
[INFO] [stderr]    Compiling anyhow v1.0.104
[INFO] [stderr]    Compiling cpufeatures v0.3.0
[INFO] [stderr]    Compiling encoding_rs v0.8.35
[INFO] [stderr]    Compiling thiserror v2.0.19
[INFO] [stderr]    Compiling signature v3.0.0
[INFO] [stderr]    Compiling ed25519 v3.0.0
[INFO] [stderr]    Compiling digest v0.11.3
[INFO] [stderr]    Compiling sha2 v0.11.0
[INFO] [stderr]    Compiling displaydoc v0.2.7
[INFO] [stderr]    Compiling tokio-macros v2.7.2
[INFO] [stderr]    Compiling serde_derive v1.0.229
[INFO] [stderr]    Compiling async-trait v0.1.91
[INFO] [stderr]    Compiling tokio v1.53.1
[INFO] [stderr]    Compiling thiserror-impl v2.0.19
[INFO] [stderr]    Compiling serde_repr v0.1.21
[INFO] [stderr]    Compiling synstructure v0.13.2
[INFO] [stderr]    Compiling zerofrom-derive v0.1.7
[INFO] [stderr]    Compiling yoke-derive v0.8.2
[INFO] [stderr]    Compiling zerovec-derive v0.11.3
[INFO] [stderr]    Compiling tracing-attributes v0.1.31
[INFO] [stderr]    Compiling openssl-macros v0.1.1
[INFO] [stderr]    Compiling rustls-webpki v0.103.13
[INFO] [stderr]    Compiling zerofrom v0.1.8
[INFO] [stderr]    Compiling thiserror-impl v1.0.69
[INFO] [stderr]    Compiling yoke v0.8.3
[INFO] [stderr]    Compiling tracing v0.1.44
[INFO] [stderr]    Compiling zerovec v0.11.6
[INFO] [stderr]    Compiling zerotrie v0.2.4
[INFO] [stderr]    Compiling curve25519-dalek-derive v0.1.1
[INFO] [stderr]    Compiling tinystr v0.8.3
[INFO] [stderr]    Compiling potential_utf v0.1.5
[INFO] [stderr]    Compiling icu_locale_core v2.2.0
[INFO] [stderr]    Compiling icu_collections v2.2.0
[INFO] [stderr]    Compiling thiserror v1.0.69
[INFO] [stderr]    Compiling strum_macros v0.28.0
[INFO] [stderr]    Compiling serde_urlencoded v0.7.1
[INFO] [stderr]    Compiling icu_provider v2.2.0
[INFO] [stderr]    Compiling tokio-util v0.7.19
[INFO] [stderr]    Compiling h2 v0.4.15
[INFO] [stderr]    Compiling icu_properties v2.2.0
[INFO] [stderr]    Compiling icu_normalizer v2.2.0
[INFO] [stderr]    Compiling tokio-native-tls v0.3.1
[INFO] [stderr]    Compiling tower v0.5.3
[INFO] [stderr]    Compiling strum v0.28.0
[INFO] [stderr]    Compiling ed25519-dalek v3.0.0
[INFO] [stderr]    Compiling idna_adapter v1.2.2
[INFO] [stderr]    Compiling idna v1.1.0
[INFO] [stderr]    Compiling url v2.5.8
[INFO] [stderr]    Compiling tokio-rustls v0.26.4
[INFO] [stderr]    Compiling tower-http v0.6.11
[INFO] [stderr]    Compiling hyper v1.11.0
[INFO] [stderr]    Compiling hyper-util v0.1.20
[INFO] [stderr]    Compiling hyper-rustls v0.27.9
[INFO] [stderr]    Compiling hyper-tls v0.6.0
[INFO] [stderr]    Compiling reqwest v0.12.28
[INFO] [stderr]    Compiling reqwest-middleware v0.4.2
[INFO] [stderr]    Compiling qqbot-rust-sdk v0.0.10
[INFO] [stderr]    Compiling dorimubot-framework-core v0.0.8 (/opt/rustwide/workdir)
[INFO] [stderr]     Finished `dev` profile [unoptimized + debuginfo] target(s) in 1m 43s
[INFO] running `Command { std: "docker" "inspect" "295ab674469597945ec060a4e1887c7eb662cd3a82eec6386a4cae18b89bc636", kill_on_drop: false }`
[INFO] running `Command { std: "docker" "exec" "-e" "SOURCE_DIR=/opt/rustwide/workdir" "-e" "CARGO_HOME=/opt/rustwide/cargo-home" "-e" "RUSTUP_HOME=/opt/rustwide/rustup-home" "-e" "CARGO_TARGET_DIR=/opt/rustwide/target" "-e" "CARGO_INCREMENTAL=0" "-e" "RUST_BACKTRACE=full" "-e" "RUSTFLAGS=--cap-lints=warn" "-e" "RUSTDOCFLAGS=--cap-lints=warn" "-w" "/opt/rustwide/workdir" "--user" "0:0" "295ab674469597945ec060a4e1887c7eb662cd3a82eec6386a4cae18b89bc636" "/opt/rustwide/cargo-home/bin/cargo" "+1.100.0-beta.1" "test" "--frozen" "--no-run" "--message-format=json", kill_on_drop: false }`
[INFO] [stderr]    Compiling serde_core v1.0.229
[INFO] [stderr]    Compiling target-triple v1.0.1
[INFO] [stderr]    Compiling winnow v1.0.4
[INFO] [stderr]    Compiling toml_writer v1.1.2+spec-1.1.0
[INFO] [stderr]    Compiling glob v0.3.4
[INFO] [stderr]    Compiling termcolor v1.4.1
[INFO] [stderr]    Compiling toml_parser v1.1.3+spec-1.1.0
[INFO] [stderr]    Compiling serde v1.0.229
[INFO] [stderr]    Compiling serde_json v1.0.151
[INFO] [stderr]    Compiling toml_datetime v1.1.1+spec-1.1.0
[INFO] [stderr]    Compiling serde_spanned v1.1.1
[INFO] [stderr]    Compiling toml v1.1.4+spec-1.1.0
[INFO] [stderr]    Compiling serde_urlencoded v0.7.1
[INFO] [stderr]    Compiling reqwest v0.12.28
[INFO] [stderr]    Compiling trybuild v1.0.120
[INFO] [stderr]    Compiling reqwest-middleware v0.4.2
[INFO] [stderr]    Compiling qqbot-rust-sdk v0.0.10
[INFO] [stderr]    Compiling dorimubot-framework-core v0.0.8 (/opt/rustwide/workdir)
[INFO] [stderr]     Finished `test` profile [unoptimized + debuginfo] target(s) in 37.64s
[INFO] running `Command { std: "docker" "inspect" "295ab674469597945ec060a4e1887c7eb662cd3a82eec6386a4cae18b89bc636", kill_on_drop: false }`
[INFO] running `Command { std: "docker" "exec" "-e" "SOURCE_DIR=/opt/rustwide/workdir" "-e" "CARGO_HOME=/opt/rustwide/cargo-home" "-e" "RUSTUP_HOME=/opt/rustwide/rustup-home" "-e" "CARGO_TARGET_DIR=/opt/rustwide/target" "-e" "CARGO_INCREMENTAL=0" "-e" "RUST_BACKTRACE=full" "-e" "RUSTFLAGS=--cap-lints=warn" "-e" "RUSTDOCFLAGS=--cap-lints=warn" "-w" "/opt/rustwide/workdir" "--user" "0:0" "295ab674469597945ec060a4e1887c7eb662cd3a82eec6386a4cae18b89bc636" "/opt/rustwide/cargo-home/bin/cargo" "+1.100.0-beta.1" "test" "--frozen", kill_on_drop: false }`
[INFO] [stderr]     Finished `test` profile [unoptimized + debuginfo] target(s) in 0.31s
[INFO] [stderr]      Running unittests src/lib.rs (/opt/rustwide/target/debug/build/dorimubot-framework-core/ba1f70dc7dc14b2c/out/dorimubot_framework_core-ba1f70dc7dc14b2c)
[INFO] [stdout] 
[INFO] [stdout] running 0 tests
[INFO] [stdout] 
[INFO] [stdout] test result: ok. 0 passed; 0 failed; 0 ignored; 0 measured; 0 filtered out; finished in 0.00s
[INFO] [stdout] 
[INFO] [stderr]      Running tests/app_test.rs (/opt/rustwide/target/debug/build/dorimubot-framework-core/e2c14caa02246f30/out/app_test-e2c14caa02246f30)
[INFO] [stdout] 
[INFO] [stdout] running 2 tests
[INFO] [stderr]      Running tests/event_handler_compile_fail.rs (/opt/rustwide/target/debug/build/dorimubot-framework-core/cf2fbeb7436717db/out/event_handler_compile_fail-cf2fbeb7436717db)
[INFO] [stdout] test eight_owned_arguments_are_supported ... ok
[INFO] [stdout] test owned_handlers_receive_zero_one_two_and_async_arguments ... ok
[INFO] [stdout] 
[INFO] [stdout] test result: ok. 2 passed; 0 failed; 0 ignored; 0 measured; 0 filtered out; finished in 0.00s
[INFO] [stdout] 
[INFO] [stdout] 
[INFO] [stdout] running 1 test
[INFO] [stderr]    Compiling proc-macro2 v1.0.107
[INFO] [stderr]    Compiling quote v1.0.47
[INFO] [stderr]    Compiling unicode-ident v1.0.24
[INFO] [stderr]    Compiling libc v0.2.189
[INFO] [stderr]    Compiling shlex v2.0.1
[INFO] [stderr]    Compiling find-msvc-tools v0.1.9
[INFO] [stderr]     Checking pin-project-lite v0.2.17
[INFO] [stderr]     Checking stable_deref_trait v1.2.1
[INFO] [stderr]     Checking bytes v1.12.1
[INFO] [stderr]     Checking cfg-if v1.0.4
[INFO] [stderr]     Checking futures-core v0.3.33
[INFO] [stderr]     Checking itoa v1.0.18
[INFO] [stderr]    Compiling cc v1.4.0
[INFO] [stderr]    Compiling pkg-config v0.3.33
[INFO] [stderr]    Compiling vcpkg v0.2.15
[INFO] [stderr]     Checking once_cell v1.21.4
[INFO] [stderr]     Checking smallvec v1.15.2
[INFO] [stderr]     Checking slab v0.4.12
[INFO] [stderr]     Checking litemap v0.8.2
[INFO] [stderr]     Checking writeable v0.6.3
[INFO] [stderr]     Checking zeroize v1.9.0
[INFO] [stderr]    Compiling icu_normalizer_data v2.2.0
[INFO] [stderr]     Checking percent-encoding v2.3.2
[INFO] [stderr]     Checking utf8_iter v1.0.4
[INFO] [stderr]     Checking http v1.5.0
[INFO] [stderr]    Compiling icu_properties_data v2.2.0
[INFO] [stderr]     Checking tracing-core v0.1.36
[INFO] [stderr]    Compiling syn v2.0.119
[INFO] [stderr]    Compiling syn v3.0.3
[INFO] [stderr]     Checking hashbrown v0.17.1
[INFO] [stderr]     Checking futures-task v0.3.33
[INFO] [stderr]    Compiling httparse v1.10.1
[INFO] [stderr]     Checking http-body v1.1.0
[INFO] [stderr]     Checking equivalent v1.0.2
[INFO] [stderr]     Checking futures-sink v0.3.33
[INFO] [stderr]     Checking futures-util v0.3.33
[INFO] [stderr]     Checking errno v0.3.14
[INFO] [stderr]     Checking mio v1.2.2
[INFO] [stderr]     Checking signal-hook-registry v1.4.8
[INFO] [stderr]     Checking socket2 v0.6.5
[INFO] [stderr]     Checking getrandom v0.2.17
[INFO] [stderr]     Checking rustls-pki-types v1.15.1
[INFO] [stderr]     Checking indexmap v2.14.0
[INFO] [stderr]     Checking subtle v2.6.1
[INFO] [stderr]     Checking fnv v1.0.7
[INFO] [stderr]     Checking typenum v1.20.1
[INFO] [stderr]     Checking atomic-waker v1.1.2
[INFO] [stderr]     Checking bitflags v2.13.1
[INFO] [stderr]     Checking try-lock v0.2.5
[INFO] [stderr]    Compiling serde_core v1.0.229
[INFO] [stderr]     Checking tower-service v0.3.3
[INFO] [stderr]     Checking foreign-types-shared v0.1.1
[INFO] [stderr]    Compiling openssl v0.10.81
[INFO] [stderr]     Checking untrusted v0.9.0
[INFO] [stderr]     Checking foreign-types v0.3.2
[INFO] [stderr]     Checking want v0.3.1
[INFO] [stderr]    Compiling openssl-sys v0.9.117
[INFO] [stderr]    Compiling ring v0.17.14
[INFO] [stderr]     Checking futures-channel v0.3.33
[INFO] [stderr]    Compiling rustls v0.23.43
[INFO] [stderr]    Compiling native-tls v0.2.18
[INFO] [stderr]     Checking hybrid-array v0.4.14
[INFO] [stderr]     Checking form_urlencoded v1.2.2
[INFO] [stderr]     Checking openssl-probe v0.2.1
[INFO] [stderr]     Checking ipnet v2.12.1
[INFO] [stderr]    Compiling serde v1.0.229
[INFO] [stderr]     Checking log v0.4.33
[INFO] [stderr]     Checking base64 v0.22.1
[INFO] [stderr]    Compiling semver v1.0.28
[INFO] [stderr]    Compiling zmij v1.0.23
[INFO] [stderr]     Checking crypto-common v0.2.2
[INFO] [stderr]     Checking block-buffer v0.12.1
[INFO] [stderr]    Compiling rustc_version v0.4.1
[INFO] [stderr]     Checking sync_wrapper v1.0.2
[INFO] [stderr]    Compiling serde_json v1.0.151
[INFO] [stderr]     Checking tower-layer v0.3.3
[INFO] [stderr]     Checking webpki-roots v1.0.9
[INFO] [stderr]     Checking http-body-util v0.1.4
[INFO] [stderr]    Compiling curve25519-dalek v5.0.0
[INFO] [stderr]    Compiling anyhow v1.0.104
[INFO] [stderr]     Checking memchr v2.8.3
[INFO] [stderr]     Checking ryu v1.0.23
[INFO] [stderr]    Compiling thiserror v1.0.69
[INFO] [stderr]     Checking digest v0.11.3
[INFO] [stderr]     Checking cpufeatures v0.3.0
[INFO] [stderr]     Checking encoding_rs v0.8.35
[INFO] [stderr]     Checking signature v3.0.0
[INFO] [stderr]     Checking mime v0.3.17
[INFO] [stderr]    Compiling heck v0.5.0
[INFO] [stderr]    Compiling thiserror v2.0.19
[INFO] [stderr]    Compiling paste v1.0.15
[INFO] [stderr]     Checking ed25519 v3.0.0
[INFO] [stderr]     Checking sha2 v0.11.0
[INFO] [stderr]     Checking hex v0.4.3
[INFO] [stderr]    Compiling synstructure v0.13.2
[INFO] [stderr]    Compiling displaydoc v0.2.7
[INFO] [stderr]    Compiling tokio-macros v2.7.2
[INFO] [stderr]    Compiling serde_derive v1.0.229
[INFO] [stderr]    Compiling thiserror-impl v2.0.19
[INFO] [stderr]     Checking rustls-webpki v0.103.13
[INFO] [stderr]    Compiling async-trait v0.1.91
[INFO] [stderr]    Compiling serde_repr v0.1.21
[INFO] [stderr]     Checking tokio v1.53.1
[INFO] [stderr]    Compiling zerofrom-derive v0.1.7
[INFO] [stderr]    Compiling yoke-derive v0.8.2
[INFO] [stderr]    Compiling zerovec-derive v0.11.3
[INFO] [stderr]    Compiling tracing-attributes v0.1.31
[INFO] [stdout] test event_handlers_reject_payloads_not_produced_by_the_marker has been running for over 60 seconds
[INFO] [stderr]    Compiling openssl-macros v0.1.1
[INFO] [stderr]    Compiling curve25519-dalek-derive v0.1.1
[INFO] [stderr]    Compiling thiserror-impl v1.0.69
[INFO] [stderr]     Checking zerofrom v0.1.8
[INFO] [stderr]     Checking tracing v0.1.44
[INFO] [stderr]    Compiling strum_macros v0.28.0
[INFO] [stderr]     Checking yoke v0.8.3
[INFO] [stderr]     Checking ed25519-dalek v3.0.0
[INFO] [stderr]     Checking zerovec v0.11.6
[INFO] [stderr]     Checking zerotrie v0.2.4
[INFO] [stderr]     Checking tinystr v0.8.3
[INFO] [stderr]     Checking potential_utf v0.1.5
[INFO] [stderr]     Checking icu_collections v2.2.0
[INFO] [stderr]     Checking icu_locale_core v2.2.0
[INFO] [stderr]     Checking strum v0.28.0
[INFO] [stderr]     Checking serde_urlencoded v0.7.1
[INFO] [stderr]     Checking tokio-util v0.7.19
[INFO] [stderr]     Checking tower v0.5.3
[INFO] [stderr]     Checking tokio-rustls v0.26.4
[INFO] [stderr]     Checking icu_provider v2.2.0
[INFO] [stderr]     Checking icu_properties v2.2.0
[INFO] [stderr]     Checking icu_normalizer v2.2.0
[INFO] [stderr]     Checking h2 v0.4.15
[INFO] [stderr]     Checking tokio-native-tls v0.3.1
[INFO] [stderr]     Checking idna_adapter v1.2.2
[INFO] [stderr]     Checking idna v1.1.0
[INFO] [stderr]     Checking url v2.5.8
[INFO] [stderr]     Checking tower-http v0.6.11
[INFO] [stderr]     Checking hyper v1.11.0
[INFO] [stderr]     Checking hyper-util v0.1.20
[INFO] [stderr]     Checking hyper-rustls v0.27.9
[INFO] [stderr]     Checking hyper-tls v0.6.0
[INFO] [stderr]     Checking reqwest v0.12.28
[INFO] [stderr]     Checking reqwest-middleware v0.4.2
[INFO] [stderr]     Checking qqbot-rust-sdk v0.0.10
[INFO] [stderr]     Checking dorimubot-framework-core v0.0.8 (/opt/rustwide/workdir)
[INFO] [stderr]     Checking dorimubot-framework-core-tests v0.0.0 (/opt/rustwide/target/tests/trybuild/dorimubot-framework-core)
[INFO] [stderr]     Finished `dev` profile [unoptimized + debuginfo] target(s) in 1m 43s
[INFO] [stderr] 
[INFO] [stderr] 
[INFO] [stderr] test tests/ui/event_handler/c2c_message_rejects_borrowed_payload.rs ... mismatch
[INFO] [stderr] 
[INFO] [stderr] EXPECTED:
[INFO] [stderr] ┈┈┈┈┈┈┈┈┈┈┈┈┈┈┈┈┈┈┈┈┈┈┈┈┈┈┈┈┈┈┈┈┈┈┈┈┈┈┈┈┈┈┈┈┈┈┈┈┈┈┈┈┈┈┈┈┈┈┈┈
[INFO] [stderr] error[E0277]: the trait bound `{closure@$DIR/tests/ui/event_handler/c2c_message_rejects_borrowed_payload.rs:6:55: 6:78}: EventHandler<dorimubot_framework_core::events::c2c::C2cMessageCreate, _, _>` is not satisfied
[INFO] [stderr]  --> tests/ui/event_handler/c2c_message_rejects_borrowed_payload.rs:6:55
[INFO] [stderr]   |
[INFO] [stderr] 6 |     app.register_event_handler(c2c::C2cMessageCreate, |_message: &C2cMessage| {});
[INFO] [stderr]   |         ----------------------                        ^^^^^^^^^^^^^^^^^^^^^^^^^^ unsatisfied trait bound
[INFO] [stderr]   |         |
[INFO] [stderr]   |         required by a bound introduced by this call
[INFO] [stderr]   |
[INFO] [stderr]   = help: the trait `dorimubot_framework_core::event_handler::EventHandlerAdapter<dorimubot_framework_core::events::c2c::C2cMessageCreate, _, _>` is not implemented for closure `{closure@$DIR/tests/ui/event_handler/c2c_message_rejects_borrowed_payload.rs:6:55: 6:78}`
[INFO] [stderr]   = note: required for `{closure@$DIR/tests/ui/event_handler/c2c_message_rejects_borrowed_payload.rs:6:55: 6:78}` to implement `EventHandler<dorimubot_framework_core::events::c2c::C2cMessageCreate, _, _>`
[INFO] [stderr] note: required by a bound in `dorimubot_framework_core::registering::<impl QQBot>::register_event_handler`
[INFO] [stderr]  --> src/registering.rs
[INFO] [stderr]   |
[INFO] [stderr]   |     pub fn register_event_handler<E, H, Args, Mode>(&self, event: E, handler: H)
[INFO] [stderr]   |            ---------------------- required by a bound in this associated function
[INFO] [stderr] ...
[INFO] [stderr]   |         H: EventHandler<E, Args, Mode>,
[INFO] [stderr]   |            ^^^^^^^^^^^^^^^^^^^^^^^^^^^ required by this bound in `dorimubot_framework_core::registering::<impl QQBot>::register_event_handler`
[INFO] [stderr] ┈┈┈┈┈┈┈┈┈┈┈┈┈┈┈┈┈┈┈┈┈┈┈┈┈┈┈┈┈┈┈┈┈┈┈┈┈┈┈┈┈┈┈┈┈┈┈┈┈┈┈┈┈┈┈┈┈┈┈┈
[INFO] [stderr] 
[INFO] [stderr] ACTUAL OUTPUT:
[INFO] [stderr] ┈┈┈┈┈┈┈┈┈┈┈┈┈┈┈┈┈┈┈┈┈┈┈┈┈┈┈┈┈┈┈┈┈┈┈┈┈┈┈┈┈┈┈┈┈┈┈┈┈┈┈┈┈┈┈┈┈┈┈┈
[INFO] [stderr] error[E0277]: the trait bound `{closure@$DIR/tests/ui/event_handler/c2c_message_rejects_borrowed_payload.rs:6:55: 6:78}: EventHandler<dorimubot_framework_core::events::c2c::C2cMessageCreate, _, _>` is not satisfied
[INFO] [stderr]  --> tests/ui/event_handler/c2c_message_rejects_borrowed_payload.rs:6:55
[INFO] [stderr]   |
[INFO] [stderr] 6 |     app.register_event_handler(c2c::C2cMessageCreate, |_message: &C2cMessage| {});
[INFO] [stderr]   |         ----------------------                        ^^^^^^^^^^^^^^^^^^^^^^^^^^ unsatisfied trait bound
[INFO] [stderr]   |         |
[INFO] [stderr]   |         required by a bound introduced by this call
[INFO] [stderr]   |
[INFO] [stderr]   = help: the trait `dorimubot_framework_core::event_handler::EventHandlerAdapter<dorimubot_framework_core::events::c2c::C2cMessageCreate, _, _>` is not implemented for closure `{closure@$DIR/tests/ui/event_handler/c2c_message_rejects_borrowed_payload.rs:6:55: 6:78}`
[INFO] [stderr]   = note: required for `{closure@$DIR/tests/ui/event_handler/c2c_message_rejects_borrowed_payload.rs:6:55: 6:78}` to implement `EventHandler<dorimubot_framework_core::events::c2c::C2cMessageCreate, _, _>`
[INFO] [stderr] note: required by a bound in `dorimubot_framework_core::registering::<impl QQBot>::register_event_handler`
[INFO] [stderr]  --> src/registering.rs
[INFO] [stderr]   |
[INFO] [stderr]   | impl QQBot {
[INFO] [stderr] ...
[INFO] [stderr]   |     pub fn register_event_handler<E, H, Args, Mode>(&self, event: E, handler: H)
[INFO] [stderr] ...
[INFO] [stderr]   |         H: EventHandler<E, Args, Mode>,
[INFO] [stderr]   |            ^^^^^^^^^^^^^^^^^^^^^^^^^^^ required by this bound in `dorimubot_framework_core::registering::<impl QQBot>::register_event_handler`
[INFO] [stderr] ┈┈┈┈┈┈┈┈┈┈┈┈┈┈┈┈┈┈┈┈┈┈┈┈┈┈┈┈┈┈┈┈┈┈┈┈┈┈┈┈┈┈┈┈┈┈┈┈┈┈┈┈┈┈┈┈┈┈┈┈
[INFO] [stderr] note: If the actual output is the correct output you can bless it by rerunning
[INFO] [stderr]       your test with the environment variable TRYBUILD=overwrite
[INFO] [stderr] 
[INFO] [stderr] test tests/ui/event_handler/c2c_message_rejects_dispatch_payload.rs ... mismatch
[INFO] [stderr] 
[INFO] [stderr] EXPECTED:
[INFO] [stderr] ┈┈┈┈┈┈┈┈┈┈┈┈┈┈┈┈┈┈┈┈┈┈┈┈┈┈┈┈┈┈┈┈┈┈┈┈┈┈┈┈┈┈┈┈┈┈┈┈┈┈┈┈┈┈┈┈┈┈┈┈
[INFO] [stderr] error[E0277]: the trait bound `{closure@$DIR/tests/ui/event_handler/c2c_message_rejects_dispatch_payload.rs:6:55: 6:82}: EventHandler<dorimubot_framework_core::events::c2c::C2cMessageCreate, _, _>` is not satisfied
[INFO] [stderr]  --> tests/ui/event_handler/c2c_message_rejects_dispatch_payload.rs:6:55
[INFO] [stderr]   |
[INFO] [stderr] 6 |     app.register_event_handler(c2c::C2cMessageCreate, |_payload: DispatchPayload| {});
[INFO] [stderr]   |         ----------------------                        ^^^^^^^^^^^^^^^^^^^^^^^^^^^^^^ unsatisfied trait bound
[INFO] [stderr]   |         |
[INFO] [stderr]   |         required by a bound introduced by this call
[INFO] [stderr]   |
[INFO] [stderr]   = help: the trait `dorimubot_framework_core::event_handler::EventHandlerAdapter<dorimubot_framework_core::events::c2c::C2cMessageCreate, _, _>` is not implemented for closure `{closure@$DIR/tests/ui/event_handler/c2c_message_rejects_dispatch_payload.rs:6:55: 6:82}`
[INFO] [stderr]   = note: required for `{closure@$DIR/tests/ui/event_handler/c2c_message_rejects_dispatch_payload.rs:6:55: 6:82}` to implement `EventHandler<dorimubot_framework_core::events::c2c::C2cMessageCreate, _, _>`
[INFO] [stderr] note: required by a bound in `dorimubot_framework_core::registering::<impl QQBot>::register_event_handler`
[INFO] [stderr]  --> src/registering.rs
[INFO] [stderr]   |
[INFO] [stderr]   |     pub fn register_event_handler<E, H, Args, Mode>(&self, event: E, handler: H)
[INFO] [stderr]   |            ---------------------- required by a bound in this associated function
[INFO] [stderr] ...
[INFO] [stderr]   |         H: EventHandler<E, Args, Mode>,
[INFO] [stderr]   |            ^^^^^^^^^^^^^^^^^^^^^^^^^^^ required by this bound in `dorimubot_framework_core::registering::<impl QQBot>::register_event_handler`
[INFO] [stderr] ┈┈┈┈┈┈┈┈┈┈┈┈┈┈┈┈┈┈┈┈┈┈┈┈┈┈┈┈┈┈┈┈┈┈┈┈┈┈┈┈┈┈┈┈┈┈┈┈┈┈┈┈┈┈┈┈┈┈┈┈
[INFO] [stderr] 
[INFO] [stderr] ACTUAL OUTPUT:
[INFO] [stderr] ┈┈┈┈┈┈┈┈┈┈┈┈┈┈┈┈┈┈┈┈┈┈┈┈┈┈┈┈┈┈┈┈┈┈┈┈┈┈┈┈┈┈┈┈┈┈┈┈┈┈┈┈┈┈┈┈┈┈┈┈
[INFO] [stderr] error[E0277]: the trait bound `{closure@$DIR/tests/ui/event_handler/c2c_message_rejects_dispatch_payload.rs:6:55: 6:82}: EventHandler<dorimubot_framework_core::events::c2c::C2cMessageCreate, _, _>` is not satisfied
[INFO] [stderr]  --> tests/ui/event_handler/c2c_message_rejects_dispatch_payload.rs:6:55
[INFO] [stderr]   |
[INFO] [stderr] 6 |     app.register_event_handler(c2c::C2cMessageCreate, |_payload: DispatchPayload| {});
[INFO] [stderr]   |         ----------------------                        ^^^^^^^^^^^^^^^^^^^^^^^^^^^^^^ unsatisfied trait bound
[INFO] [stderr]   |         |
[INFO] [stderr]   |         required by a bound introduced by this call
[INFO] [stderr]   |
[INFO] [stderr]   = help: the trait `dorimubot_framework_core::event_handler::EventHandlerAdapter<dorimubot_framework_core::events::c2c::C2cMessageCreate, _, _>` is not implemented for closure `{closure@$DIR/tests/ui/event_handler/c2c_message_rejects_dispatch_payload.rs:6:55: 6:82}`
[INFO] [stderr]   = note: required for `{closure@$DIR/tests/ui/event_handler/c2c_message_rejects_dispatch_payload.rs:6:55: 6:82}` to implement `EventHandler<dorimubot_framework_core::events::c2c::C2cMessageCreate, _, _>`
[INFO] [stderr] note: required by a bound in `dorimubot_framework_core::registering::<impl QQBot>::register_event_handler`
[INFO] [stderr]  --> src/registering.rs
[INFO] [stderr]   |
[INFO] [stderr]   | impl QQBot {
[INFO] [stderr] ...
[INFO] [stderr]   |     pub fn register_event_handler<E, H, Args, Mode>(&self, event: E, handler: H)
[INFO] [stderr] ...
[INFO] [stderr]   |         H: EventHandler<E, Args, Mode>,
[INFO] [stderr]   |            ^^^^^^^^^^^^^^^^^^^^^^^^^^^ required by this bound in `dorimubot_framework_core::registering::<impl QQBot>::register_event_handler`
[INFO] [stderr] ┈┈┈┈┈┈┈┈┈┈┈┈┈┈┈┈┈┈┈┈┈┈┈┈┈┈┈┈┈┈┈┈┈┈┈┈┈┈┈┈┈┈┈┈┈┈┈┈┈┈┈┈┈┈┈┈┈┈┈┈
[INFO] [stderr] note: If the actual output is the correct output you can bless it by rerunning
[INFO] [stderr]       your test with the environment variable TRYBUILD=overwrite
[INFO] [stderr] 
[INFO] [stderr] test tests/ui/event_handler/c2c_message_rejects_friend_add.rs ... mismatch
[INFO] [stderr] 
[INFO] [stderr] EXPECTED:
[INFO] [stderr] ┈┈┈┈┈┈┈┈┈┈┈┈┈┈┈┈┈┈┈┈┈┈┈┈┈┈┈┈┈┈┈┈┈┈┈┈┈┈┈┈┈┈┈┈┈┈┈┈┈┈┈┈┈┈┈┈┈┈┈┈
[INFO] [stderr] error[E0277]: the trait bound `{closure@$DIR/tests/ui/event_handler/c2c_message_rejects_friend_add.rs:6:55: 6:79}: EventHandler<dorimubot_framework_core::events::c2c::C2cMessageCreate, _, _>` is not satisfied
[INFO] [stderr]  --> tests/ui/event_handler/c2c_message_rejects_friend_add.rs:6:55
[INFO] [stderr]   |
[INFO] [stderr] 6 |     app.register_event_handler(c2c::C2cMessageCreate, |_event: FriendAddEvent| {});
[INFO] [stderr]   |         ----------------------                        ^^^^^^^^^^^^^^^^^^^^^^^^^^^ unsatisfied trait bound
[INFO] [stderr]   |         |
[INFO] [stderr]   |         required by a bound introduced by this call
[INFO] [stderr]   |
[INFO] [stderr]   = help: the trait `dorimubot_framework_core::event_handler::EventHandlerAdapter<dorimubot_framework_core::events::c2c::C2cMessageCreate, _, _>` is not implemented for closure `{closure@$DIR/tests/ui/event_handler/c2c_message_rejects_friend_add.rs:6:55: 6:79}`
[INFO] [stderr]   = note: required for `{closure@$DIR/tests/ui/event_handler/c2c_message_rejects_friend_add.rs:6:55: 6:79}` to implement `EventHandler<dorimubot_framework_core::events::c2c::C2cMessageCreate, _, _>`
[INFO] [stderr] note: required by a bound in `dorimubot_framework_core::registering::<impl QQBot>::register_event_handler`
[INFO] [stderr]  --> src/registering.rs
[INFO] [stderr]   |
[INFO] [stderr]   |     pub fn register_event_handler<E, H, Args, Mode>(&self, event: E, handler: H)
[INFO] [stderr]   |            ---------------------- required by a bound in this associated function
[INFO] [stderr] ...
[INFO] [stderr]   |         H: EventHandler<E, Args, Mode>,
[INFO] [stderr]   |            ^^^^^^^^^^^^^^^^^^^^^^^^^^^ required by this bound in `dorimubot_framework_core::registering::<impl QQBot>::register_event_handler`
[INFO] [stderr] ┈┈┈┈┈┈┈┈┈┈┈┈┈┈┈┈┈┈┈┈┈┈┈┈┈┈┈┈┈┈┈┈┈┈┈┈┈┈┈┈┈┈┈┈┈┈┈┈┈┈┈┈┈┈┈┈┈┈┈┈
[INFO] [stderr] 
[INFO] [stderr] ACTUAL OUTPUT:
[INFO] [stderr] ┈┈┈┈┈┈┈┈┈┈┈┈┈┈┈┈┈┈┈┈┈┈┈┈┈┈┈┈┈┈┈┈┈┈┈┈┈┈┈┈┈┈┈┈┈┈┈┈┈┈┈┈┈┈┈┈┈┈┈┈
[INFO] [stderr] error[E0277]: the trait bound `{closure@$DIR/tests/ui/event_handler/c2c_message_rejects_friend_add.rs:6:55: 6:79}: EventHandler<dorimubot_framework_core::events::c2c::C2cMessageCreate, _, _>` is not satisfied
[INFO] [stderr]  --> tests/ui/event_handler/c2c_message_rejects_friend_add.rs:6:55
[INFO] [stderr]   |
[INFO] [stderr] 6 |     app.register_event_handler(c2c::C2cMessageCreate, |_event: FriendAddEvent| {});
[INFO] [stderr]   |         ----------------------                        ^^^^^^^^^^^^^^^^^^^^^^^^^^^ unsatisfied trait bound
[INFO] [stderr]   |         |
[INFO] [stderr]   |         required by a bound introduced by this call
[INFO] [stderr]   |
[INFO] [stderr]   = help: the trait `dorimubot_framework_core::event_handler::EventHandlerAdapter<dorimubot_framework_core::events::c2c::C2cMessageCreate, _, _>` is not implemented for closure `{closure@$DIR/tests/ui/event_handler/c2c_message_rejects_friend_add.rs:6:55: 6:79}`
[INFO] [stderr]   = note: required for `{closure@$DIR/tests/ui/event_handler/c2c_message_rejects_friend_add.rs:6:55: 6:79}` to implement `EventHandler<dorimubot_framework_core::events::c2c::C2cMessageCreate, _, _>`
[INFO] [stderr] note: required by a bound in `dorimubot_framework_core::registering::<impl QQBot>::register_event_handler`
[INFO] [stderr]  --> src/registering.rs
[INFO] [stderr]   |
[INFO] [stderr]   | impl QQBot {
[INFO] [stderr] ...
[INFO] [stderr]   |     pub fn register_event_handler<E, H, Args, Mode>(&self, event: E, handler: H)
[INFO] [stderr] ...
[INFO] [stderr]   |         H: EventHandler<E, Args, Mode>,
[INFO] [stderr]   |            ^^^^^^^^^^^^^^^^^^^^^^^^^^^ required by this bound in `dorimubot_framework_core::registering::<impl QQBot>::register_event_handler`
[INFO] [stderr] ┈┈┈┈┈┈┈┈┈┈┈┈┈┈┈┈┈┈┈┈┈┈┈┈┈┈┈┈┈┈┈┈┈┈┈┈┈┈┈┈┈┈┈┈┈┈┈┈┈┈┈┈┈┈┈┈┈┈┈┈
[INFO] [stderr] note: If the actual output is the correct output you can bless it by rerunning
[INFO] [stderr]       your test with the environment variable TRYBUILD=overwrite
[INFO] [stderr] 
[INFO] [stderr] test tests/ui/event_handler/c2c_message_rejects_group_message.rs ... mismatch
[INFO] [stderr] 
[INFO] [stderr] EXPECTED:
[INFO] [stderr] ┈┈┈┈┈┈┈┈┈┈┈┈┈┈┈┈┈┈┈┈┈┈┈┈┈┈┈┈┈┈┈┈┈┈┈┈┈┈┈┈┈┈┈┈┈┈┈┈┈┈┈┈┈┈┈┈┈┈┈┈
[INFO] [stderr] error[E0277]: the trait bound `{closure@$DIR/tests/ui/event_handler/c2c_message_rejects_group_message.rs:6:55: 6:79}: EventHandler<dorimubot_framework_core::events::c2c::C2cMessageCreate, _, _>` is not satisfied
[INFO] [stderr]  --> tests/ui/event_handler/c2c_message_rejects_group_message.rs:6:55
[INFO] [stderr]   |
[INFO] [stderr] 6 |     app.register_event_handler(c2c::C2cMessageCreate, |_message: GroupMessage| {});
[INFO] [stderr]   |         ----------------------                        ^^^^^^^^^^^^^^^^^^^^^^^^^^^ unsatisfied trait bound
[INFO] [stderr]   |         |
[INFO] [stderr]   |         required by a bound introduced by this call
[INFO] [stderr]   |
[INFO] [stderr]   = help: the trait `dorimubot_framework_core::event_handler::EventHandlerAdapter<dorimubot_framework_core::events::c2c::C2cMessageCreate, _, _>` is not implemented for closure `{closure@$DIR/tests/ui/event_handler/c2c_message_rejects_group_message.rs:6:55: 6:79}`
[INFO] [stderr]   = note: required for `{closure@$DIR/tests/ui/event_handler/c2c_message_rejects_group_message.rs:6:55: 6:79}` to implement `EventHandler<dorimubot_framework_core::events::c2c::C2cMessageCreate, _, _>`
[INFO] [stderr] note: required by a bound in `dorimubot_framework_core::registering::<impl QQBot>::register_event_handler`
[INFO] [stderr]  --> src/registering.rs
[INFO] [stderr]   |
[INFO] [stderr]   |     pub fn register_event_handler<E, H, Args, Mode>(&self, event: E, handler: H)
[INFO] [stderr]   |            ---------------------- required by a bound in this associated function
[INFO] [stderr] ...
[INFO] [stderr]   |         H: EventHandler<E, Args, Mode>,
[INFO] [stderr]   |            ^^^^^^^^^^^^^^^^^^^^^^^^^^^ required by this bound in `dorimubot_framework_core::registering::<impl QQBot>::register_event_handler`
[INFO] [stderr] ┈┈┈┈┈┈┈┈┈┈┈┈┈┈┈┈┈┈┈┈┈┈┈┈┈┈┈┈┈┈┈┈┈┈┈┈┈┈┈┈┈┈┈┈┈┈┈┈┈┈┈┈┈┈┈┈┈┈┈┈
[INFO] [stderr] 
[INFO] [stderr] ACTUAL OUTPUT:
[INFO] [stderr] ┈┈┈┈┈┈┈┈┈┈┈┈┈┈┈┈┈┈┈┈┈┈┈┈┈┈┈┈┈┈┈┈┈┈┈┈┈┈┈┈┈┈┈┈┈┈┈┈┈┈┈┈┈┈┈┈┈┈┈┈
[INFO] [stderr] error[E0277]: the trait bound `{closure@$DIR/tests/ui/event_handler/c2c_message_rejects_group_message.rs:6:55: 6:79}: EventHandler<dorimubot_framework_core::events::c2c::C2cMessageCreate, _, _>` is not satisfied
[INFO] [stderr]  --> tests/ui/event_handler/c2c_message_rejects_group_message.rs:6:55
[INFO] [stderr]   |
[INFO] [stderr] 6 |     app.register_event_handler(c2c::C2cMessageCreate, |_message: GroupMessage| {});
[INFO] [stderr]   |         ----------------------                        ^^^^^^^^^^^^^^^^^^^^^^^^^^^ unsatisfied trait bound
[INFO] [stderr]   |         |
[INFO] [stderr]   |         required by a bound introduced by this call
[INFO] [stderr]   |
[INFO] [stderr]   = help: the trait `dorimubot_framework_core::event_handler::EventHandlerAdapter<dorimubot_framework_core::events::c2c::C2cMessageCreate, _, _>` is not implemented for closure `{closure@$DIR/tests/ui/event_handler/c2c_message_rejects_group_message.rs:6:55: 6:79}`
[INFO] [stderr]   = note: required for `{closure@$DIR/tests/ui/event_handler/c2c_message_rejects_group_message.rs:6:55: 6:79}` to implement `EventHandler<dorimubot_framework_core::events::c2c::C2cMessageCreate, _, _>`
[INFO] [stderr] note: required by a bound in `dorimubot_framework_core::registering::<impl QQBot>::register_event_handler`
[INFO] [stderr]  --> src/registering.rs
[INFO] [stderr]   |
[INFO] [stderr]   | impl QQBot {
[INFO] [stderr] ...
[INFO] [stderr]   |     pub fn register_event_handler<E, H, Args, Mode>(&self, event: E, handler: H)
[INFO] [stderr] ...
[INFO] [stderr]   |         H: EventHandler<E, Args, Mode>,
[INFO] [stderr]   |            ^^^^^^^^^^^^^^^^^^^^^^^^^^^ required by this bound in `dorimubot_framework_core::registering::<impl QQBot>::register_event_handler`
[INFO] [stderr] ┈┈┈┈┈┈┈┈┈┈┈┈┈┈┈┈┈┈┈┈┈┈┈┈┈┈┈┈┈┈┈┈┈┈┈┈┈┈┈┈┈┈┈┈┈┈┈┈┈┈┈┈┈┈┈┈┈┈┈┈
[INFO] [stderr] note: If the actual output is the correct output you can bless it by rerunning
[INFO] [stderr]       your test with the environment variable TRYBUILD=overwrite
[INFO] [stderr] 
[INFO] [stderr] test tests/ui/event_handler/c2c_message_rejects_nine_arguments.rs ... mismatch
[INFO] [stderr] 
[INFO] [stderr] EXPECTED:
[INFO] [stderr] ┈┈┈┈┈┈┈┈┈┈┈┈┈┈┈┈┈┈┈┈┈┈┈┈┈┈┈┈┈┈┈┈┈┈┈┈┈┈┈┈┈┈┈┈┈┈┈┈┈┈┈┈┈┈┈┈┈┈┈┈
[INFO] [stderr] error[E0277]: the trait bound `{closure@$DIR/tests/ui/event_handler/c2c_message_rejects_nine_arguments.rs:8:9: 16:26}: EventHandler<dorimubot_framework_core::events::c2c::C2cMessageCreate, _, _>` is not satisfied
[INFO] [stderr]   --> tests/ui/event_handler/c2c_message_rejects_nine_arguments.rs:8:9
[INFO] [stderr]    |
[INFO] [stderr]  6 |       app.register_event_handler(
[INFO] [stderr]    |           ---------------------- required by a bound introduced by this call
[INFO] [stderr]  7 |           c2c::C2cMessageCreate,
[INFO] [stderr]  8 | /         |_a1: C2cMessage,
[INFO] [stderr]  9 | |          _a2: C2cMessage,
[INFO] [stderr] 10 | |          _a3: C2cMessage,
[INFO] [stderr] 11 | |          _a4: C2cMessage,
[INFO] [stderr] ...  |
[INFO] [stderr] 15 | |          _a8: C2cMessage,
[INFO] [stderr] 16 | |          _a9: C2cMessage| {},
[INFO] [stderr]    | |____________________________^ unsatisfied trait bound
[INFO] [stderr]    |
[INFO] [stderr]    = help: the trait `dorimubot_framework_core::event_handler::EventHandlerAdapter<dorimubot_framework_core::events::c2c::C2cMessageCreate, _, _>` is not implemented for closure `{closure@$DIR/tests/ui/event_handler/c2c_message_rejects_nine_arguments.rs:8:9: 16:26}`
[INFO] [stderr]    = note: required for `{closure@$DIR/tests/ui/event_handler/c2c_message_rejects_nine_arguments.rs:8:9: 16:26}` to implement `EventHandler<dorimubot_framework_core::events::c2c::C2cMessageCreate, _, _>`
[INFO] [stderr] note: required by a bound in `dorimubot_framework_core::registering::<impl QQBot>::register_event_handler`
[INFO] [stderr]   --> src/registering.rs
[INFO] [stderr]    |
[INFO] [stderr]    |     pub fn register_event_handler<E, H, Args, Mode>(&self, event: E, handler: H)
[INFO] [stderr]    |            ---------------------- required by a bound in this associated function
[INFO] [stderr] ...
[INFO] [stderr]    |         H: EventHandler<E, Args, Mode>,
[INFO] [stderr]    |            ^^^^^^^^^^^^^^^^^^^^^^^^^^^ required by this bound in `dorimubot_framework_core::registering::<impl QQBot>::register_event_handler`
[INFO] [stderr] ┈┈┈┈┈┈┈┈┈┈┈┈┈┈┈┈┈┈┈┈┈┈┈┈┈┈┈┈┈┈┈┈┈┈┈┈┈┈┈┈┈┈┈┈┈┈┈┈┈┈┈┈┈┈┈┈┈┈┈┈
[INFO] [stderr] 
[INFO] [stderr] ACTUAL OUTPUT:
[INFO] [stderr] ┈┈┈┈┈┈┈┈┈┈┈┈┈┈┈┈┈┈┈┈┈┈┈┈┈┈┈┈┈┈┈┈┈┈┈┈┈┈┈┈┈┈┈┈┈┈┈┈┈┈┈┈┈┈┈┈┈┈┈┈
[INFO] [stderr] error[E0277]: the trait bound `{closure@$DIR/tests/ui/event_handler/c2c_message_rejects_nine_arguments.rs:8:9: 16:26}: EventHandler<dorimubot_framework_core::events::c2c::C2cMessageCreate, _, _>` is not satisfied
[INFO] [stderr]   --> tests/ui/event_handler/c2c_message_rejects_nine_arguments.rs:8:9
[INFO] [stderr]    |
[INFO] [stderr]  6 |       app.register_event_handler(
[INFO] [stderr]    |           ---------------------- required by a bound introduced by this call
[INFO] [stderr]  7 |           c2c::C2cMessageCreate,
[INFO] [stderr]  8 | /         |_a1: C2cMessage,
[INFO] [stderr]  9 | |          _a2: C2cMessage,
[INFO] [stderr] 10 | |          _a3: C2cMessage,
[INFO] [stderr] 11 | |          _a4: C2cMessage,
[INFO] [stderr] ...  |
[INFO] [stderr] 15 | |          _a8: C2cMessage,
[INFO] [stderr] 16 | |          _a9: C2cMessage| {},
[INFO] [stderr]    | |____________________________^ unsatisfied trait bound
[INFO] [stderr]    |
[INFO] [stderr]    = help: the trait `dorimubot_framework_core::event_handler::EventHandlerAdapter<dorimubot_framework_core::events::c2c::C2cMessageCreate, _, _>` is not implemented for closure `{closure@$DIR/tests/ui/event_handler/c2c_message_rejects_nine_arguments.rs:8:9: 16:26}`
[INFO] [stderr]    = note: required for `{closure@$DIR/tests/ui/event_handler/c2c_message_rejects_nine_arguments.rs:8:9: 16:26}` to implement `EventHandler<dorimubot_framework_core::events::c2c::C2cMessageCreate, _, _>`
[INFO] [stderr] note: required by a bound in `dorimubot_framework_core::registering::<impl QQBot>::register_event_handler`
[INFO] [stderr]   --> src/registering.rs
[INFO] [stderr]    |
[INFO] [stderr]    | impl QQBot {
[INFO] [stderr] ...
[INFO] [stderr]    |     pub fn register_event_handler<E, H, Args, Mode>(&self, event: E, handler: H)
[INFO] [stderr] ...
[INFO] [stderr]    |         H: EventHandler<E, Args, Mode>,
[INFO] [stderr]    |            ^^^^^^^^^^^^^^^^^^^^^^^^^^^ required by this bound in `dorimubot_framework_core::registering::<impl QQBot>::register_event_handler`
[INFO] [stderr] ┈┈┈┈┈┈┈┈┈┈┈┈┈┈┈┈┈┈┈┈┈┈┈┈┈┈┈┈┈┈┈┈┈┈┈┈┈┈┈┈┈┈┈┈┈┈┈┈┈┈┈┈┈┈┈┈┈┈┈┈
[INFO] [stderr] note: If the actual output is the correct output you can bless it by rerunning
[INFO] [stderr]       your test with the environment variable TRYBUILD=overwrite
[INFO] [stderr] 
[INFO] [stderr] test tests/ui/event_handler/c2c_message_rejects_reverse_from.rs ... mismatch
[INFO] [stderr] 
[INFO] [stderr] EXPECTED:
[INFO] [stderr] ┈┈┈┈┈┈┈┈┈┈┈┈┈┈┈┈┈┈┈┈┈┈┈┈┈┈┈┈┈┈┈┈┈┈┈┈┈┈┈┈┈┈┈┈┈┈┈┈┈┈┈┈┈┈┈┈┈┈┈┈
[INFO] [stderr] error[E0277]: the trait bound `{closure@$DIR/tests/ui/event_handler/c2c_message_rejects_reverse_from.rs:14:55: 14:76}: EventHandler<dorimubot_framework_core::events::c2c::C2cMessageCreate, _, _>` is not satisfied
[INFO] [stderr]   --> tests/ui/event_handler/c2c_message_rejects_reverse_from.rs:14:55
[INFO] [stderr]    |
[INFO] [stderr] 14 |     app.register_event_handler(c2c::C2cMessageCreate, |_value: ReverseFrom| {});
[INFO] [stderr]    |         ----------------------                        ^^^^^^^^^^^^^^^^^^^^^^^^ unsatisfied trait bound
[INFO] [stderr]    |         |
[INFO] [stderr]    |         required by a bound introduced by this call
[INFO] [stderr]    |
[INFO] [stderr]    = help: the trait `dorimubot_framework_core::event_handler::EventHandlerAdapter<dorimubot_framework_core::events::c2c::C2cMessageCreate, _, _>` is not implemented for closure `{closure@$DIR/tests/ui/event_handler/c2c_message_rejects_reverse_from.rs:14:55: 14:76}`
[INFO] [stderr]    = note: required for `{closure@$DIR/tests/ui/event_handler/c2c_message_rejects_reverse_from.rs:14:55: 14:76}` to implement `EventHandler<dorimubot_framework_core::events::c2c::C2cMessageCreate, _, _>`
[INFO] [stderr] note: required by a bound in `dorimubot_framework_core::registering::<impl QQBot>::register_event_handler`
[INFO] [stderr]   --> src/registering.rs
[INFO] [stderr]    |
[INFO] [stderr]    |     pub fn register_event_handler<E, H, Args, Mode>(&self, event: E, handler: H)
[INFO] [stderr]    |            ---------------------- required by a bound in this associated function
[INFO] [stderr] ...
[INFO] [stderr]    |         H: EventHandler<E, Args, Mode>,
[INFO] [stderr]    |            ^^^^^^^^^^^^^^^^^^^^^^^^^^^ required by this bound in `dorimubot_framework_core::registering::<impl QQBot>::register_event_handler`
[INFO] [stderr] ┈┈┈┈┈┈┈┈┈┈┈┈┈┈┈┈┈┈┈┈┈┈┈┈┈┈┈┈┈┈┈┈┈┈┈┈┈┈┈┈┈┈┈┈┈┈┈┈┈┈┈┈┈┈┈┈┈┈┈┈
[INFO] [stderr] 
[INFO] [stderr] ACTUAL OUTPUT:
[INFO] [stderr] ┈┈┈┈┈┈┈┈┈┈┈┈┈┈┈┈┈┈┈┈┈┈┈┈┈┈┈┈┈┈┈┈┈┈┈┈┈┈┈┈┈┈┈┈┈┈┈┈┈┈┈┈┈┈┈┈┈┈┈┈
[INFO] [stderr] error[E0277]: the trait bound `{closure@$DIR/tests/ui/event_handler/c2c_message_rejects_reverse_from.rs:14:55: 14:76}: EventHandler<dorimubot_framework_core::events::c2c::C2cMessageCreate, _, _>` is not satisfied
[INFO] [stderr]   --> tests/ui/event_handler/c2c_message_rejects_reverse_from.rs:14:55
[INFO] [stderr]    |
[INFO] [stderr] 14 |     app.register_event_handler(c2c::C2cMessageCreate, |_value: ReverseFrom| {});
[INFO] [stderr]    |         ----------------------                        ^^^^^^^^^^^^^^^^^^^^^^^^ unsatisfied trait bound
[INFO] [stderr]    |         |
[INFO] [stderr]    |         required by a bound introduced by this call
[INFO] [stderr]    |
[INFO] [stderr]    = help: the trait `dorimubot_framework_core::event_handler::EventHandlerAdapter<dorimubot_framework_core::events::c2c::C2cMessageCreate, _, _>` is not implemented for closure `{closure@$DIR/tests/ui/event_handler/c2c_message_rejects_reverse_from.rs:14:55: 14:76}`
[INFO] [stderr]    = note: required for `{closure@$DIR/tests/ui/event_handler/c2c_message_rejects_reverse_from.rs:14:55: 14:76}` to implement `EventHandler<dorimubot_framework_core::events::c2c::C2cMessageCreate, _, _>`
[INFO] [stderr] note: required by a bound in `dorimubot_framework_core::registering::<impl QQBot>::register_event_handler`
[INFO] [stderr]   --> src/registering.rs
[INFO] [stderr]    |
[INFO] [stderr]    | impl QQBot {
[INFO] [stderr] ...
[INFO] [stderr]    |     pub fn register_event_handler<E, H, Args, Mode>(&self, event: E, handler: H)
[INFO] [stderr] ...
[INFO] [stderr]    |         H: EventHandler<E, Args, Mode>,
[INFO] [stderr]    |            ^^^^^^^^^^^^^^^^^^^^^^^^^^^ required by this bound in `dorimubot_framework_core::registering::<impl QQBot>::register_event_handler`
[INFO] [stderr] ┈┈┈┈┈┈┈┈┈┈┈┈┈┈┈┈┈┈┈┈┈┈┈┈┈┈┈┈┈┈┈┈┈┈┈┈┈┈┈┈┈┈┈┈┈┈┈┈┈┈┈┈┈┈┈┈┈┈┈┈
[INFO] [stderr] note: If the actual output is the correct output you can bless it by rerunning
[INFO] [stderr]       your test with the environment variable TRYBUILD=overwrite
[INFO] [stderr] 
[INFO] [stderr] test tests/ui/event_handler/c2c_message_rejects_try_from_only.rs ... mismatch
[INFO] [stderr] 
[INFO] [stderr] EXPECTED:
[INFO] [stderr] ┈┈┈┈┈┈┈┈┈┈┈┈┈┈┈┈┈┈┈┈┈┈┈┈┈┈┈┈┈┈┈┈┈┈┈┈┈┈┈┈┈┈┈┈┈┈┈┈┈┈┈┈┈┈┈┈┈┈┈┈
[INFO] [stderr] error[E0277]: the trait bound `{closure@$DIR/tests/ui/event_handler/c2c_message_rejects_try_from_only.rs:17:55: 17:76}: EventHandler<dorimubot_framework_core::events::c2c::C2cMessageCreate, _, _>` is not satisfied
[INFO] [stderr]   --> tests/ui/event_handler/c2c_message_rejects_try_from_only.rs:17:55
[INFO] [stderr]    |
[INFO] [stderr] 17 |     app.register_event_handler(c2c::C2cMessageCreate, |_value: TryFromOnly| {});
[INFO] [stderr]    |         ----------------------                        ^^^^^^^^^^^^^^^^^^^^^^^^ unsatisfied trait bound
[INFO] [stderr]    |         |
[INFO] [stderr]    |         required by a bound introduced by this call
[INFO] [stderr]    |
[INFO] [stderr]    = help: the trait `dorimubot_framework_core::event_handler::EventHandlerAdapter<dorimubot_framework_core::events::c2c::C2cMessageCreate, _, _>` is not implemented for closure `{closure@$DIR/tests/ui/event_handler/c2c_message_rejects_try_from_only.rs:17:55: 17:76}`
[INFO] [stderr]    = note: required for `{closure@$DIR/tests/ui/event_handler/c2c_message_rejects_try_from_only.rs:17:55: 17:76}` to implement `EventHandler<dorimubot_framework_core::events::c2c::C2cMessageCreate, _, _>`
[INFO] [stderr] note: required by a bound in `dorimubot_framework_core::registering::<impl QQBot>::register_event_handler`
[INFO] [stderr]   --> src/registering.rs
[INFO] [stderr]    |
[INFO] [stderr]    |     pub fn register_event_handler<E, H, Args, Mode>(&self, event: E, handler: H)
[INFO] [stderr]    |            ---------------------- required by a bound in this associated function
[INFO] [stderr] ...
[INFO] [stderr]    |         H: EventHandler<E, Args, Mode>,
[INFO] [stderr]    |            ^^^^^^^^^^^^^^^^^^^^^^^^^^^ required by this bound in `dorimubot_framework_core::registering::<impl QQBot>::register_event_handler`
[INFO] [stderr] ┈┈┈┈┈┈┈┈┈┈┈┈┈┈┈┈┈┈┈┈┈┈┈┈┈┈┈┈┈┈┈┈┈┈┈┈┈┈┈┈┈┈┈┈┈┈┈┈┈┈┈┈┈┈┈┈┈┈┈┈
[INFO] [stderr] 
[INFO] [stderr] ACTUAL OUTPUT:
[INFO] [stderr] ┈┈┈┈┈┈┈┈┈┈┈┈┈┈┈┈┈┈┈┈┈┈┈┈┈┈┈┈┈┈┈┈┈┈┈┈┈┈┈┈┈┈┈┈┈┈┈┈┈┈┈┈┈┈┈┈┈┈┈┈
[INFO] [stderr] error[E0277]: the trait bound `{closure@$DIR/tests/ui/event_handler/c2c_message_rejects_try_from_only.rs:17:55: 17:76}: EventHandler<dorimubot_framework_core::events::c2c::C2cMessageCreate, _, _>` is not satisfied
[INFO] [stderr]   --> tests/ui/event_handler/c2c_message_rejects_try_from_only.rs:17:55
[INFO] [stderr]    |
[INFO] [stderr] 17 |     app.register_event_handler(c2c::C2cMessageCreate, |_value: TryFromOnly| {});
[INFO] [stderr]    |         ----------------------                        ^^^^^^^^^^^^^^^^^^^^^^^^ unsatisfied trait bound
[INFO] [stderr]    |         |
[INFO] [stderr]    |         required by a bound introduced by this call
[INFO] [stderr]    |
[INFO] [stderr]    = help: the trait `dorimubot_framework_core::event_handler::EventHandlerAdapter<dorimubot_framework_core::events::c2c::C2cMessageCreate, _, _>` is not implemented for closure `{closure@$DIR/tests/ui/event_handler/c2c_message_rejects_try_from_only.rs:17:55: 17:76}`
[INFO] [stderr]    = note: required for `{closure@$DIR/tests/ui/event_handler/c2c_message_rejects_try_from_only.rs:17:55: 17:76}` to implement `EventHandler<dorimubot_framework_core::events::c2c::C2cMessageCreate, _, _>`
[INFO] [stderr] note: required by a bound in `dorimubot_framework_core::registering::<impl QQBot>::register_event_handler`
[INFO] [stderr]   --> src/registering.rs
[INFO] [stderr]    |
[INFO] [stderr]    | impl QQBot {
[INFO] [stderr] ...
[INFO] [stderr]    |     pub fn register_event_handler<E, H, Args, Mode>(&self, event: E, handler: H)
[INFO] [stderr] ...
[INFO] [stderr]    |         H: EventHandler<E, Args, Mode>,
[INFO] [stderr]    |            ^^^^^^^^^^^^^^^^^^^^^^^^^^^ required by this bound in `dorimubot_framework_core::registering::<impl QQBot>::register_event_handler`
[INFO] [stderr] ┈┈┈┈┈┈┈┈┈┈┈┈┈┈┈┈┈┈┈┈┈┈┈┈┈┈┈┈┈┈┈┈┈┈┈┈┈┈┈┈┈┈┈┈┈┈┈┈┈┈┈┈┈┈┈┈┈┈┈┈
[INFO] [stderr] note: If the actual output is the correct output you can bless it by rerunning
[INFO] [stderr]       your test with the environment variable TRYBUILD=overwrite
[INFO] [stderr] 
[INFO] [stderr] test tests/ui/event_handler/custom_event_handler_impl_is_rejected.rs ... ok
[INFO] [stderr] 
[INFO] [stderr] 
[INFO] [stdout] test event_handlers_reject_payloads_not_produced_by_the_marker ... FAILED
[INFO] [stdout] 
[INFO] [stdout] failures:
[INFO] [stdout] 
[INFO] [stdout] ---- event_handlers_reject_payloads_not_produced_by_the_marker stdout ----
[INFO] [stdout] 
[INFO] [stdout] thread 'event_handlers_reject_payloads_not_produced_by_the_marker' (2039) panicked at /opt/rustwide/cargo-home/registry/src/index.crates.io-1949cf8c6b5b557f/trybuild-1.0.120/src/run.rs:103:13:
[INFO] [stdout] 7 of 8 tests failed
[INFO] [stdout] stack backtrace:
[INFO] [stdout]    0:     0x56a8ee5fa871 - std[617be2ca0a6fd877]::backtrace_rs::backtrace::libunwind::trace
[INFO] [stdout]                                at /rustc/e3feeb59cd1bdd011a2bfcc0747b55125d9b8527/library/std/src/../../backtrace/src/backtrace/libunwind.rs:117:9
[INFO] [stdout]    1:     0x56a8ee5fa871 - std[617be2ca0a6fd877]::backtrace_rs::backtrace::trace_unsynchronized::<std[617be2ca0a6fd877]::sys::backtrace::_print_fmt::{closure#1}>
[INFO] [stdout]                                at /rustc/e3feeb59cd1bdd011a2bfcc0747b55125d9b8527/library/std/src/../../backtrace/src/backtrace/mod.rs:66:14
[INFO] [stdout]    2:     0x56a8ee5fa871 - std[617be2ca0a6fd877]::sys::backtrace::_print_fmt
[INFO] [stdout]                                at /rustc/e3feeb59cd1bdd011a2bfcc0747b55125d9b8527/library/std/src/sys/backtrace.rs:74:9
[INFO] [stdout]    3:     0x56a8ee5fa871 - <<std[617be2ca0a6fd877]::sys::backtrace::BacktraceLock>::print::DisplayBacktrace as core[a373ad73a504971]::fmt::Display>::fmt
[INFO] [stdout]                                at /rustc/e3feeb59cd1bdd011a2bfcc0747b55125d9b8527/library/std/src/sys/backtrace.rs:44:26
[INFO] [stdout]    4:     0x56a8ee610cba - <core[a373ad73a504971]::fmt::rt::Argument>::fmt
[INFO] [stdout]                                at /rustc/e3feeb59cd1bdd011a2bfcc0747b55125d9b8527/library/core/src/fmt/rt.rs:152:76
[INFO] [stdout]    5:     0x56a8ee610cba - core[a373ad73a504971]::fmt::write
[INFO] [stdout]    6:     0x56a8ee5ff0bc - core[a373ad73a504971]::io::write::default_write_fmt::<alloc[2e1b2a31b91974c5]::vec::Vec<u8>>
[INFO] [stdout]                                at /rustc/e3feeb59cd1bdd011a2bfcc0747b55125d9b8527/library/core/src/io/write.rs:402:11
[INFO] [stdout]    7:     0x56a8ee5ff0bc - <alloc[2e1b2a31b91974c5]::vec::Vec<u8> as core[a373ad73a504971]::io::write::Write>::write_fmt
[INFO] [stdout]                                at /rustc/e3feeb59cd1bdd011a2bfcc0747b55125d9b8527/library/core/src/io/write.rs:335:13
[INFO] [stdout]    8:     0x56a8ee5d3cd6 - <std[617be2ca0a6fd877]::sys::backtrace::BacktraceLock>::print
[INFO] [stdout]                                at /rustc/e3feeb59cd1bdd011a2bfcc0747b55125d9b8527/library/std/src/sys/backtrace.rs:47:9
[INFO] [stdout]    9:     0x56a8ee5d3cd6 - std[617be2ca0a6fd877]::panicking::default_hook::{closure#0}
[INFO] [stdout]                                at /rustc/e3feeb59cd1bdd011a2bfcc0747b55125d9b8527/library/std/src/panicking.rs:289:27
[INFO] [stdout]   10:     0x56a8ee5f1e19 - std[617be2ca0a6fd877]::panicking::default_hook
[INFO] [stdout]                                at /rustc/e3feeb59cd1bdd011a2bfcc0747b55125d9b8527/library/std/src/panicking.rs:313:9
[INFO] [stdout]   11:     0x56a8ee58b420 - <alloc[2e1b2a31b91974c5]::boxed::Box<dyn for<'a, 'b> core[a373ad73a504971]::ops::function::Fn<(&'a std[617be2ca0a6fd877]::panic::PanicHookInfo<'b>,), Output = ()> + core[a373ad73a504971]::marker::Sync + core[a373ad73a504971]::marker::Send> as core[a373ad73a504971]::ops::function::Fn<(&std[617be2ca0a6fd877]::panic::PanicHookInfo,)>>::call
[INFO] [stdout]                                at /rustc/e3feeb59cd1bdd011a2bfcc0747b55125d9b8527/library/alloc/src/boxed.rs:2328:9
[INFO] [stdout]   12:     0x56a8ee58b420 - test[aada8e7e76ba119b]::test_main_inner::{closure#0}
[INFO] [stdout]                                at /rustc/e3feeb59cd1bdd011a2bfcc0747b55125d9b8527/library/test/src/lib.rs:137:21
[INFO] [stdout]   13:     0x56a8ee5f1fd2 - <alloc[2e1b2a31b91974c5]::boxed::Box<dyn for<'a, 'b> core[a373ad73a504971]::ops::function::Fn<(&'a std[617be2ca0a6fd877]::panic::PanicHookInfo<'b>,), Output = ()> + core[a373ad73a504971]::marker::Sync + core[a373ad73a504971]::marker::Send> as core[a373ad73a504971]::ops::function::Fn<(&std[617be2ca0a6fd877]::panic::PanicHookInfo,)>>::call
[INFO] [stdout]                                at /rustc/e3feeb59cd1bdd011a2bfcc0747b55125d9b8527/library/alloc/src/boxed.rs:2328:9
[INFO] [stdout]   14:     0x56a8ee5f1fd2 - std[617be2ca0a6fd877]::panicking::panic_with_hook
[INFO] [stdout]                                at /rustc/e3feeb59cd1bdd011a2bfcc0747b55125d9b8527/library/std/src/panicking.rs:819:13
[INFO] [stdout]   15:     0x56a8ee5d3d82 - std[617be2ca0a6fd877]::panicking::panic_handler::{closure#0}
[INFO] [stdout]                                at /rustc/e3feeb59cd1bdd011a2bfcc0747b55125d9b8527/library/std/src/panicking.rs:685:13
[INFO] [stdout]   16:     0x56a8ee5cc5d9 - std[617be2ca0a6fd877]::sys::backtrace::__rust_end_short_backtrace::<std[617be2ca0a6fd877]::panicking::panic_handler::{closure#0}, !>
[INFO] [stdout]                                at /rustc/e3feeb59cd1bdd011a2bfcc0747b55125d9b8527/library/std/src/sys/backtrace.rs:182:18
[INFO] [stdout]   17:     0x56a8ee5d498d - __rustc[ea4f61d10b84890b]::rust_begin_unwind
[INFO] [stdout]                                at /rustc/e3feeb59cd1bdd011a2bfcc0747b55125d9b8527/library/std/src/panicking.rs:676:5
[INFO] [stdout]   18:     0x56a8ee6114ac - core[a373ad73a504971]::panicking::panic_fmt
[INFO] [stdout]                                at /rustc/e3feeb59cd1bdd011a2bfcc0747b55125d9b8527/library/core/src/panicking.rs:80:14
[INFO] [stdout]   19:     0x56a8ee488a54 - <trybuild[869d1cbd0770b751]::Runner>::run
[INFO] [stdout]                                at /opt/rustwide/cargo-home/registry/src/index.crates.io-1949cf8c6b5b557f/trybuild-1.0.120/src/run.rs:103:13
[INFO] [stdout]   20:     0x56a8ee493ed8 - <trybuild[869d1cbd0770b751]::TestCases as core[a373ad73a504971]::ops::drop::Drop>::drop
[INFO] [stdout]                                at /opt/rustwide/cargo-home/registry/src/index.crates.io-1949cf8c6b5b557f/trybuild-1.0.120/src/lib.rs:342:38
[INFO] [stdout]   21:     0x56a8ee365887 - core[a373ad73a504971]::ptr::drop_glue::<trybuild[869d1cbd0770b751]::TestCases>
[INFO] [stdout]                                at /rustc/e3feeb59cd1bdd011a2bfcc0747b55125d9b8527/library/core/src/ptr/mod.rs:848:1
[INFO] [stdout]   22:     0x56a8ee365a93 - event_handler_compile_fail[312a84bc3dee152]::event_handlers_reject_payloads_not_produced_by_the_marker
[INFO] [stdout]                                at /opt/rustwide/workdir/tests/event_handler_compile_fail.rs:5:1
[INFO] [stdout]   23:     0x56a8ee3659e7 - event_handler_compile_fail[312a84bc3dee152]::event_handlers_reject_payloads_not_produced_by_the_marker::{closure#0}
[INFO] [stdout]                                at /opt/rustwide/workdir/tests/event_handler_compile_fail.rs:2:63
[INFO] [stdout]   24:     0x56a8ee365ef6 - <event_handler_compile_fail[312a84bc3dee152]::event_handlers_reject_payloads_not_produced_by_the_marker::{closure#0} as core[a373ad73a504971]::ops::function::FnOnce<()>>::call_once
[INFO] [stdout]                                at /rustc/e3feeb59cd1bdd011a2bfcc0747b55125d9b8527/library/core/src/ops/function.rs:250:5
[INFO] [stdout]   25:     0x56a8ee57e86b - <fn() -> core[a373ad73a504971]::result::Result<(), alloc[2e1b2a31b91974c5]::string::String> as core[a373ad73a504971]::ops::function::FnOnce<()>>::call_once
[INFO] [stdout]                                at /rustc/e3feeb59cd1bdd011a2bfcc0747b55125d9b8527/library/core/src/ops/function.rs:250:5
[INFO] [stdout]   26:     0x56a8ee57e86b - test[aada8e7e76ba119b]::__rust_begin_short_backtrace::<core[a373ad73a504971]::result::Result<(), alloc[2e1b2a31b91974c5]::string::String>, fn() -> core[a373ad73a504971]::result::Result<(), alloc[2e1b2a31b91974c5]::string::String>>
[INFO] [stdout]                                at /rustc/e3feeb59cd1bdd011a2bfcc0747b55125d9b8527/library/test/src/lib.rs:701:18
[INFO] [stdout]   27:     0x56a8ee58ba45 - test[aada8e7e76ba119b]::run_test_in_process::{closure#0}
[INFO] [stdout]                                at /rustc/e3feeb59cd1bdd011a2bfcc0747b55125d9b8527/library/test/src/lib.rs:724:74
[INFO] [stdout]   28:     0x56a8ee58ba45 - <core[a373ad73a504971]::panic::unwind_safe::AssertUnwindSafe<test[aada8e7e76ba119b]::run_test_in_process::{closure#0}> as core[a373ad73a504971]::ops::function::FnOnce<()>>::call_once
[INFO] [stdout]                                at /rustc/e3feeb59cd1bdd011a2bfcc0747b55125d9b8527/library/core/src/panic/unwind_safe.rs:275:9
[INFO] [stdout]   29:     0x56a8ee58ba45 - std[617be2ca0a6fd877]::panicking::catch_unwind::do_call::<core[a373ad73a504971]::panic::unwind_safe::AssertUnwindSafe<test[aada8e7e76ba119b]::run_test_in_process::{closure#0}>, core[a373ad73a504971]::result::Result<(), alloc[2e1b2a31b91974c5]::string::String>>
[INFO] [stdout]                                at /rustc/e3feeb59cd1bdd011a2bfcc0747b55125d9b8527/library/std/src/panicking.rs:573:43
[INFO] [stdout]   30:     0x56a8ee58ba45 - std[617be2ca0a6fd877]::panicking::catch_unwind::<core[a373ad73a504971]::result::Result<(), alloc[2e1b2a31b91974c5]::string::String>, core[a373ad73a504971]::panic::unwind_safe::AssertUnwindSafe<test[aada8e7e76ba119b]::run_test_in_process::{closure#0}>>
[INFO] [stdout]                                at /rustc/e3feeb59cd1bdd011a2bfcc0747b55125d9b8527/library/std/src/panicking.rs:541:19
[INFO] [stdout]   31:     0x56a8ee58ba45 - std[617be2ca0a6fd877]::panic::catch_unwind::<core[a373ad73a504971]::panic::unwind_safe::AssertUnwindSafe<test[aada8e7e76ba119b]::run_test_in_process::{closure#0}>, core[a373ad73a504971]::result::Result<(), alloc[2e1b2a31b91974c5]::string::String>>
[INFO] [stdout]                                at /rustc/e3feeb59cd1bdd011a2bfcc0747b55125d9b8527/library/std/src/panic.rs:359:14
[INFO] [stdout]   32:     0x56a8ee58ba45 - test[aada8e7e76ba119b]::run_test_in_process
[INFO] [stdout]                                at /rustc/e3feeb59cd1bdd011a2bfcc0747b55125d9b8527/library/test/src/lib.rs:724:27
[INFO] [stdout]   33:     0x56a8ee58ba45 - test[aada8e7e76ba119b]::run_test::{closure#0}
[INFO] [stdout]                                at /rustc/e3feeb59cd1bdd011a2bfcc0747b55125d9b8527/library/test/src/lib.rs:645:43
[INFO] [stdout]   34:     0x56a8ee585334 - test[aada8e7e76ba119b]::run_test::{closure#1}
[INFO] [stdout]                                at /rustc/e3feeb59cd1bdd011a2bfcc0747b55125d9b8527/library/test/src/lib.rs:675:41
[INFO] [stdout]   35:     0x56a8ee585334 - std[617be2ca0a6fd877]::sys::backtrace::__rust_begin_short_backtrace::<test[aada8e7e76ba119b]::run_test::{closure#1}, ()>
[INFO] [stdout]                                at /rustc/e3feeb59cd1bdd011a2bfcc0747b55125d9b8527/library/std/src/sys/backtrace.rs:166:18
[INFO] [stdout]   36:     0x56a8ee58ead2 - std[617be2ca0a6fd877]::thread::lifecycle::spawn_unchecked::<test[aada8e7e76ba119b]::run_test::{closure#1}, ()>::{closure#1}::{closure#0}
[INFO] [stdout]                                at /rustc/e3feeb59cd1bdd011a2bfcc0747b55125d9b8527/library/std/src/thread/lifecycle.rs:70:13
[INFO] [stdout]   37:     0x56a8ee58ead2 - <core[a373ad73a504971]::panic::unwind_safe::AssertUnwindSafe<std[617be2ca0a6fd877]::thread::lifecycle::spawn_unchecked<test[aada8e7e76ba119b]::run_test::{closure#1}, ()>::{closure#1}::{closure#0}> as core[a373ad73a504971]::ops::function::FnOnce<()>>::call_once
[INFO] [stdout]                                at /rustc/e3feeb59cd1bdd011a2bfcc0747b55125d9b8527/library/core/src/panic/unwind_safe.rs:275:9
[INFO] [stdout]   38:     0x56a8ee58ead2 - std[617be2ca0a6fd877]::panicking::catch_unwind::do_call::<core[a373ad73a504971]::panic::unwind_safe::AssertUnwindSafe<std[617be2ca0a6fd877]::thread::lifecycle::spawn_unchecked<test[aada8e7e76ba119b]::run_test::{closure#1}, ()>::{closure#1}::{closure#0}>, ()>
[INFO] [stdout]                                at /rustc/e3feeb59cd1bdd011a2bfcc0747b55125d9b8527/library/std/src/panicking.rs:573:43
[INFO] [stdout]   39:     0x56a8ee58ead2 - std[617be2ca0a6fd877]::panicking::catch_unwind::<(), core[a373ad73a504971]::panic::unwind_safe::AssertUnwindSafe<std[617be2ca0a6fd877]::thread::lifecycle::spawn_unchecked<test[aada8e7e76ba119b]::run_test::{closure#1}, ()>::{closure#1}::{closure#0}>>
[INFO] [stdout]                                at /rustc/e3feeb59cd1bdd011a2bfcc0747b55125d9b8527/library/std/src/panicking.rs:541:19
[INFO] [stdout]   40:     0x56a8ee58ead2 - std[617be2ca0a6fd877]::panic::catch_unwind::<core[a373ad73a504971]::panic::unwind_safe::AssertUnwindSafe<std[617be2ca0a6fd877]::thread::lifecycle::spawn_unchecked<test[aada8e7e76ba119b]::run_test::{closure#1}, ()>::{closure#1}::{closure#0}>, ()>
[INFO] [stdout]                                at /rustc/e3feeb59cd1bdd011a2bfcc0747b55125d9b8527/library/std/src/panic.rs:359:14
[INFO] [stdout]   41:     0x56a8ee58ead2 - std[617be2ca0a6fd877]::thread::lifecycle::spawn_unchecked::<test[aada8e7e76ba119b]::run_test::{closure#1}, ()>::{closure#1}
[INFO] [stdout]                                at /rustc/e3feeb59cd1bdd011a2bfcc0747b55125d9b8527/library/std/src/thread/lifecycle.rs:68:26
[INFO] [stdout]   42:     0x56a8ee58ead2 - <std[617be2ca0a6fd877]::thread::lifecycle::spawn_unchecked<test[aada8e7e76ba119b]::run_test::{closure#1}, ()>::{closure#1} as core[a373ad73a504971]::ops::function::FnOnce<()>>::call_once::{shim:vtable#0}
[INFO] [stdout]                                at /rustc/e3feeb59cd1bdd011a2bfcc0747b55125d9b8527/library/core/src/ops/function.rs:250:5
[INFO] [stdout]   43:     0x56a8ee5f9acf - <alloc[2e1b2a31b91974c5]::boxed::Box<dyn core[a373ad73a504971]::ops::function::FnOnce<(), Output = ()> + core[a373ad73a504971]::marker::Send> as core[a373ad73a504971]::ops::function::FnOnce<()>>::call_once
[INFO] [stdout]                                at /rustc/e3feeb59cd1bdd011a2bfcc0747b55125d9b8527/library/alloc/src/boxed.rs:2314:9
[INFO] [stdout]   44:     0x56a8ee5f9acf - <std[617be2ca0a6fd877]::sys::thread::unix::Thread>::new::thread_start
[INFO] [stdout]                                at /rustc/e3feeb59cd1bdd011a2bfcc0747b55125d9b8527/library/std/src/sys/thread/unix.rs:127:17
[INFO] [stdout]   45:     0x7d6311510dfa - <unknown>
[INFO] [stdout]   46:     0x7d63115a43d4 - clone
[INFO] [stdout]   47:                0x0 - <unknown>
[INFO] [stdout] 
[INFO] [stdout] 
[INFO] [stdout] failures:
[INFO] [stdout]     event_handlers_reject_payloads_not_produced_by_the_marker
[INFO] [stdout] 
[INFO] [stdout] test result: FAILED. 0 passed; 1 failed; 0 ignored; 0 measured; 0 filtered out; finished in 156.77s
[INFO] [stdout] 
[INFO] [stderr] error: test failed, to rerun pass `--test event_handler_compile_fail`
[INFO] running `Command { std: "docker" "inspect" "295ab674469597945ec060a4e1887c7eb662cd3a82eec6386a4cae18b89bc636", kill_on_drop: false }`
[INFO] running `Command { std: "docker" "rm" "-f" "295ab674469597945ec060a4e1887c7eb662cd3a82eec6386a4cae18b89bc636", kill_on_drop: false }`
[INFO] [stdout] 295ab674469597945ec060a4e1887c7eb662cd3a82eec6386a4cae18b89bc636
