[INFO] cloning repository https://github.com/Allevs01/VCIoT
[INFO] running `Command { std: "git" "-c" "credential.helper=" "-c" "credential.helper=/workspace/cargo-home/bin/git-credential-null" "clone" "--bare" "https://github.com/Allevs01/VCIoT" "/workspace/cache/git-repos/https%3A%2F%2Fgithub.com%2FAllevs01%2FVCIoT", kill_on_drop: false }`
[INFO] [stderr] Cloning into bare repository '/workspace/cache/git-repos/https%3A%2F%2Fgithub.com%2FAllevs01%2FVCIoT'...
[INFO] running `Command { std: "git" "rev-parse" "HEAD", kill_on_drop: false }`
[INFO] [stdout] 240dc6eb8ea269000624b1e4bcdd6cecf7d70343
[INFO] testing Allevs01/VCIoT against 1.100.0-beta.1 for beta-1.100-4
[INFO] running `Command { std: "git" "clone" "/workspace/cache/git-repos/https%3A%2F%2Fgithub.com%2FAllevs01%2FVCIoT" "/workspace/builds/worker-2-tc2/source", kill_on_drop: false }`
[INFO] [stderr] Cloning into '/workspace/builds/worker-2-tc2/source'...
[INFO] [stderr] done.
[INFO] started tweaking git repo https://github.com/Allevs01/VCIoT
[INFO] finished tweaking git repo https://github.com/Allevs01/VCIoT
[INFO] tweaked toml for git repo https://github.com/Allevs01/VCIoT written to /workspace/builds/worker-2-tc2/source/Cargo.toml
[INFO] validating manifest of git repo https://github.com/Allevs01/VCIoT on toolchain 1.100.0-beta.1
[INFO] running `Command { std: CARGO_HOME="/workspace/cargo-home" RUSTUP_HOME="/workspace/rustup-home" "/workspace/cargo-home/bin/cargo" "+1.100.0-beta.1" "metadata" "--manifest-path" "Cargo.toml" "--no-deps", kill_on_drop: false }`
[INFO] crate git repo https://github.com/Allevs01/VCIoT already has a lockfile, it will not be regenerated
[INFO] running `Command { std: CARGO_HOME="/workspace/cargo-home" RUSTUP_HOME="/workspace/rustup-home" "/workspace/cargo-home/bin/cargo" "+1.100.0-beta.1" "fetch" "--manifest-path" "Cargo.toml", kill_on_drop: false }`
[INFO] [stderr] warning: Cargo.toml: unused manifest key: target.armv7-unknown-linux-gnueabihf.linker
[INFO] [stderr] warning: `didkemb` (manifest) generated 1 warning
[INFO] running `Command { std: "docker" "create" "-v" "/var/lib/crater-agent-workspace/builds/worker-2-tc2/source:/opt/rustwide/workdir:ro,Z" "-v" "/var/lib/crater-agent-workspace/builds/worker-2-tc2/target:/opt/rustwide/target:rw,Z" "-v" "/var/lib/crater-agent-workspace/cargo-home:/opt/rustwide/cargo-home:ro,Z" "-v" "/var/lib/crater-agent-workspace/rustup-home:/opt/rustwide/rustup-home:ro,Z" "-m" "1610612736" "--network" "none" "ghcr.io/rust-lang/crates-build-env/linux@sha256:77db811e55d90add9212f6832c23229e3de5f1c1f9905e8cb07319ea15df73ac" "sleep" "infinity", kill_on_drop: false }`
[INFO] [stdout] 1cfd3fc195972ccf9486329d1d852cfd14a346f655479e4bb21d736d3af611f0
[INFO] running `Command { std: "docker" "start" "1cfd3fc195972ccf9486329d1d852cfd14a346f655479e4bb21d736d3af611f0", kill_on_drop: false }`
[INFO] running `Command { std: "docker" "inspect" "1cfd3fc195972ccf9486329d1d852cfd14a346f655479e4bb21d736d3af611f0", kill_on_drop: false }`
[INFO] running `Command { std: "docker" "exec" "-e" "SOURCE_DIR=/opt/rustwide/workdir" "-e" "CARGO_HOME=/opt/rustwide/cargo-home" "-e" "RUSTUP_HOME=/opt/rustwide/rustup-home" "-e" "CARGO_TARGET_DIR=/opt/rustwide/target" "-w" "/opt/rustwide/workdir" "--user" "0:0" "1cfd3fc195972ccf9486329d1d852cfd14a346f655479e4bb21d736d3af611f0" "/opt/rustwide/cargo-home/bin/cargo" "+1.100.0-beta.1" "metadata" "--no-deps" "--format-version=1", kill_on_drop: false }`
[INFO] running `Command { std: "docker" "inspect" "1cfd3fc195972ccf9486329d1d852cfd14a346f655479e4bb21d736d3af611f0", kill_on_drop: false }`
[INFO] running `Command { std: "docker" "exec" "-e" "SOURCE_DIR=/opt/rustwide/workdir" "-e" "CARGO_HOME=/opt/rustwide/cargo-home" "-e" "RUSTUP_HOME=/opt/rustwide/rustup-home" "-e" "CARGO_TARGET_DIR=/opt/rustwide/target" "-e" "CARGO_INCREMENTAL=0" "-e" "RUST_BACKTRACE=full" "-e" "RUSTFLAGS=--cap-lints=warn" "-e" "RUSTDOCFLAGS=--cap-lints=warn" "-w" "/opt/rustwide/workdir" "--user" "0:0" "1cfd3fc195972ccf9486329d1d852cfd14a346f655479e4bb21d736d3af611f0" "/opt/rustwide/cargo-home/bin/cargo" "+1.100.0-beta.1" "build" "--frozen" "--message-format=json", kill_on_drop: false }`
[INFO] [stderr] warning: Cargo.toml: unused manifest key: target.armv7-unknown-linux-gnueabihf.linker
[INFO] [stderr] warning: `didkemb` (manifest) generated 1 warning
[INFO] [stderr]    Compiling proc-macro2 v1.0.86
[INFO] [stderr]    Compiling libc v0.2.155
[INFO] [stderr]    Compiling subtle v2.6.1
[INFO] [stderr]    Compiling syn v1.0.109
[INFO] [stderr]    Compiling serde v1.0.204
[INFO] [stderr]    Compiling base64ct v1.6.0
[INFO] [stderr]    Compiling thiserror v1.0.63
[INFO] [stderr]    Compiling generic-array v0.14.7
[INFO] [stderr]    Compiling zerocopy v0.7.35
[INFO] [stderr]    Compiling cc v1.1.7
[INFO] [stderr]    Compiling proc-macro-error-attr v1.0.4
[INFO] [stderr]    Compiling proc-macro-error v1.0.4
[INFO] [stderr]    Compiling arrayref v0.3.8
[INFO] [stderr]    Compiling value-bag v1.9.0
[INFO] [stderr]    Compiling data-encoding v2.6.0
[INFO] [stderr]    Compiling spin v0.9.8
[INFO] [stderr]    Compiling lexical-util v0.8.5
[INFO] [stderr]    Compiling ahash v0.8.11
[INFO] [stderr]    Compiling log v0.4.22
[INFO] [stderr]    Compiling num-traits v0.2.19
[INFO] [stderr]    Compiling futures-sink v0.3.30
[INFO] [stderr]    Compiling base-x v0.2.11
[INFO] [stderr]    Compiling unsigned-varint v0.7.2
[INFO] [stderr]    Compiling base16ct v0.2.0
[INFO] [stderr]    Compiling crunchy v0.2.2
[INFO] [stderr]    Compiling pem-rfc7468 v0.7.0
[INFO] [stderr]    Compiling futures-channel v0.3.30
[INFO] [stderr]    Compiling parking v2.2.0
[INFO] [stderr]    Compiling utf8-decode v1.0.1
[INFO] [stderr]    Compiling pct-str v1.2.0
[INFO] [stderr]    Compiling pem-rfc7468 v0.3.1
[INFO] [stderr]    Compiling const-oid v0.7.1
[INFO] [stderr]    Compiling contextual v0.1.6
[INFO] [stderr]    Compiling serde_json v1.0.121
[INFO] [stderr]    Compiling tiny-keccak v2.0.2
[INFO] [stderr]    Compiling uint v0.9.5
[INFO] [stderr]    Compiling rustc_version v0.4.0
[INFO] [stderr]    Compiling fixed-hash v0.7.0
[INFO] [stderr]    Compiling indexmap v1.9.3
[INFO] [stderr]    Compiling ryu-js v0.2.2
[INFO] [stderr]    Compiling tracing v0.1.40
[INFO] [stderr]    Compiling lazy_static v1.5.0
[INFO] [stderr]    Compiling primitive-types v0.9.1
[INFO] [stderr]    Compiling hashbrown v0.13.2
[INFO] [stderr]    Compiling curve25519-dalek v4.1.3
[INFO] [stderr]    Compiling num-bigint-dig v0.8.4
[INFO] [stderr]    Compiling ryu_floating_decimal v0.1.0
[INFO] [stderr]    Compiling quote v1.0.36
[INFO] [stderr]    Compiling langtag v0.3.4
[INFO] [stderr]    Compiling event-listener v5.3.1
[INFO] [stderr]    Compiling smallstr v0.3.0
[INFO] [stderr]    Compiling syn v2.0.72
[INFO] [stderr]    Compiling decoded-char v0.1.1
[INFO] [stderr]    Compiling arrayvec v0.7.4
[INFO] [stderr]    Compiling constant_time_eq v0.3.0
[INFO] [stderr]    Compiling anyhow v1.0.86
[INFO] [stderr]    Compiling getrandom v0.2.15
[INFO] [stderr]    Compiling bytes v1.6.1
[INFO] [stderr]    Compiling fastrand v2.1.0
[INFO] [stderr]    Compiling parking_lot_core v0.9.10
[INFO] [stderr]    Compiling event-listener-strategy v0.5.2
[INFO] [stderr]    Compiling rand_core v0.6.4
[INFO] [stderr]    Compiling lexical-parse-integer v0.8.6
[INFO] [stderr]    Compiling lexical-write-integer v0.8.5
[INFO] [stderr]    Compiling locspan v0.7.16
[INFO] [stderr]    Compiling ahash v0.7.8
[INFO] [stderr]    Compiling ff v0.13.0
[INFO] [stderr]    Compiling iref v2.2.3
[INFO] [stderr]    Compiling blake3 v1.5.3
[INFO] [stderr]    Compiling group v0.13.0
[INFO] [stderr]    Compiling lexical-write-float v0.8.5
[INFO] [stderr]    Compiling base64 v0.12.3
[INFO] [stderr]    Compiling rustix v0.38.34
[INFO] [stderr]    Compiling blake2b_simd v0.5.11
[INFO] [stderr]    Compiling num-integer v0.1.46
[INFO] [stderr]    Compiling hashbrown v0.12.3
[INFO] [stderr]    Compiling pretty_dtoa v0.3.0
[INFO] [stderr]    Compiling lexical-parse-float v0.8.5
[INFO] [stderr]    Compiling futures-lite v2.3.0
[INFO] [stderr]    Compiling parking_lot v0.12.3
[INFO] [stderr]    Compiling permutohedron v0.2.4
[INFO] [stderr]    Compiling num-iter v0.1.45
[INFO] [stderr]    Compiling keccak-hash v0.7.0
[INFO] [stderr]    Compiling num-bigint v0.4.6
[INFO] [stderr]    Compiling linux-raw-sys v0.4.14
[INFO] [stderr]    Compiling mown v0.2.2
[INFO] [stderr]    Compiling ring v0.17.8
[INFO] [stderr]    Compiling blake2b_simd v1.0.2
[INFO] [stderr]    Compiling blake2s_simd v1.0.2
[INFO] [stderr]    Compiling static-iref v2.0.0
[INFO] [stderr]    Compiling core2 v0.4.0
[INFO] [stderr]    Compiling polling v2.8.0
[INFO] [stderr]    Compiling lexical-core v0.8.5
[INFO] [stderr]    Compiling strsim v0.9.3
[INFO] [stderr]    Compiling piper v0.2.3
[INFO] [stderr]    Compiling io-lifetimes v1.0.11
[INFO] [stderr]    Compiling lexical v6.1.1
[INFO] [stderr]    Compiling http v0.2.12
[INFO] [stderr]    Compiling clear_on_drop v0.2.5
[INFO] [stderr]    Compiling async-lock v3.4.0
[INFO] [stderr]    Compiling async-channel v2.3.1
[INFO] [stderr]    Compiling async-io v1.13.0
[INFO] [stderr]    Compiling futures-lite v1.13.0
[INFO] [stderr]    Compiling blocking v1.6.1
[INFO] [stderr]    Compiling rustix v0.37.27
[INFO] [stderr]    Compiling async-executor v1.13.0
[INFO] [stderr]    Compiling ff v0.12.1
[INFO] [stderr]    Compiling signal-hook-registry v1.4.2
[INFO] [stderr]    Compiling mio v1.0.1
[INFO] [stderr]    Compiling socket2 v0.4.10
[INFO] [stderr]    Compiling socket2 v0.5.7
[INFO] [stderr]    Compiling group v0.12.1
[INFO] [stderr]    Compiling async-channel v1.9.0
[INFO] [stderr]    Compiling kv-log-macro v1.0.7
[INFO] [stderr]    Compiling derive_builder v0.9.0
[INFO] [stderr]    Compiling strsim v0.10.0
[INFO] [stderr]    Compiling combination v0.1.5
[INFO] [stderr]    Compiling powerfmt v0.2.0
[INFO] [stderr]    Compiling hashbrown v0.14.5
[INFO] [stderr]    Compiling ssi-contexts v0.1.6
[INFO] [stderr]    Compiling httparse v1.9.4
[INFO] [stderr]    Compiling deranged v0.3.11
[INFO] [stderr]    Compiling unicode-normalization v0.1.23
[INFO] [stderr]    Compiling unicode-bidi v0.3.15
[INFO] [stderr]    Compiling time-core v0.1.2
[INFO] [stderr]    Compiling toml v0.5.11
[INFO] [stderr]    Compiling hashbrown v0.11.2
[INFO] [stderr]    Compiling num-conv v0.1.0
[INFO] [stderr]    Compiling want v0.3.1
[INFO] [stderr]    Compiling http-body v0.4.6
[INFO] [stderr]    Compiling radium v0.6.2
[INFO] [stderr]    Compiling tower-service v0.3.2
[INFO] [stderr]    Compiling miniz_oxide v0.7.4
[INFO] [stderr]    Compiling encoding_rs v0.8.34
[INFO] [stderr]    Compiling funty v1.1.0
[INFO] [stderr]    Compiling cached v0.30.0
[INFO] [stderr]    Compiling ipnet v2.9.0
[INFO] [stderr]    Compiling synstructure v0.12.6
[INFO] [stderr]    Compiling darling_core v0.10.2
[INFO] [stderr]    Compiling indexmap v2.2.6
[INFO] [stderr]    Compiling darling_core v0.13.4
[INFO] [stderr]    Compiling idna v0.5.0
[INFO] [stderr]    Compiling time v0.3.36
[INFO] [stderr]    Compiling platforms v2.0.0
[INFO] [stderr]    Compiling tap v1.0.1
[INFO] [stderr]    Compiling wyz v0.2.0
[INFO] [stderr]    Compiling flate2 v1.0.30
[INFO] [stderr]    Compiling either v1.13.0
[INFO] [stderr]    Compiling url v2.5.2
[INFO] [stderr]    Compiling bitvec v0.20.4
[INFO] [stderr]    Compiling rayon v1.10.0
[INFO] [stderr]    Compiling nix v0.24.3
[INFO] [stderr]    Compiling num_cpus v1.16.0
[INFO] [stderr]    Compiling glob v0.3.1
[INFO] [stderr]    Compiling unescape v0.1.0
[INFO] [stderr]    Compiling uuid v1.10.0
[INFO] [stderr]    Compiling rustls v0.21.12
[INFO] [stderr]    Compiling darling_core v0.20.10
[INFO] [stderr]    Compiling data-encoding-macro-internal v0.1.13
[INFO] [stderr]    Compiling locspan-derive v0.6.0
[INFO] [stderr]    Compiling derivative v2.2.0
[INFO] [stderr]    Compiling num-derive v0.3.3
[INFO] [stderr]    Compiling darling_macro v0.10.2
[INFO] [stderr]    Compiling async-attributes v1.1.2
[INFO] [stderr]    Compiling darling v0.10.2
[INFO] [stderr]    Compiling data-encoding-macro v0.1.15
[INFO] [stderr]    Compiling derive_builder_core v0.9.0
[INFO] [stderr]    Compiling multibase v0.9.1
[INFO] [stderr]    Compiling multibase v0.8.0
[INFO] [stderr]    Compiling darling_macro v0.13.4
[INFO] [stderr]    Compiling zeroize_derive v1.4.2
[INFO] [stderr]    Compiling serde_derive v1.0.204
[INFO] [stderr]    Compiling thiserror-impl v1.0.63
[INFO] [stderr]    Compiling zerocopy-derive v0.7.35
[INFO] [stderr]    Compiling futures-macro v0.3.30
[INFO] [stderr]    Compiling curve25519-dalek-derive v0.1.1
[INFO] [stderr]    Compiling tokio-macros v2.4.0
[INFO] [stderr]    Compiling async-trait v0.1.81
[INFO] [stderr]    Compiling darling v0.13.4
[INFO] [stderr]    Compiling serde_with_macros v1.5.2
[INFO] [stderr]    Compiling tokio v1.39.2
[INFO] [stderr]    Compiling rustls-webpki v0.101.7
[INFO] [stderr]    Compiling sct v0.7.1
[INFO] [stderr]    Compiling derive_more v0.99.18
[INFO] [stderr]    Compiling polling v3.7.2
[INFO] [stderr]    Compiling zeroize v1.8.1
[INFO] [stderr]    Compiling der v0.7.9
[INFO] [stderr]    Compiling der v0.6.1
[INFO] [stderr]    Compiling async-io v2.3.3
[INFO] [stderr]    Compiling ppv-lite86 v0.2.19
[INFO] [stderr]    Compiling futures-util v0.3.30
[INFO] [stderr]    Compiling rand_chacha v0.3.1
[INFO] [stderr]    Compiling crypto-common v0.1.6
[INFO] [stderr]    Compiling block-buffer v0.10.4
[INFO] [stderr]    Compiling crypto-bigint v0.5.5
[INFO] [stderr]    Compiling digest v0.9.0
[INFO] [stderr]    Compiling block-buffer v0.9.0
[INFO] [stderr]    Compiling crypto-bigint v0.3.2
[INFO] [stderr]    Compiling digest v0.10.7
[INFO] [stderr]    Compiling rand v0.8.5
[INFO] [stderr]    Compiling proc-macro-crate v1.1.3
[INFO] [stderr]    Compiling sha2 v0.9.9
[INFO] [stderr]    Compiling sha2 v0.10.8
[INFO] [stderr]    Compiling hmac v0.12.1
[INFO] [stderr]    Compiling sha3 v0.10.8
[INFO] [stderr]    Compiling signature v2.2.0
[INFO] [stderr]    Compiling rfc6979 v0.4.0
[INFO] [stderr]    Compiling ripemd160 v0.9.1
[INFO] [stderr]    Compiling ed25519 v2.2.3
[INFO] [stderr]    Compiling bs58 v0.4.0
[INFO] [stderr]    Compiling der v0.5.1
[INFO] [stderr]    Compiling multihash-derive v0.8.1
[INFO] [stderr]    Compiling spki v0.6.0
[INFO] [stderr]    Compiling spki v0.7.3
[INFO] [stderr]    Compiling crypto-bigint v0.4.9
[INFO] [stderr]    Compiling pkcs8 v0.9.0
[INFO] [stderr]    Compiling darling_macro v0.20.10
[INFO] [stderr]    Compiling pkcs8 v0.10.2
[INFO] [stderr]    Compiling sec1 v0.3.0
[INFO] [stderr]    Compiling async-global-executor v2.4.1
[INFO] [stderr]    Compiling blake2 v0.10.6
[INFO] [stderr]    Compiling darling v0.20.10
[INFO] [stderr]    Compiling signature v1.6.4
[INFO] [stderr]    Compiling serde_with_macros v2.3.3
[INFO] [stderr]    Compiling libipld-cbor-derive v0.14.0
[INFO] [stderr]    Compiling sshkeys v0.3.3
[INFO] [stderr]    Compiling sec1 v0.7.3
[INFO] [stderr]    Compiling spki v0.5.4
[INFO] [stderr]    Compiling ed25519-dalek v2.1.1
[INFO] [stderr]    Compiling elliptic-curve v0.13.8
[INFO] [stderr]    Compiling pkcs8 v0.8.0
[INFO] [stderr]    Compiling rfc6979 v0.3.1
[INFO] [stderr]    Compiling elliptic-curve v0.12.3
[INFO] [stderr]    Compiling async-std v1.12.0
[INFO] [stderr]    Compiling pkcs1 v0.3.3
[INFO] [stderr]    Compiling psutil v3.3.0
[INFO] [stderr]    Compiling sysinfo v0.30.13
[INFO] [stderr]    Compiling ecdsa v0.16.9
[INFO] [stderr]    Compiling primeorder v0.13.6
[INFO] [stderr]    Compiling rsa v0.6.1
[INFO] [stderr]    Compiling ecdsa v0.14.8
[INFO] [stderr]    Compiling k256 v0.13.3
[INFO] [stderr]    Compiling p256 v0.13.2
[INFO] [stderr]    Compiling k256 v0.11.6
[INFO] [stderr]    Compiling ssi-crypto v0.1.1
[INFO] [stderr]    Compiling tokio-util v0.7.11
[INFO] [stderr]    Compiling tokio-rustls v0.24.1
[INFO] [stderr]    Compiling futures-executor v0.3.30
[INFO] [stderr]    Compiling futures v0.3.30
[INFO] [stderr]    Compiling h2 v0.3.26
[INFO] [stderr]    Compiling json-number v0.4.8
[INFO] [stderr]    Compiling chrono v0.4.38
[INFO] [stderr]    Compiling serde-big-array v0.3.3
[INFO] [stderr]    Compiling serde_bytes v0.11.15
[INFO] [stderr]    Compiling serde_urlencoded v0.7.1
[INFO] [stderr]    Compiling ssi-core v0.1.0
[INFO] [stderr]    Compiling iri-string v0.6.0
[INFO] [stderr]    Compiling serde_with v2.3.3
[INFO] [stderr]    Compiling serde_with v1.14.0
[INFO] [stderr]    Compiling multihash v0.16.3
[INFO] [stderr]    Compiling cid v0.8.6
[INFO] [stderr]    Compiling json-syntax v0.9.6
[INFO] [stderr]    Compiling libipld-core v0.14.0
[INFO] [stderr]    Compiling rdf-types v0.12.19
[INFO] [stderr]    Compiling libipld-cbor v0.14.0
[INFO] [stderr]    Compiling libipld-macro v0.14.0
[INFO] [stderr]    Compiling grdf v0.16.3
[INFO] [stderr]    Compiling libipld-json v0.14.0
[INFO] [stderr]    Compiling serde_jcs v0.1.0
[INFO] [stderr]    Compiling simple_asn1 v0.5.4
[INFO] [stderr]    Compiling libipld v0.14.0
[INFO] [stderr]    Compiling json-ld-syntax v0.12.1
[INFO] [stderr]    Compiling ssi-jwk v0.1.2
[INFO] [stderr]    Compiling siwe v0.5.2
[INFO] [stderr]    Compiling siwe-recap v0.1.0
[INFO] [stderr]    Compiling hyper v0.14.30
[INFO] [stderr]    Compiling ssi-jws v0.1.1
[INFO] [stderr]    Compiling ssi-caips v0.1.0
[INFO] [stderr]    Compiling ssi-ssh v0.1.0
[INFO] [stderr]    Compiling cacaos v0.5.1
[INFO] [stdout] error[E0277]: the trait bound `!: libipld::prelude::Decode<libipld::libipld_cbor::DagCborCodec>` is not satisfied
[INFO] [stdout]   --> /opt/rustwide/cargo-home/registry/src/index.crates.io-1949cf8c6b5b557f/cacaos-0.5.1/src/siwe_cacao.rs:82:21
[INFO] [stdout]    |
[INFO] [stdout] 82 |     #[derive(Clone, DagCbor)]
[INFO] [stdout]    |                     ^^^^^^^ the trait `libipld::prelude::Decode<libipld::libipld_cbor::DagCborCodec>` is not implemented for `!`
[INFO] [stdout]    |
[INFO] [stdout]    = help: the following other types implement trait `libipld::prelude::Decode<C>`:
[INFO] [stdout]              ()
[INFO] [stdout]              (A,)
[INFO] [stdout]              (A, B)
[INFO] [stdout]              (A, B, C)
[INFO] [stdout]              (A, B, C, D)
[INFO] [stdout]              Arc<T>
[INFO] [stdout]              BTreeMap<K, T>
[INFO] [stdout]              Box<[u8]>
[INFO] [stdout]            and 25 others
[INFO] [stdout]    = note: this error might have been caused by changes to Rust's type-inference algorithm (see issue #148922 <https://github.com/rust-lang/rust/issues/148922> for more information)
[INFO] [stdout]    = help: you might have intended to use the type `()` here instead
[INFO] [stdout]    = note: this error originates in the derive macro `DagCbor` (in Nightly builds, run with -Z macro-backtrace for more info)
[INFO] [stdout] 
[INFO] [stdout] 
[INFO] [stdout] error[E0277]: the trait bound `!: libipld::prelude::Decode<libipld::libipld_cbor::DagCborCodec>` is not satisfied
[INFO] [stdout]    --> /opt/rustwide/cargo-home/registry/src/index.crates.io-1949cf8c6b5b557f/cacaos-0.5.1/src/siwe_cacao.rs:161:14
[INFO] [stdout]     |
[INFO] [stdout] 161 |     #[derive(DagCbor)]
[INFO] [stdout]     |              ^^^^^^^ the trait `libipld::prelude::Decode<libipld::libipld_cbor::DagCborCodec>` is not implemented for `!`
[INFO] [stdout]     |
[INFO] [stdout]     = help: the following other types implement trait `libipld::prelude::Decode<C>`:
[INFO] [stdout]               ()
[INFO] [stdout]               (A,)
[INFO] [stdout]               (A, B)
[INFO] [stdout]               (A, B, C)
[INFO] [stdout]               (A, B, C, D)
[INFO] [stdout]               Arc<T>
[INFO] [stdout]               BTreeMap<K, T>
[INFO] [stdout]               Box<[u8]>
[INFO] [stdout]             and 25 others
[INFO] [stdout]     = note: this error might have been caused by changes to Rust's type-inference algorithm (see issue #148922 <https://github.com/rust-lang/rust/issues/148922> for more information)
[INFO] [stdout]     = help: you might have intended to use the type `()` here instead
[INFO] [stdout]     = note: this error originates in the derive macro `DagCbor` (in Nightly builds, run with -Z macro-backtrace for more info)
[INFO] [stdout] 
[INFO] [stdout] 
[INFO] [stdout] error[E0277]: the trait bound `!: libipld::prelude::Decode<libipld::libipld_cbor::DagCborCodec>` is not satisfied
[INFO] [stdout]    --> /opt/rustwide/cargo-home/registry/src/index.crates.io-1949cf8c6b5b557f/cacaos-0.5.1/src/siwe_cacao.rs:329:10
[INFO] [stdout]     |
[INFO] [stdout] 329 | #[derive(DagCbor)]
[INFO] [stdout]     |          ^^^^^^^ the trait `libipld::prelude::Decode<libipld::libipld_cbor::DagCborCodec>` is not implemented for `!`
[INFO] [stdout]     |
[INFO] [stdout]     = help: the following other types implement trait `libipld::prelude::Decode<C>`:
[INFO] [stdout]               ()
[INFO] [stdout]               (A,)
[INFO] [stdout]               (A, B)
[INFO] [stdout]               (A, B, C)
[INFO] [stdout]               (A, B, C, D)
[INFO] [stdout]               Arc<T>
[INFO] [stdout]               BTreeMap<K, T>
[INFO] [stdout]               Box<[u8]>
[INFO] [stdout]             and 23 others
[INFO] [stdout]     = note: this error might have been caused by changes to Rust's type-inference algorithm (see issue #148922 <https://github.com/rust-lang/rust/issues/148922> for more information)
[INFO] [stdout]     = help: you might have intended to use the type `()` here instead
[INFO] [stdout]     = note: this error originates in the derive macro `DagCbor` (in Nightly builds, run with -Z macro-backtrace for more info)
[INFO] [stdout] 
[INFO] [stdout] 
[INFO] [stdout] error[E0277]: the trait bound `!: libipld::prelude::Decode<libipld::libipld_cbor::DagCborCodec>` is not satisfied
[INFO] [stdout]  --> /opt/rustwide/cargo-home/registry/src/index.crates.io-1949cf8c6b5b557f/cacaos-0.5.1/src/lib.rs:9:10
[INFO] [stdout]   |
[INFO] [stdout] 9 | #[derive(DagCbor, Debug, Clone, PartialEq)]
[INFO] [stdout]   |          ^^^^^^^ the trait `libipld::prelude::Decode<libipld::libipld_cbor::DagCborCodec>` is not implemented for `!`
[INFO] [stdout]   |
[INFO] [stdout]   = help: the following other types implement trait `libipld::prelude::Decode<C>`:
[INFO] [stdout]             ()
[INFO] [stdout]             (A,)
[INFO] [stdout]             (A, B)
[INFO] [stdout]             (A, B, C)
[INFO] [stdout]             (A, B, C, D)
[INFO] [stdout]             Arc<T>
[INFO] [stdout]             BTreeMap<K, T>
[INFO] [stdout]             Box<[u8]>
[INFO] [stdout]           and 22 others
[INFO] [stdout]   = note: this error might have been caused by changes to Rust's type-inference algorithm (see issue #148922 <https://github.com/rust-lang/rust/issues/148922> for more information)
[INFO] [stdout]   = help: you might have intended to use the type `()` here instead
[INFO] [stdout]   = note: this error originates in the derive macro `DagCbor` (in Nightly builds, run with -Z macro-backtrace for more info)
[INFO] [stdout] 
[INFO] [stdout] 
[INFO] [stdout] For more information about this error, try `rustc --explain E0277`.
[INFO] [stdout] 
[INFO] [stderr] error: could not compile `cacaos` (lib) due to 4 previous errors
[INFO] [stderr] warning: build failed, waiting for other jobs to finish...
[INFO] running `Command { std: "docker" "inspect" "1cfd3fc195972ccf9486329d1d852cfd14a346f655479e4bb21d736d3af611f0", kill_on_drop: false }`
[INFO] running `Command { std: "docker" "rm" "-f" "1cfd3fc195972ccf9486329d1d852cfd14a346f655479e4bb21d736d3af611f0", kill_on_drop: false }`
[INFO] [stdout] 1cfd3fc195972ccf9486329d1d852cfd14a346f655479e4bb21d736d3af611f0
