[INFO] fetching crate grafana-plugin-sdk-rs 0.4.0...
[INFO] testing grafana-plugin-sdk-rs-0.4.0 against 1.100.0-beta.1 for beta-1.100-4
[INFO] extracting crate grafana-plugin-sdk-rs 0.4.0 into /workspace/builds/worker-0-tc2/source
[INFO] started tweaking crates.io crate grafana-plugin-sdk-rs 0.4.0
[INFO] removed 0 missing examples
[INFO] removed 0 missing tests
[INFO] finished tweaking crates.io crate grafana-plugin-sdk-rs 0.4.0
[INFO] tweaked toml for crates.io crate grafana-plugin-sdk-rs 0.4.0 written to /workspace/builds/worker-0-tc2/source/Cargo.toml
[INFO] validating manifest of crates.io crate grafana-plugin-sdk-rs 0.4.0 on toolchain 1.100.0-beta.1
[INFO] running `Command { std: CARGO_HOME="/workspace/cargo-home" RUSTUP_HOME="/workspace/rustup-home" "/workspace/cargo-home/bin/cargo" "+1.100.0-beta.1" "metadata" "--manifest-path" "Cargo.toml" "--no-deps", kill_on_drop: false }`
[INFO] crate crates.io crate grafana-plugin-sdk-rs 0.4.0 already has a lockfile, it will not be regenerated
[INFO] running `Command { std: CARGO_HOME="/workspace/cargo-home" RUSTUP_HOME="/workspace/rustup-home" "/workspace/cargo-home/bin/cargo" "+1.100.0-beta.1" "fetch" "--manifest-path" "Cargo.toml", kill_on_drop: false }`
[INFO] [stderr] warning: `package.homepage` is redundant with `package.repository`
[INFO] [stderr]    --> Cargo.toml:217:12
[INFO] [stderr]     |
[INFO] [stderr] 217 | homepage = "https://gitlab.com/zornfeuer/grafana-plugin-sdk-rs"
[INFO] [stderr]     |            ^^^^^^^^^^^^^^^^^^^^^^^^^^^^^^^^^^^^^^^^^^^^^^^^^^^^
[INFO] [stderr] ...
[INFO] [stderr] 222 | repository = "https://gitlab.com/zornfeuer/grafana-plugin-sdk-rs"
[INFO] [stderr]     |              ----------------------------------------------------
[INFO] [stderr]     |
[INFO] [stderr]     = note: `cargo::redundant_homepage` is set to `warn` by default
[INFO] [stderr] help: consider removing `package.homepage`
[INFO] [stderr] warning: `grafana-plugin-sdk-rs` (manifest) generated 1 warning
[INFO] running `Command { std: "docker" "create" "-v" "/var/lib/crater-agent-workspace/builds/worker-0-tc2/source:/opt/rustwide/workdir:ro,Z" "-v" "/var/lib/crater-agent-workspace/builds/worker-0-tc2/target:/opt/rustwide/target:rw,Z" "-v" "/var/lib/crater-agent-workspace/cargo-home:/opt/rustwide/cargo-home:ro,Z" "-v" "/var/lib/crater-agent-workspace/rustup-home:/opt/rustwide/rustup-home:ro,Z" "-m" "1610612736" "--network" "none" "ghcr.io/rust-lang/crates-build-env/linux@sha256:77db811e55d90add9212f6832c23229e3de5f1c1f9905e8cb07319ea15df73ac" "sleep" "infinity", kill_on_drop: false }`
[INFO] [stdout] b8afa85b6f8255b467b83d1184e195d4105339a0d3e12e975647f201ad7bdaa7
[INFO] running `Command { std: "docker" "start" "b8afa85b6f8255b467b83d1184e195d4105339a0d3e12e975647f201ad7bdaa7", kill_on_drop: false }`
[INFO] running `Command { std: "docker" "inspect" "b8afa85b6f8255b467b83d1184e195d4105339a0d3e12e975647f201ad7bdaa7", kill_on_drop: false }`
[INFO] running `Command { std: "docker" "exec" "-e" "SOURCE_DIR=/opt/rustwide/workdir" "-e" "CARGO_HOME=/opt/rustwide/cargo-home" "-e" "RUSTUP_HOME=/opt/rustwide/rustup-home" "-e" "CARGO_TARGET_DIR=/opt/rustwide/target" "-w" "/opt/rustwide/workdir" "--user" "0:0" "b8afa85b6f8255b467b83d1184e195d4105339a0d3e12e975647f201ad7bdaa7" "/opt/rustwide/cargo-home/bin/cargo" "+1.100.0-beta.1" "metadata" "--no-deps" "--format-version=1", kill_on_drop: false }`
[INFO] running `Command { std: "docker" "inspect" "b8afa85b6f8255b467b83d1184e195d4105339a0d3e12e975647f201ad7bdaa7", kill_on_drop: false }`
[INFO] running `Command { std: "docker" "exec" "-e" "SOURCE_DIR=/opt/rustwide/workdir" "-e" "CARGO_HOME=/opt/rustwide/cargo-home" "-e" "RUSTUP_HOME=/opt/rustwide/rustup-home" "-e" "CARGO_TARGET_DIR=/opt/rustwide/target" "-e" "CARGO_INCREMENTAL=0" "-e" "RUST_BACKTRACE=full" "-e" "RUSTFLAGS=--cap-lints=warn" "-e" "RUSTDOCFLAGS=--cap-lints=warn" "-w" "/opt/rustwide/workdir" "--user" "0:0" "b8afa85b6f8255b467b83d1184e195d4105339a0d3e12e975647f201ad7bdaa7" "/opt/rustwide/cargo-home/bin/cargo" "+1.100.0-beta.1" "build" "--frozen" "--message-format=json", kill_on_drop: false }`
[INFO] [stderr] warning: `package.homepage` is redundant with `package.repository`
[INFO] [stderr]    --> Cargo.toml:217:12
[INFO] [stderr]     |
[INFO] [stderr] 217 | homepage = "https://gitlab.com/zornfeuer/grafana-plugin-sdk-rs"
[INFO] [stderr]     |            ^^^^^^^^^^^^^^^^^^^^^^^^^^^^^^^^^^^^^^^^^^^^^^^^^^^^
[INFO] [stderr] ...
[INFO] [stderr] 222 | repository = "https://gitlab.com/zornfeuer/grafana-plugin-sdk-rs"
[INFO] [stderr]     |              ----------------------------------------------------
[INFO] [stderr]     |
[INFO] [stderr]     = note: `cargo::redundant_homepage` is set to `warn` by default
[INFO] [stderr] help: consider removing `package.homepage`
[INFO] [stderr] warning: `grafana-plugin-sdk-rs` (manifest) generated 1 warning
[INFO] [stderr]    Compiling quote v1.0.46
[INFO] [stderr]    Compiling libc v0.2.186
[INFO] [stderr]    Compiling bytes v1.12.1
[INFO] [stderr]    Compiling itoa v1.0.18
[INFO] [stderr]    Compiling serde_core v1.0.228
[INFO] [stderr]    Compiling hashbrown v0.17.1
[INFO] [stderr]    Compiling futures-task v0.3.32
[INFO] [stderr]    Compiling smallvec v1.15.2
[INFO] [stderr]    Compiling either v1.16.0
[INFO] [stderr]    Compiling ident_case v1.0.1
[INFO] [stderr]    Compiling anyhow v1.0.103
[INFO] [stderr]    Compiling sync_wrapper v1.0.2
[INFO] [stderr]    Compiling strsim v0.11.1
[INFO] [stderr]    Compiling httpdate v1.0.3
[INFO] [stderr]    Compiling zmij v1.0.22
[INFO] [stderr]    Compiling matchit v0.8.4
[INFO] [stderr]    Compiling num-traits v0.2.19
[INFO] [stderr]    Compiling time-core v0.1.9
[INFO] [stderr]    Compiling serde_json v1.0.150
[INFO] [stderr]    Compiling syn v2.0.118
[INFO] [stderr]    Compiling regex-syntax v0.8.11
[INFO] [stderr]    Compiling num-conv v0.2.2
[INFO] [stderr]    Compiling deranged v0.5.8
[INFO] [stderr]    Compiling itertools v0.14.0
[INFO] [stderr]    Compiling powerfmt v0.2.0
[INFO] [stderr]    Compiling time-macros v0.2.31
[INFO] [stderr]    Compiling grafana-plugin-sdk-rs v0.4.0 (/opt/rustwide/workdir)
[INFO] [stderr]    Compiling itertools v0.15.0
[INFO] [stderr]    Compiling http v1.4.2
[INFO] [stderr]    Compiling indexmap v2.14.0
[INFO] [stderr]    Compiling chrono v0.4.45
[INFO] [stderr]    Compiling http-body v1.0.1
[INFO] [stderr]    Compiling errno v0.3.14
[INFO] [stderr]    Compiling socket2 v0.6.4
[INFO] [stderr]    Compiling mio v1.2.1
[INFO] [stderr]    Compiling http-body-util v0.1.3
[INFO] [stderr]    Compiling signal-hook-registry v1.4.8
[INFO] [stderr]    Compiling axum-core v0.5.6
[INFO] [stderr]    Compiling time v0.3.53
[INFO] [stderr]    Compiling regex-automata v0.4.15
[INFO] [stderr]    Compiling matchers v0.2.0
[INFO] [stderr]    Compiling darling_core v0.23.0
[INFO] [stderr]    Compiling tokio-macros v2.7.0
[INFO] [stderr]    Compiling tracing-attributes v0.1.31
[INFO] [stderr]    Compiling futures-macro v0.3.32
[INFO] [stderr]    Compiling pin-project-internal v1.1.13
[INFO] [stderr]    Compiling async-trait v0.1.89
[INFO] [stderr]    Compiling serde_derive v1.0.228
[INFO] [stderr]    Compiling prost-derive v0.14.4
[INFO] [stderr]    Compiling thiserror-impl v2.0.18
[INFO] [stderr]    Compiling futures-util v0.3.32
[INFO] [stderr]    Compiling tokio v1.52.3
[INFO] [stderr]    Compiling pin-project v1.1.13
[INFO] [stderr]    Compiling prost v0.14.4
[INFO] [stderr]    Compiling tracing v0.1.44
[INFO] [stderr]    Compiling thiserror v2.0.18
[INFO] [stderr]    Compiling darling_macro v0.23.0
[INFO] [stderr]    Compiling darling v0.23.0
[INFO] [stderr]    Compiling serde_with_macros v3.21.0
[INFO] [stderr]    Compiling grafana-plugin-sdk-rs-macros v0.4.0
[INFO] [stderr]    Compiling serde v1.0.228
[INFO] [stderr]    Compiling serde_with v3.21.0
[INFO] [stderr]    Compiling tracing-serde v0.2.0
[INFO] [stderr]    Compiling tracing-subscriber v0.3.23
[INFO] [stderr]    Compiling tokio-util v0.7.18
[INFO] [stderr]    Compiling h2 v0.4.15
[INFO] [stderr]    Compiling tower v0.5.3
[INFO] [stderr]    Compiling tokio-stream v0.1.18
[INFO] [stderr]    Compiling axum v0.8.9
[INFO] [stderr]    Compiling hyper v1.10.1
[INFO] [stderr]    Compiling hyper-util v0.1.20
[INFO] [stderr]    Compiling hyper-timeout v0.5.2
[INFO] [stderr]    Compiling tonic v0.14.6
[INFO] [stderr]    Compiling tonic-prost v0.14.6
[INFO] [stderr]    Compiling tonic-health v0.14.6
[INFO] [stderr]     Finished `dev` profile [unoptimized + debuginfo] target(s) in 34.93s
[INFO] running `Command { std: "docker" "inspect" "b8afa85b6f8255b467b83d1184e195d4105339a0d3e12e975647f201ad7bdaa7", kill_on_drop: false }`
[INFO] running `Command { std: "docker" "exec" "-e" "SOURCE_DIR=/opt/rustwide/workdir" "-e" "CARGO_HOME=/opt/rustwide/cargo-home" "-e" "RUSTUP_HOME=/opt/rustwide/rustup-home" "-e" "CARGO_TARGET_DIR=/opt/rustwide/target" "-e" "CARGO_INCREMENTAL=0" "-e" "RUST_BACKTRACE=full" "-e" "RUSTFLAGS=--cap-lints=warn" "-e" "RUSTDOCFLAGS=--cap-lints=warn" "-w" "/opt/rustwide/workdir" "--user" "0:0" "b8afa85b6f8255b467b83d1184e195d4105339a0d3e12e975647f201ad7bdaa7" "/opt/rustwide/cargo-home/bin/cargo" "+1.100.0-beta.1" "test" "--frozen" "--no-run" "--message-format=json", kill_on_drop: false }`
[INFO] [stderr] warning: `package.homepage` is redundant with `package.repository`
[INFO] [stderr]    --> Cargo.toml:217:12
[INFO] [stderr]     |
[INFO] [stderr] 217 | homepage = "https://gitlab.com/zornfeuer/grafana-plugin-sdk-rs"
[INFO] [stderr]     |            ^^^^^^^^^^^^^^^^^^^^^^^^^^^^^^^^^^^^^^^^^^^^^^^^^^^^
[INFO] [stderr] ...
[INFO] [stderr] 222 | repository = "https://gitlab.com/zornfeuer/grafana-plugin-sdk-rs"
[INFO] [stderr]     |              ----------------------------------------------------
[INFO] [stderr]     |
[INFO] [stderr]     = note: `cargo::redundant_homepage` is set to `warn` by default
[INFO] [stderr] help: consider removing `package.homepage`
[INFO] [stderr] warning: `grafana-plugin-sdk-rs` (manifest) generated 1 warning
[INFO] [stderr]    Compiling futures-io v0.3.32
[INFO] [stderr]    Compiling futures-channel v0.3.32
[INFO] [stderr]    Compiling getrandom v0.3.4
[INFO] [stderr]    Compiling zerocopy v0.8.54
[INFO] [stderr]    Compiling opentelemetry v0.32.0
[INFO] [stderr]    Compiling async-stream-impl v0.3.6
[INFO] [stderr]    Compiling yansi v1.0.1
[INFO] [stderr]    Compiling diff v0.1.13
[INFO] [stderr]    Compiling pastey v0.1.1
[INFO] [stderr]    Compiling futures-util v0.3.32
[INFO] [stderr]    Compiling hyper v1.10.1
[INFO] [stderr]    Compiling pretty_assertions v1.4.1
[INFO] [stderr]    Compiling rand_core v0.9.5
[INFO] [stderr]    Compiling async-stream v0.3.6
[INFO] [stderr]    Compiling tower v0.5.3
[INFO] [stderr]    Compiling hyper-util v0.1.20
[INFO] [stderr]    Compiling futures-executor v0.3.32
[INFO] [stderr]    Compiling futures v0.3.32
[INFO] [stderr]    Compiling axum v0.8.9
[INFO] [stderr]    Compiling hyper-timeout v0.5.2
[INFO] [stderr]    Compiling ppv-lite86 v0.2.21
[INFO] [stderr]    Compiling rand_chacha v0.9.0
[INFO] [stderr]    Compiling rand v0.9.5
[INFO] [stderr]    Compiling opentelemetry_sdk v0.32.1
[INFO] [stderr]    Compiling tonic v0.14.6
[INFO] [stderr]    Compiling tonic-prost v0.14.6
[INFO] [stderr]    Compiling tonic-health v0.14.6
[INFO] [stderr]    Compiling grafana-plugin-sdk-rs v0.4.0 (/opt/rustwide/workdir)
[INFO] [stderr]     Finished `test` profile [unoptimized + debuginfo] target(s) in 12.36s
[INFO] running `Command { std: "docker" "inspect" "b8afa85b6f8255b467b83d1184e195d4105339a0d3e12e975647f201ad7bdaa7", kill_on_drop: false }`
[INFO] running `Command { std: "docker" "exec" "-e" "SOURCE_DIR=/opt/rustwide/workdir" "-e" "CARGO_HOME=/opt/rustwide/cargo-home" "-e" "RUSTUP_HOME=/opt/rustwide/rustup-home" "-e" "CARGO_TARGET_DIR=/opt/rustwide/target" "-e" "CARGO_INCREMENTAL=0" "-e" "RUST_BACKTRACE=full" "-e" "RUSTFLAGS=--cap-lints=warn" "-e" "RUSTDOCFLAGS=--cap-lints=warn" "-w" "/opt/rustwide/workdir" "--user" "0:0" "b8afa85b6f8255b467b83d1184e195d4105339a0d3e12e975647f201ad7bdaa7" "/opt/rustwide/cargo-home/bin/cargo" "+1.100.0-beta.1" "test" "--frozen", kill_on_drop: false }`
[INFO] [stderr] warning: `package.homepage` is redundant with `package.repository`
[INFO] [stderr]    --> Cargo.toml:217:12
[INFO] [stderr]     |
[INFO] [stderr] 217 | homepage = "https://gitlab.com/zornfeuer/grafana-plugin-sdk-rs"
[INFO] [stderr]     |            ^^^^^^^^^^^^^^^^^^^^^^^^^^^^^^^^^^^^^^^^^^^^^^^^^^^^
[INFO] [stderr] ...
[INFO] [stderr] 222 | repository = "https://gitlab.com/zornfeuer/grafana-plugin-sdk-rs"
[INFO] [stderr]     |              ----------------------------------------------------
[INFO] [stderr]     |
[INFO] [stderr]     = note: `cargo::redundant_homepage` is set to `warn` by default
[INFO] [stderr] help: consider removing `package.homepage`
[INFO] [stderr] warning: `grafana-plugin-sdk-rs` (manifest) generated 1 warning
[INFO] [stderr]     Finished `test` profile [unoptimized + debuginfo] target(s) in 0.17s
[INFO] [stderr]      Running unittests src/lib.rs (/opt/rustwide/target/debug/build/grafana-plugin-sdk-rs/2c4504a08ffdc4b5/out/grafana_plugin_sdk-2c4504a08ffdc4b5)
[INFO] [stdout] 
[INFO] [stdout] running 21 tests
[INFO] [stdout] test buildinfo::tests::macro_captures_this_crate_metadata ... ok
[INFO] [stdout] test live::channel::test::display ... ok
[INFO] [stdout] test backend::grafana_config::tests::feature_toggles_absent_or_empty_is_empty ... ok
[INFO] [stdout] test live::channel::test::exceeds_max_length ... ok
[INFO] [stdout] test live::channel::test::parse_invalid_has_space ... ok
[INFO] [stdout] test live::channel::test::parse_invalid_has_unicode ... ok
[INFO] [stdout] test backend::shutdown_tests::cancellation_is_shared_and_idempotent ... ok
[INFO] [stdout] test live::channel::test::parse_invalid_no_path ... ok
[INFO] [stdout] test buildinfo::tests::serializes_with_grafana_field_names ... ok
[INFO] [stdout] test backend::grafana_config::tests::feature_toggles_parses_comma_separated_set ... ok
[INFO] [stdout] test live::channel::test::parse_invalid_only_scope ... ok
[INFO] [stdout] test live::channel::test::empty ... ok
[INFO] [stdout] test live::channel::test::parse_invalid_reserved_symbol ... ok
[INFO] [stdout] test live::channel::test::parse_path_with_additional_symbols ... ok
[INFO] [stdout] test live::channel::test::parse_scope_namespace_with_additional_symbols ... ok
[INFO] [stdout] test live::channel::test::parse_valid ... ok
[INFO] [stdout] test live::channel::test::parse_valid_long_path ... ok
[INFO] [stdout] test live::channel::test::success ... ok
[INFO] [stdout] test live::channel::test::parse_invalid_path_empty ... ok
[INFO] [stdout] test live::channel::test::parse_invalid_empty ... ok
[INFO] [stdout] test backend::instance::tests::caches_recreates_and_disposes ... ok
[INFO] [stdout] 
[INFO] [stdout] test result: ok. 21 passed; 0 failed; 0 ignored; 0 measured; 0 filtered out; finished in 0.00s
[INFO] [stdout] 
[INFO] [stderr]      Running tests/lifecycle.rs (/opt/rustwide/target/debug/build/grafana-plugin-sdk-rs/a940175e508b3b13/out/lifecycle-a940175e508b3b13)
[INFO] [stdout] 
[INFO] [stdout] running 2 tests
[INFO] [stdout] test plugin_subprocess ... ok
[INFO] [stdout] test subprocess_handshake_grpc_and_shutdown ... ok
[INFO] [stdout] 
[INFO] [stdout] test result: ok. 2 passed; 0 failed; 0 ignored; 0 measured; 0 filtered out; finished in 0.07s
[INFO] [stdout] 
[INFO] [stderr]    Doc-tests grafana_plugin_sdk
[INFO] [stdout] 
[INFO] [stdout] running 10 tests
[INFO] [stdout] test src/backend/mod.rs - backend (line 33) ... ignored
[INFO] [stdout] test src/backend/mod.rs - backend::Plugin (line 333) ... ignored
[INFO] [stdout] test src/backend/resource.rs - backend::resource::ResourceService (line 164) ... FAILED
[INFO] [stdout] test src/backend/grafana_config.rs - backend::grafana_config::GrafanaConfig::feature_toggles (line 75) ... ok
[INFO] [stdout] test src/backend/diagnostics.rs - backend::diagnostics::DiagnosticsService (line 297) ... ok
[INFO] [stdout] test src/buildinfo.rs - buildinfo (line 9) ... ok
[INFO] [stdout] test src/backend/resource.rs - backend::resource::ErrIntoHttpResponse::into_http_response (line 381) ... ok
[INFO] [stdout] test src/backend/mod.rs - backend::layer (line 926) ... ok
[INFO] [stdout] test src/live/channel.rs - live::channel::Channel (line 220) ... ok
[INFO] [stdout] test src/backend/mod.rs - backend::Plugin<D,Q,R,S,A,C>::init_subscriber (line 500) ... ok
[INFO] [stdout] 
[INFO] [stdout] failures:
[INFO] [stdout] 
[INFO] [stdout] ---- src/backend/resource.rs - backend::resource::ResourceService (line 164) stdout ----
[INFO] [stdout] error[E0271]: expected `{async block@lib.rs:229:9}` to be a future that resolves to `()`, but it resolves to `!`
[INFO] [stdout]    --> src/backend/resource.rs:225:17
[INFO] [stdout]     |
[INFO] [stdout] 225 | /                 Box::pin(async_stream::try_stream! {
[INFO] [stdout] 226 | |                     loop {
[INFO] [stdout] 227 | |                         let body = count
[INFO] [stdout] 228 | |                             .fetch_add(1, Ordering::SeqCst)
[INFO] [stdout] ...   |
[INFO] [stdout] 234 | |                 }) as Self::Stream,
[INFO] [stdout]     | |__________________^ expected `()`, found `!`
[INFO] [stdout]     |
[INFO] [stdout]     = note: expected unit type `()`
[INFO] [stdout]                     found type `!`
[INFO] [stdout]     = note: required for `AsyncStream<Result<Bytes, ResourceError>, {async block@lib.rs:229:9}>` to implement `futures::Stream`
[INFO] [stdout]     = note: required for the cast from `Pin<Box<AsyncStream<Result<Bytes, ResourceError>, {async block@...}>>>` to `Pin<Box<dyn Stream<Item = Result<Bytes, ResourceError>> + Send>>`
[INFO] [stdout]     = note: the full name for the type has been written to '/tmp/rustdoctestrljpox/rust_out.long-type-11045554612948078168.txt'
[INFO] [stdout]     = note: consider using `--verbose` to print the full type name to the console
[INFO] [stdout] 
[INFO] [stdout] error: aborting due to 1 previous error
[INFO] [stdout] 
[INFO] [stdout] For more information about this error, try `rustc --explain E0271`.
[INFO] [stdout] Couldn't compile the test.
[INFO] [stdout] 
[INFO] [stdout] failures:
[INFO] [stdout]     src/backend/resource.rs - backend::resource::ResourceService (line 164)
[INFO] [stdout] 
[INFO] [stdout] test result: FAILED. 7 passed; 1 failed; 2 ignored; 0 measured; 0 filtered out; finished in 0.44s
[INFO] [stdout] 
[INFO] [stderr] error: doctest failed, to rerun pass `--doc`
[INFO] running `Command { std: "docker" "inspect" "b8afa85b6f8255b467b83d1184e195d4105339a0d3e12e975647f201ad7bdaa7", kill_on_drop: false }`
[INFO] running `Command { std: "docker" "rm" "-f" "b8afa85b6f8255b467b83d1184e195d4105339a0d3e12e975647f201ad7bdaa7", kill_on_drop: false }`
[INFO] [stdout] b8afa85b6f8255b467b83d1184e195d4105339a0d3e12e975647f201ad7bdaa7
