[INFO] fetching crate fgumi-pipeline-core 0.7.0...
[INFO] testing fgumi-pipeline-core-0.7.0 against 1.100.0-beta.1 for beta-1.100-4
[INFO] extracting crate fgumi-pipeline-core 0.7.0 into /workspace/builds/worker-1-tc2/source
[INFO] started tweaking crates.io crate fgumi-pipeline-core 0.7.0
[INFO] removed 0 missing tests
[INFO] finished tweaking crates.io crate fgumi-pipeline-core 0.7.0
[INFO] tweaked toml for crates.io crate fgumi-pipeline-core 0.7.0 written to /workspace/builds/worker-1-tc2/source/Cargo.toml
[INFO] validating manifest of crates.io crate fgumi-pipeline-core 0.7.0 on toolchain 1.100.0-beta.1
[INFO] running `Command { std: CARGO_HOME="/workspace/cargo-home" RUSTUP_HOME="/workspace/rustup-home" "/workspace/cargo-home/bin/cargo" "+1.100.0-beta.1" "metadata" "--manifest-path" "Cargo.toml" "--no-deps", kill_on_drop: false }`
[INFO] crate crates.io crate fgumi-pipeline-core 0.7.0 already has a lockfile, it will not be regenerated
[INFO] running `Command { std: CARGO_HOME="/workspace/cargo-home" RUSTUP_HOME="/workspace/rustup-home" "/workspace/cargo-home/bin/cargo" "+1.100.0-beta.1" "fetch" "--manifest-path" "Cargo.toml", kill_on_drop: false }`
[INFO] [stderr]     Blocking waiting for file lock on package cache
[INFO] running `Command { std: "docker" "create" "-v" "/var/lib/crater-agent-workspace/builds/worker-1-tc2/source:/opt/rustwide/workdir:ro,Z" "-v" "/var/lib/crater-agent-workspace/builds/worker-1-tc2/target:/opt/rustwide/target:rw,Z" "-v" "/var/lib/crater-agent-workspace/cargo-home:/opt/rustwide/cargo-home:ro,Z" "-v" "/var/lib/crater-agent-workspace/rustup-home:/opt/rustwide/rustup-home:ro,Z" "-m" "1610612736" "--network" "none" "ghcr.io/rust-lang/crates-build-env/linux@sha256:77db811e55d90add9212f6832c23229e3de5f1c1f9905e8cb07319ea15df73ac" "sleep" "infinity", kill_on_drop: false }`
[INFO] [stdout] 36ca37d2185ae7873bfa899b96acd03170c9c8f581b4decf4d83d2af4226df37
[INFO] running `Command { std: "docker" "start" "36ca37d2185ae7873bfa899b96acd03170c9c8f581b4decf4d83d2af4226df37", kill_on_drop: false }`
[INFO] running `Command { std: "docker" "inspect" "36ca37d2185ae7873bfa899b96acd03170c9c8f581b4decf4d83d2af4226df37", kill_on_drop: false }`
[INFO] running `Command { std: "docker" "exec" "-e" "SOURCE_DIR=/opt/rustwide/workdir" "-e" "CARGO_HOME=/opt/rustwide/cargo-home" "-e" "RUSTUP_HOME=/opt/rustwide/rustup-home" "-e" "CARGO_TARGET_DIR=/opt/rustwide/target" "-w" "/opt/rustwide/workdir" "--user" "0:0" "36ca37d2185ae7873bfa899b96acd03170c9c8f581b4decf4d83d2af4226df37" "/opt/rustwide/cargo-home/bin/cargo" "+1.100.0-beta.1" "metadata" "--no-deps" "--format-version=1", kill_on_drop: false }`
[INFO] running `Command { std: "docker" "inspect" "36ca37d2185ae7873bfa899b96acd03170c9c8f581b4decf4d83d2af4226df37", kill_on_drop: false }`
[INFO] running `Command { std: "docker" "exec" "-e" "SOURCE_DIR=/opt/rustwide/workdir" "-e" "CARGO_HOME=/opt/rustwide/cargo-home" "-e" "RUSTUP_HOME=/opt/rustwide/rustup-home" "-e" "CARGO_TARGET_DIR=/opt/rustwide/target" "-e" "CARGO_INCREMENTAL=0" "-e" "RUST_BACKTRACE=full" "-e" "RUSTFLAGS=--cap-lints=warn" "-e" "RUSTDOCFLAGS=--cap-lints=warn" "-w" "/opt/rustwide/workdir" "--user" "0:0" "36ca37d2185ae7873bfa899b96acd03170c9c8f581b4decf4d83d2af4226df37" "/opt/rustwide/cargo-home/bin/cargo" "+1.100.0-beta.1" "build" "--frozen" "--message-format=json", kill_on_drop: false }`
[INFO] [stderr]    Compiling crossbeam-utils v0.8.22
[INFO] [stderr]    Compiling crossbeam-epoch v0.9.20
[INFO] [stderr]    Compiling crossbeam-deque v0.8.7
[INFO] [stderr]    Compiling lexical-util v1.0.7
[INFO] [stderr]    Compiling either v1.18.0
[INFO] [stderr]    Compiling bstr v1.13.1
[INFO] [stderr]    Compiling zlib-rs v0.6.7
[INFO] [stderr]    Compiling hashbrown v0.17.1
[INFO] [stderr]    Compiling bit-vec v0.10.1
[INFO] [stderr]    Compiling zerocopy v0.8.56
[INFO] [stderr]    Compiling ahash v0.8.12
[INFO] [stderr]    Compiling smallvec v1.15.2
[INFO] [stderr]    Compiling bitflags v2.13.1
[INFO] [stderr]    Compiling lexical-write-integer v1.0.6
[INFO] [stderr]    Compiling lexical-parse-integer v1.0.6
[INFO] [stderr]    Compiling noodles-core v0.20.0
[INFO] [stderr]    Compiling indexmap v2.14.0
[INFO] [stderr]    Compiling parking_lot_core v0.9.12
[INFO] [stderr]    Compiling crossbeam-channel v0.5.16
[INFO] [stderr]    Compiling lexical-write-float v1.0.6
[INFO] [stderr]    Compiling lexical-parse-float v1.0.6
[INFO] [stderr]    Compiling getrandom v0.3.4
[INFO] [stderr]    Compiling once_cell v1.21.4
[INFO] [stderr]    Compiling parking_lot v0.12.5
[INFO] [stderr]    Compiling crossbeam-queue v0.3.13
[INFO] [stderr]    Compiling log v0.4.34
[INFO] [stderr]    Compiling rayon-core v1.13.0
[INFO] [stderr]    Compiling lexical-core v1.0.6
[INFO] [stderr]    Compiling rayon v1.12.0
[INFO] [stderr]    Compiling noodles-bgzf v0.51.0
[INFO] [stderr]    Compiling noodles-csi v0.60.0
[INFO] [stderr]    Compiling noodles-sam v0.89.0
[INFO] [stderr]    Compiling noodles v0.115.0
[INFO] [stderr]    Compiling fgumi-pipeline-core v0.7.0 (/opt/rustwide/workdir)
[INFO] [stderr]     Finished `dev` profile [unoptimized + debuginfo] target(s) in 27.07s
[INFO] running `Command { std: "docker" "inspect" "36ca37d2185ae7873bfa899b96acd03170c9c8f581b4decf4d83d2af4226df37", kill_on_drop: false }`
[INFO] running `Command { std: "docker" "exec" "-e" "SOURCE_DIR=/opt/rustwide/workdir" "-e" "CARGO_HOME=/opt/rustwide/cargo-home" "-e" "RUSTUP_HOME=/opt/rustwide/rustup-home" "-e" "CARGO_TARGET_DIR=/opt/rustwide/target" "-e" "CARGO_INCREMENTAL=0" "-e" "RUST_BACKTRACE=full" "-e" "RUSTFLAGS=--cap-lints=warn" "-e" "RUSTDOCFLAGS=--cap-lints=warn" "-w" "/opt/rustwide/workdir" "--user" "0:0" "36ca37d2185ae7873bfa899b96acd03170c9c8f581b4decf4d83d2af4226df37" "/opt/rustwide/cargo-home/bin/cargo" "+1.100.0-beta.1" "test" "--frozen" "--no-run" "--message-format=json", kill_on_drop: false }`
[INFO] [stderr]    Compiling proc-macro2 v1.0.107
[INFO] [stderr]    Compiling unicode-ident v1.0.24
[INFO] [stderr]    Compiling getrandom v0.3.4
[INFO] [stderr]    Compiling serde_core v1.0.229
[INFO] [stderr]    Compiling bitflags v2.13.1
[INFO] [stderr]    Compiling rustix v1.1.4
[INFO] [stderr]    Compiling winnow v1.0.4
[INFO] [stderr]    Compiling semver v1.0.28
[INFO] [stderr]    Compiling memchr v2.8.3
[INFO] [stderr]    Compiling once_cell v1.21.4
[INFO] [stderr]    Compiling rand_core v0.9.5
[INFO] [stderr]    Compiling rustc_version v0.4.1
[INFO] [stderr]    Compiling getrandom v0.4.3
[INFO] [stderr]    Compiling linux-raw-sys v0.12.1
[INFO] [stderr]    Compiling toml_datetime v1.1.1+spec-1.1.0
[INFO] [stderr]    Compiling num-traits v0.2.19
[INFO] [stderr]    Compiling target-triple v1.0.1
[INFO] [stderr]    Compiling rstest_macros v0.26.1
[INFO] [stderr]    Compiling aho-corasick v1.1.5
[INFO] [stderr]    Compiling fastrand v2.5.0
[INFO] [stderr]    Compiling serde_json v1.0.151
[INFO] [stderr]    Compiling serde v1.0.229
[INFO] [stderr]    Compiling quote v1.0.47
[INFO] [stderr]    Compiling noodles-sam v0.89.0
[INFO] [stderr]    Compiling syn v3.0.4
[INFO] [stderr]    Compiling syn v2.0.119
[INFO] [stderr]    Compiling ppv-lite86 v0.2.21
[INFO] [stderr]    Compiling wait-timeout v0.2.1
[INFO] [stderr]    Compiling toml_parser v1.1.3+spec-1.1.0
[INFO] [stderr]    Compiling bit-vec v0.8.0
[INFO] [stderr]    Compiling quick-error v1.2.3
[INFO] [stderr]    Compiling futures-core v0.3.34
[INFO] [stderr]    Compiling regex-automata v0.4.18
[INFO] [stderr]    Compiling toml_edit v0.25.13+spec-1.1.0
[INFO] [stderr]    Compiling tempfile v3.27.0
[INFO] [stderr]    Compiling serde_spanned v1.1.1
[INFO] [stderr]    Compiling proc-macro-crate v3.5.0
[INFO] [stderr]    Compiling relative-path v1.9.3
[INFO] [stderr]    Compiling toml v1.1.4+spec-1.1.0
[INFO] [stderr]    Compiling rusty-fork v0.3.1
[INFO] [stderr]    Compiling noodles v0.115.0
[INFO] [stderr]    Compiling bit-set v0.8.0
[INFO] [stderr]    Compiling rand_chacha v0.9.0
[INFO] [stderr]    Compiling ahash v0.8.12
[INFO] [stderr]    Compiling rand_xorshift v0.4.0
[INFO] [stderr]    Compiling rand v0.9.5
[INFO] [stderr]    Compiling unarray v0.1.4
[INFO] [stderr]    Compiling regex v1.13.1
[INFO] [stderr]    Compiling futures-timer v3.0.4
[INFO] [stderr]    Compiling termcolor v1.4.1
[INFO] [stderr]    Compiling proptest v1.11.0
[INFO] [stderr]    Compiling fgumi-pipeline-core v0.7.0 (/opt/rustwide/workdir)
[INFO] [stderr]    Compiling futures-macro v0.3.34
[INFO] [stderr]    Compiling serde_derive v1.0.229
[INFO] [stderr]    Compiling futures-util v0.3.34
[INFO] [stderr]    Compiling trybuild v1.0.118
[INFO] [stderr]    Compiling rstest v0.26.1
[INFO] [stderr]     Finished `test` profile [unoptimized + debuginfo] target(s) in 1m 14s
[INFO] running `Command { std: "docker" "inspect" "36ca37d2185ae7873bfa899b96acd03170c9c8f581b4decf4d83d2af4226df37", kill_on_drop: false }`
[INFO] running `Command { std: "docker" "exec" "-e" "SOURCE_DIR=/opt/rustwide/workdir" "-e" "CARGO_HOME=/opt/rustwide/cargo-home" "-e" "RUSTUP_HOME=/opt/rustwide/rustup-home" "-e" "CARGO_TARGET_DIR=/opt/rustwide/target" "-e" "CARGO_INCREMENTAL=0" "-e" "RUST_BACKTRACE=full" "-e" "RUSTFLAGS=--cap-lints=warn" "-e" "RUSTDOCFLAGS=--cap-lints=warn" "-w" "/opt/rustwide/workdir" "--user" "0:0" "36ca37d2185ae7873bfa899b96acd03170c9c8f581b4decf4d83d2af4226df37" "/opt/rustwide/cargo-home/bin/cargo" "+1.100.0-beta.1" "test" "--frozen", kill_on_drop: false }`
[INFO] [stderr]     Finished `test` profile [unoptimized + debuginfo] target(s) in 0.20s
[INFO] [stdout] 
[INFO] [stdout] running 376 tests
[INFO] [stderr]      Running unittests src/lib.rs (/opt/rustwide/target/debug/build/fgumi-pipeline-core/3636971b3d2bec92/out/fgumi_pipeline_core-3636971b3d2bec92)
[INFO] [stdout] test builder::tests::apply_initial_queue_budget_sets_registered_reorder_cap ... ok
[INFO] [stdout] test builder::tests::apply_stall_verdict_progressing_and_starving_reset_the_clock ... ok
[INFO] [stdout] test builder::tests::apply_stall_verdict_wedged_records_timeout_and_cancels ... ok
[INFO] [stdout] test builder::tests::append_source_and_append_step_build_the_same_graph_as_chaining ... ok
[INFO] [stdout] test builder::tests::build_error_displays_actionably::case_1_empty ... ok
[INFO] [stdout] test builder::tests::apply_initial_queue_budget_floors_each_queue_at_min_when_budget_tiny ... ok
[INFO] [stdout] test builder::tests::apply_stall_verdict_stalled_warns_once_per_window ... ok
[INFO] [stdout] test builder::tests::append_step2_consumes_both_upstream_branches ... ok
[INFO] [stdout] test builder::tests::append_step_leaves_an_unwired_branch_detectable ... ok
[INFO] [stdout] test builder::tests::build_rejects_a_producer_wired_into_a_source ... ok
[INFO] [stdout] test builder::tests::build_error_displays_actionably::case_2_unwired ... ok
[INFO] [stdout] test builder::tests::byte_bounded_queue_of_zero_heap_items_reports_no_bytes_in_flight ... ok
[INFO] [stdout] test builder::tests::classify_stall_progress_is_healthy ... ok
[INFO] [stdout] test builder::tests::classify_stall_stuck_work_below_fatal_only_warns ... ok
[INFO] [stdout] test builder::tests::dag_renders_chain_shape ... ok
[INFO] [stdout] test builder::tests::classify_stall_empty_pipeline_is_starvation_not_deadlock ... ok
[INFO] [stdout] test builder::tests::dag_renders_effective_collapsed_ordering_for_serial_exclusive ... ok
[INFO] [stdout] test builder::tests::classify_stall_stuck_work_past_fatal_is_wedged ... ok
[INFO] [stdout] test builder::tests::classify_stall_below_warn_threshold_keeps_watching ... ok
[INFO] [stdout] test builder::tests::default_scheduler_walks_chain_order ... ok
[INFO] [stdout] test builder::tests::empty_builder_returns_empty_error ... ok
[INFO] [stdout] test builder::tests::fanout_with_both_branches_wired_succeeds ... ok
[INFO] [stdout] test builder::tests::detached_collapses_inline_at_t1 ... ok
[INFO] [stdout] test builder::tests::ensure_monitor_visible_transports_errs_on_count_bounded ... ok
[INFO] [stdout] test builder::tests::first_monitor_blind_transport_flags_implicit_unbounded_branch ... ok
[INFO] [stdout] test builder::tests::ensure_monitor_visible_transports_ok_for_all_byte_bounded ... ok
[INFO] [stdout] test builder::tests::first_monitor_blind_transport_finds_count_and_unbounded ... ok
[INFO] [stdout] test builder::tests::fully_wired_source_to_sink_succeeds ... ok
[INFO] [stdout] test builder::tests::instrumentation_defaults_are_off ... ok
[INFO] [stdout] test builder::tests::instrumentation_level_predicates::case_1 ... ok
[INFO] [stdout] test builder::tests::instrumentation_level_predicates::case_2 ... ok
[INFO] [stdout] test builder::tests::instrumentation_level_predicates::case_3 ... ok
[INFO] [stdout] test builder::tests::in_flight_bytes_counts_transport_and_reorder_stash ... ok
[INFO] [stdout] test builder::tests::detached_step_zero_items_run_completes ... ok
[INFO] [stdout] test builder::tests::into_multi_3_exposes_one_chain_per_branch ... ok
[INFO] [stdout] test builder::tests::into_multi_3_reports_the_branch_left_unwired ... ok
[INFO] [stdout] test builder::tests::into_multi_4_reports_the_branch_left_unwired ... ok
[INFO] [stdout] test builder::tests::into_multi_4_exposes_one_chain_per_branch ... ok
[INFO] [stdout] test builder::tests::into_multi_ordered_bytes_2_reports_the_branch_left_unwired ... ok
[INFO] [stdout] test builder::tests::instrumentation_level_predicates::case_4 ... ok
[INFO] [stdout] test builder::tests::into_multi_ordered_bytes_2_exposes_one_chain_per_branch ... ok
[INFO] [stdout] test builder::tests::into_multi_ordered_bytes_3_exposes_one_chain_per_branch ... ok
[INFO] [stdout] test builder::tests::into_multi_ordered_bytes_3_reports_the_branch_left_unwired ... ok
[INFO] [stdout] test builder::tests::monitor_no_false_positive_on_idle_detached ... ok
[INFO] [stdout] test builder::tests::pipeline_config_setter_sets_only_its_own_field::case_4_with_queue_memory_total_none ... ok
[INFO] [stdout] test builder::tests::pipeline_config_setter_sets_only_its_own_field::case_1_with_deadlock_timeout ... ok
[INFO] [stdout] test builder::tests::pipeline_config_setter_sets_only_its_own_field::case_5_with_instrumentation ... ok
[INFO] [stdout] test builder::tests::pipeline_config_setter_sets_only_its_own_field::case_6_with_scheduler ... ok
[INFO] [stdout] test builder::tests::pipeline_config_default_uses_available_parallelism ... ok
[INFO] [stdout] test builder::tests::pipeline_config_setter_sets_only_its_own_field::case_2_with_stats ... ok
[INFO] [stdout] test builder::tests::pipeline_config_setter_sets_only_its_own_field::case_3_with_queue_memory_total_some ... ok
[INFO] [stdout] test builder::tests::monitor_still_trips_on_genuine_detached_wedge ... ok
[INFO] [stdout] test builder::tests::pipeline_run_propagates_step_error ... ok
[INFO] [stdout] test builder::tests::pipeline_run_populates_stats_when_enabled ... ok
[INFO] [stdout] test builder::tests::pipeline_run_with_threads_1_drains_chain ... ok
[INFO] [stdout] test builder::tests::pipeline_run_rejects_a_monitor_blind_transport_without_stats ... ok
[INFO] [stdout] test builder::tests::pipeline_stats_handle_matches_chain_size ... ok
[INFO] [stdout] test builder::tests::reorder_cap_tracks_per_queue_clamped_to_floor_and_ceiling ... ok
[INFO] [stdout] test builder::tests::pipeline_run_without_stats_succeeds_unchanged ... ok
[INFO] [stdout] test builder::tests::sleep_until_stop_returns_immediately_when_already_stopped ... ok
[INFO] [stdout] test builder::tests::detached_step_runs_and_drains_multithreaded ... ok
[INFO] [stdout] test builder::tests::pipeline_run_reraises_worker_panic_single_threaded ... ok
[INFO] [stdout] test builder::tests::source_to_transform_unwired_at_transform_returns_unwired ... ok
[INFO] [stdout] test builder::tests::sources_register_with_zero_input_arity::case_2_append_source ... ok
[INFO] [stdout] test builder::tests::unwired_fanout_branch_is_detected ... ok
[INFO] [stdout] test builder::tests::unwired_source_returns_unwired_output ... ok
[INFO] [stdout] test builder::tests::sources_register_with_zero_input_arity::case_1_chain ... ok
[INFO] [stdout] test erased::tests::build_fused_output_set_keeps_the_profile_queue_bound ... ok
[INFO] [stdout] test erased::tests::build_input_handle_downcasts_to_typed_branch_handle ... ok
[INFO] [stdout] test erased::tests::build_output_set_uses_profile_queues_and_ordering ... ok
[INFO] [stdout] test erased::tests::build_two_input_handles_on_a_single_input_adapter_panics - should panic ... ok
[INFO] [stdout] test erased::tests::cached_kind_and_sticky_match_profile::case_1 ... ok
[INFO] [stdout] test erased::tests::build_input_handle_on_a_step2_adapter_panics - should panic ... ok
[INFO] [stdout] test erased::tests::cached_kind_and_sticky_match_profile::case_3 ... ok
[INFO] [stdout] test erased::tests::cached_kind_and_sticky_match_profile::case_2 ... ok
[INFO] [stdout] test builder::tests::pipeline_run_with_threads_4_drains_chain ... ok
[INFO] [stdout] test erased::tests::cached_kind_and_sticky_match_profile::case_4 ... ok
[INFO] [stdout] test erased::tests::cached_kind_and_sticky_match_profile::case_6 ... ok
[INFO] [stdout] test erased::tests::cached_kind_and_sticky_match_profile::case_7 ... ok
[INFO] [stdout] test erased::tests::cached_kind_and_sticky_match_profile::case_8 ... ok
[INFO] [stdout] test erased::tests::cached_kind_and_sticky_match_profile_step2::case_2 ... ok
[INFO] [stdout] test erased::tests::cached_kind_and_sticky_match_profile_step2::case_3 ... ok
[INFO] [stdout] test erased::tests::cached_kind_and_sticky_match_profile_step2::case_1 ... ok
[INFO] [stdout] test erased::tests::cached_kind_and_sticky_match_profile::case_5 ... ok
[INFO] [stdout] test erased::tests::cached_kind_and_sticky_match_profile_step2::case_4 ... ok
[INFO] [stdout] test erased::tests::cached_kind_and_sticky_match_profile_step2::case_5 ... ok
[INFO] [stdout] test erased::tests::cached_kind_and_sticky_match_profile_step2::case_6 ... ok
[INFO] [stdout] test erased::tests::cached_kind_and_sticky_match_profile_step2::case_8 ... ok
[INFO] [stdout] test erased::tests::dispatch_against_a_different_context_box_panics - should panic ... ok
[INFO] [stdout] test builder::tests::pipeline_run_reraises_worker_panic_with_monitor_enabled ... ok
[INFO] [stdout] test erased::tests::cached_kind_and_sticky_match_profile_step2::case_7 ... ok
[INFO] [stdout] test erased::tests::is_source_true_for_unit_input_steps ... ok
[INFO] [stdout] test erased::tests::mark_outputs_drained_propagates_to_consumer_input ... ok
[INFO] [stdout] test erased::tests::clone_boxed_yields_independent_step ... ok
[INFO] [stdout] test erased::tests::erased_name_matches_profile_name ... ok
[INFO] [stdout] test erased::tests::second_dispatch_resolves_handles_from_the_cache ... ok
[INFO] [stdout] test erased::tests::typed_step_round_trips_through_erased_dispatch ... ok
[INFO] [stdout] test erased::tests::wrap_outputs_view_yields_typed_outputs_handles ... ok
[INFO] [stdout] test handles::build_queues_tests::mark_all_drained_propagates_to_input_handle ... ok
[INFO] [stdout] test handles::build_queues_tests::ordered_branch_preserves_emission_order_through_typed_path ... ok
[INFO] [stdout] test handles::build_queues_tests::single_round_trip ... ok
[INFO] [stdout] test handles::build_queues_tests::tuple_2_round_trip ... ok
[INFO] [stdout] test handles::build_queues_tests::tuple_3_round_trip ... ok
[INFO] [stdout] test handles::build_queues_tests::tuple_4_round_trip ... ok
[INFO] [stdout] test handles::build_queues_tests::unit_build_queues_yields_empty_set ... ok
[INFO] [stdout] test handles::handle_tests::always_drained_handle_is_empty_and_drained ... ok
[INFO] [stdout] test handles::handle_tests::build_branch_mints_metrics_iff_on ... ok
[INFO] [stdout] test erased::tests::split_bytes_routes_to_two_branches ... ok
[INFO] [stdout] test erased::tests::step2_serial_byitemordinal_output_is_reordered_not_collapsed ... ok
[INFO] [stdout] test erased::tests::typed_step_returns_noprogress_on_empty_input ... ok
[INFO] [stdout] test handles::handle_tests::by_item_ordinal_uses_item_serial ... ok
[INFO] [stdout] test handles::handle_tests::byte_bounded_accepted_on_every_fan_out_branch::case_1_tuple2 ... ok
[INFO] [stdout] test handles::handle_tests::byte_bounded_accepted_on_every_fan_out_branch::case_2_tuple3 ... ok
[INFO] [stdout] test handles::handle_tests::byte_bounded_accepted_on_every_fan_out_branch::case_3_tuple4 ... ok
[INFO] [stdout] test handles::handle_tests::byte_bounded_branch_works ... ok
[INFO] [stdout] test handles::handle_tests::byte_bounded_plus_byordinal_works_after_phase3_amendment ... ok
[INFO] [stdout] test handles::handle_tests::byte_bounded_single_builds_via_user_facing_build_queues ... ok
[INFO] [stdout] test handles::handle_tests::count_bounded_fifo_round_trip ... ok
[INFO] [stdout] test handles::handle_tests::drained_signal_propagates ... ok
[INFO] [stdout] test handles::handle_tests::count_bounded_ordered_emits_in_order ... ok
[INFO] [stdout] test handles::handle_tests::metrics_shared_between_transport_push_and_input_handle_pop ... ok
[INFO] [stdout] test handles::handle_tests::ordered_bytes_supports_byte_bounded_with_item_serial ... ok
[INFO] [stdout] test handles::handle_tests::ordered_reorder_blocked_pop_is_not_counted_empty ... ok
[INFO] [stdout] test handles::handle_tests::ordered_branch_preserves_ordinal_across_retry ... ok
[INFO] [stdout] test handles::handle_tests::output_queue_set_take_typed_input ... ok
[INFO] [stdout] test handles::handle_tests::popped_bytes_recorded_only_on_byte_bounded_edges::case_1_count_bounded ... ok
[INFO] [stdout] test handles::handle_tests::popped_bytes_recorded_only_on_byte_bounded_edges::case_2_unbounded ... ok
[INFO] [stdout] test handles::handle_tests::popped_bytes_recorded_only_on_byte_bounded_edges::case_3_byte_bounded ... ok
[INFO] [stdout] test handles::handle_tests::single_retry_held_drains_then_reholds ... ok
[INFO] [stdout] test handles::handle_tests::unbounded_branch_works ... ok
[INFO] [stdout] test header::tests::clones_share_state ... ok
[INFO] [stdout] test header::tests::from_header_resolves_immediately ... ok
[INFO] [stdout] test header::tests::from_header_then_poison_returns_already_set ... ok
[INFO] [stdout] test header::tests::from_header_then_set_returns_already_set ... ok
[INFO] [stdout] test header::tests::new_handle_has_no_value ... ok
[INFO] [stdout] test builder::tests::sleep_until_stop_survives_an_unrepresentable_deadline ... ok
[INFO] [stdout] test builder::tests::sleep_until_stop_wakes_when_stopped_midway ... ok
[INFO] [stdout] test header::tests::poison_preserves_error_kind_and_message_across_calls ... ok
[INFO] [stdout] test header::tests::orphaned_setter_with_empty_output_fails_the_run_fast ... ok
[INFO] [stdout] test header::tests::poison_then_set_returns_already_set ... ok
[INFO] [stdout] test header::tests::poison_then_try_get_returns_err ... ok
[INFO] [stdout] test header::tests::poison_visible_to_all_clones ... ok
[INFO] [stdout] test header::tests::second_set_returns_already_set ... ok
[INFO] [stdout] test header::tests::set_then_poison_returns_already_set ... ok
[INFO] [stdout] test header::tests::set_then_try_get_returns_ok ... ok
[INFO] [stdout] test handles::handle_tests::by_item_ordinal_panics_in_non_ordered_builder - should panic ... ok
[INFO] [stdout] test held::tests::empty_slot_is_empty ... ok
[INFO] [stdout] test held::tests::put_then_take_round_trips ... ok
[INFO] [stdout] test header::tests::set_from_another_thread_is_observable ... ok
[INFO] [stdout] test item::tests::heap_size_default_is_zero ... ok
[INFO] [stdout] test item::tests::heap_size_override_works ... ok
[INFO] [stdout] test held::tests::take_from_empty_returns_none ... ok
[INFO] [stdout] test item::tests::option_heap_size_delegates_to_the_payload_and_none_is_free ... ok
[INFO] [stdout] test item::tests::string_heap_size_is_its_capacity ... ok
[INFO] [stdout] test item::tests::ordered_returns_ordinal ... ok
[INFO] [stdout] test item::tests::vec_heap_size_counts_its_buffer_and_its_elements ... ok
[INFO] [stdout] test liveness::tests::a_single_worker_pipeline_still_gets_a_slot ... ok
[INFO] [stdout] test liveness::tests::an_out_of_range_worker_wraps_rather_than_panicking ... ok
[INFO] [stdout] test handles::handle_tests::byte_bounded_panics_in_non_heap_aware_builder - should panic ... ok
[INFO] [stdout] test liveness::tests::total_sums_every_slot ... ok
[INFO] [stdout] test outputs::tests::ordered_bytes_single_builds_one_branch_and_drains ... ok
[INFO] [stdout] test outputs::tests::ordered_bytes_tuple_2_arity_is_two ... ok
[INFO] [stdout] test outputs::tests::ordered_bytes_tuple_2_builds_two_independent_branches ... ok
[INFO] [stdout] test outputs::tests::ordered_bytes_tuple_3_arity_is_three ... ok
[INFO] [stdout] test outputs::tests::ordered_bytes_tuple_3_builds_three_independent_branches ... ok
[INFO] [stdout] test outputs::tests::single_arity_is_one ... ok
[INFO] [stdout] test outputs::tests::single_builds_one_branch_and_drains ... ok
[INFO] [stdout] test outputs::tests::tuple_2_arity_is_two ... ok
[INFO] [stdout] test outputs::tests::tuple_2_builds_two_independent_branches ... ok
[INFO] [stdout] test outputs::tests::tuple_3_arity_is_three ... ok
[INFO] [stdout] test liveness::tests::concurrent_bumps_are_all_counted ... ok
[INFO] [stdout] test outputs::tests::tuple_4_arity_is_four ... ok
[INFO] [stdout] test outputs::tests::tuple_4_builds_four_independent_branches ... ok
[INFO] [stdout] test outputs::tests::unit_arity_is_zero ... ok
[INFO] [stdout] test outputs::tests::unit_builds_no_branches_and_drains_without_panicking ... ok
[INFO] [stdout] test queues::tests::byte_bounded_decrements_on_pop ... ok
[INFO] [stdout] test queues::tests::byte_bounded_instrumented_counts_reject ... ok
[INFO] [stdout] test queues::tests::byte_bounded_instrumented_push_bytes_and_depth ... ok
[INFO] [stdout] test outputs::tests::tuple_3_builds_three_independent_branches ... ok
[INFO] [stdout] test queues::tests::byte_bounded_oversized_first_push_succeeds ... ok
[INFO] [stdout] test queues::tests::byte_bounded_slot_cap_reject_is_observable ... ok
[INFO] [stdout] test queues::tests::byte_bounded_slot_cap_reject_rolls_back_reserved_bytes ... ok
[INFO] [stdout] test queues::tests::byte_bounded_respects_limit ... ok
[INFO] [stdout] test queues::tests::count_bounded_drain_signal ... ok
[INFO] [stdout] test queues::tests::count_bounded_round_trip ... ok
[INFO] [stdout] test queues::tests::instrumented_queue_counts_push_and_reject ... ok
[INFO] [stdout] test queues::tests::non_instrumented_queue_has_no_metrics ... ok
[INFO] [stdout] test queues::tests::set_limit_bytes_clamps_zero_to_one_so_the_edge_still_admits ... ok
[INFO] [stdout] test queues::tests::slot_cap_warn_flag_is_per_instance_not_process_global ... ok
[INFO] [stdout] test liveness::tests::slots_are_cache_line_separated ... ok
[INFO] [stdout] test queues::tests::try_push_after_mark_drained_panics::case_1_count_bounded - should panic ... ok
[INFO] [stdout] test queues::tests::try_push_before_mark_drained_succeeds::case_1_count_bounded ... ok
[INFO] [stdout] test queues::tests::try_push_before_mark_drained_succeeds::case_2_byte_bounded ... ok
[INFO] [stdout] test queues::tests::try_push_before_mark_drained_succeeds::case_3_unbounded ... ok
[INFO] [stdout] test queues::tests::unbounded_never_rejects ... ok
[INFO] [stdout] test reorder::tests::backpressure_applies_after_next_serial_buffered ... ok
[INFO] [stdout] test builder::tests::sleep_until_stop_sleeps_full_duration_when_never_stopped ... ok
[INFO] [stdout] test reorder::tests::drain_into_stash_respects_cap_on_success_path ... ok
[INFO] [stdout] test held::tests::double_put_panics - should panic ... ok
[INFO] [stdout] test handles::handle_tests::ordered_retry_without_ordinal_panics - should panic ... ok
[INFO] [stdout] test queues::tests::try_push_after_mark_drained_panics::case_2_byte_bounded - should panic ... ok
[INFO] [stdout] test queues::tests::try_push_after_mark_drained_panics::case_3_unbounded - should panic ... ok
[INFO] [stdout] test reorder::tests::duplicate_ordinal_trips_assert - should panic ... ok
[INFO] [stdout] test reorder::tests::drained_propagates ... ok
[INFO] [stdout] test reorder::tests::must_accept_overflows_when_transport_full ... ok
[INFO] [stdout] test reorder::tests::max_overflow_bytes_caps_must_accept_buffer ... ok
[INFO] [stdout] test reorder::tests::push_metrics_count_stashed_item_as_push_not_reject ... ok
[INFO] [stdout] test reorder::tests::pops_in_serial_order_regardless_of_push_order ... ok
[INFO] [stdout] test reorder::tests::push_metrics_record_item_bytes_when_byte_bounded ... ok
[INFO] [stdout] test reorder::tests::concurrent_tiny_cap_drains_all_in_order ... ok
[INFO] [stdout] test reorder::tests::duplicate_ordinal_trips_stash_assert - should panic ... ok
[INFO] [stdout] test reorder::tests::push_without_metrics_skips_heap_size ... ok
[INFO] [stdout] test reorder::tests::waits_for_next_serial ... ok
[INFO] [stdout] test runtime::contexts::tests::build_chain_contexts_linear::case_1 ... ok
[INFO] [stdout] test reorder::tests::reporting_pop_flags_reorder_blocked_vs_drained ... ok
[INFO] [stdout] test runtime::contexts::tests::build_chain_contexts_linear::case_3 ... ok
[INFO] [stdout] test runtime::contexts::tests::build_chain_contexts_linear::case_2 ... ok
[INFO] [stdout] test reorder::tests::setter_tightens_cap_and_tiny_cap_preserves_liveness ... ok
[INFO] [stdout] test builder::tests::pipeline_run_responds_to_cancellation ... ok
[INFO] [stdout] test runtime::contexts::tests::registry_covers_edges_with_producer_and_consumer ... ok
[INFO] [stdout] test runtime::detached::tests::build_driver_storage_owns_group_skips_rest ... ok
[INFO] [stdout] test runtime::contexts::tests::find_producer_rejects_duplicate_incoming_edges - should panic ... ok
[INFO] [stdout] test runtime::detached::tests::detached_step_zero_items_clean_drain ... ok
[INFO] [stdout] test runtime::detached::tests::build_driver_storage_rejects_out_of_range_index - should panic ... ok
[INFO] [stdout] test runtime::detached::tests::build_driver_storage_rejects_dual_registration - should panic ... ok
[INFO] [stdout] test runtime::contexts::tests::find_producer_resolves_the_single_incoming_edge ... ok
[INFO] [stdout] test runtime::detached::tests::extract_groups_shared_together_and_perstep_alone ... ok
[INFO] [stdout] test runtime::detached::tests::detached_step_flows_items_and_finishes ... ok
[INFO] [stdout] test runtime::drain::tests::extra_calls_after_zero_return_false ... ok
[INFO] [stdout] test runtime::drain::tests::first_worker_with_init_one_wins ... ok
[INFO] [stdout] test runtime::drain::tests::last_worker_with_init_n_wins ... ok
[INFO] [stdout] test runtime::detached::tests::build_driver_storage_rejects_parallel_group_step - should panic ... ok
[INFO] [stdout] test runtime::driver::tests::driver_round_robins_all_live_before_parking ... ok
[INFO] [stdout] test runtime::detached::tests::driver_group_rejects_empty - should panic ... ok
[INFO] [stdout] test runtime::detached::tests::driver_group_rejects_non_detached_step - should panic ... ok
[INFO] [stdout] test runtime::driver::tests::run_worker_loop_exits_on_signal_done ... ok
[INFO] [stdout] test runtime::driver::tests::driver_dispatch_records_detached_busy_by_own_step ... ok
[INFO] [stdout] test runtime::driver::tests::sticky_owner_completes_and_loop_exits ... ok
[INFO] [stdout] test runtime::driver::tests::sticky_owner_removed_via_round_robin_and_loop_exits ... ok
[INFO] [stdout] test runtime::drain::tests::concurrent_decrements_have_exactly_one_winner ... ok
[INFO] [stdout] test runtime::driver::tests::parallel_last_finisher_closes_shared_output_exactly_once ... ok
[INFO] [stdout] test runtime::fused::tests::drive_maps_an_external_cancel_to_cancelled ... ok
[INFO] [stdout] test runtime::driver::tests::serial_drain_gate_short_circuits_second_worker ... ok
[INFO] [stdout] test runtime::fused::tests::drive_propagates_step_error ... ok
[INFO] [stdout] test runtime::fused::tests::drive_records_stats_for_success_and_error_dispatches ... ok
[INFO] [stdout] test runtime::fused::tests::drive_runs_chain_to_completion_in_order ... ok
[INFO] [stdout] test runtime::fused::tests::fused_byte_bounded_chain_completes::case_1_no_budget ... ok
[INFO] [stdout] test runtime::fused::tests::fused_byte_bounded_chain_completes::case_2_with_budget ... ok
[INFO] [stdout] test runtime::fused::tests::fused_contexts_register_bounded_queues_and_take_the_budget ... ok
[INFO] [stdout] test runtime::driver::tests::sticky_holding_source_yields_to_its_draining_consumer ... ok
[INFO] [stdout] test runtime::fused::tests::is_fusible_accepts_fan_out ... ok
[INFO] [stdout] test runtime::fused::tests::is_fusible_detects_source_mid_sink ... ok
[INFO] [stdout] test runtime::fused::tests::is_fusible_rejects_a_backward_wired_branch ... ok
[INFO] [stdout] test runtime::fused::tests::is_fusible_rejects_a_second_source ... ok
[INFO] [stdout] test runtime::fused::tests::is_fusible_rejects_a_two_input_merge ... ok
[INFO] [stdout] test runtime::fused::tests::is_fusible_rejects_empty ... ok
[INFO] [stdout] test runtime::fused::tests::is_fusible_rejects_single_step ... ok
[INFO] [stdout] test runtime::fused::tests::should_fuse_only_when_uninstrumented_single_thread::case_2_summary_single_thread ... ok
[INFO] [stdout] test runtime::fused::tests::should_fuse_only_when_uninstrumented_single_thread::case_1_off_single_thread ... ok
[INFO] [stdout] test runtime::fused::tests::should_fuse_only_when_uninstrumented_single_thread::case_3_timeline_single_thread ... ok
[INFO] [stdout] test runtime::fused::tests::drive_runs_fan_out_to_completion ... ok
[INFO] [stdout] test runtime::fused::tests::should_fuse_only_when_uninstrumented_single_thread::case_4_deep_single_thread ... ok
[INFO] [stdout] test runtime::live::tests::from_entries_excludes_build_time_skips ... ok
[INFO] [stdout] test runtime::live::tests::remove_is_stable_and_idempotent ... ok
[INFO] [stdout] test runtime::metrics::tests::edge_metrics_counts_are_exact ... ok
[INFO] [stdout] test runtime::fused::tests::should_fuse_only_when_uninstrumented_single_thread::case_5_off_multi_thread ... ok
[INFO] [stdout] test runtime::fused::tests::drive_tolerates_transient_no_progress_passes ... ok
[INFO] [stdout] test runtime::metrics::tests::occupancy_classification::case_1_mostly_full ... ok
[INFO] [stdout] test runtime::metrics::tests::occupancy_classification::case_2_mostly_empty ... ok
[INFO] [stdout] test runtime::metrics::tests::mean_occupancy_bytes_keeps_raw_bytes_when_stash_exceeds_limit ... ok
[INFO] [stdout] test runtime::metrics::tests::mean_occupancy_bytes_tracks_absolute_bytes_independent_of_limit ... ok
[INFO] [stdout] test runtime::metrics::tests::occupancy_classification::case_5_unknown ... ok
[INFO] [stdout] test runtime::contexts::tests::build_chain_contexts_linear_invariants ... ok
[INFO] [stdout] test runtime::pool::tests::no_exclusives_returns_all_none ... ok
[INFO] [stdout] test runtime::pool::tests::one_exclusive_assigned_to_thread_zero ... ok
[INFO] [stdout] test runtime::pool::tests::sticky_exclusive_occupied_slot_not_overwritten ... ok
[INFO] [stdout] test runtime::metrics::tests::occupancy_classification::case_3_bimodal ... ok
[INFO] [stdout] test runtime::metrics::tests::occupancy_classification::case_4_healthy ... ok
[INFO] [stdout] test runtime::pool::tests::sticky_serial_affinity_maps_to_slot::case_1_reader ... ok
[INFO] [stdout] test runtime::pool::tests::sticky_serial_affinity_maps_to_slot::case_2_writer ... ok
[INFO] [stdout] test runtime::pool::tests::sticky_serial_affinity_maps_to_slot::case_3_worker_in_range ... ok
[INFO] [stdout] test runtime::pool::tests::sticky_exclusive_owner_maps_to_slot::case_1_in_range ... ok
[INFO] [stdout] test runtime::pool::tests::sticky_exclusive_owner_maps_to_slot::case_2_out_of_range ... ok
[INFO] [stdout] test runtime::pool::tests::sticky_serial_affinity_maps_to_slot::case_4_worker_out_of_range ... ok
[INFO] [stdout] test runtime::pool::tests::two_exclusives_assigned_zero_and_one ... ok
[INFO] [stdout] test runtime::sampler::tests::count_edge_without_depth_source_is_skipped ... ok
[INFO] [stdout] test runtime::sampler::tests::edge_columns_are_unique_when_step_names_collide ... ok
[INFO] [stdout] test runtime::sampler::tests::ordered_edge_occupancy_includes_reorder_stash ... ok
[INFO] [stdout] test runtime::sampler::tests::sample_once_records_occupancy_from_depth_source ... ok
[INFO] [stdout] test runtime::pool::tests::sticky_serial_affinity_maps_to_slot::case_5_none ... ok
[INFO] [stdout] test runtime::pool::tests::too_many_exclusives_returns_not_enough_threads ... ok
[INFO] [stdout] test runtime::scheduler::tests::default_is_forward ... ok
[INFO] [stdout] test runtime::scheduler::tests::drain_first_is_reverse ... ok
[INFO] [stdout] test runtime::stats::tests::avg_run_ns_handles_empty_step ... ok
[INFO] [stdout] test runtime::stats::tests::detached_busy_excluded_from_pool_and_on_own_line ... ok
[INFO] [stdout] test runtime::stats::tests::detached_line_renders_with_no_pool_workers ... ok
[INFO] [stdout] test runtime::stats::tests::display_renders_cpu_share_and_headroom ... ok
[INFO] [stdout] test runtime::stats::tests::display_renders_header_and_rows ... ok
[INFO] [stdout] test runtime::stats::tests::edge_stats_byte_bounded_latency_is_dimensionally_correct ... ok
[INFO] [stdout] test runtime::stats::tests::edge_stats_count_edge_has_no_latency ... ok
[INFO] [stdout] test runtime::stats::tests::occupancy_class_refined_by_rates::case_1_starved ... ok
[INFO] [stdout] test runtime::stats::tests::occupancy_class_refined_by_rates::case_2_empty ... ok
[INFO] [stdout] test runtime::stats::tests::occupancy_class_refined_by_rates::case_3_backpressured ... ok
[INFO] [stdout] test runtime::stats::tests::record_buckets_each_outcome ... ok
[INFO] [stdout] test runtime::stats::tests::record_increments_progress_bucket ... ok
[INFO] [stdout] test runtime::stats::tests::snapshot_display_renders_without_edges ... ok
[INFO] [stdout] test runtime::stats::tests::utilization_section_absent_without_workers ... ok
[INFO] [stdout] test runtime::stats::tests::verdict_flags_spin_and_starvation ... ok
[INFO] [stdout] test runtime::stats::tests::verdict_locates_cpu_bound_bottleneck ... ok
[INFO] [stdout] test runtime::stats::tests::verdict_matches_edges_by_step_identity_across_fan_in ... ok
[INFO] [stdout] test runtime::stats::tests::verdict_reports_latency_bound_when_no_extremes ... ok
[INFO] [stdout] test runtime::stats::tests::verdict_reports_spin_for_a_pool_step_sharing_a_detached_step_name ... ok
[INFO] [stdout] test runtime::stats::tests::verdict_skips_spin_for_detached_steps ... ok
[INFO] [stdout] test runtime::storage::tests::detached_step_is_skipped_on_all_workers ... ok
[INFO] [stdout] test runtime::storage::tests::exclusive_out_of_range_owner_panics_in_storage - should panic ... ok
[INFO] [stdout] test runtime::storage::tests::exclusive_step_owner_gets_exclusive_others_skip ... ok
[INFO] [stdout] test runtime::storage::tests::mixed_chain_assigns_correctly ... ok
[INFO] [stdout] test runtime::storage::tests::parallel_step_yields_owned_per_worker ... ok
[INFO] [stdout] test runtime::storage::tests::serial_affinity_eligible_only_for_target_worker::case_1_reader ... ok
[INFO] [stdout] test runtime::storage::tests::serial_affinity_eligible_only_for_target_worker::case_2_writer ... ok
[INFO] [stdout] test runtime::storage::tests::serial_affinity_eligible_only_for_target_worker::case_3_worker_idx ... ok
[INFO] [stdout] test runtime::storage::tests::serial_out_of_range_worker_panics_in_storage - should panic ... ok
[INFO] [stdout] test runtime::storage::tests::serial_step_yields_shared_arc_for_all_workers ... ok
[INFO] [stdout] test runtime::storage::tests::skip_is_not_dispatchable ... ok
[INFO] [stdout] test runtime::worker_core::tests::backoff_doubles_then_caps::case_1_sleep ... ok
[INFO] [stdout] test runtime::worker_core::tests::backoff_doubles_then_caps::case_2_park ... ok
[INFO] [stdout] test runtime::worker_core::tests::fresh_backoff_is_initial ... ok
[INFO] [stdout] test runtime::worker_core::tests::reset_after_progress ... ok
[INFO] [stdout] test runtime::worker_core::tests::sleep_and_park_have_distinct_caps ... ok
[INFO] [stdout] test runtime::worker_core::tests::worker_with_exclusive_role ... ok
[INFO] [stdout] test runtime::worker_core::tests::worker_with_sticky_serial_owner_only ... ok
[INFO] [stdout] test signal::tests::cancel_handle_propagates ... ok
[INFO] [stdout] test signal::tests::cancel_marks_done_and_cancelled ... ok
[INFO] [stdout] test signal::tests::first_recorded_error_wins ... ok
[INFO] [stdout] test signal::tests::fresh_signal_is_not_done ... ok
[INFO] [stdout] test signal::tests::reconstruct_preserves_every_variant ... ok
[INFO] [stdout] test runtime::pool::tests::sticky_exclusive_beats_sticky_serial_on_same_slot ... ok
[INFO] [stdout] test signal::tests::to_result_is_ok_for_an_untouched_signal ... ok
[INFO] [stdout] test signal::tests::record_error_marks_done ... ok
[INFO] [stdout] test signal::tests::to_result_maps_clean_error_and_cancel ... ok
[INFO] [stdout] test signal::tests::to_result_reports_cancel_when_payload_not_yet_published ... ok
[INFO] [stdout] test signal::tests::to_result_reports_failure_when_error_payload_not_yet_published ... ok
[INFO] [stdout] test step::step_trait_compile_tests::fan_out_step_advertises_profile ... ok
[INFO] [stdout] test step::step_trait_compile_tests::new_worker_copy_default_panics_for_serial - should panic ... ok
[INFO] [stdout] test step::step_trait_compile_tests::step2_defaults_match_step_defaults ... ok
[INFO] [stdout] test step::step_trait_compile_tests::step2_new_worker_copy_default_panics_for_serial - should panic ... ok
[INFO] [stdout] test step::tests::step_kind_is_comparable ... ok
[INFO] [stdout] test step::tests::step_outcome_includes_finished ... ok
[INFO] [stdout] test step::tests::step_profile_constructs ... ok
[INFO] [stdout] test tests::crate_docs_enumerate_every_runtime_dependency ... ok
[INFO] [stdout] test tests::crate_root_reexports_the_step_author_surface ... ok
[INFO] [stdout] test step::step_trait_compile_tests::nop_step_advertises_profile ... ok
[INFO] [stdout] test tests::reports_finished_mid_step_multi_thread_shared_latch_stops_redispatch ... ok
[INFO] [stdout] test tests::multi_chain2_ordered_pairs_two_byte_bounded_sources ... ok
[INFO] [stdout] test tests::step2_build_two_input_handles_accepts_one_producer_with_distinct_branches ... ok
[INFO] [stdout] test tests::reports_finished_mid_step_single_thread_no_premature_drain ... ok
[INFO] [stdout] test tests::step2_end_to_end_pipeline_pairs_two_sources_through_runtime ... ok
[INFO] [stdout] test tests::step2_typed_dispatch_pairs_both_branches ... ok
[INFO] [stdout] test topology::tests::branch_offsets_route_multi_branch_consumers_correctly ... ok
[INFO] [stdout] test runtime::sampler::tests::run_occupancy_sampler_stops_and_records ... ok
[INFO] [stdout] test topology::tests::first_producer_into_finds_the_incoming_edge ... ok
[INFO] [stdout] test topology::tests::fresh_graph_is_empty ... ok
[INFO] [stdout] test topology::tests::sink_with_no_branches_is_wired ... ok
[INFO] [stdout] test topology::tests::unwired_fanout_branch_is_detected ... ok
[INFO] [stdout] test topology::tests::unwired_single_output_step_is_detected ... ok
[INFO] [stdout] test runtime::sampler::tests::timeline_tsv_has_header_and_rows ... ok
[INFO] [stdout] test runtime::sampler::tests::timeline_tsv_marks_unsampled_edge_na ... ok
[INFO] [stdout] test topology::tests::wire_to_slot_records_each_consumer_input_slot ... ok
[INFO] [stdout] test topology::tests::wired_chain_is_clean ... ok
[INFO] [stdout] test tests::step2_build_two_input_handles_rejects_same_producer_and_branch ... ok
[INFO] [stdout] test topology::tests::double_wire_panics - should panic ... ok
[INFO] [stdout] test topology::tests::wire_into_zero_arity_source_panics - should panic ... ok
[INFO] [stdout] test topology::tests::wire_to_out_of_range_consumer_panics - should panic ... ok
[INFO] [stdout] test runtime::detached::tests::detached_two_sided_no_deadlock ... ok
[INFO] [stdout] test runtime::fused::tests::drive_reports_a_real_stall_within_the_configured_budget - should panic ... ok
[INFO] [stdout] test header::tests::orphaned_setter_with_inflight_bytes_is_caught_by_the_deadlock_monitor ... ok
[INFO] [stdout] 
[INFO] [stdout] test result: ok. 376 passed; 0 failed; 0 ignored; 0 measured; 0 filtered out; finished in 6.09s
[INFO] [stdout] 
[INFO] [stdout] 
[INFO] [stderr]      Running tests/compile_fail.rs (/opt/rustwide/target/debug/build/fgumi-pipeline-core/cc50250004b9353b/out/compile_fail-cc50250004b9353b)
[INFO] [stdout] running 1 test
[INFO] [stderr]    Compiling libc v0.2.189
[INFO] [stderr]    Compiling crossbeam-utils v0.8.22
[INFO] [stderr]     Checking cfg-if v1.0.4
[INFO] [stderr]    Compiling crossbeam-epoch v0.9.20
[INFO] [stderr]    Compiling getrandom v0.3.4
[INFO] [stderr]    Compiling crossbeam-deque v0.8.7
[INFO] [stderr]    Compiling proc-macro2 v1.0.107
[INFO] [stderr]    Compiling quote v1.0.47
[INFO] [stderr]     Checking lexical-util v1.0.7
[INFO] [stderr]    Compiling unicode-ident v1.0.24
[INFO] [stderr]    Compiling rayon-core v1.13.0
[INFO] [stderr]    Compiling zerocopy v0.8.56
[INFO] [stderr]     Checking bitflags v2.13.1
[INFO] [stderr]     Checking either v1.18.0
[INFO] [stderr]     Checking memchr v2.8.3
[INFO] [stderr]     Checking lexical-parse-integer v1.0.6
[INFO] [stderr]     Checking lexical-write-integer v1.0.6
[INFO] [stderr]    Compiling winnow v1.0.4
[INFO] [stderr]     Checking equivalent v1.0.2
[INFO] [stderr]    Compiling hashbrown v0.17.1
[INFO] [stderr]     Checking bstr v1.13.1
[INFO] [stderr]     Checking crossbeam-channel v0.5.16
[INFO] [stderr]    Compiling rustix v1.1.4
[INFO] [stderr]     Checking once_cell v1.21.4
[INFO] [stderr]     Checking bytes v1.12.1
[INFO] [stderr]     Checking rayon v1.12.0
[INFO] [stderr]     Checking zlib-rs v0.6.7
[INFO] [stderr]    Compiling semver v1.0.28
[INFO] [stderr]    Compiling getrandom v0.4.3
[INFO] [stderr]     Checking rand_core v0.9.5
[INFO] [stderr]    Compiling indexmap v2.14.0
[INFO] [stderr]    Compiling rustc_version v0.4.1
[INFO] [stderr]    Compiling toml_parser v1.1.3+spec-1.1.0
[INFO] [stderr]    Compiling aho-corasick v1.1.5
[INFO] [stderr]     Checking noodles-core v0.20.0
[INFO] [stderr]     Checking lexical-write-float v1.0.6
[INFO] [stderr]     Checking lexical-parse-float v1.0.6
[INFO] [stderr]    Compiling regex-syntax v0.8.11
[INFO] [stderr]    Compiling version_check v0.9.5
[INFO] [stderr]     Checking bit-vec v0.10.1
[INFO] [stderr]    Compiling autocfg v1.5.1
[INFO] [stderr]     Checking linux-raw-sys v0.12.1
[INFO] [stderr]    Compiling toml_datetime v1.1.1+spec-1.1.0
[INFO] [stderr]    Compiling parking_lot_core v0.9.12
[INFO] [stderr]    Compiling toml_edit v0.25.13+spec-1.1.0
[INFO] [stderr]    Compiling ahash v0.8.12
[INFO] [stderr]     Checking lexical-core v1.0.6
[INFO] [stderr]    Compiling rstest_macros v0.26.1
[INFO] [stderr]     Checking noodles-bgzf v0.51.0
[INFO] [stderr]    Compiling num-traits v0.2.19
[INFO] [stderr]    Compiling syn v3.0.4
[INFO] [stderr]     Checking smallvec v1.15.2
[INFO] [stderr]     Checking scopeguard v1.2.0
[INFO] [stderr]     Checking fastrand v2.5.0
[INFO] [stderr]     Checking noodles-csi v0.60.0
[INFO] [stderr]    Compiling anyhow v1.0.104
[INFO] [stderr]     Checking noodles-sam v0.89.0
[INFO] [stderr]     Checking lock_api v0.4.14
[INFO] [stderr]    Compiling proc-macro-crate v3.5.0
[INFO] [stderr]     Checking wait-timeout v0.2.1
[INFO] [stderr]    Compiling syn v2.0.119
[INFO] [stderr]    Compiling regex-automata v0.4.18
[INFO] [stderr]     Checking tempfile v3.27.0
[INFO] [stderr]     Checking fnv v1.0.7
[INFO] [stderr]    Compiling glob v0.3.4
[INFO] [stderr]     Checking quick-error v1.2.3
[INFO] [stderr]     Checking ppv-lite86 v0.2.21
[INFO] [stderr]     Checking futures-task v0.3.34
[INFO] [stderr]     Checking futures-core v0.3.34
[INFO] [stderr]     Checking pin-project-lite v0.2.17
[INFO] [stderr]     Checking bit-vec v0.8.0
[INFO] [stderr]     Checking slab v0.4.12
[INFO] [stderr]    Compiling relative-path v1.9.3
[INFO] [stderr]     Checking bit-set v0.8.0
[INFO] [stderr]     Checking rand_chacha v0.9.0
[INFO] [stderr]     Checking noodles v0.115.0
[INFO] [stderr]     Checking rusty-fork v0.3.1
[INFO] [stderr]     Checking parking_lot v0.12.5
[INFO] [stderr]     Checking rand_xorshift v0.4.0
[INFO] [stderr]     Checking rand v0.9.5
[INFO] [stderr]     Checking crossbeam-queue v0.3.13
[INFO] [stderr]     Checking futures-timer v3.0.4
[INFO] [stderr]     Checking log v0.4.34
[INFO] [stderr]     Checking unarray v0.1.4
[INFO] [stderr]     Checking fgumi-pipeline-core v0.7.0 (/opt/rustwide/workdir)
[INFO] [stderr]    Compiling regex v1.13.1
[INFO] [stderr]    Compiling futures-macro v0.3.34
[INFO] [stderr]     Checking futures-util v0.3.34
[INFO] [stderr]     Checking proptest v1.11.0
[INFO] [stdout] test pipeline_core_compile_fail has been running for over 60 seconds
[INFO] [stderr]     Checking rstest v0.26.1
[INFO] [stderr]     Checking fgumi-pipeline-core-tests v0.0.0 (/opt/rustwide/target/tests/trybuild/fgumi-pipeline-core)
[INFO] [stderr]     Finished `dev` profile [unoptimized + debuginfo] target(s) in 1m 04s
[INFO] [stderr] 
[INFO] [stderr] 
[INFO] [stderr] test tests/compile-fail/chain_input_type_mismatch.rs ... mismatch
[INFO] [stderr] 
[INFO] [stderr] EXPECTED:
[INFO] [stderr] ┈┈┈┈┈┈┈┈┈┈┈┈┈┈┈┈┈┈┈┈┈┈┈┈┈┈┈┈┈┈┈┈┈┈┈┈┈┈┈┈┈┈┈┈┈┈┈┈┈┈┈┈┈┈┈┈┈┈┈┈
[INFO] [stderr] error[E0271]: type mismatch resolving `<U64Sink as Step>::Input == u32`
[INFO] [stderr]   --> tests/compile-fail/chain_input_type_mismatch.rs:53:44
[INFO] [stderr]    |
[INFO] [stderr] 53 |     let _ = builder.chain(U32Source).chain(U64Sink);
[INFO] [stderr]    |                                      ----- ^^^^^^^ type mismatch resolving `<U64Sink as Step>::Input == u32`
[INFO] [stderr]    |                                      |
[INFO] [stderr]    |                                      required by a bound introduced by this call
[INFO] [stderr]    |
[INFO] [stderr] note: expected this to be `u32`
[INFO] [stderr]   --> tests/compile-fail/chain_input_type_mismatch.rs:34:18
[INFO] [stderr]    |
[INFO] [stderr] 34 |     type Input = u64; // mismatch with U32Source's Single<u32> output
[INFO] [stderr]    |                  ^^^
[INFO] [stderr] note: required by a bound in `fgumi_pipeline_core::Chain::<'b, Single<T>>::chain`
[INFO] [stderr]   --> src/builder.rs
[INFO] [stderr]    |
[INFO] [stderr]    |     pub fn chain<S>(self, step: S) -> Chain<'b, S::Outputs>
[INFO] [stderr]    |            ----- required by a bound in this associated function
[INFO] [stderr]    |     where
[INFO] [stderr]    |         S: Step<Input = T>,
[INFO] [stderr]    |                 ^^^^^^^^^ required by this bound in `Chain::<'b, Single<T>>::chain`
[INFO] [stderr] ┈┈┈┈┈┈┈┈┈┈┈┈┈┈┈┈┈┈┈┈┈┈┈┈┈┈┈┈┈┈┈┈┈┈┈┈┈┈┈┈┈┈┈┈┈┈┈┈┈┈┈┈┈┈┈┈┈┈┈┈
[INFO] [stderr] 
[INFO] [stderr] ACTUAL OUTPUT:
[INFO] [stderr] ┈┈┈┈┈┈┈┈┈┈┈┈┈┈┈┈┈┈┈┈┈┈┈┈┈┈┈┈┈┈┈┈┈┈┈┈┈┈┈┈┈┈┈┈┈┈┈┈┈┈┈┈┈┈┈┈┈┈┈┈
[INFO] [stderr] error[E0271]: type mismatch resolving `<U64Sink as Step>::Input == u32`
[INFO] [stderr]   --> tests/compile-fail/chain_input_type_mismatch.rs:53:44
[INFO] [stderr]    |
[INFO] [stderr] 53 |     let _ = builder.chain(U32Source).chain(U64Sink);
[INFO] [stderr]    |                                      ----- ^^^^^^^ type mismatch resolving `<U64Sink as Step>::Input == u32`
[INFO] [stderr]    |                                      |
[INFO] [stderr]    |                                      required by a bound introduced by this call
[INFO] [stderr]    |
[INFO] [stderr] note: expected this to be `u32`
[INFO] [stderr]   --> tests/compile-fail/chain_input_type_mismatch.rs:34:18
[INFO] [stderr]    |
[INFO] [stderr] 34 |     type Input = u64; // mismatch with U32Source's Single<u32> output
[INFO] [stderr]    |                  ^^^
[INFO] [stderr] note: required by a bound in `fgumi_pipeline_core::Chain::<'b, Single<T>>::chain`
[INFO] [stderr]   --> src/builder.rs
[INFO] [stderr]    |
[INFO] [stderr]    | impl<'b, T: Send + HeapSize + 'static> Chain<'b, Single<T>> {
[INFO] [stderr] ...
[INFO] [stderr]    |     pub fn chain<S>(self, step: S) -> Chain<'b, S::Outputs>
[INFO] [stderr]    |     where
[INFO] [stderr]    |         S: Step<Input = T>,
[INFO] [stderr]    |                 ^^^^^^^^^ required by this bound in `Chain::<'b, Single<T>>::chain`
[INFO] [stderr] ┈┈┈┈┈┈┈┈┈┈┈┈┈┈┈┈┈┈┈┈┈┈┈┈┈┈┈┈┈┈┈┈┈┈┈┈┈┈┈┈┈┈┈┈┈┈┈┈┈┈┈┈┈┈┈┈┈┈┈┈
[INFO] [stderr] note: If the actual output is the correct output you can bless it by rerunning
[INFO] [stderr]       your test with the environment variable TRYBUILD=overwrite
[INFO] [stderr] 
[INFO] [stderr] test tests/compile-fail/ordered_bytes_single_requires_heapsize.rs ... ok
[INFO] [stderr] test tests/compile-fail/ordered_bytes_single_requires_ordered.rs ... ok
[INFO] [stderr] 
[INFO] [stderr] 
[INFO] [stdout] test pipeline_core_compile_fail ... FAILED
[INFO] [stdout] 
[INFO] [stdout] failures:
[INFO] [stdout] 
[INFO] [stdout] ---- pipeline_core_compile_fail stdout ----
[INFO] [stdout] 
[INFO] [stdout] thread 'pipeline_core_compile_fail' (1865) panicked at /opt/rustwide/cargo-home/registry/src/index.crates.io-1949cf8c6b5b557f/trybuild-1.0.118/src/run.rs:102:13:
[INFO] [stdout] 1 of 3 tests failed
[INFO] [stdout] stack backtrace:
[INFO] [stdout]    0:     0x6115189f6511 - std[617be2ca0a6fd877]::backtrace_rs::backtrace::libunwind::trace
[INFO] [stdout]                                at /rustc/e3feeb59cd1bdd011a2bfcc0747b55125d9b8527/library/std/src/../../backtrace/src/backtrace/libunwind.rs:117:9
[INFO] [stdout]    1:     0x6115189f6511 - std[617be2ca0a6fd877]::backtrace_rs::backtrace::trace_unsynchronized::<std[617be2ca0a6fd877]::sys::backtrace::_print_fmt::{closure#1}>
[INFO] [stdout]                                at /rustc/e3feeb59cd1bdd011a2bfcc0747b55125d9b8527/library/std/src/../../backtrace/src/backtrace/mod.rs:66:14
[INFO] [stdout]    2:     0x6115189f6511 - std[617be2ca0a6fd877]::sys::backtrace::_print_fmt
[INFO] [stdout]                                at /rustc/e3feeb59cd1bdd011a2bfcc0747b55125d9b8527/library/std/src/sys/backtrace.rs:74:9
[INFO] [stdout]    3:     0x6115189f6511 - <<std[617be2ca0a6fd877]::sys::backtrace::BacktraceLock>::print::DisplayBacktrace as core[a373ad73a504971]::fmt::Display>::fmt
[INFO] [stdout]                                at /rustc/e3feeb59cd1bdd011a2bfcc0747b55125d9b8527/library/std/src/sys/backtrace.rs:44:26
[INFO] [stdout]    4:     0x611518a0c95a - <core[a373ad73a504971]::fmt::rt::Argument>::fmt
[INFO] [stdout]                                at /rustc/e3feeb59cd1bdd011a2bfcc0747b55125d9b8527/library/core/src/fmt/rt.rs:152:76
[INFO] [stdout]    5:     0x611518a0c95a - core[a373ad73a504971]::fmt::write
[INFO] [stdout]    6:     0x6115189fad5c - core[a373ad73a504971]::io::write::default_write_fmt::<alloc[2e1b2a31b91974c5]::vec::Vec<u8>>
[INFO] [stdout]                                at /rustc/e3feeb59cd1bdd011a2bfcc0747b55125d9b8527/library/core/src/io/write.rs:402:11
[INFO] [stdout]    7:     0x6115189fad5c - <alloc[2e1b2a31b91974c5]::vec::Vec<u8> as core[a373ad73a504971]::io::write::Write>::write_fmt
[INFO] [stdout]                                at /rustc/e3feeb59cd1bdd011a2bfcc0747b55125d9b8527/library/core/src/io/write.rs:335:13
[INFO] [stdout]    8:     0x6115189cf976 - <std[617be2ca0a6fd877]::sys::backtrace::BacktraceLock>::print
[INFO] [stdout]                                at /rustc/e3feeb59cd1bdd011a2bfcc0747b55125d9b8527/library/std/src/sys/backtrace.rs:47:9
[INFO] [stdout]    9:     0x6115189cf976 - std[617be2ca0a6fd877]::panicking::default_hook::{closure#0}
[INFO] [stdout]                                at /rustc/e3feeb59cd1bdd011a2bfcc0747b55125d9b8527/library/std/src/panicking.rs:289:27
[INFO] [stdout]   10:     0x6115189edab9 - std[617be2ca0a6fd877]::panicking::default_hook
[INFO] [stdout]                                at /rustc/e3feeb59cd1bdd011a2bfcc0747b55125d9b8527/library/std/src/panicking.rs:313:9
[INFO] [stdout]   11:     0x6115189870c0 - <alloc[2e1b2a31b91974c5]::boxed::Box<dyn for<'a, 'b> core[a373ad73a504971]::ops::function::Fn<(&'a std[617be2ca0a6fd877]::panic::PanicHookInfo<'b>,), Output = ()> + core[a373ad73a504971]::marker::Sync + core[a373ad73a504971]::marker::Send> as core[a373ad73a504971]::ops::function::Fn<(&std[617be2ca0a6fd877]::panic::PanicHookInfo,)>>::call
[INFO] [stdout]                                at /rustc/e3feeb59cd1bdd011a2bfcc0747b55125d9b8527/library/alloc/src/boxed.rs:2328:9
[INFO] [stdout]   12:     0x6115189870c0 - test[aada8e7e76ba119b]::test_main_inner::{closure#0}
[INFO] [stdout]                                at /rustc/e3feeb59cd1bdd011a2bfcc0747b55125d9b8527/library/test/src/lib.rs:137:21
[INFO] [stdout]   13:     0x6115189edc72 - <alloc[2e1b2a31b91974c5]::boxed::Box<dyn for<'a, 'b> core[a373ad73a504971]::ops::function::Fn<(&'a std[617be2ca0a6fd877]::panic::PanicHookInfo<'b>,), Output = ()> + core[a373ad73a504971]::marker::Sync + core[a373ad73a504971]::marker::Send> as core[a373ad73a504971]::ops::function::Fn<(&std[617be2ca0a6fd877]::panic::PanicHookInfo,)>>::call
[INFO] [stdout]                                at /rustc/e3feeb59cd1bdd011a2bfcc0747b55125d9b8527/library/alloc/src/boxed.rs:2328:9
[INFO] [stdout]   14:     0x6115189edc72 - std[617be2ca0a6fd877]::panicking::panic_with_hook
[INFO] [stdout]                                at /rustc/e3feeb59cd1bdd011a2bfcc0747b55125d9b8527/library/std/src/panicking.rs:819:13
[INFO] [stdout]   15:     0x6115189cfa22 - std[617be2ca0a6fd877]::panicking::panic_handler::{closure#0}
[INFO] [stdout]                                at /rustc/e3feeb59cd1bdd011a2bfcc0747b55125d9b8527/library/std/src/panicking.rs:685:13
[INFO] [stdout]   16:     0x6115189c8279 - std[617be2ca0a6fd877]::sys::backtrace::__rust_end_short_backtrace::<std[617be2ca0a6fd877]::panicking::panic_handler::{closure#0}, !>
[INFO] [stdout]                                at /rustc/e3feeb59cd1bdd011a2bfcc0747b55125d9b8527/library/std/src/sys/backtrace.rs:182:18
[INFO] [stdout]   17:     0x6115189d062d - __rustc[ea4f61d10b84890b]::rust_begin_unwind
[INFO] [stdout]                                at /rustc/e3feeb59cd1bdd011a2bfcc0747b55125d9b8527/library/std/src/panicking.rs:676:5
[INFO] [stdout]   18:     0x611518a0d14c - core[a373ad73a504971]::panicking::panic_fmt
[INFO] [stdout]                                at /rustc/e3feeb59cd1bdd011a2bfcc0747b55125d9b8527/library/core/src/panicking.rs:80:14
[INFO] [stdout]   19:     0x611518831c44 - <trybuild[acbaaedc3cd00da7]::Runner>::run
[INFO] [stdout]                                at /opt/rustwide/cargo-home/registry/src/index.crates.io-1949cf8c6b5b557f/trybuild-1.0.118/src/run.rs:102:13
[INFO] [stdout]   20:     0x61151883d308 - <trybuild[acbaaedc3cd00da7]::TestCases as core[a373ad73a504971]::ops::drop::Drop>::drop
[INFO] [stdout]                                at /opt/rustwide/cargo-home/registry/src/index.crates.io-1949cf8c6b5b557f/trybuild-1.0.118/src/lib.rs:342:38
[INFO] [stdout]   21:     0x611518761147 - core[a373ad73a504971]::ptr::drop_glue::<trybuild[acbaaedc3cd00da7]::TestCases>
[INFO] [stdout]                                at /rustc/e3feeb59cd1bdd011a2bfcc0747b55125d9b8527/library/core/src/ptr/mod.rs:848:1
[INFO] [stdout]   22:     0x611518761966 - compile_fail[742c7b24ccac0a2f]::pipeline_core_compile_fail
[INFO] [stdout]                                at /opt/rustwide/workdir/tests/compile_fail.rs:56:1
[INFO] [stdout]   23:     0x6115187616f7 - compile_fail[742c7b24ccac0a2f]::pipeline_core_compile_fail::{closure#0}
[INFO] [stdout]                                at /opt/rustwide/workdir/tests/compile_fail.rs:43:32
[INFO] [stdout]   24:     0x611518762216 - <compile_fail[742c7b24ccac0a2f]::pipeline_core_compile_fail::{closure#0} as core[a373ad73a504971]::ops::function::FnOnce<()>>::call_once
[INFO] [stdout]                                at /rustc/e3feeb59cd1bdd011a2bfcc0747b55125d9b8527/library/core/src/ops/function.rs:250:5
[INFO] [stdout]   25:     0x61151897a50b - <fn() -> core[a373ad73a504971]::result::Result<(), alloc[2e1b2a31b91974c5]::string::String> as core[a373ad73a504971]::ops::function::FnOnce<()>>::call_once
[INFO] [stdout]                                at /rustc/e3feeb59cd1bdd011a2bfcc0747b55125d9b8527/library/core/src/ops/function.rs:250:5
[INFO] [stdout]   26:     0x61151897a50b - test[aada8e7e76ba119b]::__rust_begin_short_backtrace::<core[a373ad73a504971]::result::Result<(), alloc[2e1b2a31b91974c5]::string::String>, fn() -> core[a373ad73a504971]::result::Result<(), alloc[2e1b2a31b91974c5]::string::String>>
[INFO] [stdout]                                at /rustc/e3feeb59cd1bdd011a2bfcc0747b55125d9b8527/library/test/src/lib.rs:701:18
[INFO] [stdout]   27:     0x6115189876e5 - test[aada8e7e76ba119b]::run_test_in_process::{closure#0}
[INFO] [stdout]                                at /rustc/e3feeb59cd1bdd011a2bfcc0747b55125d9b8527/library/test/src/lib.rs:724:74
[INFO] [stdout]   28:     0x6115189876e5 - <core[a373ad73a504971]::panic::unwind_safe::AssertUnwindSafe<test[aada8e7e76ba119b]::run_test_in_process::{closure#0}> as core[a373ad73a504971]::ops::function::FnOnce<()>>::call_once
[INFO] [stdout]                                at /rustc/e3feeb59cd1bdd011a2bfcc0747b55125d9b8527/library/core/src/panic/unwind_safe.rs:275:9
[INFO] [stdout]   29:     0x6115189876e5 - std[617be2ca0a6fd877]::panicking::catch_unwind::do_call::<core[a373ad73a504971]::panic::unwind_safe::AssertUnwindSafe<test[aada8e7e76ba119b]::run_test_in_process::{closure#0}>, core[a373ad73a504971]::result::Result<(), alloc[2e1b2a31b91974c5]::string::String>>
[INFO] [stdout]                                at /rustc/e3feeb59cd1bdd011a2bfcc0747b55125d9b8527/library/std/src/panicking.rs:573:43
[INFO] [stdout]   30:     0x6115189876e5 - std[617be2ca0a6fd877]::panicking::catch_unwind::<core[a373ad73a504971]::result::Result<(), alloc[2e1b2a31b91974c5]::string::String>, core[a373ad73a504971]::panic::unwind_safe::AssertUnwindSafe<test[aada8e7e76ba119b]::run_test_in_process::{closure#0}>>
[INFO] [stdout]                                at /rustc/e3feeb59cd1bdd011a2bfcc0747b55125d9b8527/library/std/src/panicking.rs:541:19
[INFO] [stdout]   31:     0x6115189876e5 - std[617be2ca0a6fd877]::panic::catch_unwind::<core[a373ad73a504971]::panic::unwind_safe::AssertUnwindSafe<test[aada8e7e76ba119b]::run_test_in_process::{closure#0}>, core[a373ad73a504971]::result::Result<(), alloc[2e1b2a31b91974c5]::string::String>>
[INFO] [stdout]                                at /rustc/e3feeb59cd1bdd011a2bfcc0747b55125d9b8527/library/std/src/panic.rs:359:14
[INFO] [stdout]   32:     0x6115189876e5 - test[aada8e7e76ba119b]::run_test_in_process
[INFO] [stdout]                                at /rustc/e3feeb59cd1bdd011a2bfcc0747b55125d9b8527/library/test/src/lib.rs:724:27
[INFO] [stdout]   33:     0x6115189876e5 - test[aada8e7e76ba119b]::run_test::{closure#0}
[INFO] [stdout]                                at /rustc/e3feeb59cd1bdd011a2bfcc0747b55125d9b8527/library/test/src/lib.rs:645:43
[INFO] [stdout]   34:     0x611518980fd4 - test[aada8e7e76ba119b]::run_test::{closure#1}
[INFO] [stdout]                                at /rustc/e3feeb59cd1bdd011a2bfcc0747b55125d9b8527/library/test/src/lib.rs:675:41
[INFO] [stdout]   35:     0x611518980fd4 - std[617be2ca0a6fd877]::sys::backtrace::__rust_begin_short_backtrace::<test[aada8e7e76ba119b]::run_test::{closure#1}, ()>
[INFO] [stdout]                                at /rustc/e3feeb59cd1bdd011a2bfcc0747b55125d9b8527/library/std/src/sys/backtrace.rs:166:18
[INFO] [stdout]   36:     0x61151898a772 - std[617be2ca0a6fd877]::thread::lifecycle::spawn_unchecked::<test[aada8e7e76ba119b]::run_test::{closure#1}, ()>::{closure#1}::{closure#0}
[INFO] [stdout]                                at /rustc/e3feeb59cd1bdd011a2bfcc0747b55125d9b8527/library/std/src/thread/lifecycle.rs:70:13
[INFO] [stdout]   37:     0x61151898a772 - <core[a373ad73a504971]::panic::unwind_safe::AssertUnwindSafe<std[617be2ca0a6fd877]::thread::lifecycle::spawn_unchecked<test[aada8e7e76ba119b]::run_test::{closure#1}, ()>::{closure#1}::{closure#0}> as core[a373ad73a504971]::ops::function::FnOnce<()>>::call_once
[INFO] [stdout]                                at /rustc/e3feeb59cd1bdd011a2bfcc0747b55125d9b8527/library/core/src/panic/unwind_safe.rs:275:9
[INFO] [stdout]   38:     0x61151898a772 - std[617be2ca0a6fd877]::panicking::catch_unwind::do_call::<core[a373ad73a504971]::panic::unwind_safe::AssertUnwindSafe<std[617be2ca0a6fd877]::thread::lifecycle::spawn_unchecked<test[aada8e7e76ba119b]::run_test::{closure#1}, ()>::{closure#1}::{closure#0}>, ()>
[INFO] [stdout]                                at /rustc/e3feeb59cd1bdd011a2bfcc0747b55125d9b8527/library/std/src/panicking.rs:573:43
[INFO] [stdout]   39:     0x61151898a772 - std[617be2ca0a6fd877]::panicking::catch_unwind::<(), core[a373ad73a504971]::panic::unwind_safe::AssertUnwindSafe<std[617be2ca0a6fd877]::thread::lifecycle::spawn_unchecked<test[aada8e7e76ba119b]::run_test::{closure#1}, ()>::{closure#1}::{closure#0}>>
[INFO] [stdout]                                at /rustc/e3feeb59cd1bdd011a2bfcc0747b55125d9b8527/library/std/src/panicking.rs:541:19
[INFO] [stdout]   40:     0x61151898a772 - std[617be2ca0a6fd877]::panic::catch_unwind::<core[a373ad73a504971]::panic::unwind_safe::AssertUnwindSafe<std[617be2ca0a6fd877]::thread::lifecycle::spawn_unchecked<test[aada8e7e76ba119b]::run_test::{closure#1}, ()>::{closure#1}::{closure#0}>, ()>
[INFO] [stdout]                                at /rustc/e3feeb59cd1bdd011a2bfcc0747b55125d9b8527/library/std/src/panic.rs:359:14
[INFO] [stdout]   41:     0x61151898a772 - std[617be2ca0a6fd877]::thread::lifecycle::spawn_unchecked::<test[aada8e7e76ba119b]::run_test::{closure#1}, ()>::{closure#1}
[INFO] [stdout]                                at /rustc/e3feeb59cd1bdd011a2bfcc0747b55125d9b8527/library/std/src/thread/lifecycle.rs:68:26
[INFO] [stdout]   42:     0x61151898a772 - <std[617be2ca0a6fd877]::thread::lifecycle::spawn_unchecked<test[aada8e7e76ba119b]::run_test::{closure#1}, ()>::{closure#1} as core[a373ad73a504971]::ops::function::FnOnce<()>>::call_once::{shim:vtable#0}
[INFO] [stdout]                                at /rustc/e3feeb59cd1bdd011a2bfcc0747b55125d9b8527/library/core/src/ops/function.rs:250:5
[INFO] [stdout]   43:     0x6115189f576f - <alloc[2e1b2a31b91974c5]::boxed::Box<dyn core[a373ad73a504971]::ops::function::FnOnce<(), Output = ()> + core[a373ad73a504971]::marker::Send> as core[a373ad73a504971]::ops::function::FnOnce<()>>::call_once
[INFO] [stdout]                                at /rustc/e3feeb59cd1bdd011a2bfcc0747b55125d9b8527/library/alloc/src/boxed.rs:2314:9
[INFO] [stdout]   44:     0x6115189f576f - <std[617be2ca0a6fd877]::sys::thread::unix::Thread>::new::thread_start
[INFO] [stdout]                                at /rustc/e3feeb59cd1bdd011a2bfcc0747b55125d9b8527/library/std/src/sys/thread/unix.rs:127:17
[INFO] [stdout]   45:     0x7a773a92ddfa - <unknown>
[INFO] [stdout]   46:     0x7a773a9c13d4 - clone
[INFO] [stdout]   47:                0x0 - <unknown>
[INFO] [stdout] 
[INFO] [stdout] 
[INFO] [stdout] failures:
[INFO] [stdout]     pipeline_core_compile_fail
[INFO] [stdout] 
[INFO] [stdout] test result: FAILED. 0 passed; 1 failed; 0 ignored; 0 measured; 0 filtered out; finished in 93.56s
[INFO] [stdout] 
[INFO] [stderr] error: test failed, to rerun pass `--test compile_fail`
[INFO] running `Command { std: "docker" "inspect" "36ca37d2185ae7873bfa899b96acd03170c9c8f581b4decf4d83d2af4226df37", kill_on_drop: false }`
[INFO] running `Command { std: "docker" "rm" "-f" "36ca37d2185ae7873bfa899b96acd03170c9c8f581b4decf4d83d2af4226df37", kill_on_drop: false }`
[INFO] [stdout] 36ca37d2185ae7873bfa899b96acd03170c9c8f581b4decf4d83d2af4226df37
