[INFO] fetching crate elementtree 1.2.3...
[INFO] testing elementtree-1.2.3 against 1.100.0-beta.1 for beta-1.100-4
[INFO] extracting crate elementtree 1.2.3 into /workspace/builds/worker-2-tc2/source
[INFO] started tweaking crates.io crate elementtree 1.2.3
[INFO] finished tweaking crates.io crate elementtree 1.2.3
[INFO] tweaked toml for crates.io crate elementtree 1.2.3 written to /workspace/builds/worker-2-tc2/source/Cargo.toml
[INFO] validating manifest of crates.io crate elementtree 1.2.3 on toolchain 1.100.0-beta.1
[INFO] running `Command { std: CARGO_HOME="/workspace/cargo-home" RUSTUP_HOME="/workspace/rustup-home" "/workspace/cargo-home/bin/cargo" "+1.100.0-beta.1" "metadata" "--manifest-path" "Cargo.toml" "--no-deps", kill_on_drop: false }`
[INFO] crate crates.io crate elementtree 1.2.3 already has a lockfile, it will not be regenerated
[INFO] running `Command { std: CARGO_HOME="/workspace/cargo-home" RUSTUP_HOME="/workspace/rustup-home" "/workspace/cargo-home/bin/cargo" "+1.100.0-beta.1" "fetch" "--manifest-path" "Cargo.toml", kill_on_drop: false }`
[INFO] running `Command { std: "docker" "create" "-v" "/var/lib/crater-agent-workspace/builds/worker-2-tc2/source:/opt/rustwide/workdir:ro,Z" "-v" "/var/lib/crater-agent-workspace/builds/worker-2-tc2/target:/opt/rustwide/target:rw,Z" "-v" "/var/lib/crater-agent-workspace/cargo-home:/opt/rustwide/cargo-home:ro,Z" "-v" "/var/lib/crater-agent-workspace/rustup-home:/opt/rustwide/rustup-home:ro,Z" "-m" "1610612736" "--network" "none" "ghcr.io/rust-lang/crates-build-env/linux@sha256:77db811e55d90add9212f6832c23229e3de5f1c1f9905e8cb07319ea15df73ac" "sleep" "infinity", kill_on_drop: false }`
[INFO] [stdout] 5b3307ed6381130a95bc755df6a3f520b167ad10cedf6c14bfe0c97539643c63
[INFO] running `Command { std: "docker" "start" "5b3307ed6381130a95bc755df6a3f520b167ad10cedf6c14bfe0c97539643c63", kill_on_drop: false }`
[INFO] running `Command { std: "docker" "inspect" "5b3307ed6381130a95bc755df6a3f520b167ad10cedf6c14bfe0c97539643c63", kill_on_drop: false }`
[INFO] running `Command { std: "docker" "exec" "-e" "SOURCE_DIR=/opt/rustwide/workdir" "-e" "CARGO_HOME=/opt/rustwide/cargo-home" "-e" "RUSTUP_HOME=/opt/rustwide/rustup-home" "-e" "CARGO_TARGET_DIR=/opt/rustwide/target" "-w" "/opt/rustwide/workdir" "--user" "0:0" "5b3307ed6381130a95bc755df6a3f520b167ad10cedf6c14bfe0c97539643c63" "/opt/rustwide/cargo-home/bin/cargo" "+1.100.0-beta.1" "metadata" "--no-deps" "--format-version=1", kill_on_drop: false }`
[INFO] running `Command { std: "docker" "inspect" "5b3307ed6381130a95bc755df6a3f520b167ad10cedf6c14bfe0c97539643c63", kill_on_drop: false }`
[INFO] running `Command { std: "docker" "exec" "-e" "SOURCE_DIR=/opt/rustwide/workdir" "-e" "CARGO_HOME=/opt/rustwide/cargo-home" "-e" "RUSTUP_HOME=/opt/rustwide/rustup-home" "-e" "CARGO_TARGET_DIR=/opt/rustwide/target" "-e" "CARGO_INCREMENTAL=0" "-e" "RUST_BACKTRACE=full" "-e" "RUSTFLAGS=--cap-lints=warn" "-e" "RUSTDOCFLAGS=--cap-lints=warn" "-w" "/opt/rustwide/workdir" "--user" "0:0" "5b3307ed6381130a95bc755df6a3f520b167ad10cedf6c14bfe0c97539643c63" "/opt/rustwide/cargo-home/bin/cargo" "+1.100.0-beta.1" "build" "--frozen" "--message-format=json", kill_on_drop: false }`
[INFO] [stderr]    Compiling libc v0.2.132
[INFO] [stderr]    Compiling serde v1.0.144
[INFO] [stderr]    Compiling once_cell v1.13.1
[INFO] [stderr]    Compiling new_debug_unreachable v1.0.4
[INFO] [stderr]    Compiling phf_shared v0.10.0
[INFO] [stderr]    Compiling parking_lot_core v0.9.3
[INFO] [stderr]    Compiling parking_lot v0.12.1
[INFO] [stderr]    Compiling string_cache v0.8.4
[INFO] [stderr]    Compiling elementtree v1.2.3 (/opt/rustwide/workdir)
[INFO] [stdout] warning: unused import: `crate::xml::reader::EventReader`
[INFO] [stdout]  --> src/xml/mod.rs:3:9
[INFO] [stdout]   |
[INFO] [stdout] 3 | pub use crate::xml::reader::EventReader;
[INFO] [stdout]   |         ^^^^^^^^^^^^^^^^^^^^^^^^^^^^^^^
[INFO] [stdout]   |
[INFO] [stdout]   = note: `#[warn(unused_imports)]` (part of `#[warn(unused)]`) on by default
[INFO] [stdout] 
[INFO] [stdout] 
[INFO] [stdout] warning: unused import: `crate::xml::reader::ParserConfig`
[INFO] [stdout]  --> src/xml/mod.rs:4:9
[INFO] [stdout]   |
[INFO] [stdout] 4 | pub use crate::xml::reader::ParserConfig;
[INFO] [stdout]   |         ^^^^^^^^^^^^^^^^^^^^^^^^^^^^^^^^
[INFO] [stdout] 
[INFO] [stdout] 
[INFO] [stdout] warning: unused import: `crate::xml::writer::EventWriter`
[INFO] [stdout]  --> src/xml/mod.rs:6:9
[INFO] [stdout]   |
[INFO] [stdout] 6 | pub use crate::xml::writer::EventWriter;
[INFO] [stdout]   |         ^^^^^^^^^^^^^^^^^^^^^^^^^^^^^^^
[INFO] [stdout] 
[INFO] [stdout] 
[INFO] [stdout] warning: hiding a lifetime that's elided elsewhere is confusing
[INFO] [stdout]    --> src/lib.rs:997:16
[INFO] [stdout]     |
[INFO] [stdout] 997 |     pub fn tag(&self) -> &QName {
[INFO] [stdout]     |                ^^^^^     ^^^^^^
[INFO] [stdout]     |                |         ||
[INFO] [stdout]     |                |         |the same lifetime is hidden here
[INFO] [stdout]     |                |         the same lifetime is elided here
[INFO] [stdout]     |                the lifetime is elided here
[INFO] [stdout]     |
[INFO] [stdout]     = help: the same lifetime is referred to in inconsistent ways, making the signature confusing
[INFO] [stdout]     = note: `#[warn(mismatched_lifetime_syntaxes)]` on by default
[INFO] [stdout] help: use `'_` for type paths
[INFO] [stdout]     |
[INFO] [stdout] 997 |     pub fn tag(&self) -> &QName<'_> {
[INFO] [stdout]     |                                ++++
[INFO] [stdout] 
[INFO] [stdout] 
[INFO] [stderr]     Finished `dev` profile [unoptimized + debuginfo] target(s) in 5.55s
[INFO] running `Command { std: "docker" "inspect" "5b3307ed6381130a95bc755df6a3f520b167ad10cedf6c14bfe0c97539643c63", kill_on_drop: false }`
[INFO] running `Command { std: "docker" "exec" "-e" "SOURCE_DIR=/opt/rustwide/workdir" "-e" "CARGO_HOME=/opt/rustwide/cargo-home" "-e" "RUSTUP_HOME=/opt/rustwide/rustup-home" "-e" "CARGO_TARGET_DIR=/opt/rustwide/target" "-e" "CARGO_INCREMENTAL=0" "-e" "RUST_BACKTRACE=full" "-e" "RUSTFLAGS=--cap-lints=warn" "-e" "RUSTDOCFLAGS=--cap-lints=warn" "-w" "/opt/rustwide/workdir" "--user" "0:0" "5b3307ed6381130a95bc755df6a3f520b167ad10cedf6c14bfe0c97539643c63" "/opt/rustwide/cargo-home/bin/cargo" "+1.100.0-beta.1" "test" "--frozen" "--no-run" "--message-format=json", kill_on_drop: false }`
[INFO] [stdout] warning: unused import: `crate::xml::reader::EventReader`
[INFO] [stdout]  --> src/xml/mod.rs:3:9
[INFO] [stdout]   |
[INFO] [stdout] 3 | pub use crate::xml::reader::EventReader;
[INFO] [stdout]   |         ^^^^^^^^^^^^^^^^^^^^^^^^^^^^^^^
[INFO] [stdout]   |
[INFO] [stdout]   = note: `#[warn(unused_imports)]` (part of `#[warn(unused)]`) on by default
[INFO] [stdout] 
[INFO] [stdout] 
[INFO] [stdout] warning: unused import: `crate::xml::reader::ParserConfig`
[INFO] [stdout]  --> src/xml/mod.rs:4:9
[INFO] [stdout]   |
[INFO] [stdout] 4 | pub use crate::xml::reader::ParserConfig;
[INFO] [stdout]   |         ^^^^^^^^^^^^^^^^^^^^^^^^^^^^^^^^
[INFO] [stdout] 
[INFO] [stdout] 
[INFO] [stdout] warning: unused import: `crate::xml::writer::EventWriter`
[INFO] [stdout]  --> src/xml/mod.rs:6:9
[INFO] [stdout]   |
[INFO] [stdout] 6 | pub use crate::xml::writer::EventWriter;
[INFO] [stdout]   |         ^^^^^^^^^^^^^^^^^^^^^^^^^^^^^^^
[INFO] [stdout] 
[INFO] [stdout] 
[INFO] [stdout] warning: hiding a lifetime that's elided elsewhere is confusing
[INFO] [stdout]    --> src/lib.rs:997:16
[INFO] [stdout]     |
[INFO] [stdout] 997 |     pub fn tag(&self) -> &QName {
[INFO] [stdout]     |                ^^^^^     ^^^^^^
[INFO] [stdout]     |                |         ||
[INFO] [stdout]     |                |         |the same lifetime is hidden here
[INFO] [stdout]     |                |         the same lifetime is elided here
[INFO] [stdout]     |                the lifetime is elided here
[INFO] [stdout]     |
[INFO] [stdout]     = help: the same lifetime is referred to in inconsistent ways, making the signature confusing
[INFO] [stdout]     = note: `#[warn(mismatched_lifetime_syntaxes)]` on by default
[INFO] [stdout] help: use `'_` for type paths
[INFO] [stdout]     |
[INFO] [stdout] 997 |     pub fn tag(&self) -> &QName<'_> {
[INFO] [stdout]     |                                ++++
[INFO] [stdout] 
[INFO] [stdout] 
[INFO] [stderr]    Compiling elementtree v1.2.3 (/opt/rustwide/workdir)
[INFO] [stdout] warning: unused import: `crate::xml::reader::ParserConfig`
[INFO] [stdout]  --> src/xml/mod.rs:4:9
[INFO] [stdout]   |
[INFO] [stdout] 4 | pub use crate::xml::reader::ParserConfig;
[INFO] [stdout]   |         ^^^^^^^^^^^^^^^^^^^^^^^^^^^^^^^^
[INFO] [stdout]   |
[INFO] [stdout]   = note: `#[warn(unused_imports)]` (part of `#[warn(unused)]`) on by default
[INFO] [stdout] 
[INFO] [stdout] 
[INFO] [stdout] warning: hiding a lifetime that's elided elsewhere is confusing
[INFO] [stdout]    --> src/lib.rs:997:16
[INFO] [stdout]     |
[INFO] [stdout] 997 |     pub fn tag(&self) -> &QName {
[INFO] [stdout]     |                ^^^^^     ^^^^^^
[INFO] [stdout]     |                |         ||
[INFO] [stdout]     |                |         |the same lifetime is hidden here
[INFO] [stdout]     |                |         the same lifetime is elided here
[INFO] [stdout]     |                the lifetime is elided here
[INFO] [stdout]     |
[INFO] [stdout]     = help: the same lifetime is referred to in inconsistent ways, making the signature confusing
[INFO] [stdout]     = note: `#[warn(mismatched_lifetime_syntaxes)]` on by default
[INFO] [stdout] help: use `'_` for type paths
[INFO] [stdout]     |
[INFO] [stdout] 997 |     pub fn tag(&self) -> &QName<'_> {
[INFO] [stdout]     |                                ++++
[INFO] [stdout] 
[INFO] [stdout] 
[INFO] [stderr]     Finished `test` profile [unoptimized + debuginfo] target(s) in 1.88s
[INFO] running `Command { std: "docker" "inspect" "5b3307ed6381130a95bc755df6a3f520b167ad10cedf6c14bfe0c97539643c63", kill_on_drop: false }`
[INFO] running `Command { std: "docker" "exec" "-e" "SOURCE_DIR=/opt/rustwide/workdir" "-e" "CARGO_HOME=/opt/rustwide/cargo-home" "-e" "RUSTUP_HOME=/opt/rustwide/rustup-home" "-e" "CARGO_TARGET_DIR=/opt/rustwide/target" "-e" "CARGO_INCREMENTAL=0" "-e" "RUST_BACKTRACE=full" "-e" "RUSTFLAGS=--cap-lints=warn" "-e" "RUSTDOCFLAGS=--cap-lints=warn" "-w" "/opt/rustwide/workdir" "--user" "0:0" "5b3307ed6381130a95bc755df6a3f520b167ad10cedf6c14bfe0c97539643c63" "/opt/rustwide/cargo-home/bin/cargo" "+1.100.0-beta.1" "test" "--frozen", kill_on_drop: false }`
[INFO] [stderr] warning: unused import: `crate::xml::reader::EventReader`
[INFO] [stderr]  --> src/xml/mod.rs:3:9
[INFO] [stderr]   |
[INFO] [stderr] 3 | pub use crate::xml::reader::EventReader;
[INFO] [stderr]   |         ^^^^^^^^^^^^^^^^^^^^^^^^^^^^^^^
[INFO] [stderr]   |
[INFO] [stderr]   = note: `#[warn(unused_imports)]` (part of `#[warn(unused)]`) on by default
[INFO] [stderr] 
[INFO] [stderr] warning: unused import: `crate::xml::reader::ParserConfig`
[INFO] [stderr]  --> src/xml/mod.rs:4:9
[INFO] [stderr]   |
[INFO] [stderr] 4 | pub use crate::xml::reader::ParserConfig;
[INFO] [stderr]   |         ^^^^^^^^^^^^^^^^^^^^^^^^^^^^^^^^
[INFO] [stderr] 
[INFO] [stderr] warning: unused import: `crate::xml::writer::EventWriter`
[INFO] [stderr]  --> src/xml/mod.rs:6:9
[INFO] [stderr]   |
[INFO] [stderr] 6 | pub use crate::xml::writer::EventWriter;
[INFO] [stderr]   |         ^^^^^^^^^^^^^^^^^^^^^^^^^^^^^^^
[INFO] [stderr] 
[INFO] [stderr] warning: hiding a lifetime that's elided elsewhere is confusing
[INFO] [stderr]    --> src/lib.rs:997:16
[INFO] [stderr]     |
[INFO] [stderr] 997 |     pub fn tag(&self) -> &QName {
[INFO] [stderr]     |                ^^^^^     ^^^^^^
[INFO] [stderr]     |                |         ||
[INFO] [stderr]     |                |         |the same lifetime is hidden here
[INFO] [stderr]     |                |         the same lifetime is elided here
[INFO] [stderr]     |                the lifetime is elided here
[INFO] [stderr]     |
[INFO] [stderr]     = help: the same lifetime is referred to in inconsistent ways, making the signature confusing
[INFO] [stderr]     = note: `#[warn(mismatched_lifetime_syntaxes)]` on by default
[INFO] [stderr] help: use `'_` for type paths
[INFO] [stderr]     |
[INFO] [stderr] 997 |     pub fn tag(&self) -> &QName<'_> {
[INFO] [stderr]     |                                ++++
[INFO] [stderr] 
[INFO] [stderr] warning: unused import: `crate::xml::reader::ParserConfig`
[INFO] [stderr]  --> src/xml/mod.rs:4:9
[INFO] [stderr]   |
[INFO] [stderr] 4 | pub use crate::xml::reader::ParserConfig;
[INFO] [stderr]   |         ^^^^^^^^^^^^^^^^^^^^^^^^^^^^^^^^
[INFO] [stderr]   |
[INFO] [stderr]   = note: `#[warn(unused_imports)]` (part of `#[warn(unused)]`) on by default
[INFO] [stderr] 
[INFO] [stderr] warning: `elementtree` (lib) generated 4 warnings (run `cargo fix --lib -p elementtree` to apply 4 suggestions)
[INFO] [stderr] warning: `elementtree` (lib test) generated 2 warnings (1 duplicate) (run `cargo fix --lib -p elementtree --tests` to apply 1 suggestion)
[INFO] [stderr]     Finished `test` profile [unoptimized + debuginfo] target(s) in 0.05s
[INFO] [stderr]      Running unittests src/lib.rs (/opt/rustwide/target/debug/build/elementtree/2f77fe5994819408/out/elementtree-2f77fe5994819408)
[INFO] [stdout] 
[INFO] [stdout] running 59 tests
[INFO] [stdout] test xml::namespace::test_namespace_iter ... ok
[INFO] [stdout] test xml::reader::events::test_xml_event ... ok
[INFO] [stdout] test xml::reader::lexer::tests::error_in_comment_started ... ok
[INFO] [stdout] test xml::reader::lexer::tests::error_in_doctype_started ... ok
[INFO] [stdout] test xml::escape::tests::test_escape_multibyte_code_points ... ok
[INFO] [stdout] test xml::reader::lexer::tests::cdata_test ... ok
[INFO] [stdout] test xml::reader::lexer::tests::issue_98_cdata_ending_with_right_bracket ... ok
[INFO] [stdout] test xml::reader::lexer::tests::doctype_test ... ok
[INFO] [stdout] test xml::reader::lexer::tests::end_of_stream_handling_ok ... ok
[INFO] [stdout] test xml::reader::lexer::tests::end_of_stream_handling_error ... ok
[INFO] [stdout] test xml::reader::lexer::tests::error_in_cdata_started ... ok
[INFO] [stdout] test xml::reader::lexer::tests::error_in_comment_or_cdata_prefix ... ok
[INFO] [stdout] test xml::reader::lexer::tests::error_in_comment_two_dashes_not_at_end ... ok
[INFO] [stdout] test xml::name::tests::test_name_from ... ok
[INFO] [stdout] test xml::attribute::tests::attribute_display ... ok
[INFO] [stdout] test xml::tests::event_reader::bad_1 ... ok
[INFO] [stdout] test xml::tests::event_reader::dashes_in_comments ... ok
[INFO] [stdout] test xml::reader::parser::tests::issue_3_semicolon_in_attribute_value ... ok
[INFO] [stdout] test xml::tests::event_reader::issue_32_unescaped_cdata_end ... ok
[INFO] [stdout] test xml::reader::lexer::tests::special_chars_test ... ok
[INFO] [stdout] test xml::tests::event_reader::issue_attribues_have_no_default_namespace ... ok
[INFO] [stdout] test xml::tests::event_reader::issue_98_cdata_ending_with_right_bracket ... ok
[INFO] [stdout] test xml::reader::parser::tests::issue_140_entity_reference_inside_tag ... ok
[INFO] [stdout] test xml::reader::parser::tests::opening_tag_in_attribute_value ... ok
[INFO] [stdout] test xml::tests::event_reader::issue_83_duplicate_attributes ... ok
[INFO] [stdout] test xml::tests::event_reader::sample_2_short ... ok
[INFO] [stdout] test xml::tests::event_reader::sample_3_short ... ok
[INFO] [stdout] test xml::tests::event_reader::issue_unescaped_processing_instruction_end ... ok
[INFO] [stdout] test xml::tests::event_reader::eof_1 ... ok
[INFO] [stdout] test xml::tests::event_reader::issue_93_large_characters_in_entity_references ... ok
[INFO] [stdout] test xml::tests::event_reader::sample_3_full ... ok
[INFO] [stdout] test xml::tests::event_reader::issue_replacement_character_entity_reference ... ok
[INFO] [stdout] test xml::tests::event_reader::issue_105_unexpected_double_dash ... ok
[INFO] [stdout] test xml::tests::event_reader::issue_unescaped_empty_tag_end ... ok
[INFO] [stdout] test xml::tests::event_reader::sample_2_full ... ok
[INFO] [stdout] test xml::tests::event_reader::sample_4_full ... ok
[INFO] [stdout] test xml::tests::event_writer::writing_comments_with_indentation ... ok
[INFO] [stdout] test xml::tests::event_writer::issue_112_overriding_namepace_prefix ... ok
[INFO] [stdout] test xml::tests::event_writer::reading_writing_equal_with_namespaces ... ok
[INFO] [stdout] test xml::tests::event_writer::writing_empty_elements_without_normalizing ... ok
[INFO] [stdout] test xml::tests::event_writer::writing_empty_elements_without_pad_self_closing ... ok
[INFO] [stdout] test xml::tests::event_writer::writing_simple ... ok
[INFO] [stdout] test xml::tests::event_reader::tabs_1 ... ok
[INFO] [stdout] test xml::tests::event_reader::sample_4_short ... ok
[INFO] [stdout] test xml::tests::event_reader::sample_6_full ... ok
[INFO] [stdout] test xml::tests::event_writer::writing_empty_elements_pad_self_closing_explicit ... ok
[INFO] [stdout] test xml::tests::event_writer::attribute_escaping ... ok
[INFO] [stdout] test xml::tests::event_writer::writing_empty_elements_with_normalizing ... ok
[INFO] [stdout] test xml::tests::streaming::reading_streamed_content ... ok
[INFO] [stdout] test xml::tests::streaming::reading_streamed_content2 ... ok
[INFO] [stdout] test xml::util::tests::test_next_char_from ... ok
[INFO] [stdout] test xml::name::tests::test_owned_name_from_str ... ok
[INFO] [stdout] test xml::namespace::test_checked_target ... ok
[INFO] [stdout] test xml::reader::lexer::tests::doctype_with_internal_subset_test ... ok
[INFO] [stdout] test xml::reader::lexer::tests::simple_lexer_test ... ok
[INFO] [stdout] test xml::tests::event_reader::sample_1_short ... FAILED
[INFO] [stdout] test xml::tests::event_reader::test_fuzzed_doctype - should panic ... ok
[INFO] [stdout] test xml::tests::event_reader::sample_1_full ... FAILED
[INFO] [stdout] test xml::tests::event_reader::sample_5_short ... FAILED
[INFO] [stdout] 
[INFO] [stdout] failures:
[INFO] [stdout] 
[INFO] [stdout] ---- xml::tests::event_reader::sample_1_short stdout ----
[INFO] [stdout] 
[INFO] [stdout] thread 'xml::tests::event_reader::sample_1_short' (366) panicked at src/xml/tests/event_reader.rs:435:17:
[INFO] [stdout] 
[INFO] [stdout] -------------------
[INFO] [stdout] Unexpected event at line 50:
[INFO] [stdout] Expected: Characters("\n                Cascading style sheet: © - ҉\n            ")
[INFO] [stdout] Found:    Characters("\n                Cascading style sheet: © - \u{489}\n            ")
[INFO] [stdout] StartDocument(1.0, utf-8)
[INFO] [stdout] StartElement(project [name="project-name"])
[INFO] [stdout] Characters("\n    ")
[INFO] [stdout] StartElement(libraries)
[INFO] [stdout] Characters("\n        ")
[INFO] [stdout] StartElement(library [groupId="org.example", artifactId="<name>", version="0.1"])
[INFO] [stdout] EndElement(library)
[INFO] [stdout] Characters("\n        ")
[INFO] [stdout] StartElement(library [groupId="com.example", artifactId="\"cool-lib&", version="999"])
[INFO] [stdout] EndElement(library)
[INFO] [stdout] Characters("\n    ")
[INFO] [stdout] EndElement(libraries)
[INFO] [stdout] Characters("\n    ")
[INFO] [stdout] StartElement(module [name="module-1"])
[INFO] [stdout] Characters("\n        ")
[INFO] [stdout] StartElement(files)
[INFO] [stdout] Characters("\n            ")
[INFO] [stdout] StartElement(file [name="somefile.java", type="java"])
[INFO] [stdout] Characters("\n                Some <java> class\n            ")
[INFO] [stdout] EndElement(file)
[INFO] [stdout] Characters("\n            ")
[INFO] [stdout] StartElement(file [name="another_file.java", type="java"])
[INFO] [stdout] Characters("\n                Another \"java\" class\n            ")
[INFO] [stdout] EndElement(file)
[INFO] [stdout] Characters("\n            ")
[INFO] [stdout] StartElement(file [name="config.xml", type="xml"])
[INFO] [stdout] Characters("\n                Weird \'XML\' config\n            ")
[INFO] [stdout] EndElement(file)
[INFO] [stdout] Characters("\n        ")
[INFO] [stdout] EndElement(files)
[INFO] [stdout] Characters("\n        ")
[INFO] [stdout] StartElement(libraries)
[INFO] [stdout] Characters("\n            ")
[INFO] [stdout] StartElement(library [groupId="junit", artifactId="junit", version="1.9.5"])
[INFO] [stdout] EndElement(library)
[INFO] [stdout] Characters("\n        ")
[INFO] [stdout] EndElement(libraries)
[INFO] [stdout] Characters("\n    ")
[INFO] [stdout] EndElement(module)
[INFO] [stdout] Characters("\n    ")
[INFO] [stdout] StartElement(module [name="module-2"])
[INFO] [stdout] Characters("\n        ")
[INFO] [stdout] StartElement(files)
[INFO] [stdout] Characters("\n            ")
[INFO] [stdout] StartElement(file [name="program.js", type="javascript"])
[INFO] [stdout] Characters("\n                JavaScript & program\n            ")
[INFO] [stdout] EndElement(file)
[INFO] [stdout] Characters("\n            ")
[INFO] [stdout] StartElement(file [name="style.css", type="css"])
[INFO] [stdout] Characters("\n                Cascading style sheet: © - ҉\n            ")
[INFO] [stdout] EndElement(file)
[INFO] [stdout] Characters("\n        ")
[INFO] [stdout] EndElement(files)
[INFO] [stdout] Characters("\n    ")
[INFO] [stdout] EndElement(module)
[INFO] [stdout] Characters("\n")
[INFO] [stdout] EndElement(project)
[INFO] [stdout] EndDocument
[INFO] [stdout] 
[INFO] [stdout] 
[INFO] [stdout] stack backtrace:
[INFO] [stdout]    0:     0x5c2518bcf9b1 - std[617be2ca0a6fd877]::backtrace_rs::backtrace::libunwind::trace
[INFO] [stdout]                                at /rustc/e3feeb59cd1bdd011a2bfcc0747b55125d9b8527/library/std/src/../../backtrace/src/backtrace/libunwind.rs:117:9
[INFO] [stdout]    1:     0x5c2518bcf9b1 - std[617be2ca0a6fd877]::backtrace_rs::backtrace::trace_unsynchronized::<std[617be2ca0a6fd877]::sys::backtrace::_print_fmt::{closure#1}>
[INFO] [stdout]                                at /rustc/e3feeb59cd1bdd011a2bfcc0747b55125d9b8527/library/std/src/../../backtrace/src/backtrace/mod.rs:66:14
[INFO] [stdout]    2:     0x5c2518bcf9b1 - std[617be2ca0a6fd877]::sys::backtrace::_print_fmt
[INFO] [stdout]                                at /rustc/e3feeb59cd1bdd011a2bfcc0747b55125d9b8527/library/std/src/sys/backtrace.rs:74:9
[INFO] [stdout]    3:     0x5c2518bcf9b1 - <<std[617be2ca0a6fd877]::sys::backtrace::BacktraceLock>::print::DisplayBacktrace as core[a373ad73a504971]::fmt::Display>::fmt
[INFO] [stdout]                                at /rustc/e3feeb59cd1bdd011a2bfcc0747b55125d9b8527/library/std/src/sys/backtrace.rs:44:26
[INFO] [stdout]    4:     0x5c2518be4bba - <core[a373ad73a504971]::fmt::rt::Argument>::fmt
[INFO] [stdout]                                at /rustc/e3feeb59cd1bdd011a2bfcc0747b55125d9b8527/library/core/src/fmt/rt.rs:152:76
[INFO] [stdout]    5:     0x5c2518be4bba - core[a373ad73a504971]::fmt::write
[INFO] [stdout]    6:     0x5c2518bd3eec - core[a373ad73a504971]::io::write::default_write_fmt::<alloc[2e1b2a31b91974c5]::vec::Vec<u8>>
[INFO] [stdout]                                at /rustc/e3feeb59cd1bdd011a2bfcc0747b55125d9b8527/library/core/src/io/write.rs:402:11
[INFO] [stdout]    7:     0x5c2518bd3eec - <alloc[2e1b2a31b91974c5]::vec::Vec<u8> as core[a373ad73a504971]::io::write::Write>::write_fmt
[INFO] [stdout]                                at /rustc/e3feeb59cd1bdd011a2bfcc0747b55125d9b8527/library/core/src/io/write.rs:335:13
[INFO] [stdout]    8:     0x5c2518babc76 - <std[617be2ca0a6fd877]::sys::backtrace::BacktraceLock>::print
[INFO] [stdout]                                at /rustc/e3feeb59cd1bdd011a2bfcc0747b55125d9b8527/library/std/src/sys/backtrace.rs:47:9
[INFO] [stdout]    9:     0x5c2518babc76 - std[617be2ca0a6fd877]::panicking::default_hook::{closure#0}
[INFO] [stdout]                                at /rustc/e3feeb59cd1bdd011a2bfcc0747b55125d9b8527/library/std/src/panicking.rs:289:27
[INFO] [stdout]   10:     0x5c2518bc7eb9 - std[617be2ca0a6fd877]::panicking::default_hook
[INFO] [stdout]                                at /rustc/e3feeb59cd1bdd011a2bfcc0747b55125d9b8527/library/std/src/panicking.rs:313:9
[INFO] [stdout]   11:     0x5c2518b61130 - <alloc[2e1b2a31b91974c5]::boxed::Box<dyn for<'a, 'b> core[a373ad73a504971]::ops::function::Fn<(&'a std[617be2ca0a6fd877]::panic::PanicHookInfo<'b>,), Output = ()> + core[a373ad73a504971]::marker::Sync + core[a373ad73a504971]::marker::Send> as core[a373ad73a504971]::ops::function::Fn<(&std[617be2ca0a6fd877]::panic::PanicHookInfo,)>>::call
[INFO] [stdout]                                at /rustc/e3feeb59cd1bdd011a2bfcc0747b55125d9b8527/library/alloc/src/boxed.rs:2328:9
[INFO] [stdout]   12:     0x5c2518b61130 - test[aada8e7e76ba119b]::test_main_inner::{closure#0}
[INFO] [stdout]                                at /rustc/e3feeb59cd1bdd011a2bfcc0747b55125d9b8527/library/test/src/lib.rs:137:21
[INFO] [stdout]   13:     0x5c2518bc8072 - <alloc[2e1b2a31b91974c5]::boxed::Box<dyn for<'a, 'b> core[a373ad73a504971]::ops::function::Fn<(&'a std[617be2ca0a6fd877]::panic::PanicHookInfo<'b>,), Output = ()> + core[a373ad73a504971]::marker::Sync + core[a373ad73a504971]::marker::Send> as core[a373ad73a504971]::ops::function::Fn<(&std[617be2ca0a6fd877]::panic::PanicHookInfo,)>>::call
[INFO] [stdout]                                at /rustc/e3feeb59cd1bdd011a2bfcc0747b55125d9b8527/library/alloc/src/boxed.rs:2328:9
[INFO] [stdout]   14:     0x5c2518bc8072 - std[617be2ca0a6fd877]::panicking::panic_with_hook
[INFO] [stdout]                                at /rustc/e3feeb59cd1bdd011a2bfcc0747b55125d9b8527/library/std/src/panicking.rs:819:13
[INFO] [stdout]   15:     0x5c2518babd22 - std[617be2ca0a6fd877]::panicking::panic_handler::{closure#0}
[INFO] [stdout]                                at /rustc/e3feeb59cd1bdd011a2bfcc0747b55125d9b8527/library/std/src/panicking.rs:685:13
[INFO] [stdout]   16:     0x5c2518ba4a09 - std[617be2ca0a6fd877]::sys::backtrace::__rust_end_short_backtrace::<std[617be2ca0a6fd877]::panicking::panic_handler::{closure#0}, !>
[INFO] [stdout]                                at /rustc/e3feeb59cd1bdd011a2bfcc0747b55125d9b8527/library/std/src/sys/backtrace.rs:182:18
[INFO] [stdout]   17:     0x5c2518bac92d - __rustc[ea4f61d10b84890b]::rust_begin_unwind
[INFO] [stdout]                                at /rustc/e3feeb59cd1bdd011a2bfcc0747b55125d9b8527/library/std/src/panicking.rs:676:5
[INFO] [stdout]   18:     0x5c2518be53ac - core[a373ad73a504971]::panicking::panic_fmt
[INFO] [stdout]                                at /rustc/e3feeb59cd1bdd011a2bfcc0747b55125d9b8527/library/core/src/panicking.rs:80:14
[INFO] [stdout]   19:     0x5c2518b2f2e0 - elementtree[c43b1ff6d8f35ef4]::xml::tests::event_reader::test
[INFO] [stdout]                                at /opt/rustwide/workdir/src/xml/tests/event_reader.rs:435:17
[INFO] [stdout]   20:     0x5c2518b2f6a3 - elementtree[c43b1ff6d8f35ef4]::xml::tests::event_reader::sample_1_short
[INFO] [stdout]                                at /opt/rustwide/workdir/src/xml/tests/event_reader.rs:31:5
[INFO] [stdout]   21:     0x5c2518b2b9e7 - elementtree[c43b1ff6d8f35ef4]::xml::tests::event_reader::sample_1_short::{closure#0}
[INFO] [stdout]                                at /opt/rustwide/workdir/src/xml/tests/event_reader.rs:30:20
[INFO] [stdout]   22:     0x5c2518b28b06 - <elementtree[c43b1ff6d8f35ef4]::xml::tests::event_reader::sample_1_short::{closure#0} as core[a373ad73a504971]::ops::function::FnOnce<()>>::call_once
[INFO] [stdout]                                at /rustc/e3feeb59cd1bdd011a2bfcc0747b55125d9b8527/library/core/src/ops/function.rs:250:5
[INFO] [stdout]   23:     0x5c2518b5457b - <fn() -> core[a373ad73a504971]::result::Result<(), alloc[2e1b2a31b91974c5]::string::String> as core[a373ad73a504971]::ops::function::FnOnce<()>>::call_once
[INFO] [stdout]                                at /rustc/e3feeb59cd1bdd011a2bfcc0747b55125d9b8527/library/core/src/ops/function.rs:250:5
[INFO] [stdout]   24:     0x5c2518b5457b - test[aada8e7e76ba119b]::__rust_begin_short_backtrace::<core[a373ad73a504971]::result::Result<(), alloc[2e1b2a31b91974c5]::string::String>, fn() -> core[a373ad73a504971]::result::Result<(), alloc[2e1b2a31b91974c5]::string::String>>
[INFO] [stdout]                                at /rustc/e3feeb59cd1bdd011a2bfcc0747b55125d9b8527/library/test/src/lib.rs:701:18
[INFO] [stdout]   25:     0x5c2518b61755 - test[aada8e7e76ba119b]::run_test_in_process::{closure#0}
[INFO] [stdout]                                at /rustc/e3feeb59cd1bdd011a2bfcc0747b55125d9b8527/library/test/src/lib.rs:724:74
[INFO] [stdout]   26:     0x5c2518b61755 - <core[a373ad73a504971]::panic::unwind_safe::AssertUnwindSafe<test[aada8e7e76ba119b]::run_test_in_process::{closure#0}> as core[a373ad73a504971]::ops::function::FnOnce<()>>::call_once
[INFO] [stdout]                                at /rustc/e3feeb59cd1bdd011a2bfcc0747b55125d9b8527/library/core/src/panic/unwind_safe.rs:275:9
[INFO] [stdout]   27:     0x5c2518b61755 - std[617be2ca0a6fd877]::panicking::catch_unwind::do_call::<core[a373ad73a504971]::panic::unwind_safe::AssertUnwindSafe<test[aada8e7e76ba119b]::run_test_in_process::{closure#0}>, core[a373ad73a504971]::result::Result<(), alloc[2e1b2a31b91974c5]::string::String>>
[INFO] [stdout]                                at /rustc/e3feeb59cd1bdd011a2bfcc0747b55125d9b8527/library/std/src/panicking.rs:573:43
[INFO] [stdout]   28:     0x5c2518b61755 - std[617be2ca0a6fd877]::panicking::catch_unwind::<core[a373ad73a504971]::result::Result<(), alloc[2e1b2a31b91974c5]::string::String>, core[a373ad73a504971]::panic::unwind_safe::AssertUnwindSafe<test[aada8e7e76ba119b]::run_test_in_process::{closure#0}>>
[INFO] [stdout]                                at /rustc/e3feeb59cd1bdd011a2bfcc0747b55125d9b8527/library/std/src/panicking.rs:541:19
[INFO] [stdout]   29:     0x5c2518b61755 - std[617be2ca0a6fd877]::panic::catch_unwind::<core[a373ad73a504971]::panic::unwind_safe::AssertUnwindSafe<test[aada8e7e76ba119b]::run_test_in_process::{closure#0}>, core[a373ad73a504971]::result::Result<(), alloc[2e1b2a31b91974c5]::string::String>>
[INFO] [stdout]                                at /rustc/e3feeb59cd1bdd011a2bfcc0747b55125d9b8527/library/std/src/panic.rs:359:14
[INFO] [stdout]   30:     0x5c2518b61755 - test[aada8e7e76ba119b]::run_test_in_process
[INFO] [stdout]                                at /rustc/e3feeb59cd1bdd011a2bfcc0747b55125d9b8527/library/test/src/lib.rs:724:27
[INFO] [stdout]   31:     0x5c2518b61755 - test[aada8e7e76ba119b]::run_test::{closure#0}
[INFO] [stdout]                                at /rustc/e3feeb59cd1bdd011a2bfcc0747b55125d9b8527/library/test/src/lib.rs:645:43
[INFO] [stdout]   32:     0x5c2518b5b044 - test[aada8e7e76ba119b]::run_test::{closure#1}
[INFO] [stdout]                                at /rustc/e3feeb59cd1bdd011a2bfcc0747b55125d9b8527/library/test/src/lib.rs:675:41
[INFO] [stdout]   33:     0x5c2518b5b044 - std[617be2ca0a6fd877]::sys::backtrace::__rust_begin_short_backtrace::<test[aada8e7e76ba119b]::run_test::{closure#1}, ()>
[INFO] [stdout]                                at /rustc/e3feeb59cd1bdd011a2bfcc0747b55125d9b8527/library/std/src/sys/backtrace.rs:166:18
[INFO] [stdout]   34:     0x5c2518b647e2 - std[617be2ca0a6fd877]::thread::lifecycle::spawn_unchecked::<test[aada8e7e76ba119b]::run_test::{closure#1}, ()>::{closure#1}::{closure#0}
[INFO] [stdout]                                at /rustc/e3feeb59cd1bdd011a2bfcc0747b55125d9b8527/library/std/src/thread/lifecycle.rs:70:13
[INFO] [stdout]   35:     0x5c2518b647e2 - <core[a373ad73a504971]::panic::unwind_safe::AssertUnwindSafe<std[617be2ca0a6fd877]::thread::lifecycle::spawn_unchecked<test[aada8e7e76ba119b]::run_test::{closure#1}, ()>::{closure#1}::{closure#0}> as core[a373ad73a504971]::ops::function::FnOnce<()>>::call_once
[INFO] [stdout]                                at /rustc/e3feeb59cd1bdd011a2bfcc0747b55125d9b8527/library/core/src/panic/unwind_safe.rs:275:9
[INFO] [stdout]   36:     0x5c2518b647e2 - std[617be2ca0a6fd877]::panicking::catch_unwind::do_call::<core[a373ad73a504971]::panic::unwind_safe::AssertUnwindSafe<std[617be2ca0a6fd877]::thread::lifecycle::spawn_unchecked<test[aada8e7e76ba119b]::run_test::{closure#1}, ()>::{closure#1}::{closure#0}>, ()>
[INFO] [stdout]                                at /rustc/e3feeb59cd1bdd011a2bfcc0747b55125d9b8527/library/std/src/panicking.rs:573:43
[INFO] [stdout]   37:     0x5c2518b647e2 - std[617be2ca0a6fd877]::panicking::catch_unwind::<(), core[a373ad73a504971]::panic::unwind_safe::AssertUnwindSafe<std[617be2ca0a6fd877]::thread::lifecycle::spawn_unchecked<test[aada8e7e76ba119b]::run_test::{closure#1}, ()>::{closure#1}::{closure#0}>>
[INFO] [stdout]                                at /rustc/e3feeb59cd1bdd011a2bfcc0747b55125d9b8527/library/std/src/panicking.rs:541:19
[INFO] [stdout]   38:     0x5c2518b647e2 - std[617be2ca0a6fd877]::panic::catch_unwind::<core[a373ad73a504971]::panic::unwind_safe::AssertUnwindSafe<std[617be2ca0a6fd877]::thread::lifecycle::spawn_unchecked<test[aada8e7e76ba119b]::run_test::{closure#1}, ()>::{closure#1}::{closure#0}>, ()>
[INFO] [stdout]                                at /rustc/e3feeb59cd1bdd011a2bfcc0747b55125d9b8527/library/std/src/panic.rs:359:14
[INFO] [stdout]   39:     0x5c2518b647e2 - std[617be2ca0a6fd877]::thread::lifecycle::spawn_unchecked::<test[aada8e7e76ba119b]::run_test::{closure#1}, ()>::{closure#1}
[INFO] [stdout]                                at /rustc/e3feeb59cd1bdd011a2bfcc0747b55125d9b8527/library/std/src/thread/lifecycle.rs:68:26
[INFO] [stdout]   40:     0x5c2518b647e2 - <std[617be2ca0a6fd877]::thread::lifecycle::spawn_unchecked<test[aada8e7e76ba119b]::run_test::{closure#1}, ()>::{closure#1} as core[a373ad73a504971]::ops::function::FnOnce<()>>::call_once::{shim:vtable#0}
[INFO] [stdout]                                at /rustc/e3feeb59cd1bdd011a2bfcc0747b55125d9b8527/library/core/src/ops/function.rs:250:5
[INFO] [stdout]   41:     0x5c2518bcf1df - <alloc[2e1b2a31b91974c5]::boxed::Box<dyn core[a373ad73a504971]::ops::function::FnOnce<(), Output = ()> + core[a373ad73a504971]::marker::Send> as core[a373ad73a504971]::ops::function::FnOnce<()>>::call_once
[INFO] [stdout]                                at /rustc/e3feeb59cd1bdd011a2bfcc0747b55125d9b8527/library/alloc/src/boxed.rs:2314:9
[INFO] [stdout]   42:     0x5c2518bcf1df - <std[617be2ca0a6fd877]::sys::thread::unix::Thread>::new::thread_start
[INFO] [stdout]                                at /rustc/e3feeb59cd1bdd011a2bfcc0747b55125d9b8527/library/std/src/sys/thread/unix.rs:127:17
[INFO] [stdout]   43:     0x735f62a85dfa - <unknown>
[INFO] [stdout]   44:     0x735f62b193d4 - clone
[INFO] [stdout]   45:                0x0 - <unknown>
[INFO] [stdout] 
[INFO] [stdout] ---- xml::tests::event_reader::sample_1_full stdout ----
[INFO] [stdout] 
[INFO] [stdout] thread 'xml::tests::event_reader::sample_1_full' (365) panicked at src/xml/tests/event_reader.rs:435:17:
[INFO] [stdout] 
[INFO] [stdout] -------------------
[INFO] [stdout] Unexpected event at line 50:
[INFO] [stdout] Expected: Characters("\n                Cascading style sheet: © - ҉\n            ")
[INFO] [stdout] Found:    Characters("\n                Cascading style sheet: © - \u{489}\n            ")
[INFO] [stdout] StartDocument(1.0, utf-8)
[INFO] [stdout] StartElement(project [name="project-name"])
[INFO] [stdout] Characters("\n    ")
[INFO] [stdout] StartElement(libraries)
[INFO] [stdout] Characters("\n        ")
[INFO] [stdout] StartElement(library [groupId="org.example", artifactId="<name>", version="0.1"])
[INFO] [stdout] EndElement(library)
[INFO] [stdout] Characters("\n        ")
[INFO] [stdout] StartElement(library [groupId="com.example", artifactId="\"cool-lib&", version="999"])
[INFO] [stdout] EndElement(library)
[INFO] [stdout] Characters("\n    ")
[INFO] [stdout] EndElement(libraries)
[INFO] [stdout] Characters("\n    ")
[INFO] [stdout] StartElement(module [name="module-1"])
[INFO] [stdout] Characters("\n        ")
[INFO] [stdout] StartElement(files)
[INFO] [stdout] Characters("\n            ")
[INFO] [stdout] StartElement(file [name="somefile.java", type="java"])
[INFO] [stdout] Characters("\n                Some <java> class\n            ")
[INFO] [stdout] EndElement(file)
[INFO] [stdout] Characters("\n            ")
[INFO] [stdout] StartElement(file [name="another_file.java", type="java"])
[INFO] [stdout] Characters("\n                Another \"java\" class\n            ")
[INFO] [stdout] EndElement(file)
[INFO] [stdout] Characters("\n            ")
[INFO] [stdout] StartElement(file [name="config.xml", type="xml"])
[INFO] [stdout] Characters("\n                Weird \'XML\' config\n            ")
[INFO] [stdout] EndElement(file)
[INFO] [stdout] Characters("\n        ")
[INFO] [stdout] EndElement(files)
[INFO] [stdout] Characters("\n        ")
[INFO] [stdout] StartElement(libraries)
[INFO] [stdout] Characters("\n            ")
[INFO] [stdout] StartElement(library [groupId="junit", artifactId="junit", version="1.9.5"])
[INFO] [stdout] EndElement(library)
[INFO] [stdout] Characters("\n        ")
[INFO] [stdout] EndElement(libraries)
[INFO] [stdout] Characters("\n    ")
[INFO] [stdout] EndElement(module)
[INFO] [stdout] Characters("\n    ")
[INFO] [stdout] StartElement(module [name="module-2"])
[INFO] [stdout] Characters("\n        ")
[INFO] [stdout] StartElement(files)
[INFO] [stdout] Characters("\n            ")
[INFO] [stdout] StartElement(file [name="program.js", type="javascript"])
[INFO] [stdout] Characters("\n                JavaScript & program\n            ")
[INFO] [stdout] EndElement(file)
[INFO] [stdout] Characters("\n            ")
[INFO] [stdout] StartElement(file [name="style.css", type="css"])
[INFO] [stdout] Characters("\n                Cascading style sheet: © - ҉\n            ")
[INFO] [stdout] EndElement(file)
[INFO] [stdout] Characters("\n        ")
[INFO] [stdout] EndElement(files)
[INFO] [stdout] Characters("\n    ")
[INFO] [stdout] EndElement(module)
[INFO] [stdout] Characters("\n")
[INFO] [stdout] EndElement(project)
[INFO] [stdout] EndDocument
[INFO] [stdout] 
[INFO] [stdout] 
[INFO] [stdout] stack backtrace:
[INFO] [stdout]    0:     0x5c2518bcf9b1 - std[617be2ca0a6fd877]::backtrace_rs::backtrace::libunwind::trace
[INFO] [stdout]                                at /rustc/e3feeb59cd1bdd011a2bfcc0747b55125d9b8527/library/std/src/../../backtrace/src/backtrace/libunwind.rs:117:9
[INFO] [stdout]    1:     0x5c2518bcf9b1 - std[617be2ca0a6fd877]::backtrace_rs::backtrace::trace_unsynchronized::<std[617be2ca0a6fd877]::sys::backtrace::_print_fmt::{closure#1}>
[INFO] [stdout]                                at /rustc/e3feeb59cd1bdd011a2bfcc0747b55125d9b8527/library/std/src/../../backtrace/src/backtrace/mod.rs:66:14
[INFO] [stdout]    2:     0x5c2518bcf9b1 - std[617be2ca0a6fd877]::sys::backtrace::_print_fmt
[INFO] [stdout]                                at /rustc/e3feeb59cd1bdd011a2bfcc0747b55125d9b8527/library/std/src/sys/backtrace.rs:74:9
[INFO] [stdout]    3:     0x5c2518bcf9b1 - <<std[617be2ca0a6fd877]::sys::backtrace::BacktraceLock>::print::DisplayBacktrace as core[a373ad73a504971]::fmt::Display>::fmt
[INFO] [stdout]                                at /rustc/e3feeb59cd1bdd011a2bfcc0747b55125d9b8527/library/std/src/sys/backtrace.rs:44:26
[INFO] [stdout]    4:     0x5c2518be4bba - <core[a373ad73a504971]::fmt::rt::Argument>::fmt
[INFO] [stdout]                                at /rustc/e3feeb59cd1bdd011a2bfcc0747b55125d9b8527/library/core/src/fmt/rt.rs:152:76
[INFO] [stdout]    5:     0x5c2518be4bba - core[a373ad73a504971]::fmt::write
[INFO] [stdout]    6:     0x5c2518bd3eec - core[a373ad73a504971]::io::write::default_write_fmt::<alloc[2e1b2a31b91974c5]::vec::Vec<u8>>
[INFO] [stdout]                                at /rustc/e3feeb59cd1bdd011a2bfcc0747b55125d9b8527/library/core/src/io/write.rs:402:11
[INFO] [stdout]    7:     0x5c2518bd3eec - <alloc[2e1b2a31b91974c5]::vec::Vec<u8> as core[a373ad73a504971]::io::write::Write>::write_fmt
[INFO] [stdout]                                at /rustc/e3feeb59cd1bdd011a2bfcc0747b55125d9b8527/library/core/src/io/write.rs:335:13
[INFO] [stdout]    8:     0x5c2518babc76 - <std[617be2ca0a6fd877]::sys::backtrace::BacktraceLock>::print
[INFO] [stdout]                                at /rustc/e3feeb59cd1bdd011a2bfcc0747b55125d9b8527/library/std/src/sys/backtrace.rs:47:9
[INFO] [stdout]    9:     0x5c2518babc76 - std[617be2ca0a6fd877]::panicking::default_hook::{closure#0}
[INFO] [stdout]                                at /rustc/e3feeb59cd1bdd011a2bfcc0747b55125d9b8527/library/std/src/panicking.rs:289:27
[INFO] [stdout]   10:     0x5c2518bc7eb9 - std[617be2ca0a6fd877]::panicking::default_hook
[INFO] [stdout]                                at /rustc/e3feeb59cd1bdd011a2bfcc0747b55125d9b8527/library/std/src/panicking.rs:313:9
[INFO] [stdout]   11:     0x5c2518b61130 - <alloc[2e1b2a31b91974c5]::boxed::Box<dyn for<'a, 'b> core[a373ad73a504971]::ops::function::Fn<(&'a std[617be2ca0a6fd877]::panic::PanicHookInfo<'b>,), Output = ()> + core[a373ad73a504971]::marker::Sync + core[a373ad73a504971]::marker::Send> as core[a373ad73a504971]::ops::function::Fn<(&std[617be2ca0a6fd877]::panic::PanicHookInfo,)>>::call
[INFO] [stdout]                                at /rustc/e3feeb59cd1bdd011a2bfcc0747b55125d9b8527/library/alloc/src/boxed.rs:2328:9
[INFO] [stdout]   12:     0x5c2518b61130 - test[aada8e7e76ba119b]::test_main_inner::{closure#0}
[INFO] [stdout]                                at /rustc/e3feeb59cd1bdd011a2bfcc0747b55125d9b8527/library/test/src/lib.rs:137:21
[INFO] [stdout]   13:     0x5c2518bc8072 - <alloc[2e1b2a31b91974c5]::boxed::Box<dyn for<'a, 'b> core[a373ad73a504971]::ops::function::Fn<(&'a std[617be2ca0a6fd877]::panic::PanicHookInfo<'b>,), Output = ()> + core[a373ad73a504971]::marker::Sync + core[a373ad73a504971]::marker::Send> as core[a373ad73a504971]::ops::function::Fn<(&std[617be2ca0a6fd877]::panic::PanicHookInfo,)>>::call
[INFO] [stdout]                                at /rustc/e3feeb59cd1bdd011a2bfcc0747b55125d9b8527/library/alloc/src/boxed.rs:2328:9
[INFO] [stdout]   14:     0x5c2518bc8072 - std[617be2ca0a6fd877]::panicking::panic_with_hook
[INFO] [stdout]                                at /rustc/e3feeb59cd1bdd011a2bfcc0747b55125d9b8527/library/std/src/panicking.rs:819:13
[INFO] [stdout]   15:     0x5c2518babd22 - std[617be2ca0a6fd877]::panicking::panic_handler::{closure#0}
[INFO] [stdout]                                at /rustc/e3feeb59cd1bdd011a2bfcc0747b55125d9b8527/library/std/src/panicking.rs:685:13
[INFO] [stdout]   16:     0x5c2518ba4a09 - std[617be2ca0a6fd877]::sys::backtrace::__rust_end_short_backtrace::<std[617be2ca0a6fd877]::panicking::panic_handler::{closure#0}, !>
[INFO] [stdout]                                at /rustc/e3feeb59cd1bdd011a2bfcc0747b55125d9b8527/library/std/src/sys/backtrace.rs:182:18
[INFO] [stdout]   17:     0x5c2518bac92d - __rustc[ea4f61d10b84890b]::rust_begin_unwind
[INFO] [stdout]                                at /rustc/e3feeb59cd1bdd011a2bfcc0747b55125d9b8527/library/std/src/panicking.rs:676:5
[INFO] [stdout]   18:     0x5c2518be53ac - core[a373ad73a504971]::panicking::panic_fmt
[INFO] [stdout]                                at /rustc/e3feeb59cd1bdd011a2bfcc0747b55125d9b8527/library/core/src/panicking.rs:80:14
[INFO] [stdout]   19:     0x5c2518b2f2e0 - elementtree[c43b1ff6d8f35ef4]::xml::tests::event_reader::test
[INFO] [stdout]                                at /opt/rustwide/workdir/src/xml/tests/event_reader.rs:435:17
[INFO] [stdout]   20:     0x5c2518b2f563 - elementtree[c43b1ff6d8f35ef4]::xml::tests::event_reader::sample_1_full
[INFO] [stdout]                                at /opt/rustwide/workdir/src/xml/tests/event_reader.rs:41:5
[INFO] [stdout]   21:     0x5c2518b2b8f7 - elementtree[c43b1ff6d8f35ef4]::xml::tests::event_reader::sample_1_full::{closure#0}
[INFO] [stdout]                                at /opt/rustwide/workdir/src/xml/tests/event_reader.rs:40:19
[INFO] [stdout]   22:     0x5c2518b28a66 - <elementtree[c43b1ff6d8f35ef4]::xml::tests::event_reader::sample_1_full::{closure#0} as core[a373ad73a504971]::ops::function::FnOnce<()>>::call_once
[INFO] [stdout]                                at /rustc/e3feeb59cd1bdd011a2bfcc0747b55125d9b8527/library/core/src/ops/function.rs:250:5
[INFO] [stdout]   23:     0x5c2518b5457b - <fn() -> core[a373ad73a504971]::result::Result<(), alloc[2e1b2a31b91974c5]::string::String> as core[a373ad73a504971]::ops::function::FnOnce<()>>::call_once
[INFO] [stdout]                                at /rustc/e3feeb59cd1bdd011a2bfcc0747b55125d9b8527/library/core/src/ops/function.rs:250:5
[INFO] [stdout]   24:     0x5c2518b5457b - test[aada8e7e76ba119b]::__rust_begin_short_backtrace::<core[a373ad73a504971]::result::Result<(), alloc[2e1b2a31b91974c5]::string::String>, fn() -> core[a373ad73a504971]::result::Result<(), alloc[2e1b2a31b91974c5]::string::String>>
[INFO] [stdout]                                at /rustc/e3feeb59cd1bdd011a2bfcc0747b55125d9b8527/library/test/src/lib.rs:701:18
[INFO] [stdout]   25:     0x5c2518b61755 - test[aada8e7e76ba119b]::run_test_in_process::{closure#0}
[INFO] [stdout]                                at /rustc/e3feeb59cd1bdd011a2bfcc0747b55125d9b8527/library/test/src/lib.rs:724:74
[INFO] [stdout]   26:     0x5c2518b61755 - <core[a373ad73a504971]::panic::unwind_safe::AssertUnwindSafe<test[aada8e7e76ba119b]::run_test_in_process::{closure#0}> as core[a373ad73a504971]::ops::function::FnOnce<()>>::call_once
[INFO] [stdout]                                at /rustc/e3feeb59cd1bdd011a2bfcc0747b55125d9b8527/library/core/src/panic/unwind_safe.rs:275:9
[INFO] [stdout]   27:     0x5c2518b61755 - std[617be2ca0a6fd877]::panicking::catch_unwind::do_call::<core[a373ad73a504971]::panic::unwind_safe::AssertUnwindSafe<test[aada8e7e76ba119b]::run_test_in_process::{closure#0}>, core[a373ad73a504971]::result::Result<(), alloc[2e1b2a31b91974c5]::string::String>>
[INFO] [stdout]                                at /rustc/e3feeb59cd1bdd011a2bfcc0747b55125d9b8527/library/std/src/panicking.rs:573:43
[INFO] [stdout]   28:     0x5c2518b61755 - std[617be2ca0a6fd877]::panicking::catch_unwind::<core[a373ad73a504971]::result::Result<(), alloc[2e1b2a31b91974c5]::string::String>, core[a373ad73a504971]::panic::unwind_safe::AssertUnwindSafe<test[aada8e7e76ba119b]::run_test_in_process::{closure#0}>>
[INFO] [stdout]                                at /rustc/e3feeb59cd1bdd011a2bfcc0747b55125d9b8527/library/std/src/panicking.rs:541:19
[INFO] [stdout]   29:     0x5c2518b61755 - std[617be2ca0a6fd877]::panic::catch_unwind::<core[a373ad73a504971]::panic::unwind_safe::AssertUnwindSafe<test[aada8e7e76ba119b]::run_test_in_process::{closure#0}>, core[a373ad73a504971]::result::Result<(), alloc[2e1b2a31b91974c5]::string::String>>
[INFO] [stdout]                                at /rustc/e3feeb59cd1bdd011a2bfcc0747b55125d9b8527/library/std/src/panic.rs:359:14
[INFO] [stdout]   30:     0x5c2518b61755 - test[aada8e7e76ba119b]::run_test_in_process
[INFO] [stdout]                                at /rustc/e3feeb59cd1bdd011a2bfcc0747b55125d9b8527/library/test/src/lib.rs:724:27
[INFO] [stdout]   31:     0x5c2518b61755 - test[aada8e7e76ba119b]::run_test::{closure#0}
[INFO] [stdout]                                at /rustc/e3feeb59cd1bdd011a2bfcc0747b55125d9b8527/library/test/src/lib.rs:645:43
[INFO] [stdout]   32:     0x5c2518b5b044 - test[aada8e7e76ba119b]::run_test::{closure#1}
[INFO] [stdout]                                at /rustc/e3feeb59cd1bdd011a2bfcc0747b55125d9b8527/library/test/src/lib.rs:675:41
[INFO] [stdout]   33:     0x5c2518b5b044 - std[617be2ca0a6fd877]::sys::backtrace::__rust_begin_short_backtrace::<test[aada8e7e76ba119b]::run_test::{closure#1}, ()>
[INFO] [stdout]                                at /rustc/e3feeb59cd1bdd011a2bfcc0747b55125d9b8527/library/std/src/sys/backtrace.rs:166:18
[INFO] [stdout]   34:     0x5c2518b647e2 - std[617be2ca0a6fd877]::thread::lifecycle::spawn_unchecked::<test[aada8e7e76ba119b]::run_test::{closure#1}, ()>::{closure#1}::{closure#0}
[INFO] [stdout]                                at /rustc/e3feeb59cd1bdd011a2bfcc0747b55125d9b8527/library/std/src/thread/lifecycle.rs:70:13
[INFO] [stdout]   35:     0x5c2518b647e2 - <core[a373ad73a504971]::panic::unwind_safe::AssertUnwindSafe<std[617be2ca0a6fd877]::thread::lifecycle::spawn_unchecked<test[aada8e7e76ba119b]::run_test::{closure#1}, ()>::{closure#1}::{closure#0}> as core[a373ad73a504971]::ops::function::FnOnce<()>>::call_once
[INFO] [stdout]                                at /rustc/e3feeb59cd1bdd011a2bfcc0747b55125d9b8527/library/core/src/panic/unwind_safe.rs:275:9
[INFO] [stdout]   36:     0x5c2518b647e2 - std[617be2ca0a6fd877]::panicking::catch_unwind::do_call::<core[a373ad73a504971]::panic::unwind_safe::AssertUnwindSafe<std[617be2ca0a6fd877]::thread::lifecycle::spawn_unchecked<test[aada8e7e76ba119b]::run_test::{closure#1}, ()>::{closure#1}::{closure#0}>, ()>
[INFO] [stdout]                                at /rustc/e3feeb59cd1bdd011a2bfcc0747b55125d9b8527/library/std/src/panicking.rs:573:43
[INFO] [stdout]   37:     0x5c2518b647e2 - std[617be2ca0a6fd877]::panicking::catch_unwind::<(), core[a373ad73a504971]::panic::unwind_safe::AssertUnwindSafe<std[617be2ca0a6fd877]::thread::lifecycle::spawn_unchecked<test[aada8e7e76ba119b]::run_test::{closure#1}, ()>::{closure#1}::{closure#0}>>
[INFO] [stdout]                                at /rustc/e3feeb59cd1bdd011a2bfcc0747b55125d9b8527/library/std/src/panicking.rs:541:19
[INFO] [stdout]   38:     0x5c2518b647e2 - std[617be2ca0a6fd877]::panic::catch_unwind::<core[a373ad73a504971]::panic::unwind_safe::AssertUnwindSafe<std[617be2ca0a6fd877]::thread::lifecycle::spawn_unchecked<test[aada8e7e76ba119b]::run_test::{closure#1}, ()>::{closure#1}::{closure#0}>, ()>
[INFO] [stdout]                                at /rustc/e3feeb59cd1bdd011a2bfcc0747b55125d9b8527/library/std/src/panic.rs:359:14
[INFO] [stdout]   39:     0x5c2518b647e2 - std[617be2ca0a6fd877]::thread::lifecycle::spawn_unchecked::<test[aada8e7e76ba119b]::run_test::{closure#1}, ()>::{closure#1}
[INFO] [stdout]                                at /rustc/e3feeb59cd1bdd011a2bfcc0747b55125d9b8527/library/std/src/thread/lifecycle.rs:68:26
[INFO] [stdout]   40:     0x5c2518b647e2 - <std[617be2ca0a6fd877]::thread::lifecycle::spawn_unchecked<test[aada8e7e76ba119b]::run_test::{closure#1}, ()>::{closure#1} as core[a373ad73a504971]::ops::function::FnOnce<()>>::call_once::{shim:vtable#0}
[INFO] [stdout]                                at /rustc/e3feeb59cd1bdd011a2bfcc0747b55125d9b8527/library/core/src/ops/function.rs:250:5
[INFO] [stdout]   41:     0x5c2518bcf1df - <alloc[2e1b2a31b91974c5]::boxed::Box<dyn core[a373ad73a504971]::ops::function::FnOnce<(), Output = ()> + core[a373ad73a504971]::marker::Send> as core[a373ad73a504971]::ops::function::FnOnce<()>>::call_once
[INFO] [stdout]                                at /rustc/e3feeb59cd1bdd011a2bfcc0747b55125d9b8527/library/alloc/src/boxed.rs:2314:9
[INFO] [stdout]   42:     0x5c2518bcf1df - <std[617be2ca0a6fd877]::sys::thread::unix::Thread>::new::thread_start
[INFO] [stdout]                                at /rustc/e3feeb59cd1bdd011a2bfcc0747b55125d9b8527/library/std/src/sys/thread/unix.rs:127:17
[INFO] [stdout]   43:     0x735f62a85dfa - <unknown>
[INFO] [stdout]   44:     0x735f62b193d4 - clone
[INFO] [stdout]   45:                0x0 - <unknown>
[INFO] [stdout] 
[INFO] [stdout] ---- xml::tests::event_reader::sample_5_short stdout ----
[INFO] [stdout] 
[INFO] [stdout] thread 'xml::tests::event_reader::sample_5_short' (373) panicked at src/xml/tests/event_reader.rs:435:17:
[INFO] [stdout] 
[INFO] [stdout] -------------------
[INFO] [stdout] Unexpected event at line 5:
[INFO] [stdout] Expected: Characters("test ©≂̸")
[INFO] [stdout] Found:    Characters("test ©≂\u{338}")
[INFO] [stdout] StartDocument(1.0, utf-8)
[INFO] [stdout] StartElement(p)
[INFO] [stdout] Characters("\n    ")
[INFO] [stdout] StartElement(a)
[INFO] [stdout] Characters("test ©≂̸")
[INFO] [stdout] EndElement(a)
[INFO] [stdout] Characters("\n")
[INFO] [stdout] EndElement(p)
[INFO] [stdout] EndDocument
[INFO] [stdout] 
[INFO] [stdout] 
[INFO] [stdout] stack backtrace:
[INFO] [stdout]    0:     0x5c2518bcf9b1 - std[617be2ca0a6fd877]::backtrace_rs::backtrace::libunwind::trace
[INFO] [stdout]                                at /rustc/e3feeb59cd1bdd011a2bfcc0747b55125d9b8527/library/std/src/../../backtrace/src/backtrace/libunwind.rs:117:9
[INFO] [stdout]    1:     0x5c2518bcf9b1 - std[617be2ca0a6fd877]::backtrace_rs::backtrace::trace_unsynchronized::<std[617be2ca0a6fd877]::sys::backtrace::_print_fmt::{closure#1}>
[INFO] [stdout]                                at /rustc/e3feeb59cd1bdd011a2bfcc0747b55125d9b8527/library/std/src/../../backtrace/src/backtrace/mod.rs:66:14
[INFO] [stdout]    2:     0x5c2518bcf9b1 - std[617be2ca0a6fd877]::sys::backtrace::_print_fmt
[INFO] [stdout]                                at /rustc/e3feeb59cd1bdd011a2bfcc0747b55125d9b8527/library/std/src/sys/backtrace.rs:74:9
[INFO] [stdout]    3:     0x5c2518bcf9b1 - <<std[617be2ca0a6fd877]::sys::backtrace::BacktraceLock>::print::DisplayBacktrace as core[a373ad73a504971]::fmt::Display>::fmt
[INFO] [stdout]                                at /rustc/e3feeb59cd1bdd011a2bfcc0747b55125d9b8527/library/std/src/sys/backtrace.rs:44:26
[INFO] [stdout]    4:     0x5c2518be4bba - <core[a373ad73a504971]::fmt::rt::Argument>::fmt
[INFO] [stdout]                                at /rustc/e3feeb59cd1bdd011a2bfcc0747b55125d9b8527/library/core/src/fmt/rt.rs:152:76
[INFO] [stdout]    5:     0x5c2518be4bba - core[a373ad73a504971]::fmt::write
[INFO] [stdout]    6:     0x5c2518bd3eec - core[a373ad73a504971]::io::write::default_write_fmt::<alloc[2e1b2a31b91974c5]::vec::Vec<u8>>
[INFO] [stdout]                                at /rustc/e3feeb59cd1bdd011a2bfcc0747b55125d9b8527/library/core/src/io/write.rs:402:11
[INFO] [stdout]    7:     0x5c2518bd3eec - <alloc[2e1b2a31b91974c5]::vec::Vec<u8> as core[a373ad73a504971]::io::write::Write>::write_fmt
[INFO] [stdout]                                at /rustc/e3feeb59cd1bdd011a2bfcc0747b55125d9b8527/library/core/src/io/write.rs:335:13
[INFO] [stdout]    8:     0x5c2518babc76 - <std[617be2ca0a6fd877]::sys::backtrace::BacktraceLock>::print
[INFO] [stdout]                                at /rustc/e3feeb59cd1bdd011a2bfcc0747b55125d9b8527/library/std/src/sys/backtrace.rs:47:9
[INFO] [stdout]    9:     0x5c2518babc76 - std[617be2ca0a6fd877]::panicking::default_hook::{closure#0}
[INFO] [stdout]                                at /rustc/e3feeb59cd1bdd011a2bfcc0747b55125d9b8527/library/std/src/panicking.rs:289:27
[INFO] [stdout]   10:     0x5c2518bc7eb9 - std[617be2ca0a6fd877]::panicking::default_hook
[INFO] [stdout]                                at /rustc/e3feeb59cd1bdd011a2bfcc0747b55125d9b8527/library/std/src/panicking.rs:313:9
[INFO] [stdout]   11:     0x5c2518b61130 - <alloc[2e1b2a31b91974c5]::boxed::Box<dyn for<'a, 'b> core[a373ad73a504971]::ops::function::Fn<(&'a std[617be2ca0a6fd877]::panic::PanicHookInfo<'b>,), Output = ()> + core[a373ad73a504971]::marker::Sync + core[a373ad73a504971]::marker::Send> as core[a373ad73a504971]::ops::function::Fn<(&std[617be2ca0a6fd877]::panic::PanicHookInfo,)>>::call
[INFO] [stdout]                                at /rustc/e3feeb59cd1bdd011a2bfcc0747b55125d9b8527/library/alloc/src/boxed.rs:2328:9
[INFO] [stdout]   12:     0x5c2518b61130 - test[aada8e7e76ba119b]::test_main_inner::{closure#0}
[INFO] [stdout]                                at /rustc/e3feeb59cd1bdd011a2bfcc0747b55125d9b8527/library/test/src/lib.rs:137:21
[INFO] [stdout]   13:     0x5c2518bc8072 - <alloc[2e1b2a31b91974c5]::boxed::Box<dyn for<'a, 'b> core[a373ad73a504971]::ops::function::Fn<(&'a std[617be2ca0a6fd877]::panic::PanicHookInfo<'b>,), Output = ()> + core[a373ad73a504971]::marker::Sync + core[a373ad73a504971]::marker::Send> as core[a373ad73a504971]::ops::function::Fn<(&std[617be2ca0a6fd877]::panic::PanicHookInfo,)>>::call
[INFO] [stdout]                                at /rustc/e3feeb59cd1bdd011a2bfcc0747b55125d9b8527/library/alloc/src/boxed.rs:2328:9
[INFO] [stdout]   14:     0x5c2518bc8072 - std[617be2ca0a6fd877]::panicking::panic_with_hook
[INFO] [stdout]                                at /rustc/e3feeb59cd1bdd011a2bfcc0747b55125d9b8527/library/std/src/panicking.rs:819:13
[INFO] [stderr] error: test failed, to rerun pass `--lib`
[INFO] [stdout]   15:     0x5c2518babd22 - std[617be2ca0a6fd877]::panicking::panic_handler::{closure#0}
[INFO] [stdout]                                at /rustc/e3feeb59cd1bdd011a2bfcc0747b55125d9b8527/library/std/src/panicking.rs:685:13
[INFO] [stdout]   16:     0x5c2518ba4a09 - std[617be2ca0a6fd877]::sys::backtrace::__rust_end_short_backtrace::<std[617be2ca0a6fd877]::panicking::panic_handler::{closure#0}, !>
[INFO] [stdout]                                at /rustc/e3feeb59cd1bdd011a2bfcc0747b55125d9b8527/library/std/src/sys/backtrace.rs:182:18
[INFO] [stdout]   17:     0x5c2518bac92d - __rustc[ea4f61d10b84890b]::rust_begin_unwind
[INFO] [stdout]                                at /rustc/e3feeb59cd1bdd011a2bfcc0747b55125d9b8527/library/std/src/panicking.rs:676:5
[INFO] [stdout]   18:     0x5c2518be53ac - core[a373ad73a504971]::panicking::panic_fmt
[INFO] [stdout]                                at /rustc/e3feeb59cd1bdd011a2bfcc0747b55125d9b8527/library/core/src/panicking.rs:80:14
[INFO] [stdout]   19:     0x5c2518b2f2e0 - elementtree[c43b1ff6d8f35ef4]::xml::tests::event_reader::test
[INFO] [stdout]                                at /opt/rustwide/workdir/src/xml/tests/event_reader.rs:435:17
[INFO] [stdout]   20:     0x5c2518b2f824 - elementtree[c43b1ff6d8f35ef4]::xml::tests::event_reader::sample_5_short
[INFO] [stdout]                                at /opt/rustwide/workdir/src/xml/tests/event_reader.rs:111:5
[INFO] [stdout]   21:     0x5c2518b2baa7 - elementtree[c43b1ff6d8f35ef4]::xml::tests::event_reader::sample_5_short::{closure#0}
[INFO] [stdout]                                at /opt/rustwide/workdir/src/xml/tests/event_reader.rs:110:20
[INFO] [stdout]   22:     0x5c2518b28b86 - <elementtree[c43b1ff6d8f35ef4]::xml::tests::event_reader::sample_5_short::{closure#0} as core[a373ad73a504971]::ops::function::FnOnce<()>>::call_once
[INFO] [stdout]                                at /rustc/e3feeb59cd1bdd011a2bfcc0747b55125d9b8527/library/core/src/ops/function.rs:250:5
[INFO] [stdout]   23:     0x5c2518b5457b - <fn() -> core[a373ad73a504971]::result::Result<(), alloc[2e1b2a31b91974c5]::string::String> as core[a373ad73a504971]::ops::function::FnOnce<()>>::call_once
[INFO] [stdout]                                at /rustc/e3feeb59cd1bdd011a2bfcc0747b55125d9b8527/library/core/src/ops/function.rs:250:5
[INFO] [stdout]   24:     0x5c2518b5457b - test[aada8e7e76ba119b]::__rust_begin_short_backtrace::<core[a373ad73a504971]::result::Result<(), alloc[2e1b2a31b91974c5]::string::String>, fn() -> core[a373ad73a504971]::result::Result<(), alloc[2e1b2a31b91974c5]::string::String>>
[INFO] [stdout]                                at /rustc/e3feeb59cd1bdd011a2bfcc0747b55125d9b8527/library/test/src/lib.rs:701:18
[INFO] [stdout]   25:     0x5c2518b61755 - test[aada8e7e76ba119b]::run_test_in_process::{closure#0}
[INFO] [stdout]                                at /rustc/e3feeb59cd1bdd011a2bfcc0747b55125d9b8527/library/test/src/lib.rs:724:74
[INFO] [stdout]   26:     0x5c2518b61755 - <core[a373ad73a504971]::panic::unwind_safe::AssertUnwindSafe<test[aada8e7e76ba119b]::run_test_in_process::{closure#0}> as core[a373ad73a504971]::ops::function::FnOnce<()>>::call_once
[INFO] [stdout]                                at /rustc/e3feeb59cd1bdd011a2bfcc0747b55125d9b8527/library/core/src/panic/unwind_safe.rs:275:9
[INFO] [stdout]   27:     0x5c2518b61755 - std[617be2ca0a6fd877]::panicking::catch_unwind::do_call::<core[a373ad73a504971]::panic::unwind_safe::AssertUnwindSafe<test[aada8e7e76ba119b]::run_test_in_process::{closure#0}>, core[a373ad73a504971]::result::Result<(), alloc[2e1b2a31b91974c5]::string::String>>
[INFO] [stdout]                                at /rustc/e3feeb59cd1bdd011a2bfcc0747b55125d9b8527/library/std/src/panicking.rs:573:43
[INFO] [stdout]   28:     0x5c2518b61755 - std[617be2ca0a6fd877]::panicking::catch_unwind::<core[a373ad73a504971]::result::Result<(), alloc[2e1b2a31b91974c5]::string::String>, core[a373ad73a504971]::panic::unwind_safe::AssertUnwindSafe<test[aada8e7e76ba119b]::run_test_in_process::{closure#0}>>
[INFO] [stdout]                                at /rustc/e3feeb59cd1bdd011a2bfcc0747b55125d9b8527/library/std/src/panicking.rs:541:19
[INFO] [stdout]   29:     0x5c2518b61755 - std[617be2ca0a6fd877]::panic::catch_unwind::<core[a373ad73a504971]::panic::unwind_safe::AssertUnwindSafe<test[aada8e7e76ba119b]::run_test_in_process::{closure#0}>, core[a373ad73a504971]::result::Result<(), alloc[2e1b2a31b91974c5]::string::String>>
[INFO] [stdout]                                at /rustc/e3feeb59cd1bdd011a2bfcc0747b55125d9b8527/library/std/src/panic.rs:359:14
[INFO] [stdout]   30:     0x5c2518b61755 - test[aada8e7e76ba119b]::run_test_in_process
[INFO] [stdout]                                at /rustc/e3feeb59cd1bdd011a2bfcc0747b55125d9b8527/library/test/src/lib.rs:724:27
[INFO] [stdout]   31:     0x5c2518b61755 - test[aada8e7e76ba119b]::run_test::{closure#0}
[INFO] [stdout]                                at /rustc/e3feeb59cd1bdd011a2bfcc0747b55125d9b8527/library/test/src/lib.rs:645:43
[INFO] [stdout]   32:     0x5c2518b5b044 - test[aada8e7e76ba119b]::run_test::{closure#1}
[INFO] [stdout]                                at /rustc/e3feeb59cd1bdd011a2bfcc0747b55125d9b8527/library/test/src/lib.rs:675:41
[INFO] [stdout]   33:     0x5c2518b5b044 - std[617be2ca0a6fd877]::sys::backtrace::__rust_begin_short_backtrace::<test[aada8e7e76ba119b]::run_test::{closure#1}, ()>
[INFO] [stdout]                                at /rustc/e3feeb59cd1bdd011a2bfcc0747b55125d9b8527/library/std/src/sys/backtrace.rs:166:18
[INFO] [stdout]   34:     0x5c2518b647e2 - std[617be2ca0a6fd877]::thread::lifecycle::spawn_unchecked::<test[aada8e7e76ba119b]::run_test::{closure#1}, ()>::{closure#1}::{closure#0}
[INFO] [stdout]                                at /rustc/e3feeb59cd1bdd011a2bfcc0747b55125d9b8527/library/std/src/thread/lifecycle.rs:70:13
[INFO] [stdout]   35:     0x5c2518b647e2 - <core[a373ad73a504971]::panic::unwind_safe::AssertUnwindSafe<std[617be2ca0a6fd877]::thread::lifecycle::spawn_unchecked<test[aada8e7e76ba119b]::run_test::{closure#1}, ()>::{closure#1}::{closure#0}> as core[a373ad73a504971]::ops::function::FnOnce<()>>::call_once
[INFO] [stdout]                                at /rustc/e3feeb59cd1bdd011a2bfcc0747b55125d9b8527/library/core/src/panic/unwind_safe.rs:275:9
[INFO] [stdout]   36:     0x5c2518b647e2 - std[617be2ca0a6fd877]::panicking::catch_unwind::do_call::<core[a373ad73a504971]::panic::unwind_safe::AssertUnwindSafe<std[617be2ca0a6fd877]::thread::lifecycle::spawn_unchecked<test[aada8e7e76ba119b]::run_test::{closure#1}, ()>::{closure#1}::{closure#0}>, ()>
[INFO] [stdout]                                at /rustc/e3feeb59cd1bdd011a2bfcc0747b55125d9b8527/library/std/src/panicking.rs:573:43
[INFO] [stdout]   37:     0x5c2518b647e2 - std[617be2ca0a6fd877]::panicking::catch_unwind::<(), core[a373ad73a504971]::panic::unwind_safe::AssertUnwindSafe<std[617be2ca0a6fd877]::thread::lifecycle::spawn_unchecked<test[aada8e7e76ba119b]::run_test::{closure#1}, ()>::{closure#1}::{closure#0}>>
[INFO] [stdout]                                at /rustc/e3feeb59cd1bdd011a2bfcc0747b55125d9b8527/library/std/src/panicking.rs:541:19
[INFO] [stdout]   38:     0x5c2518b647e2 - std[617be2ca0a6fd877]::panic::catch_unwind::<core[a373ad73a504971]::panic::unwind_safe::AssertUnwindSafe<std[617be2ca0a6fd877]::thread::lifecycle::spawn_unchecked<test[aada8e7e76ba119b]::run_test::{closure#1}, ()>::{closure#1}::{closure#0}>, ()>
[INFO] [stdout]                                at /rustc/e3feeb59cd1bdd011a2bfcc0747b55125d9b8527/library/std/src/panic.rs:359:14
[INFO] [stdout]   39:     0x5c2518b647e2 - std[617be2ca0a6fd877]::thread::lifecycle::spawn_unchecked::<test[aada8e7e76ba119b]::run_test::{closure#1}, ()>::{closure#1}
[INFO] [stdout]                                at /rustc/e3feeb59cd1bdd011a2bfcc0747b55125d9b8527/library/std/src/thread/lifecycle.rs:68:26
[INFO] [stdout]   40:     0x5c2518b647e2 - <std[617be2ca0a6fd877]::thread::lifecycle::spawn_unchecked<test[aada8e7e76ba119b]::run_test::{closure#1}, ()>::{closure#1} as core[a373ad73a504971]::ops::function::FnOnce<()>>::call_once::{shim:vtable#0}
[INFO] [stdout]                                at /rustc/e3feeb59cd1bdd011a2bfcc0747b55125d9b8527/library/core/src/ops/function.rs:250:5
[INFO] [stdout]   41:     0x5c2518bcf1df - <alloc[2e1b2a31b91974c5]::boxed::Box<dyn core[a373ad73a504971]::ops::function::FnOnce<(), Output = ()> + core[a373ad73a504971]::marker::Send> as core[a373ad73a504971]::ops::function::FnOnce<()>>::call_once
[INFO] [stdout]                                at /rustc/e3feeb59cd1bdd011a2bfcc0747b55125d9b8527/library/alloc/src/boxed.rs:2314:9
[INFO] [stdout]   42:     0x5c2518bcf1df - <std[617be2ca0a6fd877]::sys::thread::unix::Thread>::new::thread_start
[INFO] [stdout]                                at /rustc/e3feeb59cd1bdd011a2bfcc0747b55125d9b8527/library/std/src/sys/thread/unix.rs:127:17
[INFO] [stdout]   43:     0x735f62a85dfa - <unknown>
[INFO] [stdout]   44:     0x735f62b193d4 - clone
[INFO] [stdout]   45:                0x0 - <unknown>
[INFO] [stdout] 
[INFO] [stdout] 
[INFO] [stdout] failures:
[INFO] [stdout]     xml::tests::event_reader::sample_1_full
[INFO] [stdout]     xml::tests::event_reader::sample_1_short
[INFO] [stdout]     xml::tests::event_reader::sample_5_short
[INFO] [stdout] 
[INFO] [stdout] test result: FAILED. 56 passed; 3 failed; 0 ignored; 0 measured; 0 filtered out; finished in 0.08s
[INFO] [stdout] 
[INFO] running `Command { std: "docker" "inspect" "5b3307ed6381130a95bc755df6a3f520b167ad10cedf6c14bfe0c97539643c63", kill_on_drop: false }`
[INFO] running `Command { std: "docker" "rm" "-f" "5b3307ed6381130a95bc755df6a3f520b167ad10cedf6c14bfe0c97539643c63", kill_on_drop: false }`
[INFO] [stdout] 5b3307ed6381130a95bc755df6a3f520b167ad10cedf6c14bfe0c97539643c63
