[INFO] cloning repository https://github.com/saad-aistack/rust-high-perf-api
[INFO] running `Command { std: "git" "-c" "credential.helper=" "-c" "credential.helper=/workspace/cargo-home/bin/git-credential-null" "clone" "--bare" "https://github.com/saad-aistack/rust-high-perf-api" "/workspace/cache/git-repos/https%3A%2F%2Fgithub.com%2Fsaad-aistack%2Frust-high-perf-api", kill_on_drop: false }`
[INFO] [stderr] Cloning into bare repository '/workspace/cache/git-repos/https%3A%2F%2Fgithub.com%2Fsaad-aistack%2Frust-high-perf-api'...
[INFO] running `Command { std: "git" "rev-parse" "HEAD", kill_on_drop: false }`
[INFO] [stdout] 7997bd651df33b7a4a30f2a157ee30165ac8e4f1
[INFO] testing saad-aistack/rust-high-perf-api against 1.100.0-beta.1 for beta-1.100-4
[INFO] running `Command { std: "git" "clone" "/workspace/cache/git-repos/https%3A%2F%2Fgithub.com%2Fsaad-aistack%2Frust-high-perf-api" "/workspace/builds/worker-7-tc2/source", kill_on_drop: false }`
[INFO] [stderr] Cloning into '/workspace/builds/worker-7-tc2/source'...
[INFO] [stderr] done.
[INFO] started tweaking git repo https://github.com/saad-aistack/rust-high-perf-api
[INFO] finished tweaking git repo https://github.com/saad-aistack/rust-high-perf-api
[INFO] tweaked toml for git repo https://github.com/saad-aistack/rust-high-perf-api written to /workspace/builds/worker-7-tc2/source/Cargo.toml
[INFO] validating manifest of git repo https://github.com/saad-aistack/rust-high-perf-api on toolchain 1.100.0-beta.1
[INFO] running `Command { std: CARGO_HOME="/workspace/cargo-home" RUSTUP_HOME="/workspace/rustup-home" "/workspace/cargo-home/bin/cargo" "+1.100.0-beta.1" "metadata" "--manifest-path" "Cargo.toml" "--no-deps", kill_on_drop: false }`
[INFO] crate git repo https://github.com/saad-aistack/rust-high-perf-api already has a lockfile, it will not be regenerated
[INFO] running `Command { std: CARGO_HOME="/workspace/cargo-home" RUSTUP_HOME="/workspace/rustup-home" "/workspace/cargo-home/bin/cargo" "+1.100.0-beta.1" "fetch" "--manifest-path" "Cargo.toml", kill_on_drop: false }`
[INFO] [stderr] warning: `package.homepage` is redundant with `package.repository`
[INFO] [stderr]   --> axum-core/Cargo.toml:6:12
[INFO] [stderr]    |
[INFO] [stderr]  6 | homepage = "https://github.com/tokio-rs/axum"
[INFO] [stderr]    |            ^^^^^^^^^^^^^^^^^^^^^^^^^^^^^^^^^^
[INFO] [stderr] ...
[INFO] [stderr] 11 | repository = "https://github.com/tokio-rs/axum"
[INFO] [stderr]    |              ----------------------------------
[INFO] [stderr]    |
[INFO] [stderr]    = note: `cargo::redundant_homepage` is set to `warn` by default
[INFO] [stderr] help: consider removing `package.homepage`
[INFO] [stderr] warning: `axum-core` (manifest) generated 1 warning
[INFO] [stderr] warning: `package.homepage` is redundant with `package.repository`
[INFO] [stderr]   --> axum-extra/Cargo.toml:6:12
[INFO] [stderr]    |
[INFO] [stderr]  6 | homepage = "https://github.com/tokio-rs/axum"
[INFO] [stderr]    |            ^^^^^^^^^^^^^^^^^^^^^^^^^^^^^^^^^^
[INFO] [stderr] ...
[INFO] [stderr] 11 | repository = "https://github.com/tokio-rs/axum"
[INFO] [stderr]    |              ----------------------------------
[INFO] [stderr]    |
[INFO] [stderr]    = note: `cargo::redundant_homepage` is set to `warn` by default
[INFO] [stderr] help: consider removing `package.homepage`
[INFO] [stderr] warning: `axum-extra` (manifest) generated 1 warning
[INFO] [stderr] warning: `package.homepage` is redundant with `package.repository`
[INFO] [stderr]   --> axum-macros/Cargo.toml:6:12
[INFO] [stderr]    |
[INFO] [stderr]  6 | homepage = "https://github.com/tokio-rs/axum"
[INFO] [stderr]    |            ^^^^^^^^^^^^^^^^^^^^^^^^^^^^^^^^^^
[INFO] [stderr] ...
[INFO] [stderr] 11 | repository = "https://github.com/tokio-rs/axum"
[INFO] [stderr]    |              ----------------------------------
[INFO] [stderr]    |
[INFO] [stderr]    = note: `cargo::redundant_homepage` is set to `warn` by default
[INFO] [stderr] help: consider removing `package.homepage`
[INFO] [stderr] warning: `axum-macros` (manifest) generated 1 warning
[INFO] [stderr] warning: `package.homepage` is redundant with `package.repository`
[INFO] [stderr]   --> axum/Cargo.toml:8:12
[INFO] [stderr]    |
[INFO] [stderr]  8 | homepage = "https://github.com/tokio-rs/axum"
[INFO] [stderr]    |            ^^^^^^^^^^^^^^^^^^^^^^^^^^^^^^^^^^
[INFO] [stderr] ...
[INFO] [stderr] 12 | repository = "https://github.com/tokio-rs/axum"
[INFO] [stderr]    |              ----------------------------------
[INFO] [stderr]    |
[INFO] [stderr]    = note: `cargo::redundant_homepage` is set to `warn` by default
[INFO] [stderr] help: consider removing `package.homepage`
[INFO] [stderr] warning: `axum` (manifest) generated 1 warning
[INFO] running `Command { std: "docker" "create" "-v" "/var/lib/crater-agent-workspace/builds/worker-7-tc2/source:/opt/rustwide/workdir:ro,Z" "-v" "/var/lib/crater-agent-workspace/builds/worker-7-tc2/target:/opt/rustwide/target:rw,Z" "-v" "/var/lib/crater-agent-workspace/cargo-home:/opt/rustwide/cargo-home:ro,Z" "-v" "/var/lib/crater-agent-workspace/rustup-home:/opt/rustwide/rustup-home:ro,Z" "-m" "1610612736" "--network" "none" "ghcr.io/rust-lang/crates-build-env/linux@sha256:77db811e55d90add9212f6832c23229e3de5f1c1f9905e8cb07319ea15df73ac" "sleep" "infinity", kill_on_drop: false }`
[INFO] [stdout] e6711a58d989aa1ab582402061a4e1f32533e73c5d266c695efc8b400609e121
[INFO] running `Command { std: "docker" "start" "e6711a58d989aa1ab582402061a4e1f32533e73c5d266c695efc8b400609e121", kill_on_drop: false }`
[INFO] running `Command { std: "docker" "inspect" "e6711a58d989aa1ab582402061a4e1f32533e73c5d266c695efc8b400609e121", kill_on_drop: false }`
[INFO] running `Command { std: "docker" "exec" "-e" "SOURCE_DIR=/opt/rustwide/workdir" "-e" "CARGO_HOME=/opt/rustwide/cargo-home" "-e" "RUSTUP_HOME=/opt/rustwide/rustup-home" "-e" "CARGO_TARGET_DIR=/opt/rustwide/target" "-w" "/opt/rustwide/workdir" "--user" "0:0" "e6711a58d989aa1ab582402061a4e1f32533e73c5d266c695efc8b400609e121" "/opt/rustwide/cargo-home/bin/cargo" "+1.100.0-beta.1" "metadata" "--no-deps" "--format-version=1", kill_on_drop: false }`
[INFO] running `Command { std: "docker" "inspect" "e6711a58d989aa1ab582402061a4e1f32533e73c5d266c695efc8b400609e121", kill_on_drop: false }`
[INFO] running `Command { std: "docker" "exec" "-e" "SOURCE_DIR=/opt/rustwide/workdir" "-e" "CARGO_HOME=/opt/rustwide/cargo-home" "-e" "RUSTUP_HOME=/opt/rustwide/rustup-home" "-e" "CARGO_TARGET_DIR=/opt/rustwide/target" "-e" "CARGO_INCREMENTAL=0" "-e" "RUST_BACKTRACE=full" "-e" "RUSTFLAGS=--cap-lints=warn" "-e" "RUSTDOCFLAGS=--cap-lints=warn" "-w" "/opt/rustwide/workdir" "--user" "0:0" "e6711a58d989aa1ab582402061a4e1f32533e73c5d266c695efc8b400609e121" "/opt/rustwide/cargo-home/bin/cargo" "+1.100.0-beta.1" "build" "--frozen" "--message-format=json", kill_on_drop: false }`
[INFO] [stderr] warning: `package.homepage` is redundant with `package.repository`
[INFO] [stderr]   --> axum/Cargo.toml:8:12
[INFO] [stderr]    |
[INFO] [stderr]  8 | homepage = "https://github.com/tokio-rs/axum"
[INFO] [stderr]    |            ^^^^^^^^^^^^^^^^^^^^^^^^^^^^^^^^^^
[INFO] [stderr] ...
[INFO] [stderr] 12 | repository = "https://github.com/tokio-rs/axum"
[INFO] [stderr]    |              ----------------------------------
[INFO] [stderr]    |
[INFO] [stderr]    = note: `cargo::redundant_homepage` is set to `warn` by default
[INFO] [stderr] help: consider removing `package.homepage`
[INFO] [stderr] warning: `axum` (manifest) generated 1 warning
[INFO] [stderr] warning: `package.homepage` is redundant with `package.repository`
[INFO] [stderr]   --> axum-macros/Cargo.toml:6:12
[INFO] [stderr]    |
[INFO] [stderr]  6 | homepage = "https://github.com/tokio-rs/axum"
[INFO] [stderr]    |            ^^^^^^^^^^^^^^^^^^^^^^^^^^^^^^^^^^
[INFO] [stderr] ...
[INFO] [stderr] 11 | repository = "https://github.com/tokio-rs/axum"
[INFO] [stderr]    |              ----------------------------------
[INFO] [stderr]    |
[INFO] [stderr]    = note: `cargo::redundant_homepage` is set to `warn` by default
[INFO] [stderr] help: consider removing `package.homepage`
[INFO] [stderr] warning: `axum-macros` (manifest) generated 1 warning
[INFO] [stderr] warning: `package.homepage` is redundant with `package.repository`
[INFO] [stderr]   --> axum-core/Cargo.toml:6:12
[INFO] [stderr]    |
[INFO] [stderr]  6 | homepage = "https://github.com/tokio-rs/axum"
[INFO] [stderr]    |            ^^^^^^^^^^^^^^^^^^^^^^^^^^^^^^^^^^
[INFO] [stderr] ...
[INFO] [stderr] 11 | repository = "https://github.com/tokio-rs/axum"
[INFO] [stderr]    |              ----------------------------------
[INFO] [stderr]    |
[INFO] [stderr]    = note: `cargo::redundant_homepage` is set to `warn` by default
[INFO] [stderr] help: consider removing `package.homepage`
[INFO] [stderr] warning: `axum-core` (manifest) generated 1 warning
[INFO] [stderr] warning: `package.homepage` is redundant with `package.repository`
[INFO] [stderr]   --> axum-extra/Cargo.toml:6:12
[INFO] [stderr]    |
[INFO] [stderr]  6 | homepage = "https://github.com/tokio-rs/axum"
[INFO] [stderr]    |            ^^^^^^^^^^^^^^^^^^^^^^^^^^^^^^^^^^
[INFO] [stderr] ...
[INFO] [stderr] 11 | repository = "https://github.com/tokio-rs/axum"
[INFO] [stderr]    |              ----------------------------------
[INFO] [stderr]    |
[INFO] [stderr]    = note: `cargo::redundant_homepage` is set to `warn` by default
[INFO] [stderr] help: consider removing `package.homepage`
[INFO] [stderr] warning: `axum-extra` (manifest) generated 1 warning
[INFO] [stderr]    Compiling proc-macro2 v1.0.106
[INFO] [stderr]    Compiling unicode-ident v1.0.22
[INFO] [stderr]    Compiling quote v1.0.44
[INFO] [stderr]    Compiling itoa v1.0.17
[INFO] [stderr]    Compiling pin-project-lite v0.2.16
[INFO] [stderr]    Compiling libc v0.2.180
[INFO] [stderr]    Compiling futures-core v0.3.31
[INFO] [stderr]    Compiling bytes v1.11.1
[INFO] [stderr]    Compiling serde_core v1.0.228
[INFO] [stderr]    Compiling pin-utils v0.1.0
[INFO] [stderr]    Compiling once_cell v1.21.3
[INFO] [stderr]    Compiling log v0.4.29
[INFO] [stderr]    Compiling zmij v1.0.19
[INFO] [stderr]    Compiling futures-channel v0.3.31
[INFO] [stderr]    Compiling tracing-core v0.1.36
[INFO] [stderr]    Compiling smallvec v1.15.1
[INFO] [stderr]    Compiling tower-layer v0.3.3
[INFO] [stderr]    Compiling atomic-waker v1.1.2
[INFO] [stderr]    Compiling serde_json v1.0.149
[INFO] [stderr]    Compiling sync_wrapper v1.0.2
[INFO] [stderr]    Compiling hashbrown v0.16.1
[INFO] [stderr]    Compiling futures-task v0.3.31
[INFO] [stderr]    Compiling tracing v0.1.44
[INFO] [stderr]    Compiling http v1.4.0
[INFO] [stderr]    Compiling syn v2.0.114
[INFO] [stderr]    Compiling futures-util v0.3.31
[INFO] [stderr]    Compiling memchr v2.7.6
[INFO] [stderr]    Compiling ryu v1.0.22
[INFO] [stderr]    Compiling matchit v0.8.4
[INFO] [stderr]    Compiling indexmap v2.13.0
[INFO] [stderr]    Compiling mio v1.1.1
[INFO] [stderr]    Compiling socket2 v0.6.2
[INFO] [stderr]    Compiling http-body v1.0.1
[INFO] [stderr]    Compiling http-body-util v0.1.3
[INFO] [stderr]    Compiling axum-core v0.5.6 (/opt/rustwide/workdir/axum-core)
[INFO] [stderr]    Compiling serde_html_form v0.4.0
[INFO] [stderr]    Compiling serde_path_to_error v0.1.20
[INFO] [stderr]    Compiling tokio-macros v2.6.0
[INFO] [stderr]    Compiling axum-macros v0.5.0 (/opt/rustwide/workdir/axum-macros)
[INFO] [stderr]    Compiling tokio v1.49.0
[INFO] [stderr]    Compiling hyper v1.8.1
[INFO] [stderr]    Compiling tower v0.5.3
[INFO] [stderr]    Compiling hyper-util v0.1.20
[INFO] [stderr]    Compiling axum v0.8.8 (/opt/rustwide/workdir/axum)
[INFO] [stderr]    Compiling axum-extra v0.12.5 (/opt/rustwide/workdir/axum-extra)
[INFO] [stderr] warning: unused dependency `axum`
[INFO] [stderr]    --> axum-extra/Cargo.toml:114:1
[INFO] [stderr]     |
[INFO] [stderr] 114 | axum = { path = "../axum", version = "0.8.8", default-features = false, optional = true }
[INFO] [stderr]     | ^^^^^^^^^^^^^^^^^^^^^^^^^^^^^^^^^^^^^^^^^^^^^^^^^^^^^^^^^^^^^^^^^^^^^^^^^^^^^^^^^^^^^^^^^
[INFO] [stderr]     |
[INFO] [stderr]     = note: `cargo::unused_dependencies` is set to `warn` by default
[INFO] [stderr] help: consider removing the dependency on `axum`
[INFO] [stderr] warning: `axum-extra` (manifest) generated 1 warning
[INFO] [stderr]     Finished `dev` profile [unoptimized + debuginfo] target(s) in 38.41s
[INFO] running `Command { std: "docker" "inspect" "e6711a58d989aa1ab582402061a4e1f32533e73c5d266c695efc8b400609e121", kill_on_drop: false }`
[INFO] running `Command { std: "docker" "exec" "-e" "SOURCE_DIR=/opt/rustwide/workdir" "-e" "CARGO_HOME=/opt/rustwide/cargo-home" "-e" "RUSTUP_HOME=/opt/rustwide/rustup-home" "-e" "CARGO_TARGET_DIR=/opt/rustwide/target" "-e" "CARGO_INCREMENTAL=0" "-e" "RUST_BACKTRACE=full" "-e" "RUSTFLAGS=--cap-lints=warn" "-e" "RUSTDOCFLAGS=--cap-lints=warn" "-w" "/opt/rustwide/workdir" "--user" "0:0" "e6711a58d989aa1ab582402061a4e1f32533e73c5d266c695efc8b400609e121" "/opt/rustwide/cargo-home/bin/cargo" "+1.100.0-beta.1" "test" "--frozen" "--no-run" "--message-format=json", kill_on_drop: false }`
[INFO] [stderr] warning: `package.homepage` is redundant with `package.repository`
[INFO] [stderr]   --> axum/Cargo.toml:8:12
[INFO] [stderr]    |
[INFO] [stderr]  8 | homepage = "https://github.com/tokio-rs/axum"
[INFO] [stderr]    |            ^^^^^^^^^^^^^^^^^^^^^^^^^^^^^^^^^^
[INFO] [stderr] ...
[INFO] [stderr] 12 | repository = "https://github.com/tokio-rs/axum"
[INFO] [stderr]    |              ----------------------------------
[INFO] [stderr]    |
[INFO] [stderr]    = note: `cargo::redundant_homepage` is set to `warn` by default
[INFO] [stderr] help: consider removing `package.homepage`
[INFO] [stderr] warning: `axum` (manifest) generated 1 warning
[INFO] [stderr] warning: `package.homepage` is redundant with `package.repository`
[INFO] [stderr]   --> axum-macros/Cargo.toml:6:12
[INFO] [stderr]    |
[INFO] [stderr]  6 | homepage = "https://github.com/tokio-rs/axum"
[INFO] [stderr]    |            ^^^^^^^^^^^^^^^^^^^^^^^^^^^^^^^^^^
[INFO] [stderr] ...
[INFO] [stderr] 11 | repository = "https://github.com/tokio-rs/axum"
[INFO] [stderr]    |              ----------------------------------
[INFO] [stderr]    |
[INFO] [stderr]    = note: `cargo::redundant_homepage` is set to `warn` by default
[INFO] [stderr] help: consider removing `package.homepage`
[INFO] [stderr] warning: `axum-macros` (manifest) generated 1 warning
[INFO] [stderr] warning: `package.homepage` is redundant with `package.repository`
[INFO] [stderr]   --> axum-core/Cargo.toml:6:12
[INFO] [stderr]    |
[INFO] [stderr]  6 | homepage = "https://github.com/tokio-rs/axum"
[INFO] [stderr]    |            ^^^^^^^^^^^^^^^^^^^^^^^^^^^^^^^^^^
[INFO] [stderr] ...
[INFO] [stderr] 11 | repository = "https://github.com/tokio-rs/axum"
[INFO] [stderr]    |              ----------------------------------
[INFO] [stderr]    |
[INFO] [stderr]    = note: `cargo::redundant_homepage` is set to `warn` by default
[INFO] [stderr] help: consider removing `package.homepage`
[INFO] [stderr] warning: `axum-core` (manifest) generated 1 warning
[INFO] [stderr] warning: `package.homepage` is redundant with `package.repository`
[INFO] [stderr]   --> axum-extra/Cargo.toml:6:12
[INFO] [stderr]    |
[INFO] [stderr]  6 | homepage = "https://github.com/tokio-rs/axum"
[INFO] [stderr]    |            ^^^^^^^^^^^^^^^^^^^^^^^^^^^^^^^^^^
[INFO] [stderr] ...
[INFO] [stderr] 11 | repository = "https://github.com/tokio-rs/axum"
[INFO] [stderr]    |              ----------------------------------
[INFO] [stderr]    |
[INFO] [stderr]    = note: `cargo::redundant_homepage` is set to `warn` by default
[INFO] [stderr] help: consider removing `package.homepage`
[INFO] [stderr] warning: `axum-extra` (manifest) generated 1 warning
[INFO] [stderr]    Compiling syn v2.0.114
[INFO] [stderr]    Compiling cfg-if v1.0.4
[INFO] [stderr]    Compiling typenum v1.19.0
[INFO] [stderr]    Compiling generic-array v0.14.7
[INFO] [stderr]    Compiling stable_deref_trait v1.2.1
[INFO] [stderr]    Compiling log v0.4.29
[INFO] [stderr]    Compiling errno v0.3.14
[INFO] [stderr]    Compiling getrandom v0.3.4
[INFO] [stderr]    Compiling getrandom v0.2.17
[INFO] [stderr]    Compiling parking_lot_core v0.9.12
[INFO] [stderr]    Compiling signal-hook-registry v1.4.8
[INFO] [stderr]    Compiling zerocopy v0.8.38
[INFO] [stderr]    Compiling rand_core v0.6.4
[INFO] [stderr]    Compiling parking_lot v0.12.5
[INFO] [stderr]    Compiling tracing-core v0.1.36
[INFO] [stderr]    Compiling litemap v0.8.1
[INFO] [stderr]    Compiling writeable v0.6.2
[INFO] [stderr]    Compiling cpufeatures v0.2.17
[INFO] [stderr]    Compiling serde v1.0.228
[INFO] [stderr]    Compiling alloc-no-stdlib v2.0.4
[INFO] [stderr]    Compiling crc32fast v1.5.0
[INFO] [stderr]    Compiling futures-sink v0.3.31
[INFO] [stderr]    Compiling icu_normalizer_data v2.1.1
[INFO] [stderr]    Compiling icu_properties_data v2.1.2
[INFO] [stderr]    Compiling alloc-stdlib v0.2.2
[INFO] [stderr]    Compiling simd-adler32 v0.3.8
[INFO] [stderr]    Compiling futures-task v0.3.31
[INFO] [stderr]    Compiling brotli-decompressor v5.0.0
[INFO] [stderr]    Compiling futures-util v0.3.31
[INFO] [stderr]    Compiling miniz_oxide v0.8.9
[INFO] [stderr]    Compiling unicase v2.9.0
[INFO] [stderr]    Compiling base64 v0.22.1
[INFO] [stderr]    Compiling mime_guess v2.0.5
[INFO] [stderr]    Compiling flate2 v1.1.9
[INFO] [stderr]    Compiling sync_wrapper v1.0.2
[INFO] [stderr]    Compiling subtle v2.6.1
[INFO] [stderr]    Compiling crypto-common v0.1.7
[INFO] [stderr]    Compiling block-buffer v0.10.4
[INFO] [stderr]    Compiling inout v0.1.4
[INFO] [stderr]    Compiling compression-core v0.4.31
[INFO] [stderr]    Compiling bitflags v2.10.0
[INFO] [stderr]    Compiling brotli v8.0.2
[INFO] [stderr]    Compiling cipher v0.4.4
[INFO] [stderr]    Compiling digest v0.10.7
[INFO] [stderr]    Compiling universal-hash v0.5.1
[INFO] [stderr]    Compiling want v0.3.1
[INFO] [stderr]    Compiling opaque-debug v0.3.1
[INFO] [stderr]    Compiling indexmap v2.13.0
[INFO] [stderr]    Compiling polyval v0.6.2
[INFO] [stderr]    Compiling sha1 v0.10.6
[INFO] [stderr]    Compiling uuid v1.20.0
[INFO] [stderr]    Compiling ipnet v2.11.0
[INFO] [stderr]    Compiling http-range-header v0.4.2
[INFO] [stderr]    Compiling time-core v0.1.8
[INFO] [stderr]    Compiling iri-string v0.7.10
[INFO] [stderr]    Compiling powerfmt v0.2.0
[INFO] [stderr]    Compiling num-conv v0.2.0
[INFO] [stderr]    Compiling ghash v0.5.1
[INFO] [stderr]    Compiling time-macros v0.2.27
[INFO] [stderr]    Compiling deranged v0.5.5
[INFO] [stderr]    Compiling ctr v0.9.2
[INFO] [stderr]    Compiling aes v0.8.4
[INFO] [stderr]    Compiling aead v0.5.2
[INFO] [stderr]    Compiling cookie v0.18.1
[INFO] [stderr]    Compiling rustversion v1.0.22
[INFO] [stderr]    Compiling aes-gcm v0.10.3
[INFO] [stderr]    Compiling serde_html_form v0.4.0
[INFO] [stderr]    Compiling headers-core v0.3.0
[INFO] [stderr]    Compiling headers v0.4.1
[INFO] [stderr]    Compiling serde_html_form v0.2.8
[INFO] [stderr]    Compiling time v0.3.47
[INFO] [stderr]    Compiling synstructure v0.13.2
[INFO] [stderr]    Compiling rand_core v0.9.5
[INFO] [stderr]    Compiling aho-corasick v1.1.4
[INFO] [stderr]    Compiling lazy_static v1.5.0
[INFO] [stderr]    Compiling regex-syntax v0.8.9
[INFO] [stderr]    Compiling thiserror v2.0.18
[INFO] [stderr]    Compiling ppv-lite86 v0.2.21
[INFO] [stderr]    Compiling sharded-slab v0.1.7
[INFO] [stderr]    Compiling tracing-log v0.2.0
[INFO] [stderr]    Compiling compression-codecs v0.4.36
[INFO] [stderr]    Compiling rand_chacha v0.3.1
[INFO] [stderr]    Compiling rand v0.8.5
[INFO] [stderr]    Compiling rand_chacha v0.9.0
[INFO] [stderr]    Compiling thread_local v1.1.9
[INFO] [stderr]    Compiling nu-ansi-term v0.50.3
[INFO] [stderr]    Compiling rand v0.9.2
[INFO] [stderr]    Compiling regex-automata v0.4.14
[INFO] [stderr]    Compiling zerofrom-derive v0.1.6
[INFO] [stderr]    Compiling yoke-derive v0.8.1
[INFO] [stderr]    Compiling zerovec-derive v0.11.2
[INFO] [stderr]    Compiling displaydoc v0.2.5
[INFO] [stderr]    Compiling tokio-macros v2.6.0
[INFO] [stderr]    Compiling serde_derive v1.0.228
[INFO] [stderr]    Compiling tracing-attributes v0.1.31
[INFO] [stderr]    Compiling axum-macros v0.5.0 (/opt/rustwide/workdir/axum-macros)
[INFO] [stderr]    Compiling tokio v1.49.0
[INFO] [stderr]    Compiling zerofrom v0.1.6
[INFO] [stderr]    Compiling yoke v0.8.1
[INFO] [stderr]    Compiling zerotrie v0.2.3
[INFO] [stderr]    Compiling zerovec v0.11.5
[INFO] [stderr]    Compiling thiserror-impl v2.0.18
[INFO] [stderr]    Compiling anyhow v1.0.100
[INFO] [stderr]    Compiling tinystr v0.8.2
[INFO] [stderr]    Compiling potential_utf v0.1.4
[INFO] [stderr]    Compiling tracing v0.1.44
[INFO] [stderr]    Compiling icu_locale_core v2.1.1
[INFO] [stderr]    Compiling icu_collections v2.1.1
[INFO] [stderr]    Compiling axum-core v0.5.6 (/opt/rustwide/workdir/axum-core)
[INFO] [stderr]    Compiling regex v1.12.3
[INFO] [stderr]    Compiling target-triple v1.0.0
[INFO] [stderr]    Compiling winnow v0.7.14
[INFO] [stderr]    Compiling icu_provider v2.1.1
[INFO] [stderr]    Compiling data-encoding v2.10.0
[INFO] [stderr]    Compiling icu_properties v2.1.2
[INFO] [stderr]    Compiling icu_normalizer v2.1.1
[INFO] [stderr]    Compiling rustix v1.1.3
[INFO] [stderr]    Compiling tungstenite v0.29.0
[INFO] [stderr]    Compiling env_logger v0.8.4
[INFO] [stderr]    Compiling serde_spanned v1.0.4
[INFO] [stderr]    Compiling toml_datetime v0.7.5+spec-1.1.0
[INFO] [stderr]    Compiling linux-raw-sys v0.11.0
[INFO] [stderr]    Compiling idna_adapter v1.2.1
[INFO] [stderr]    Compiling idna v1.1.0
[INFO] [stderr]    Compiling toml_parser v1.0.6+spec-1.1.0
[INFO] [stderr]    Compiling toml_writer v1.0.6+spec-1.1.0
[INFO] [stderr]    Compiling quickcheck v1.0.3
[INFO] [stderr]    Compiling url v2.5.8
[INFO] [stderr]    Compiling serde_urlencoded v0.7.1
[INFO] [stderr]    Compiling tracing-serde v0.2.0
[INFO] [stderr]    Compiling toml v0.9.11+spec-1.1.0
[INFO] [stderr]    Compiling tracing-subscriber v0.3.22
[INFO] [stderr]    Compiling quickcheck_macros v1.1.0
[INFO] [stderr]    Compiling glob v0.3.3
[INFO] [stderr]    Compiling termcolor v1.4.1
[INFO] [stderr]    Compiling fastrand v2.3.0
[INFO] [stderr]    Compiling tokio-util v0.7.18
[INFO] [stderr]    Compiling async-compression v0.4.37
[INFO] [stderr]    Compiling hyper v1.8.1
[INFO] [stderr]    Compiling tokio-tungstenite v0.29.0
[INFO] [stderr]    Compiling tokio-stream v0.1.18
[INFO] [stderr]    Compiling trybuild v1.0.115
[INFO] [stderr]    Compiling tower v0.5.3
[INFO] [stderr]    Compiling tempfile v3.24.0
[INFO] [stderr]    Compiling hyper-util v0.1.20
[INFO] [stderr]    Compiling tower-http v0.6.8
[INFO] [stderr]    Compiling reqwest v0.12.24
[INFO] [stderr]    Compiling axum v0.8.8 (/opt/rustwide/workdir/axum)
[INFO] [stderr]    Compiling axum-extra v0.12.5 (/opt/rustwide/workdir/axum-extra)
[INFO] [stdout] warning: unreachable statement
[INFO] [stdout]    --> axum/src/serve/mod.rs:577:9
[INFO] [stdout]     |
[INFO] [stdout] 575 |         serve(tcp_nodelay_listener().await, router.clone()).await;
[INFO] [stdout]     |                                                             ----- any code following this expression is unreachable
[INFO] [stdout] 576 |         #[cfg(unix)]
[INFO] [stdout] 577 |         serve(UnixListener::bind("").unwrap(), router.clone());
[INFO] [stdout]     |         ^^^^^^^^^^^^^^^^^^^^^^^^^^^^^^^^^^^^^^^^^^^^^^^^^^^^^^^ unreachable statement
[INFO] [stdout]     |
[INFO] [stdout]     = note: `#[warn(unreachable_code)]` (part of `#[warn(unused)]`) on by default
[INFO] [stdout] 
[INFO] [stdout] 
[INFO] [stdout] warning: unused import: `tower::ServiceExt`
[INFO] [stdout]  --> axum/src/routing/tests/get_to_head.rs:3:5
[INFO] [stdout]   |
[INFO] [stdout] 3 | use tower::ServiceExt;
[INFO] [stdout]   |     ^^^^^^^^^^^^^^^^^
[INFO] [stdout]   |
[INFO] [stdout]   = note: `#[warn(unused_imports)]` (part of `#[warn(unused)]`) on by default
[INFO] [stdout] 
[INFO] [stdout] 
[INFO] [stderr]     Finished `test` profile [unoptimized + debuginfo] target(s) in 2m 44s
[INFO] running `Command { std: "docker" "inspect" "e6711a58d989aa1ab582402061a4e1f32533e73c5d266c695efc8b400609e121", kill_on_drop: false }`
[INFO] running `Command { std: "docker" "exec" "-e" "SOURCE_DIR=/opt/rustwide/workdir" "-e" "CARGO_HOME=/opt/rustwide/cargo-home" "-e" "RUSTUP_HOME=/opt/rustwide/rustup-home" "-e" "CARGO_TARGET_DIR=/opt/rustwide/target" "-e" "CARGO_INCREMENTAL=0" "-e" "RUST_BACKTRACE=full" "-e" "RUSTFLAGS=--cap-lints=warn" "-e" "RUSTDOCFLAGS=--cap-lints=warn" "-w" "/opt/rustwide/workdir" "--user" "0:0" "e6711a58d989aa1ab582402061a4e1f32533e73c5d266c695efc8b400609e121" "/opt/rustwide/cargo-home/bin/cargo" "+1.100.0-beta.1" "test" "--frozen", kill_on_drop: false }`
[INFO] [stderr] warning: `package.homepage` is redundant with `package.repository`
[INFO] [stderr]   --> axum/Cargo.toml:8:12
[INFO] [stderr]    |
[INFO] [stderr]  8 | homepage = "https://github.com/tokio-rs/axum"
[INFO] [stderr]    |            ^^^^^^^^^^^^^^^^^^^^^^^^^^^^^^^^^^
[INFO] [stderr] ...
[INFO] [stderr] 12 | repository = "https://github.com/tokio-rs/axum"
[INFO] [stderr]    |              ----------------------------------
[INFO] [stderr]    |
[INFO] [stderr]    = note: `cargo::redundant_homepage` is set to `warn` by default
[INFO] [stderr] help: consider removing `package.homepage`
[INFO] [stderr] warning: `axum` (manifest) generated 1 warning
[INFO] [stderr] warning: `package.homepage` is redundant with `package.repository`
[INFO] [stderr]   --> axum-macros/Cargo.toml:6:12
[INFO] [stderr]    |
[INFO] [stderr]  6 | homepage = "https://github.com/tokio-rs/axum"
[INFO] [stderr]    |            ^^^^^^^^^^^^^^^^^^^^^^^^^^^^^^^^^^
[INFO] [stderr] ...
[INFO] [stderr] 11 | repository = "https://github.com/tokio-rs/axum"
[INFO] [stderr]    |              ----------------------------------
[INFO] [stderr]    |
[INFO] [stderr]    = note: `cargo::redundant_homepage` is set to `warn` by default
[INFO] [stderr] help: consider removing `package.homepage`
[INFO] [stderr] warning: `axum-macros` (manifest) generated 1 warning
[INFO] [stderr] warning: `package.homepage` is redundant with `package.repository`
[INFO] [stderr]   --> axum-core/Cargo.toml:6:12
[INFO] [stderr]    |
[INFO] [stderr]  6 | homepage = "https://github.com/tokio-rs/axum"
[INFO] [stderr]    |            ^^^^^^^^^^^^^^^^^^^^^^^^^^^^^^^^^^
[INFO] [stderr] ...
[INFO] [stderr] 11 | repository = "https://github.com/tokio-rs/axum"
[INFO] [stderr]    |              ----------------------------------
[INFO] [stderr]    |
[INFO] [stderr]    = note: `cargo::redundant_homepage` is set to `warn` by default
[INFO] [stderr] help: consider removing `package.homepage`
[INFO] [stderr] warning: `axum-core` (manifest) generated 1 warning
[INFO] [stderr] warning: `package.homepage` is redundant with `package.repository`
[INFO] [stderr]   --> axum-extra/Cargo.toml:6:12
[INFO] [stderr]    |
[INFO] [stderr]  6 | homepage = "https://github.com/tokio-rs/axum"
[INFO] [stderr]    |            ^^^^^^^^^^^^^^^^^^^^^^^^^^^^^^^^^^
[INFO] [stderr] ...
[INFO] [stderr] 11 | repository = "https://github.com/tokio-rs/axum"
[INFO] [stderr]    |              ----------------------------------
[INFO] [stderr]    |
[INFO] [stderr]    = note: `cargo::redundant_homepage` is set to `warn` by default
[INFO] [stderr] help: consider removing `package.homepage`
[INFO] [stderr] warning: `axum-extra` (manifest) generated 1 warning
[INFO] [stderr] warning: unreachable statement
[INFO] [stderr]    --> axum/src/serve/mod.rs:577:9
[INFO] [stderr]     |
[INFO] [stderr] 575 |         serve(tcp_nodelay_listener().await, router.clone()).await;
[INFO] [stderr]     |                                                             ----- any code following this expression is unreachable
[INFO] [stderr] 576 |         #[cfg(unix)]
[INFO] [stderr] 577 |         serve(UnixListener::bind("").unwrap(), router.clone());
[INFO] [stderr]     |         ^^^^^^^^^^^^^^^^^^^^^^^^^^^^^^^^^^^^^^^^^^^^^^^^^^^^^^^ unreachable statement
[INFO] [stderr]     |
[INFO] [stderr]     = note: `#[warn(unreachable_code)]` (part of `#[warn(unused)]`) on by default
[INFO] [stderr] 
[INFO] [stderr] warning: unused import: `tower::ServiceExt`
[INFO] [stderr]  --> axum/src/routing/tests/get_to_head.rs:3:5
[INFO] [stderr]   |
[INFO] [stderr] 3 | use tower::ServiceExt;
[INFO] [stderr]   |     ^^^^^^^^^^^^^^^^^
[INFO] [stderr]   |
[INFO] [stderr]   = note: `#[warn(unused_imports)]` (part of `#[warn(unused)]`) on by default
[INFO] [stderr] 
[INFO] [stderr] warning: `axum` (lib test) generated 2 warnings
[INFO] [stderr]     Finished `test` profile [unoptimized + debuginfo] target(s) in 0.39s
[INFO] [stderr]      Running unittests src/lib.rs (/opt/rustwide/target/debug/build/axum/2d6e41c2b4dcaf46/out/axum-2d6e41c2b4dcaf46)
[INFO] [stdout] 
[INFO] [stdout] running 341 tests
[INFO] [stdout] test error_handling::traits ... ok
[INFO] [stdout] test extract::connect_info::tests::socket_addr ... ok
[INFO] [stdout] test extract::connect_info::tests::custom ... ok
[INFO] [stdout] test extract::connect_info::tests::both_mock_and_real_connect_info ... ok
[INFO] [stdout] test extract::connect_info::tests::mock_connect_info ... ok
[INFO] [stdout] test extract::connect_info::tests::into_make_service_traits ... ok
[INFO] [stdout] test extension::tests::extension_extractor ... ok
[INFO] [stdout] test extract::matched_path::tests::can_extract_nested_matched_path_in_middleware_on_nested_router_via_extension ... ok
[INFO] [stdout] test extract::matched_path::tests::can_extract_nested_matched_path_in_middleware_on_nested_router ... ok
[INFO] [stdout] test extract::matched_path::tests::can_extract_nested_matched_path_in_middleware_using_nest ... ok
[INFO] [stdout] test extract::matched_path::tests::can_extract_nested_matched_path_in_middleware_on_nested_router_via_extension_with_nest_service ... ok
[INFO] [stdout] test extract::matched_path::tests::can_extract_nested_matched_path_in_middleware_via_extension_using_nest ... ok
[INFO] [stdout] test extract::matched_path::tests::extracting_on_handler ... ok
[INFO] [stdout] test extract::matched_path::tests::cannot_extract_nested_matched_path_in_middleware ... ok
[INFO] [stdout] test extract::matched_path::tests::extracting_on_handler_in_deeply_nested_router_with_nest_service ... ok
[INFO] [stdout] test extract::matched_path::tests::cant_extract_in_fallback ... ok
[INFO] [stdout] test extract::matched_path::tests::can_extract_nested_matched_path_in_middleware_on_nested_router_with_nest_service ... ok
[INFO] [stdout] test extract::matched_path::tests::extracting_on_handler_in_deeply_nested_router ... ok
[INFO] [stdout] test extract::matched_path::tests::cannot_extract_nested_matched_path_in_middleware_via_extension ... ok
[INFO] [stdout] test extract::matched_path::tests::extracting_on_handler_in_nested_router_with_nest_service ... ok
[INFO] [stdout] test extract::matched_path::tests::doesnt_panic_if_router_called_from_wildcard_route ... ok
[INFO] [stdout] test extract::matched_path::tests::extracting_on_handler_in_nested_router ... ok
[INFO] [stdout] test extract::matched_path::tests::extracting_on_nested_handler ... ok
[INFO] [stdout] test extract::nested_path::tests::in_fallbacks ... ok
[INFO] [stdout] test extract::nested_path::tests::in_middleware ... ok
[INFO] [stdout] test extract::nested_path::tests::in_fallbacks_with_nest_service ... ok
[INFO] [stdout] test extract::nested_path::tests::in_middleware_with_nest_service ... ok
[INFO] [stdout] test extract::nested_path::tests::two_levels_of_nesting_with_nest_service ... ok
[INFO] [stdout] test extract::nested_path::tests::one_level_of_nesting_with_trailing_slash_with_nest_service ... ok
[INFO] [stdout] test extract::nested_path::tests::two_levels_of_nesting ... ok
[INFO] [stdout] test extract::nested_path::tests::one_level_of_nesting_with_nest_service ... ok
[INFO] [stdout] test extract::nested_path::tests::two_levels_of_nesting_with_trailing_slash ... ok
[INFO] [stdout] test extract::nested_path::tests::one_level_of_nesting_with_trailing_slash ... ok
[INFO] [stdout] test extract::path::de::tests::test_deserialize_key_value ... ok
[INFO] [stdout] test extract::path::de::tests::test_parse_error_at_key_error ... ok
[INFO] [stdout] test extract::path::de::tests::test_parse_error_at_index_error ... ok
[INFO] [stdout] test extract::path::de::tests::test_parse_error_at_key_error_multiple ... ok
[INFO] [stdout] test extract::path::de::tests::test_parse_error_error ... ok
[INFO] [stdout] test extract::path::de::tests::test_parse_seq_seq ... ok
[INFO] [stdout] test extract::path::de::tests::test_parse_seq_tuple_string_parse ... ok
[INFO] [stdout] test extract::path::de::tests::test_parse_seq ... ok
[INFO] [stdout] test extract::path::de::tests::test_parse_seq_tuple_unsupported_key_type ... ok
[INFO] [stdout] test extract::path::de::tests::test_parse_seq_wrong_tuple_length ... ok
[INFO] [stdout] test extract::path::de::tests::test_parse_seq_tuple_string_string ... ok
[INFO] [stdout] test extract::path::de::tests::test_parse_struct_ignoring_additional_fields ... ok
[INFO] [stdout] test extract::matched_path::tests::matching_asterisk ... ok
[INFO] [stdout] test extract::path::de::tests::test_parse_tuple_too_many_fields ... ok
[INFO] [stdout] test extract::matched_path::tests::matching_colon ... ok
[INFO] [stdout] test extract::path::de::tests::test_unsupported_type_error_nested_data_structure ... ok
[INFO] [stdout] test extract::nested_path::tests::two_levels_of_nesting_with_trailing_slash_with_nest_service ... ok
[INFO] [stdout] test extract::path::de::tests::test_parse_map ... ok
[INFO] [stdout] test extract::path::de::tests::test_parse_single_value ... ok
[INFO] [stdout] test extract::nested_path::tests::one_level_of_nesting ... ok
[INFO] [stdout] test extract::path::de::tests::test_parse_struct ... ok
[INFO] [stdout] test extract::path::de::tests::test_wrong_number_of_parameters_error ... ok
[INFO] [stdout] test extract::path::tests::deserialize_error_multi_value ... ok
[INFO] [stdout] test extract::path::tests::captures_dont_match_empty_path ... ok
[INFO] [stdout] test extract::path::tests::captures_match_empty_inner_segments ... ok
[INFO] [stdout] test extract::path::tests::deserialize_into_vec_of_tuples ... ok
[INFO] [stdout] test extract::path::tests::deserialize_error_single_value ... ok
[INFO] [stdout] test extract::path::tests::percent_decoding ... ok
[INFO] [stdout] test extract::path::tests::regression_3038 ... ok
[INFO] [stdout] test extract::path::tests::extracting_url_params ... ok
[INFO] [stdout] test extract::path::tests::raw_path_params ... ok
[INFO] [stdout] test extract::path::tests::extracting_url_params_multiple_times ... ok
[INFO] [stdout] test extract::path::tests::captures_match_empty_inner_segments_near_end ... ok
[INFO] [stdout] test extract::path::tests::tuple_param_matches_exactly ... ok
[INFO] [stdout] test extract::path::tests::str_reference_deserialize ... ok
[INFO] [stdout] test extract::path::tests::supports_128_bit_numbers ... ok
[INFO] [stdout] test extract::path::tests::captures_match_empty_trailing_segment ... ok
[INFO] [stdout] test extract::query::tests::test_try_from_uri ... ok
[INFO] [stdout] test extract::query::tests::test_try_from_uri_with_invalid_query ... ok
[INFO] [stdout] test extract::raw_form::tests::test_from_body ... ok
[INFO] [stdout] test extract::raw_form::tests::test_from_query ... ok
[INFO] [stdout] test extract::path::tests::type_that_uses_deserialize_any ... ok
[INFO] [stdout] test extract::path::tests::wrong_number_of_parameters_json ... ok
[INFO] [stdout] test extract::query::tests::correct_rejection_status_code ... ok
[INFO] [stdout] test extract::query::tests::test_query ... ok
[INFO] [stdout] test extract::raw_form::tests::test_incorrect_content_type ... ok
[INFO] [stdout] test extract::path::tests::two_path_extractors ... ok
[INFO] [stdout] test form::tests::test_form_body ... ok
[INFO] [stdout] test handler::service::traits ... ok
[INFO] [stdout] test form::tests::test_form_query ... ok
[INFO] [stdout] test extract::tests::consume_body ... ok
[INFO] [stdout] test handler::tests::handler_into_service ... ok
[INFO] [stdout] test json::tests::consume_body_to_json_requires_json_content_type ... ok
[INFO] [stdout] test json::tests::deserialize_body ... ok
[INFO] [stdout] test extract::path::tests::wildcard ... ok
[INFO] [stdout] test handler::tests::with_layer_that_changes_request_body_and_state ... ok
[INFO] [stdout] test form::tests::deserialize_error_status_codes ... ok
[INFO] [stdout] test middleware::from_fn::tests::basic ... ok
[INFO] [stdout] test json::tests::extra_chars_after_valid_json_syntax ... ok
[INFO] [stdout] test middleware::from_extractor::traits ... ok
[INFO] [stdout] test middleware::from_extractor::tests::test_from_extractor ... ok
[INFO] [stdout] test json::tests::invalid_json_data ... ok
[INFO] [stdout] test json::tests::invalid_json_syntax ... ok
[INFO] [stdout] test form::tests::test_incorrect_content_type ... ok
[INFO] [stdout] test middleware::map_request::tests::works ... ok
[INFO] [stdout] test middleware::map_response::tests::works ... ok
[INFO] [stdout] test response::redirect::tests::test_internal_error ... ok
[INFO] [stdout] test response::redirect::tests::correct_location ... ok
[INFO] [stdout] test response::redirect::tests::correct_status ... ok
[INFO] [stdout] test response::sse::tests::basic ... ok
[INFO] [stdout] test response::sse::tests::leading_space_is_not_stripped ... ok
[INFO] [stdout] test response::sse::tests::valid_json_raw_value_chars_handled ... ok
[INFO] [stdout] test response::sse::tests::write_data_writer_str ... ok
[INFO] [stdout] test middleware::map_request::tests::works_for_short_circutting ... ok
[INFO] [stdout] test response::tests::into_response_parts_failing_sets_extension ... ok
[INFO] [stdout] test response::tests::doenst_override_status_code_when_using_into_response_failed_at_same_level ... ok
[INFO] [stdout] test response::tests::force_overriding_status_code ... ok
[INFO] [stdout] test response::tests::no_content ... ok
[INFO] [stdout] test response::tests::status_code_tuple_doesnt_override_error_json ... ok
[INFO] [stdout] test response::tests::status_code_tuple_doesnt_override_error ... ok
[INFO] [stdout] test routing::into_make_service::tests::traits ... ok
[INFO] [stdout] test json::tests::json_content_types ... ok
[INFO] [stdout] test routing::method_routing::tests::allow_header_any ... ok
[INFO] [stdout] test routing::method_routing::tests::allow_header_noop_middleware ... ok
[INFO] [stdout] test routing::method_routing::tests::allow_header_with_fallback ... ok
[INFO] [stdout] test routing::method_routing::tests::allow_header_with_fallback_that_sets_allow ... ok
[INFO] [stdout] test routing::method_routing::tests::allow_header_when_merging ... ok
[INFO] [stdout] test routing::method_filter::tests::from_http_method ... ok
[INFO] [stdout] test routing::method_routing::tests::empty_allow_header_by_default ... ok
[INFO] [stdout] test routing::method_routing::tests::get_accepts_head ... ok
[INFO] [stdout] test routing::method_routing::tests::accessing_state ... ok
[INFO] [stdout] test routing::method_routing::tests::fallback_accessing_state ... ok
[INFO] [stdout] test routing::method_routing::tests::get_head_does_not_overlap ... ok
[INFO] [stdout] test routing::method_routing::tests::get_handler ... ok
[INFO] [stdout] test routing::method_routing::tests::head_get_does_not_overlap ... ok
[INFO] [stdout] test routing::method_routing::tests::get_service_fn ... ok
[INFO] [stdout] test routing::method_routing::tests::head_takes_precedence_over_get ... ok
[INFO] [stdout] test routing::method_routing::tests::merge ... ok
[INFO] [stdout] test routing::method_routing::tests::layer ... ok
[INFO] [stdout] test response::sse::tests::keep_alive_ends_when_the_stream_ends ... ok
[INFO] [stdout] test routing::method_routing::tests::merge_accessing_state ... ok
[INFO] [stdout] test routing::method_routing::tests::method_filter ... ok
[INFO] [stdout] test routing::route::tests::traits ... ok
[INFO] [stdout] test routing::method_routing::tests::method_not_allowed_by_default ... ok
[INFO] [stdout] test routing::method_routing::tests::sets_allow_header ... ok
[INFO] [stdout] test routing::method_routing::tests::sets_allow_header_get_head ... ok
[INFO] [stdout] test routing::strip_prefix::tests::multi_segment_2 ... ok
[INFO] [stdout] test routing::method_routing::tests::route_layer ... ok
[INFO] [stdout] test routing::strip_prefix::tests::multi_segment_3 ... ok
[INFO] [stdout] test routing::strip_prefix::tests::multi_segment ... ok
[INFO] [stdout] test routing::strip_prefix::tests::empty ... ok
[INFO] [stdout] test routing::strip_prefix::tests::multi_segment_4 ... ok
[INFO] [stdout] test routing::strip_prefix::tests::multi_segment_trailing_slash_2 ... ok
[INFO] [stdout] test routing::strip_prefix::tests::param_0 ... ok
[INFO] [stdout] test routing::strip_prefix::tests::multi_segment_trailing_slash_3 ... ok
[INFO] [stdout] test routing::strip_prefix::tests::param_1 ... ok
[INFO] [stdout] test routing::strip_prefix::tests::param_10 ... ok
[INFO] [stdout] test routing::strip_prefix::tests::param_11 ... ok
[INFO] [stdout] test routing::strip_prefix::tests::param_12 ... ok
[INFO] [stdout] test routing::strip_prefix::tests::param_13 ... ok
[INFO] [stdout] test routing::strip_prefix::tests::param_2 ... ok
[INFO] [stdout] test routing::strip_prefix::tests::param_3 ... ok
[INFO] [stdout] test routing::strip_prefix::tests::param_4 ... ok
[INFO] [stdout] test routing::strip_prefix::tests::param_5 ... ok
[INFO] [stdout] test routing::strip_prefix::tests::param_6 ... ok
[INFO] [stdout] test routing::strip_prefix::tests::param_7 ... ok
[INFO] [stdout] test routing::strip_prefix::tests::param_8 ... ok
[INFO] [stdout] test routing::strip_prefix::tests::param_9 ... ok
[INFO] [stdout] test routing::strip_prefix::tests::single_segment ... ok
[INFO] [stdout] test routing::strip_prefix::tests::single_segment_no_match ... ok
[INFO] [stdout] test routing::strip_prefix::tests::single_segment_root_prefix ... ok
[INFO] [stdout] test routing::strip_prefix::tests::single_segment_root_uri ... ok
[INFO] [stdout] test routing::strip_prefix::tests::single_segment_trailing_slash ... ok
[INFO] [stdout] test routing::strip_prefix::tests::single_segment_trailing_slash_2 ... ok
[INFO] [stdout] test routing::strip_prefix::tests::single_segment_trailing_slash_3 ... ok
[INFO] [stdout] test routing::tests::changing_the_default_limit ... ok
[INFO] [stdout] test response::sse::tests::keep_alive ... ok
[INFO] [stdout] test routing::strip_prefix::tests::multi_segment_trailing_slash ... ok
[INFO] [stdout] test routing::tests::colliding_fallback_with_root ... ok
[INFO] [stdout] test routing::tests::colliding_fallback_with_fallback ... ok
[INFO] [stdout] test routing::tests::colliding_root_with_fallback ... ok
[INFO] [stdout] test routing::tests::colliding_wildcard_with_fallback ... ok
[INFO] [stdout] test routing::tests::changing_the_default_limit_differently_on_different_routes ... ok
[INFO] [stdout] test routing::strip_prefix::tests::does_not_panic ... ok
[INFO] [stdout] test routing::tests::connect_going_to_custom_fallback ... ok
[INFO] [stdout] test routing::tests::connect_going_to_default_fallback ... ok
[INFO] [stdout] test routing::tests::different_methods_added_in_different_routes ... ok
[INFO] [stdout] test routing::tests::disabling_the_default_limit ... ok
[INFO] [stdout] test routing::tests::explicitly_set_state ... ok
[INFO] [stdout] test routing::tests::extract_state ... ok
[INFO] [stdout] test routing::tests::fallback::also_inherits_default_layered_fallback ... ok
[INFO] [stdout] test routing::tests::fallback::basic ... ok
[INFO] [stdout] test routing::tests::fallback::deeply_nested_inherit_from_middle ... ok
[INFO] [stdout] test routing::tests::fallback::deeply_nested_inherit_from_middle_with_nest_service ... ok
[INFO] [stdout] test routing::tests::fallback::deeply_nested_inherit_from_top ... ok
[INFO] [stdout] test routing::tests::fallback::doesnt_inherit_fallback_if_overridden ... ok
[INFO] [stdout] test routing::tests::fallback::doesnt_panic_if_used_with_nested_router ... ok
[INFO] [stdout] test routing::tests::fallback::fallback_accessing_state ... ok
[INFO] [stdout] test routing::tests::fallback::issue_2072 ... ok
[INFO] [stdout] test routing::tests::fallback::issue_2072_outer_fallback_after_merge ... ok
[INFO] [stdout] test routing::tests::fallback::issue_2072_outer_fallback_before_merge ... ok
[INFO] [stdout] test routing::tests::fallback::merge_empty_into_router_with_fallback ... ok
[INFO] [stdout] test routing::tests::fallback::merge_router_with_fallback_into_empty ... ok
[INFO] [stdout] test routing::tests::fallback::merge_router_with_fallback_into_nested_router_with_fallback ... ok
[INFO] [stdout] test routing::tests::fallback::merging_nested_router_with_fallback_into_router_with_fallback ... ok
[INFO] [stdout] test routing::tests::fallback::mna_fallback_not_405 ... ok
[INFO] [stdout] test routing::tests::fallback::mna_fallback_with_existing_fallback ... ok
[INFO] [stdout] test routing::tests::fallback::mna_fallback_with_state ... ok
[INFO] [stdout] test routing::tests::fallback::mna_fallback_with_unused_state ... ok
[INFO] [stdout] test routing::tests::fallback::nest ... ok
[INFO] [stdout] test routing::tests::fallback::nest_fallback_on_inner ... ok
[INFO] [stdout] test routing::tests::fallback::nested_router_inherits_fallback ... ok
[INFO] [stdout] test routing::tests::fallback::or ... ok
[INFO] [stdout] test routing::method_routing::tests::handler_overlaps - should panic ... ok
[INFO] [stdout] test routing::method_routing::tests::service_overlaps - should panic ... ok
[INFO] [stdout] test routing::tests::fallback::two ... ok
[INFO] [stdout] test routing::tests::fallback::with_middleware_on_inner_fallback ... ok
[INFO] [stdout] test routing::tests::asterisk_in_route - should panic ... ok
[INFO] [stdout] test routing::tests::colliding_fallback_with_wildcard - should panic ... ok
[INFO] [stdout] test routing::tests::get_to_head::for_services::get_handles_head ... ok
[INFO] [stdout] test routing::tests::get_to_head::for_handlers::get_handles_head ... ok
[INFO] [stdout] test routing::tests::colon_in_route - should panic ... ok
[INFO] [stdout] test routing::tests::empty_route - should panic ... ok
[INFO] [stdout] test routing::tests::handle_error::handler_service_ext ... ok
[INFO] [stdout] test routing::tests::handle_error::handler ... ok
[INFO] [stdout] test routing::tests::handle_error::handler_multiple_methods_middle ... ok
[INFO] [stdout] test routing::tests::handle_error::handler_multiple_methods_last ... ok
[INFO] [stdout] test routing::tests::hello_world ... ok
[INFO] [stdout] test routing::tests::head_content_length_through_hyper_server_that_hits_fallback ... ok
[INFO] [stdout] test routing::tests::handle_error::handler_multiple_methods_first ... ok
[INFO] [stdout] test routing::tests::layer_response_into_response ... ok
[INFO] [stdout] test routing::tests::head_content_length_through_hyper_server ... ok
[INFO] [stdout] test routing::tests::impl_handler_for_into_response ... ok
[INFO] [stdout] test routing::tests::merge::boxed ... ok
[INFO] [stdout] test routing::tests::limited_body_with_content_length ... ok
[INFO] [stdout] test routing::tests::limited_body_with_streaming_body ... ok
[INFO] [stdout] test routing::tests::merge::layer ... ok
[INFO] [stdout] test routing::tests::merge::many_ors ... ok
[INFO] [stdout] test routing::tests::head_with_middleware_applied ... ok
[INFO] [stdout] test routing::tests::body_limited_by_default ... ok
[INFO] [stdout] test routing::tests::merge::middleware_that_return_early ... ok
[INFO] [stdout] test routing::tests::merge::nested_or ... ok
[INFO] [stdout] test routing::tests::merge::basic ... ok
[INFO] [stdout] test routing::tests::merge::multiple_ors_balanced_differently ... ok
[INFO] [stdout] test routing::tests::merge::nesting ... ok
[INFO] [stdout] test routing::tests::merge::nested_or_with_nest_service ... ok
[INFO] [stdout] test routing::tests::merge::nesting_and_seeing_the_right_uri_at_more_levels_of_nesting ... ok
[INFO] [stdout] test routing::tests::merge::layer_and_handle_error ... ok
[INFO] [stdout] test routing::tests::merge::nesting_and_seeing_the_right_uri_at_more_levels_of_nesting_with_nest_service ... ok
[INFO] [stdout] test routing::tests::merge::nesting_and_seeing_the_right_uri ... ok
[INFO] [stdout] test routing::tests::merge::nesting_and_seeing_the_right_uri_ors_with_multi_segment_uris ... ok
[INFO] [stdout] test routing::tests::merge::nesting_and_seeing_the_right_uri_ors_with_multi_segment_uris_with_nest_service ... ok
[INFO] [stdout] test routing::tests::merge::services ... ok
[INFO] [stdout] test routing::tests::merge::nesting_and_seeing_the_right_uri_ors_with_nesting ... ok
[INFO] [stdout] test routing::tests::merge::nesting_and_seeing_the_right_uri_ors_with_nesting_with_nest_service ... ok
[INFO] [stdout] test routing::tests::merge::nesting_with_nest_service ... ok
[INFO] [stdout] test routing::tests::merge::nesting_and_seeing_the_right_uri_with_nest_service ... ok
[INFO] [stdout] test routing::tests::merge::or_with_route_following ... ok
[INFO] [stdout] test routing::tests::logging_rejections ... FAILED
[INFO] [stdout] test routing::tests::merging_routers_with_same_paths_but_different_methods ... ok
[INFO] [stdout] test routing::tests::merging_routers_with_fallbacks_panics - should panic ... ok
[INFO] [stdout] test routing::tests::merging_with_overlapping_method_routes - should panic ... ok
[INFO] [stdout] test routing::tests::middleware_on_single_route ... ok
[INFO] [stdout] test routing::tests::middleware_adding_body ... ok
[INFO] [stdout] test routing::tests::middleware_applies_to_routes_above ... ok
[INFO] [stdout] test routing::tests::middleware_still_run_for_unmatched_requests ... ok
[INFO] [stdout] test routing::tests::multiple_methods_for_one_handler ... ok
[INFO] [stdout] test routing::tests::nest::asterisk_in_route - should panic ... ok
[INFO] [stdout] test routing::tests::nest::nest_1 ... ok
[INFO] [stdout] test routing::tests::nest::nest_1_with_nest_service ... ok
[INFO] [stdout] test routing::tests::nest::colon_in_route - should panic ... ok
[INFO] [stdout] test routing::tests::nest::asterisk_in_route_with_nest_service - should panic ... ok
[INFO] [stdout] test routing::tests::nest::colon_in_route_with_nest_service - should panic ... ok
[INFO] [stdout] test routing::tests::nest::nest_3 ... ok
[INFO] [stdout] test routing::tests::nest::nest_2_with_nest_service ... ok
[INFO] [stdout] test routing::tests::fallback::state_isnt_cloned_too_much_with_fallback ... ok
[INFO] [stdout] test routing::tests::nest::nest_4 ... ok
[INFO] [stdout] test routing::tests::nest::nest_5 ... ok
[INFO] [stdout] test routing::tests::nest::nest_2 ... ok
[INFO] [stdout] test routing::tests::nest::multiple_top_level_nests_with_nest_service ... ok
[INFO] [stdout] test routing::tests::nest::multiple_top_level_nests ... ok
[INFO] [stdout] test routing::tests::nest::nest_6 ... ok
[INFO] [stdout] test routing::tests::nest::defining_missing_routes_in_nested_router ... ok
[INFO] [stdout] test routing::tests::nest::nest_3_with_nest_service ... ok
[INFO] [stdout] test routing::tests::nest::nest_no_slash - should panic ... ok
[INFO] [stdout] test routing::tests::nest::nest_5_with_nest_service ... ok
[INFO] [stdout] test routing::tests::nest::nest_at_capture ... ok
[INFO] [stdout] test routing::tests::nest::nest_cannot_contain_wildcards - should panic ... ok
[INFO] [stdout] test routing::tests::nest::nest_router_at_root - should panic ... ok
[INFO] [stdout] test routing::tests::nest::nest_service_at_empty_path - should panic ... ok
[INFO] [stdout] test routing::tests::nest::nest_6_with_nest_service ... ok
[INFO] [stdout] test routing::tests::nest::nest_service_at_root - should panic ... ok
[INFO] [stdout] test routing::tests::nest::nest_service_no_slash - should panic ... ok
[INFO] [stdout] test routing::tests::nest::nest_4_with_nest_service ... ok
[INFO] [stdout] test routing::tests::nest::nested_service_sees_stripped_uri_with_nest_service ... ok
[INFO] [stdout] test routing::tests::nest::nest_cannot_contain_wildcards_with_nest_service - should panic ... ok
[INFO] [stdout] test routing::tests::nest::nested_service_sees_stripped_uri ... ok
[INFO] [stdout] test routing::tests::nest::nest_at_capture_with_nest_service ... ok
[INFO] [stdout] test routing::tests::nest::nest_with_and_without_trailing ... ok
[INFO] [stdout] test routing::tests::nest::nested_multiple_routes ... ok
[INFO] [stdout] test routing::tests::nest::nested_url_extractor ... ok
[INFO] [stdout] test routing::tests::nest::nest_static_file_server ... ok
[INFO] [stdout] test routing::tests::nest::nest_router_at_empty_path - should panic ... ok
[INFO] [stdout] test routing::tests::nest::nested_url_original_extractor ... ok
[INFO] [stdout] test routing::tests::nest::nested_url_original_extractor_with_nest_service ... ok
[INFO] [stdout] test routing::tests::nest::nested_url_extractor_with_nest_service ... ok
[INFO] [stdout] test routing::tests::nest::nesting_apps ... ok
[INFO] [stdout] test routing::tests::nest::overriding_nested_router_ - should panic ... ok
[INFO] [stdout] test routing::tests::nest::wrong_method_nest ... ok
[INFO] [stdout] test routing::tests::nest::wrong_method_nest_with_nest_service ... ok
[INFO] [stdout] test routing::tests::nest::overriding_by_nested_router - should panic ... ok
[INFO] [stdout] test routing::tests::not_found_for_missing_trailing_slash ... ok
[INFO] [stdout] test routing::tests::nest::nesting_router_with_fallback_with_nest_service ... ok
[INFO] [stdout] test routing::tests::nest::overriding_nested_service_router ... ok
[INFO] [stdout] test routing::tests::nest::nesting_router_with_fallback ... ok
[INFO] [stdout] test routing::tests::not_found_for_extra_trailing_slash ... ok
[INFO] [stdout] test routing::tests::nest::nesting_apps_with_nest_service ... ok
[INFO] [stdout] test routing::tests::routes_with_overlapping_method_routes - should panic ... ok
[INFO] [stdout] test routing::tests::nest::nesting_with_root_inner_router ... ok
[INFO] [stdout] test routing::tests::route_layer ... ok
[INFO] [stdout] test routing::tests::routing_to_router_panics - should panic ... ok
[INFO] [stdout] test routing::tests::service_in_bottom ... ok
[INFO] [stdout] test routing::tests::nest::outer_middleware_still_see_whole_url ... ok
[INFO] [stdout] test routing::tests::static_and_dynamic_paths ... ok
[INFO] [stdout] test routing::tests::routing ... ok
[INFO] [stdout] test routing::tests::routing_between_services ... ok
[INFO] [stdout] test routing::tests::router_type_doesnt_change ... ok
[INFO] [stdout] test routing::tests::test_path_for_nested_route ... ok
[INFO] [stdout] test routing::tests::routes_must_start_with_slash - should panic ... ok
[INFO] [stdout] test routing::tests::take_route_or_internal_error_panics_on_second_call ... ok
[INFO] [stdout] test routing::tests::wrong_method_service ... ok
[INFO] [stdout] test routing::tests::wrong_method_handler ... ok
[INFO] [stdout] test routing::tests::what_matches_wildcard ... ok
[INFO] [stdout] test routing::tests::wildcard_sees_whole_url ... ok
[INFO] [stdout] test routing::traits ... ok
[INFO] [stdout] test routing::tests::with_and_without_trailing_slash ... ok
[INFO] [stdout] test routing::tests::wildcard_doesnt_match_just_trailing_slash ... ok
[INFO] [stdout] test routing::tests::state_isnt_cloned_too_much_in_layer ... ok
[INFO] [stdout] test serve::listener::tests::limit_connections ... ok
[INFO] [stdout] test routing::tests::state_isnt_cloned_too_much ... ok
[INFO] [stdout] test serve::tests::serving_with_custom_body_type ... ok
[INFO] [stdout] test serve::tests::serving_on_custom_io_type ... ok
[INFO] [stdout] test serve::tests::test_serve_local_addr ... ok
[INFO] [stdout] test serve::tests::test_hyper_header_read_timeout_is_enabled ... ok
[INFO] [stdout] test util::test_try_downcast ... ok
[INFO] [stdout] test serve::tests::test_with_graceful_shutdown_request_header_timeout ... ok
[INFO] [stdout] test serve::tests::test_with_graceful_shutdown_local_addr ... ok
[INFO] [stdout] test serve::tests::into_future_outside_tokio ... ok
[INFO] [stdout] 
[INFO] [stdout] failures:
[INFO] [stdout] 
[INFO] [stdout] ---- routing::tests::logging_rejections stdout ----
[INFO] [stdout] Listening on 127.0.0.1:34265
[INFO] [stdout] 
[INFO] [stdout] thread 'routing::tests::logging_rejections' (2900) panicked at axum/src/routing/tests/mod.rs:1092:5:
[INFO] [stdout] assertion `left == right` failed
[INFO] [stdout]   left: [TracingEvent { fields: RejectionEvent { message: "rejecting request", status: 500, body: "Missing request extension: Extension of type `!` was not found. Perhaps you forgot to add it? See `axum::Extension`.", rejection_type: "axum::extract::rejection::MissingExtension" }, target: "axum::rejection", level: "TRACE" }, TracingEvent { fields: RejectionEvent { message: "rejecting request", status: 400, body: "Request body didn't contain valid UTF-8: invalid utf-8 sequence of 1 bytes from index 1", rejection_type: "axum_core::extract::rejection::InvalidUtf8" }, target: "axum::rejection", level: "TRACE" }]
[INFO] [stdout]  right: [TracingEvent { fields: RejectionEvent { message: "rejecting request", status: 500, body: "Missing request extension: Extension of type `core::convert::Infallible` was not found. Perhaps you forgot to add it? See `axum::Extension`.", rejection_type: "axum::extract::rejection::MissingExtension" }, target: "axum::rejection", level: "TRACE" }, TracingEvent { fields: RejectionEvent { message: "rejecting request", status: 400, body: "Request body didn't contain valid UTF-8: invalid utf-8 sequence of 1 bytes from index 1", rejection_type: "axum_core::extract::rejection::InvalidUtf8" }, target: "axum::rejection", level: "TRACE" }]
[INFO] [stdout] stack backtrace:
[INFO] [stdout]    0:     0x62d5cdc14f71 - std[617be2ca0a6fd877]::backtrace_rs::backtrace::libunwind::trace
[INFO] [stdout]                                at /rustc/e3feeb59cd1bdd011a2bfcc0747b55125d9b8527/library/std/src/../../backtrace/src/backtrace/libunwind.rs:117:9
[INFO] [stdout]    1:     0x62d5cdc14f71 - std[617be2ca0a6fd877]::backtrace_rs::backtrace::trace_unsynchronized::<std[617be2ca0a6fd877]::sys::backtrace::_print_fmt::{closure#1}>
[INFO] [stdout]                                at /rustc/e3feeb59cd1bdd011a2bfcc0747b55125d9b8527/library/std/src/../../backtrace/src/backtrace/mod.rs:66:14
[INFO] [stdout]    2:     0x62d5cdc14f71 - std[617be2ca0a6fd877]::sys::backtrace::_print_fmt
[INFO] [stdout]                                at /rustc/e3feeb59cd1bdd011a2bfcc0747b55125d9b8527/library/std/src/sys/backtrace.rs:74:9
[INFO] [stdout]    3:     0x62d5cdc14f71 - <<std[617be2ca0a6fd877]::sys::backtrace::BacktraceLock>::print::DisplayBacktrace as core[a373ad73a504971]::fmt::Display>::fmt
[INFO] [stdout]                                at /rustc/e3feeb59cd1bdd011a2bfcc0747b55125d9b8527/library/std/src/sys/backtrace.rs:44:26
[INFO] [stdout]    4:     0x62d5cdc2dfaa - <core[a373ad73a504971]::fmt::rt::Argument>::fmt
[INFO] [stdout]                                at /rustc/e3feeb59cd1bdd011a2bfcc0747b55125d9b8527/library/core/src/fmt/rt.rs:152:76
[INFO] [stdout]    5:     0x62d5cdc2dfaa - core[a373ad73a504971]::fmt::write
[INFO] [stdout]    6:     0x62d5cdc1a3cc - core[a373ad73a504971]::io::write::default_write_fmt::<alloc[2e1b2a31b91974c5]::vec::Vec<u8>>
[INFO] [stdout]                                at /rustc/e3feeb59cd1bdd011a2bfcc0747b55125d9b8527/library/core/src/io/write.rs:402:11
[INFO] [stdout]    7:     0x62d5cdc1a3cc - <alloc[2e1b2a31b91974c5]::vec::Vec<u8> as core[a373ad73a504971]::io::write::Write>::write_fmt
[INFO] [stdout]                                at /rustc/e3feeb59cd1bdd011a2bfcc0747b55125d9b8527/library/core/src/io/write.rs:335:13
[INFO] [stdout]    8:     0x62d5cdbef6e6 - <std[617be2ca0a6fd877]::sys::backtrace::BacktraceLock>::print
[INFO] [stdout]                                at /rustc/e3feeb59cd1bdd011a2bfcc0747b55125d9b8527/library/std/src/sys/backtrace.rs:47:9
[INFO] [stdout]    9:     0x62d5cdbef6e6 - std[617be2ca0a6fd877]::panicking::default_hook::{closure#0}
[INFO] [stdout]                                at /rustc/e3feeb59cd1bdd011a2bfcc0747b55125d9b8527/library/std/src/panicking.rs:289:27
[INFO] [stdout]   10:     0x62d5cdc0cbf9 - std[617be2ca0a6fd877]::panicking::default_hook
[INFO] [stdout]                                at /rustc/e3feeb59cd1bdd011a2bfcc0747b55125d9b8527/library/std/src/panicking.rs:313:9
[INFO] [stdout]   11:     0x62d5cd5b57a0 - <alloc[2e1b2a31b91974c5]::boxed::Box<dyn for<'a, 'b> core[a373ad73a504971]::ops::function::Fn<(&'a std[617be2ca0a6fd877]::panic::PanicHookInfo<'b>,), Output = ()> + core[a373ad73a504971]::marker::Sync + core[a373ad73a504971]::marker::Send> as core[a373ad73a504971]::ops::function::Fn<(&std[617be2ca0a6fd877]::panic::PanicHookInfo,)>>::call
[INFO] [stdout]                                at /rustc/e3feeb59cd1bdd011a2bfcc0747b55125d9b8527/library/alloc/src/boxed.rs:2328:9
[INFO] [stdout]   12:     0x62d5cd5b57a0 - test[aada8e7e76ba119b]::test_main_inner::{closure#0}
[INFO] [stdout]                                at /rustc/e3feeb59cd1bdd011a2bfcc0747b55125d9b8527/library/test/src/lib.rs:137:21
[INFO] [stdout]   13:     0x62d5cdc0cf22 - <alloc[2e1b2a31b91974c5]::boxed::Box<dyn for<'a, 'b> core[a373ad73a504971]::ops::function::Fn<(&'a std[617be2ca0a6fd877]::panic::PanicHookInfo<'b>,), Output = ()> + core[a373ad73a504971]::marker::Sync + core[a373ad73a504971]::marker::Send> as core[a373ad73a504971]::ops::function::Fn<(&std[617be2ca0a6fd877]::panic::PanicHookInfo,)>>::call
[INFO] [stdout]                                at /rustc/e3feeb59cd1bdd011a2bfcc0747b55125d9b8527/library/alloc/src/boxed.rs:2328:9
[INFO] [stdout]   14:     0x62d5cdc0cf22 - std[617be2ca0a6fd877]::panicking::panic_with_hook
[INFO] [stdout]                                at /rustc/e3feeb59cd1bdd011a2bfcc0747b55125d9b8527/library/std/src/panicking.rs:819:13
[INFO] [stdout]   15:     0x62d5cdbef792 - std[617be2ca0a6fd877]::panicking::panic_handler::{closure#0}
[INFO] [stdout]                                at /rustc/e3feeb59cd1bdd011a2bfcc0747b55125d9b8527/library/std/src/panicking.rs:685:13
[INFO] [stdout]   16:     0x62d5cdbe7e39 - std[617be2ca0a6fd877]::sys::backtrace::__rust_end_short_backtrace::<std[617be2ca0a6fd877]::panicking::panic_handler::{closure#0}, !>
[INFO] [stdout]                                at /rustc/e3feeb59cd1bdd011a2bfcc0747b55125d9b8527/library/std/src/sys/backtrace.rs:182:18
[INFO] [stdout]   17:     0x62d5cdbf069d - __rustc[ea4f61d10b84890b]::rust_begin_unwind
[INFO] [stdout]                                at /rustc/e3feeb59cd1bdd011a2bfcc0747b55125d9b8527/library/std/src/panicking.rs:676:5
[INFO] [stdout]   18:     0x62d5cdc2e87c - core[a373ad73a504971]::panicking::panic_fmt
[INFO] [stdout]                                at /rustc/e3feeb59cd1bdd011a2bfcc0747b55125d9b8527/library/core/src/panicking.rs:80:14
[INFO] [stdout]   19:     0x62d5cdc2e6e3 - core[a373ad73a504971]::panicking::assert_failed_inner
[INFO] [stdout]                                at /rustc/e3feeb59cd1bdd011a2bfcc0747b55125d9b8527/library/core/src/panicking.rs:452:17
[INFO] [stdout]   20:     0x62d5cd193bef - core[a373ad73a504971]::panicking::assert_failed::<alloc[2e1b2a31b91974c5]::vec::Vec<axum[db8b007bf8d92423]::test_helpers::tracing_helpers::TracingEvent<axum[db8b007bf8d92423]::routing::tests::logging_rejections::{closure#0}::RejectionEvent>>, alloc[2e1b2a31b91974c5]::vec::Vec<axum[db8b007bf8d92423]::test_helpers::tracing_helpers::TracingEvent<axum[db8b007bf8d92423]::routing::tests::logging_rejections::{closure#0}::RejectionEvent>>>
[INFO] [stdout]                                at /rustc/e3feeb59cd1bdd011a2bfcc0747b55125d9b8527/library/core/src/panicking.rs:407:5
[INFO] [stdout]   21:     0x62d5ccf0dafd - axum[db8b007bf8d92423]::routing::tests::logging_rejections::{closure#0}
[INFO] [stdout]                                at /opt/rustwide/workdir/axum/src/routing/tests/mod.rs:1092:5
[INFO] [stdout]   22:     0x62d5cd3a2a32 - <core[a373ad73a504971]::pin::Pin<&mut dyn core[a373ad73a504971]::future::future::Future<Output = ()>> as core[a373ad73a504971]::future::future::Future>::poll
[INFO] [stdout]                                at /rustc/e3feeb59cd1bdd011a2bfcc0747b55125d9b8527/library/core/src/future/future.rs:133:9
[INFO] [stdout]   23:     0x62d5cd3a2b0d - <core[a373ad73a504971]::pin::Pin<&mut core[a373ad73a504971]::pin::Pin<&mut dyn core[a373ad73a504971]::future::future::Future<Output = ()>>> as core[a373ad73a504971]::future::future::Future>::poll
[INFO] [stdout]                                at /rustc/e3feeb59cd1bdd011a2bfcc0747b55125d9b8527/library/core/src/future/future.rs:133:9
[INFO] [stdout]   24:     0x62d5cd41a74d - <tokio[c097bee187093a3b]::runtime::scheduler::current_thread::CoreGuard>::block_on::<core[a373ad73a504971]::pin::Pin<&mut core[a373ad73a504971]::pin::Pin<&mut dyn core[a373ad73a504971]::future::future::Future<Output = ()>>>>::{closure#0}::{closure#0}::{closure#0}
[INFO] [stdout]                                at /opt/rustwide/cargo-home/registry/src/index.crates.io-1949cf8c6b5b557f/tokio-1.49.0/src/runtime/scheduler/current_thread/mod.rs:753:70
[INFO] [stdout]   25:     0x62d5cd41a515 - tokio[c097bee187093a3b]::task::coop::with_budget::<core[a373ad73a504971]::task::poll::Poll<()>, <tokio[c097bee187093a3b]::runtime::scheduler::current_thread::CoreGuard>::block_on<core[a373ad73a504971]::pin::Pin<&mut core[a373ad73a504971]::pin::Pin<&mut dyn core[a373ad73a504971]::future::future::Future<Output = ()>>>>::{closure#0}::{closure#0}::{closure#0}>
[INFO] [stdout]                                at /opt/rustwide/cargo-home/registry/src/index.crates.io-1949cf8c6b5b557f/tokio-1.49.0/src/task/coop/mod.rs:167:5
[INFO] [stdout]   26:     0x62d5cd41a515 - tokio[c097bee187093a3b]::task::coop::budget::<core[a373ad73a504971]::task::poll::Poll<()>, <tokio[c097bee187093a3b]::runtime::scheduler::current_thread::CoreGuard>::block_on<core[a373ad73a504971]::pin::Pin<&mut core[a373ad73a504971]::pin::Pin<&mut dyn core[a373ad73a504971]::future::future::Future<Output = ()>>>>::{closure#0}::{closure#0}::{closure#0}>
[INFO] [stdout]                                at /opt/rustwide/cargo-home/registry/src/index.crates.io-1949cf8c6b5b557f/tokio-1.49.0/src/task/coop/mod.rs:133:5
[INFO] [stdout]   27:     0x62d5cd41a515 - <tokio[c097bee187093a3b]::runtime::scheduler::current_thread::CoreGuard>::block_on::<core[a373ad73a504971]::pin::Pin<&mut core[a373ad73a504971]::pin::Pin<&mut dyn core[a373ad73a504971]::future::future::Future<Output = ()>>>>::{closure#0}::{closure#0}
[INFO] [stdout]                                at /opt/rustwide/cargo-home/registry/src/index.crates.io-1949cf8c6b5b557f/tokio-1.49.0/src/runtime/scheduler/current_thread/mod.rs:753:25
[INFO] [stdout]   28:     0x62d5cd3fc4e2 - <tokio[c097bee187093a3b]::runtime::scheduler::current_thread::Context>::enter::<core[a373ad73a504971]::task::poll::Poll<()>, <tokio[c097bee187093a3b]::runtime::scheduler::current_thread::CoreGuard>::block_on<core[a373ad73a504971]::pin::Pin<&mut core[a373ad73a504971]::pin::Pin<&mut dyn core[a373ad73a504971]::future::future::Future<Output = ()>>>>::{closure#0}::{closure#0}>
[INFO] [stdout]                                at /opt/rustwide/cargo-home/registry/src/index.crates.io-1949cf8c6b5b557f/tokio-1.49.0/src/runtime/scheduler/current_thread/mod.rs:442:19
[INFO] [stdout]   29:     0x62d5cd41635d - <tokio[c097bee187093a3b]::runtime::scheduler::current_thread::CoreGuard>::block_on::<core[a373ad73a504971]::pin::Pin<&mut core[a373ad73a504971]::pin::Pin<&mut dyn core[a373ad73a504971]::future::future::Future<Output = ()>>>>::{closure#0}
[INFO] [stdout]                                at /opt/rustwide/cargo-home/registry/src/index.crates.io-1949cf8c6b5b557f/tokio-1.49.0/src/runtime/scheduler/current_thread/mod.rs:752:44
[INFO] [stdout]   30:     0x62d5cd414af4 - <tokio[c097bee187093a3b]::runtime::scheduler::current_thread::CoreGuard>::enter::<<tokio[c097bee187093a3b]::runtime::scheduler::current_thread::CoreGuard>::block_on<core[a373ad73a504971]::pin::Pin<&mut core[a373ad73a504971]::pin::Pin<&mut dyn core[a373ad73a504971]::future::future::Future<Output = ()>>>>::{closure#0}, core[a373ad73a504971]::option::Option<()>>::{closure#0}
[INFO] [stdout]                                at /opt/rustwide/cargo-home/registry/src/index.crates.io-1949cf8c6b5b557f/tokio-1.49.0/src/runtime/scheduler/current_thread/mod.rs:840:68
[INFO] [stdout]   31:     0x62d5cd0b4a4b - <tokio[c097bee187093a3b]::runtime::context::scoped::Scoped<tokio[c097bee187093a3b]::runtime::scheduler::Context>>::set::<<tokio[c097bee187093a3b]::runtime::scheduler::current_thread::CoreGuard>::enter<<tokio[c097bee187093a3b]::runtime::scheduler::current_thread::CoreGuard>::block_on<core[a373ad73a504971]::pin::Pin<&mut core[a373ad73a504971]::pin::Pin<&mut dyn core[a373ad73a504971]::future::future::Future<Output = ()>>>>::{closure#0}, core[a373ad73a504971]::option::Option<()>>::{closure#0}, (alloc[2e1b2a31b91974c5]::boxed::Box<tokio[c097bee187093a3b]::runtime::scheduler::current_thread::Core>, core[a373ad73a504971]::option::Option<()>)>
[INFO] [stdout]                                at /opt/rustwide/cargo-home/registry/src/index.crates.io-1949cf8c6b5b557f/tokio-1.49.0/src/runtime/context/scoped.rs:40:9
[INFO] [stdout]   32:     0x62d5ccf6df49 - tokio[c097bee187093a3b]::runtime::context::set_scheduler::<(alloc[2e1b2a31b91974c5]::boxed::Box<tokio[c097bee187093a3b]::runtime::scheduler::current_thread::Core>, core[a373ad73a504971]::option::Option<()>), <tokio[c097bee187093a3b]::runtime::scheduler::current_thread::CoreGuard>::enter<<tokio[c097bee187093a3b]::runtime::scheduler::current_thread::CoreGuard>::block_on<core[a373ad73a504971]::pin::Pin<&mut core[a373ad73a504971]::pin::Pin<&mut dyn core[a373ad73a504971]::future::future::Future<Output = ()>>>>::{closure#0}, core[a373ad73a504971]::option::Option<()>>::{closure#0}>::{closure#0}
[INFO] [stdout]                                at /opt/rustwide/cargo-home/registry/src/index.crates.io-1949cf8c6b5b557f/tokio-1.49.0/src/runtime/context.rs:176:38
[INFO] [stdout]   33:     0x62d5cd2432ef - <std[617be2ca0a6fd877]::thread::local::LocalKey<tokio[c097bee187093a3b]::runtime::context::Context>>::try_with::<tokio[c097bee187093a3b]::runtime::context::set_scheduler<(alloc[2e1b2a31b91974c5]::boxed::Box<tokio[c097bee187093a3b]::runtime::scheduler::current_thread::Core>, core[a373ad73a504971]::option::Option<()>), <tokio[c097bee187093a3b]::runtime::scheduler::current_thread::CoreGuard>::enter<<tokio[c097bee187093a3b]::runtime::scheduler::current_thread::CoreGuard>::block_on<core[a373ad73a504971]::pin::Pin<&mut core[a373ad73a504971]::pin::Pin<&mut dyn core[a373ad73a504971]::future::future::Future<Output = ()>>>>::{closure#0}, core[a373ad73a504971]::option::Option<()>>::{closure#0}>::{closure#0}, (alloc[2e1b2a31b91974c5]::boxed::Box<tokio[c097bee187093a3b]::runtime::scheduler::current_thread::Core>, core[a373ad73a504971]::option::Option<()>)>
[INFO] [stdout]                                at /rustc/e3feeb59cd1bdd011a2bfcc0747b55125d9b8527/library/std/src/thread/local.rs:463:12
[INFO] [stdout]   34:     0x62d5cd2429fe - <std[617be2ca0a6fd877]::thread::local::LocalKey<tokio[c097bee187093a3b]::runtime::context::Context>>::with::<tokio[c097bee187093a3b]::runtime::context::set_scheduler<(alloc[2e1b2a31b91974c5]::boxed::Box<tokio[c097bee187093a3b]::runtime::scheduler::current_thread::Core>, core[a373ad73a504971]::option::Option<()>), <tokio[c097bee187093a3b]::runtime::scheduler::current_thread::CoreGuard>::enter<<tokio[c097bee187093a3b]::runtime::scheduler::current_thread::CoreGuard>::block_on<core[a373ad73a504971]::pin::Pin<&mut core[a373ad73a504971]::pin::Pin<&mut dyn core[a373ad73a504971]::future::future::Future<Output = ()>>>>::{closure#0}, core[a373ad73a504971]::option::Option<()>>::{closure#0}>::{closure#0}, (alloc[2e1b2a31b91974c5]::boxed::Box<tokio[c097bee187093a3b]::runtime::scheduler::current_thread::Core>, core[a373ad73a504971]::option::Option<()>)>
[INFO] [stdout]                                at /rustc/e3feeb59cd1bdd011a2bfcc0747b55125d9b8527/library/std/src/thread/local.rs:427:20
[INFO] [stdout]   35:     0x62d5ccf5deed - tokio[c097bee187093a3b]::runtime::context::set_scheduler::<(alloc[2e1b2a31b91974c5]::boxed::Box<tokio[c097bee187093a3b]::runtime::scheduler::current_thread::Core>, core[a373ad73a504971]::option::Option<()>), <tokio[c097bee187093a3b]::runtime::scheduler::current_thread::CoreGuard>::enter<<tokio[c097bee187093a3b]::runtime::scheduler::current_thread::CoreGuard>::block_on<core[a373ad73a504971]::pin::Pin<&mut core[a373ad73a504971]::pin::Pin<&mut dyn core[a373ad73a504971]::future::future::Future<Output = ()>>>>::{closure#0}, core[a373ad73a504971]::option::Option<()>>::{closure#0}>
[INFO] [stdout]                                at /opt/rustwide/cargo-home/registry/src/index.crates.io-1949cf8c6b5b557f/tokio-1.49.0/src/runtime/context.rs:176:17
[INFO] [stdout]   36:     0x62d5cd406830 - <tokio[c097bee187093a3b]::runtime::scheduler::current_thread::CoreGuard>::enter::<<tokio[c097bee187093a3b]::runtime::scheduler::current_thread::CoreGuard>::block_on<core[a373ad73a504971]::pin::Pin<&mut core[a373ad73a504971]::pin::Pin<&mut dyn core[a373ad73a504971]::future::future::Future<Output = ()>>>>::{closure#0}, core[a373ad73a504971]::option::Option<()>>
[INFO] [stdout]                                at /opt/rustwide/cargo-home/registry/src/index.crates.io-1949cf8c6b5b557f/tokio-1.49.0/src/runtime/scheduler/current_thread/mod.rs:840:27
[INFO] [stdout]   37:     0x62d5cd407026 - <tokio[c097bee187093a3b]::runtime::scheduler::current_thread::CoreGuard>::block_on::<core[a373ad73a504971]::pin::Pin<&mut core[a373ad73a504971]::pin::Pin<&mut dyn core[a373ad73a504971]::future::future::Future<Output = ()>>>>
[INFO] [stdout]                                at /opt/rustwide/cargo-home/registry/src/index.crates.io-1949cf8c6b5b557f/tokio-1.49.0/src/runtime/scheduler/current_thread/mod.rs:740:24
[INFO] [stdout]   38:     0x62d5cd4139c0 - <tokio[c097bee187093a3b]::runtime::scheduler::current_thread::CurrentThread>::block_on::<core[a373ad73a504971]::pin::Pin<&mut dyn core[a373ad73a504971]::future::future::Future<Output = ()>>>::{closure#0}
[INFO] [stdout]                                at /opt/rustwide/cargo-home/registry/src/index.crates.io-1949cf8c6b5b557f/tokio-1.49.0/src/runtime/scheduler/current_thread/mod.rs:200:33
[INFO] [stdout]   39:     0x62d5cd0606a8 - tokio[c097bee187093a3b]::runtime::context::runtime::enter_runtime::<<tokio[c097bee187093a3b]::runtime::scheduler::current_thread::CurrentThread>::block_on<core[a373ad73a504971]::pin::Pin<&mut dyn core[a373ad73a504971]::future::future::Future<Output = ()>>>::{closure#0}, ()>
[INFO] [stdout]                                at /opt/rustwide/cargo-home/registry/src/index.crates.io-1949cf8c6b5b557f/tokio-1.49.0/src/runtime/context/runtime.rs:65:16
[INFO] [stdout]   40:     0x62d5cd3faaf4 - <tokio[c097bee187093a3b]::runtime::scheduler::current_thread::CurrentThread>::block_on::<core[a373ad73a504971]::pin::Pin<&mut dyn core[a373ad73a504971]::future::future::Future<Output = ()>>>
[INFO] [stdout]                                at /opt/rustwide/cargo-home/registry/src/index.crates.io-1949cf8c6b5b557f/tokio-1.49.0/src/runtime/scheduler/current_thread/mod.rs:188:9
[INFO] [stdout]   41:     0x62d5cd291d0f - <tokio[c097bee187093a3b]::runtime::runtime::Runtime>::block_on_inner::<core[a373ad73a504971]::pin::Pin<&mut dyn core[a373ad73a504971]::future::future::Future<Output = ()>>>
[INFO] [stdout]                                at /opt/rustwide/cargo-home/registry/src/index.crates.io-1949cf8c6b5b557f/tokio-1.49.0/src/runtime/runtime.rs:368:52
[INFO] [stdout]   42:     0x62d5cd29200b - <tokio[c097bee187093a3b]::runtime::runtime::Runtime>::block_on::<core[a373ad73a504971]::pin::Pin<&mut dyn core[a373ad73a504971]::future::future::Future<Output = ()>>>
[INFO] [stdout]                                at /opt/rustwide/cargo-home/registry/src/index.crates.io-1949cf8c6b5b557f/tokio-1.49.0/src/runtime/runtime.rs:342:18
[INFO] [stdout]   43:     0x62d5ccf3c335 - axum[db8b007bf8d92423]::routing::tests::logging_rejections
[INFO] [stdout]                                at /opt/rustwide/workdir/axum/src/routing/tests/mod.rs:1092:15
[INFO] [stdout]   44:     0x62d5ccf0a4f7 - axum[db8b007bf8d92423]::routing::tests::logging_rejections::{closure#0}
[INFO] [stdout]                                at /opt/rustwide/workdir/axum/src/routing/tests/mod.rs:1058:30
[INFO] [stdout]   45:     0x62d5ccee8ef6 - <axum[db8b007bf8d92423]::routing::tests::logging_rejections::{closure#0} as core[a373ad73a504971]::ops::function::FnOnce<()>>::call_once
[INFO] [stdout]                                at /rustc/e3feeb59cd1bdd011a2bfcc0747b55125d9b8527/library/core/src/ops/function.rs:250:5
[INFO] [stdout]   46:     0x62d5cd5a8beb - <fn() -> core[a373ad73a504971]::result::Result<(), alloc[2e1b2a31b91974c5]::string::String> as core[a373ad73a504971]::ops::function::FnOnce<()>>::call_once
[INFO] [stdout]                                at /rustc/e3feeb59cd1bdd011a2bfcc0747b55125d9b8527/library/core/src/ops/function.rs:250:5
[INFO] [stdout]   47:     0x62d5cd5a8beb - test[aada8e7e76ba119b]::__rust_begin_short_backtrace::<core[a373ad73a504971]::result::Result<(), alloc[2e1b2a31b91974c5]::string::String>, fn() -> core[a373ad73a504971]::result::Result<(), alloc[2e1b2a31b91974c5]::string::String>>
[INFO] [stdout]                                at /rustc/e3feeb59cd1bdd011a2bfcc0747b55125d9b8527/library/test/src/lib.rs:701:18
[INFO] [stdout]   48:     0x62d5cd5b5dc5 - test[aada8e7e76ba119b]::run_test_in_process::{closure#0}
[INFO] [stdout]                                at /rustc/e3feeb59cd1bdd011a2bfcc0747b55125d9b8527/library/test/src/lib.rs:724:74
[INFO] [stdout]   49:     0x62d5cd5b5dc5 - <core[a373ad73a504971]::panic::unwind_safe::AssertUnwindSafe<test[aada8e7e76ba119b]::run_test_in_process::{closure#0}> as core[a373ad73a504971]::ops::function::FnOnce<()>>::call_once
[INFO] [stdout]                                at /rustc/e3feeb59cd1bdd011a2bfcc0747b55125d9b8527/library/core/src/panic/unwind_safe.rs:275:9
[INFO] [stdout]   50:     0x62d5cd5b5dc5 - std[617be2ca0a6fd877]::panicking::catch_unwind::do_call::<core[a373ad73a504971]::panic::unwind_safe::AssertUnwindSafe<test[aada8e7e76ba119b]::run_test_in_process::{closure#0}>, core[a373ad73a504971]::result::Result<(), alloc[2e1b2a31b91974c5]::string::String>>
[INFO] [stdout]                                at /rustc/e3feeb59cd1bdd011a2bfcc0747b55125d9b8527/library/std/src/panicking.rs:573:43
[INFO] [stdout]   51:     0x62d5cd5b5dc5 - std[617be2ca0a6fd877]::panicking::catch_unwind::<core[a373ad73a504971]::result::Result<(), alloc[2e1b2a31b91974c5]::string::String>, core[a373ad73a504971]::panic::unwind_safe::AssertUnwindSafe<test[aada8e7e76ba119b]::run_test_in_process::{closure#0}>>
[INFO] [stdout]                                at /rustc/e3feeb59cd1bdd011a2bfcc0747b55125d9b8527/library/std/src/panicking.rs:541:19
[INFO] [stdout]   52:     0x62d5cd5b5dc5 - std[617be2ca0a6fd877]::panic::catch_unwind::<core[a373ad73a504971]::panic::unwind_safe::AssertUnwindSafe<test[aada8e7e76ba119b]::run_test_in_process::{closure#0}>, core[a373ad73a504971]::result::Result<(), alloc[2e1b2a31b91974c5]::string::String>>
[INFO] [stdout]                                at /rustc/e3feeb59cd1bdd011a2bfcc0747b55125d9b8527/library/std/src/panic.rs:359:14
[INFO] [stdout]   53:     0x62d5cd5b5dc5 - test[aada8e7e76ba119b]::run_test_in_process
[INFO] [stdout]                                at /rustc/e3feeb59cd1bdd011a2bfcc0747b55125d9b8527/library/test/src/lib.rs:724:27
[INFO] [stdout]   54:     0x62d5cd5b5dc5 - test[aada8e7e76ba119b]::run_test::{closure#0}
[INFO] [stdout]                                at /rustc/e3feeb59cd1bdd011a2bfcc0747b55125d9b8527/library/test/src/lib.rs:645:43
[INFO] [stdout]   55:     0x62d5cd5af6b4 - test[aada8e7e76ba119b]::run_test::{closure#1}
[INFO] [stdout]                                at /rustc/e3feeb59cd1bdd011a2bfcc0747b55125d9b8527/library/test/src/lib.rs:675:41
[INFO] [stdout]   56:     0x62d5cd5af6b4 - std[617be2ca0a6fd877]::sys::backtrace::__rust_begin_short_backtrace::<test[aada8e7e76ba119b]::run_test::{closure#1}, ()>
[INFO] [stdout]                                at /rustc/e3feeb59cd1bdd011a2bfcc0747b55125d9b8527/library/std/src/sys/backtrace.rs:166:18
[INFO] [stdout]   57:     0x62d5cd5b8e52 - std[617be2ca0a6fd877]::thread::lifecycle::spawn_unchecked::<test[aada8e7e76ba119b]::run_test::{closure#1}, ()>::{closure#1}::{closure#0}
[INFO] [stdout]                                at /rustc/e3feeb59cd1bdd011a2bfcc0747b55125d9b8527/library/std/src/thread/lifecycle.rs:70:13
[INFO] [stdout]   58:     0x62d5cd5b8e52 - <core[a373ad73a504971]::panic::unwind_safe::AssertUnwindSafe<std[617be2ca0a6fd877]::thread::lifecycle::spawn_unchecked<test[aada8e7e76ba119b]::run_test::{closure#1}, ()>::{closure#1}::{closure#0}> as core[a373ad73a504971]::ops::function::FnOnce<()>>::call_once
[INFO] [stdout]                                at /rustc/e3feeb59cd1bdd011a2bfcc0747b55125d9b8527/library/core/src/panic/unwind_safe.rs:275:9
[INFO] [stdout]   59:     0x62d5cd5b8e52 - std[617be2ca0a6fd877]::panicking::catch_unwind::do_call::<core[a373ad73a504971]::panic::unwind_safe::AssertUnwindSafe<std[617be2ca0a6fd877]::thread::lifecycle::spawn_unchecked<test[aada8e7e76ba119b]::run_test::{closure#1}, ()>::{closure#1}::{closure#0}>, ()>
[INFO] [stdout]                                at /rustc/e3feeb59cd1bdd011a2bfcc0747b55125d9b8527/library/std/src/panicking.rs:573:43
[INFO] [stdout]   60:     0x62d5cd5b8e52 - std[617be2ca0a6fd877]::panicking::catch_unwind::<(), core[a373ad73a504971]::panic::unwind_safe::AssertUnwindSafe<std[617be2ca0a6fd877]::thread::lifecycle::spawn_unchecked<test[aada8e7e76ba119b]::run_test::{closure#1}, ()>::{closure#1}::{closure#0}>>
[INFO] [stdout]                                at /rustc/e3feeb59cd1bdd011a2bfcc0747b55125d9b8527/library/std/src/panicking.rs:541:19
[INFO] [stdout]   61:     0x62d5cd5b8e52 - std[617be2ca0a6fd877]::panic::catch_unwind::<core[a373ad73a504971]::panic::unwind_safe::AssertUnwindSafe<std[617be2ca0a6fd877]::thread::lifecycle::spawn_unchecked<test[aada8e7e76ba119b]::run_test::{closure#1}, ()>::{closure#1}::{closure#0}>, ()>
[INFO] [stdout]                                at /rustc/e3feeb59cd1bdd011a2bfcc0747b55125d9b8527/library/std/src/panic.rs:359:14
[INFO] [stdout]   62:     0x62d5cd5b8e52 - std[617be2ca0a6fd877]::thread::lifecycle::spawn_unchecked::<test[aada8e7e76ba119b]::run_test::{closure#1}, ()>::{closure#1}
[INFO] [stdout]                                at /rustc/e3feeb59cd1bdd011a2bfcc0747b55125d9b8527/library/std/src/thread/lifecycle.rs:68:26
[INFO] [stdout]   63:     0x62d5cd5b8e52 - <std[617be2ca0a6fd877]::thread::lifecycle::spawn_unchecked<test[aada8e7e76ba119b]::run_test::{closure#1}, ()>::{closure#1} as core[a373ad73a504971]::ops::function::FnOnce<()>>::call_once::{shim:vtable#0}
[INFO] [stdout]                                at /rustc/e3feeb59cd1bdd011a2bfcc0747b55125d9b8527/library/core/src/ops/function.rs:250:5
[INFO] [stdout]   64:     0x62d5cdc141cf - <alloc[2e1b2a31b91974c5]::boxed::Box<dyn core[a373ad73a504971]::ops::function::FnOnce<(), Output = ()> + core[a373ad73a504971]::marker::Send> as core[a373ad73a504971]::ops::function::FnOnce<()>>::call_once
[INFO] [stdout]                                at /rustc/e3feeb59cd1bdd011a2bfcc0747b55125d9b8527/library/alloc/src/boxed.rs:2314:9
[INFO] [stdout]   65:     0x62d5cdc141cf - <std[617be2ca0a6fd877]::sys::thread::unix::Thread>::new::thread_start
[INFO] [stdout]                                at /rustc/e3feeb59cd1bdd011a2bfcc0747b55125d9b8527/library/std/src/sys/thread/unix.rs:127:17
[INFO] [stdout]   66:     0x70846ab14dfa - <unknown>
[INFO] [stdout]   67:     0x70846aba83d4 - clone
[INFO] [stdout]   68:                0x0 - <unknown>
[INFO] [stdout] 
[INFO] [stdout] 
[INFO] [stdout] failures:
[INFO] [stdout]     routing::tests::logging_rejections
[INFO] [stdout] 
[INFO] [stdout] test result: FAILED. 340 passed; 1 failed; 0 ignored; 0 measured; 0 filtered out; finished in 0.77s
[INFO] [stdout] 
[INFO] [stderr] error: test failed, to rerun pass `-p axum --lib`
[INFO] running `Command { std: "docker" "inspect" "e6711a58d989aa1ab582402061a4e1f32533e73c5d266c695efc8b400609e121", kill_on_drop: false }`
[INFO] running `Command { std: "docker" "rm" "-f" "e6711a58d989aa1ab582402061a4e1f32533e73c5d266c695efc8b400609e121", kill_on_drop: false }`
[INFO] [stdout] e6711a58d989aa1ab582402061a4e1f32533e73c5d266c695efc8b400609e121
