[INFO] cloning repository https://github.com/arslee07/revolt.rs
[INFO] running `Command { std: "git" "-c" "credential.helper=" "-c" "credential.helper=/workspace/cargo-home/bin/git-credential-null" "clone" "--bare" "https://github.com/arslee07/revolt.rs" "/workspace/cache/git-repos/https%3A%2F%2Fgithub.com%2Farslee07%2Frevolt.rs", kill_on_drop: false }`
[INFO] [stderr] Cloning into bare repository '/workspace/cache/git-repos/https%3A%2F%2Fgithub.com%2Farslee07%2Frevolt.rs'...
[INFO] running `Command { std: "git" "rev-parse" "HEAD", kill_on_drop: false }`
[INFO] [stdout] 111efa9a3af02e74c32fbcec535323ddde23f180
[INFO] testing arslee07/revolt.rs against 1.100.0-beta.1 for beta-1.100-4
[INFO] running `Command { std: "git" "clone" "/workspace/cache/git-repos/https%3A%2F%2Fgithub.com%2Farslee07%2Frevolt.rs" "/workspace/builds/worker-7-tc2/source", kill_on_drop: false }`
[INFO] [stderr] Cloning into '/workspace/builds/worker-7-tc2/source'...
[INFO] [stderr] done.
[INFO] started tweaking git repo https://github.com/arslee07/revolt.rs
[INFO] finished tweaking git repo https://github.com/arslee07/revolt.rs
[INFO] tweaked toml for git repo https://github.com/arslee07/revolt.rs written to /workspace/builds/worker-7-tc2/source/Cargo.toml
[INFO] validating manifest of git repo https://github.com/arslee07/revolt.rs on toolchain 1.100.0-beta.1
[INFO] running `Command { std: CARGO_HOME="/workspace/cargo-home" RUSTUP_HOME="/workspace/rustup-home" "/workspace/cargo-home/bin/cargo" "+1.100.0-beta.1" "metadata" "--manifest-path" "Cargo.toml" "--no-deps", kill_on_drop: false }`
[INFO] crate git repo https://github.com/arslee07/revolt.rs already has a lockfile, it will not be regenerated
[INFO] running `Command { std: CARGO_HOME="/workspace/cargo-home" RUSTUP_HOME="/workspace/rustup-home" "/workspace/cargo-home/bin/cargo" "+1.100.0-beta.1" "fetch" "--manifest-path" "Cargo.toml", kill_on_drop: false }`
[INFO] [stderr] warning: virtual workspace defaulting to `resolver = "1"` despite one or more workspace members being on edition 2021 which implies `resolver = "2"`
[INFO] [stderr]   |
[INFO] [stderr]   = note: to keep the current resolver, specify `workspace.resolver = "1"` in the workspace root's manifest
[INFO] [stderr]   = note: to use the edition 2021 resolver, specify `workspace.resolver = "2"` in the workspace root's manifest
[INFO] [stderr]   = note: for more details see https://doc.rust-lang.org/cargo/reference/resolver.html#resolver-versions
[INFO] running `Command { std: "docker" "create" "-v" "/var/lib/crater-agent-workspace/builds/worker-7-tc2/source:/opt/rustwide/workdir:ro,Z" "-v" "/var/lib/crater-agent-workspace/builds/worker-7-tc2/target:/opt/rustwide/target:rw,Z" "-v" "/var/lib/crater-agent-workspace/cargo-home:/opt/rustwide/cargo-home:ro,Z" "-v" "/var/lib/crater-agent-workspace/rustup-home:/opt/rustwide/rustup-home:ro,Z" "-m" "1610612736" "--network" "none" "ghcr.io/rust-lang/crates-build-env/linux@sha256:77db811e55d90add9212f6832c23229e3de5f1c1f9905e8cb07319ea15df73ac" "sleep" "infinity", kill_on_drop: false }`
[INFO] [stdout] c19f17076a5025c59c9353c18e5b0bd6be6e7253b5a8209adae56f3623168fc8
[INFO] running `Command { std: "docker" "start" "c19f17076a5025c59c9353c18e5b0bd6be6e7253b5a8209adae56f3623168fc8", kill_on_drop: false }`
[INFO] running `Command { std: "docker" "inspect" "c19f17076a5025c59c9353c18e5b0bd6be6e7253b5a8209adae56f3623168fc8", kill_on_drop: false }`
[INFO] running `Command { std: "docker" "exec" "-e" "SOURCE_DIR=/opt/rustwide/workdir" "-e" "CARGO_HOME=/opt/rustwide/cargo-home" "-e" "RUSTUP_HOME=/opt/rustwide/rustup-home" "-e" "CARGO_TARGET_DIR=/opt/rustwide/target" "-w" "/opt/rustwide/workdir" "--user" "0:0" "c19f17076a5025c59c9353c18e5b0bd6be6e7253b5a8209adae56f3623168fc8" "/opt/rustwide/cargo-home/bin/cargo" "+1.100.0-beta.1" "metadata" "--no-deps" "--format-version=1", kill_on_drop: false }`
[INFO] running `Command { std: "docker" "inspect" "c19f17076a5025c59c9353c18e5b0bd6be6e7253b5a8209adae56f3623168fc8", kill_on_drop: false }`
[INFO] running `Command { std: "docker" "exec" "-e" "SOURCE_DIR=/opt/rustwide/workdir" "-e" "CARGO_HOME=/opt/rustwide/cargo-home" "-e" "RUSTUP_HOME=/opt/rustwide/rustup-home" "-e" "CARGO_TARGET_DIR=/opt/rustwide/target" "-e" "CARGO_INCREMENTAL=0" "-e" "RUST_BACKTRACE=full" "-e" "RUSTFLAGS=--cap-lints=warn" "-e" "RUSTDOCFLAGS=--cap-lints=warn" "-w" "/opt/rustwide/workdir" "--user" "0:0" "c19f17076a5025c59c9353c18e5b0bd6be6e7253b5a8209adae56f3623168fc8" "/opt/rustwide/cargo-home/bin/cargo" "+1.100.0-beta.1" "build" "--frozen" "--message-format=json", kill_on_drop: false }`
[INFO] [stderr] warning: virtual workspace defaulting to `resolver = "1"` despite one or more workspace members being on edition 2021 which implies `resolver = "2"`
[INFO] [stderr]   |
[INFO] [stderr]   = note: to keep the current resolver, specify `workspace.resolver = "1"` in the workspace root's manifest
[INFO] [stderr]   = note: to use the edition 2021 resolver, specify `workspace.resolver = "2"` in the workspace root's manifest
[INFO] [stderr]   = note: for more details see https://doc.rust-lang.org/cargo/reference/resolver.html#resolver-versions
[INFO] [stderr]    Compiling libc v0.2.126
[INFO] [stderr]    Compiling proc-macro2 v1.0.40
[INFO] [stderr]    Compiling quote v1.0.20
[INFO] [stderr]    Compiling unicode-ident v1.0.2
[INFO] [stderr]    Compiling syn v1.0.98
[INFO] [stderr]    Compiling cc v1.0.73
[INFO] [stderr]    Compiling once_cell v1.13.0
[INFO] [stderr]    Compiling log v0.4.17
[INFO] [stderr]    Compiling parking_lot_core v0.9.3
[INFO] [stderr]    Compiling bytes v1.2.0
[INFO] [stderr]    Compiling pin-project-lite v0.2.9
[INFO] [stderr]    Compiling memchr v2.5.0
[INFO] [stderr]    Compiling smallvec v1.9.0
[INFO] [stderr]    Compiling lock_api v0.4.7
[INFO] [stderr]    Compiling itoa v1.0.2
[INFO] [stderr]    Compiling tokio v1.20.0
[INFO] [stderr]    Compiling futures-core v0.3.21
[INFO] [stderr]    Compiling typenum v1.15.0
[INFO] [stderr]    Compiling generic-array v0.14.5
[INFO] [stderr]    Compiling slab v0.4.7
[INFO] [stderr]    Compiling pkg-config v0.3.25
[INFO] [stderr]    Compiling futures-task v0.3.21
[INFO] [stderr]    Compiling serde_derive v1.0.139
[INFO] [stderr]    Compiling futures-sink v0.3.21
[INFO] [stderr]    Compiling serde v1.0.139
[INFO] [stderr]    Compiling futures-util v0.3.21
[INFO] [stderr]    Compiling httparse v1.7.1
[INFO] [stderr]    Compiling rustls v0.20.6
[INFO] [stderr]    Compiling matches v0.1.9
[INFO] [stderr]    Compiling tinyvec_macros v0.1.0
[INFO] [stderr]    Compiling tracing-core v0.1.28
[INFO] [stderr]    Compiling tinyvec v1.6.0
[INFO] [stderr]    Compiling indexmap v1.9.1
[INFO] [stderr]    Compiling percent-encoding v2.1.0
[INFO] [stderr]    Compiling serde_json v1.0.82
[INFO] [stderr]    Compiling openssl v0.10.41
[INFO] [stderr]    Compiling ryu v1.0.10
[INFO] [stderr]    Compiling form_urlencoded v1.0.1
[INFO] [stderr]    Compiling unicode-bidi v0.3.8
[INFO] [stderr]    Compiling futures-channel v0.3.21
[INFO] [stderr]    Compiling http v0.2.8
[INFO] [stderr]    Compiling native-tls v0.2.10
[INFO] [stderr]    Compiling try-lock v0.2.3
[INFO] [stderr]    Compiling time-macros v0.2.4
[INFO] [stderr]    Compiling bitflags v1.3.2
[INFO] [stderr]    Compiling num_threads v0.1.6
[INFO] [stderr]    Compiling want v0.3.0
[INFO] [stderr]    Compiling num_cpus v1.13.1
[INFO] [stderr]    Compiling signal-hook-registry v1.4.0
[INFO] [stderr]    Compiling mio v0.8.4
[INFO] [stderr]    Compiling socket2 v0.4.4
[INFO] [stderr]    Compiling parking_lot v0.12.1
[INFO] [stderr]    Compiling getrandom v0.2.7
[INFO] [stderr]    Compiling ppv-lite86 v0.2.16
[INFO] [stderr]    Compiling ring v0.16.20
[INFO] [stderr]    Compiling openssl-sys v0.9.75
[INFO] [stderr]    Compiling tracing v0.1.35
[INFO] [stderr]    Compiling rand_core v0.6.3
[INFO] [stderr]    Compiling httpdate v1.0.2
[INFO] [stderr]    Compiling encoding_rs v0.8.31
[INFO] [stderr]    Compiling bitflags v1.3.2 (https://github.com/bitflags/bitflags#810dc35a)
[INFO] [stderr]    Compiling cpufeatures v0.2.2
[INFO] [stderr]    Compiling byteorder v1.4.3
[INFO] [stderr]    Compiling utf-8 v0.7.6
[INFO] [stderr]    Compiling http-body v0.4.5
[INFO] [stderr]    Compiling async-trait v0.1.57
[INFO] [stderr]    Compiling rustls-pemfile v1.0.0
[INFO] [stderr]    Compiling rand_chacha v0.3.1
[INFO] [stderr]    Compiling mime v0.3.16
[INFO] [stderr]    Compiling ipnet v2.5.0
[INFO] [stderr]    Compiling rand v0.8.5
[INFO] [stderr]    Compiling time v0.3.11
[INFO] [stderr]    Compiling unicode-normalization v0.1.21
[INFO] [stderr]    Compiling crypto-common v0.1.6
[INFO] [stderr]    Compiling block-buffer v0.10.2
[INFO] [stderr]    Compiling idna v0.2.3
[INFO] [stderr]    Compiling digest v0.10.3
[INFO] [stderr]    Compiling sha-1 v0.10.0
[INFO] [stderr]    Compiling url v2.2.2
[INFO] [stderr]    Compiling webpki v0.22.0
[INFO] [stderr]    Compiling sct v0.7.0
[INFO] [stderr]    Compiling webpki-roots v0.22.4
[INFO] [stderr]    Compiling tokio-macros v1.8.0
[INFO] [stderr]    Compiling futures-macro v0.3.21
[INFO] [stderr]    Compiling openssl-macros v0.1.0
[INFO] [stderr]    Compiling thiserror-impl v1.0.31
[INFO] [stderr]    Compiling thiserror v1.0.31
[INFO] [stderr]    Compiling tungstenite v0.17.3
[INFO] [stderr]    Compiling tokio-util v0.7.3
[INFO] [stderr]    Compiling tokio-rustls v0.23.4
[INFO] [stderr]    Compiling tokio-native-tls v0.3.0
[INFO] [stderr]    Compiling tokio-stream v0.1.9
[INFO] [stderr]    Compiling tokio-tungstenite v0.17.2
[INFO] [stderr]    Compiling h2 v0.3.13
[INFO] [stderr]    Compiling iso8601-timestamp v0.1.11
[INFO] [stderr]    Compiling serde_urlencoded v0.7.1
[INFO] [stderr]    Compiling revolt-models v0.1.0 (/opt/rustwide/workdir/revolt-models)
[INFO] [stderr]    Compiling hyper v0.14.20
[INFO] [stderr]    Compiling revolt-gateway v0.1.0 (/opt/rustwide/workdir/revolt-gateway)
[INFO] [stderr]    Compiling revolt-util v0.1.0 (/opt/rustwide/workdir/revolt-util)
[INFO] [stderr]    Compiling hyper-rustls v0.23.0
[INFO] [stderr]    Compiling hyper-tls v0.5.0
[INFO] [stderr]    Compiling reqwest v0.11.11
[INFO] [stderr]    Compiling revolt-http v0.1.0 (/opt/rustwide/workdir/revolt-http)
[INFO] [stdout] error[E0277]: the trait bound `!: serde::de::DeserializeOwned` is not satisfied
[INFO] [stdout]    --> revolt-http/src/channels/groups.rs:52:14
[INFO] [stdout]     |
[INFO] [stdout]  52 |             .json()
[INFO] [stdout]     |              ^^^^ the trait `for<'de> serde::de::Deserialize<'de>` is not implemented for `!`
[INFO] [stdout]     |
[INFO] [stdout]     = help: the following other types implement trait `serde::de::Deserialize<'de>`:
[INFO] [stdout]               &'a Path
[INFO] [stdout]               &'a [u8]
[INFO] [stdout]               &'a str
[INFO] [stdout]               ()
[INFO] [stdout]               (T0, T1)
[INFO] [stdout]               (T0, T1, T2)
[INFO] [stdout]               (T0, T1, T2, T3)
[INFO] [stdout]               (T0, T1, T2, T3, T4)
[INFO] [stdout]             and 203 others
[INFO] [stdout]     = note: this error might have been caused by changes to Rust's type-inference algorithm (see issue #148922 <https://github.com/rust-lang/rust/issues/148922> for more information)
[INFO] [stdout]     = help: you might have intended to use the type `()` here instead
[INFO] [stdout]     = note: required for `!` to implement `serde::de::DeserializeOwned`
[INFO] [stdout] note: required by a bound in `Response::json`
[INFO] [stdout]    --> /opt/rustwide/cargo-home/registry/src/index.crates.io-1949cf8c6b5b557f/reqwest-0.11.11/src/async_impl/response.rs:252:26
[INFO] [stdout]     |
[INFO] [stdout]  37 | impl Response {
[INFO] [stdout] ...
[INFO] [stdout] 252 |     pub async fn json<T: DeserializeOwned>(self) -> crate::Result<T> {
[INFO] [stdout]     |                          ^^^^^^^^^^^^^^^^ required by this bound in `Response::json`
[INFO] [stdout] 
[INFO] [stdout] 
[INFO] [stdout] error[E0277]: the trait bound `!: serde::de::DeserializeOwned` is not satisfied
[INFO] [stdout]    --> revolt-http/src/channels/groups.rs:75:14
[INFO] [stdout]     |
[INFO] [stdout]  75 |             .json()
[INFO] [stdout]     |              ^^^^ the trait `for<'de> serde::de::Deserialize<'de>` is not implemented for `!`
[INFO] [stdout]     |
[INFO] [stdout]     = help: the following other types implement trait `serde::de::Deserialize<'de>`:
[INFO] [stdout]               &'a Path
[INFO] [stdout]               &'a [u8]
[INFO] [stdout]               &'a str
[INFO] [stdout]               ()
[INFO] [stdout]               (T0, T1)
[INFO] [stdout]               (T0, T1, T2)
[INFO] [stdout]               (T0, T1, T2, T3)
[INFO] [stdout]               (T0, T1, T2, T3, T4)
[INFO] [stdout]             and 203 others
[INFO] [stdout]     = note: this error might have been caused by changes to Rust's type-inference algorithm (see issue #148922 <https://github.com/rust-lang/rust/issues/148922> for more information)
[INFO] [stdout]     = help: you might have intended to use the type `()` here instead
[INFO] [stdout]     = note: required for `!` to implement `serde::de::DeserializeOwned`
[INFO] [stdout] note: required by a bound in `Response::json`
[INFO] [stdout]    --> /opt/rustwide/cargo-home/registry/src/index.crates.io-1949cf8c6b5b557f/reqwest-0.11.11/src/async_impl/response.rs:252:26
[INFO] [stdout]     |
[INFO] [stdout]  37 | impl Response {
[INFO] [stdout] ...
[INFO] [stdout] 252 |     pub async fn json<T: DeserializeOwned>(self) -> crate::Result<T> {
[INFO] [stdout]     |                          ^^^^^^^^^^^^^^^^ required by this bound in `Response::json`
[INFO] [stdout] 
[INFO] [stdout] 
[INFO] [stdout] error[E0277]: the trait bound `!: serde::de::DeserializeOwned` is not satisfied
[INFO] [stdout]    --> revolt-http/src/servers/server_information.rs:47:14
[INFO] [stdout]     |
[INFO] [stdout]  47 |             .json()
[INFO] [stdout]     |              ^^^^ the trait `for<'de> serde::de::Deserialize<'de>` is not implemented for `!`
[INFO] [stdout]     |
[INFO] [stdout]     = help: the following other types implement trait `serde::de::Deserialize<'de>`:
[INFO] [stdout]               &'a Path
[INFO] [stdout]               &'a [u8]
[INFO] [stdout]               &'a str
[INFO] [stdout]               ()
[INFO] [stdout]               (T0, T1)
[INFO] [stdout]               (T0, T1, T2)
[INFO] [stdout]               (T0, T1, T2, T3)
[INFO] [stdout]               (T0, T1, T2, T3, T4)
[INFO] [stdout]             and 203 others
[INFO] [stdout]     = note: this error might have been caused by changes to Rust's type-inference algorithm (see issue #148922 <https://github.com/rust-lang/rust/issues/148922> for more information)
[INFO] [stdout]     = help: you might have intended to use the type `()` here instead
[INFO] [stdout]     = note: required for `!` to implement `serde::de::DeserializeOwned`
[INFO] [stdout] note: required by a bound in `Response::json`
[INFO] [stdout]    --> /opt/rustwide/cargo-home/registry/src/index.crates.io-1949cf8c6b5b557f/reqwest-0.11.11/src/async_impl/response.rs:252:26
[INFO] [stdout]     |
[INFO] [stdout]  37 | impl Response {
[INFO] [stdout] ...
[INFO] [stdout] 252 |     pub async fn json<T: DeserializeOwned>(self) -> crate::Result<T> {
[INFO] [stdout]     |                          ^^^^^^^^^^^^^^^^ required by this bound in `Response::json`
[INFO] [stdout] 
[INFO] [stdout] 
[INFO] [stdout] error[E0277]: the trait bound `!: serde::de::DeserializeOwned` is not satisfied
[INFO] [stdout]    --> revolt-http/src/servers/server_information.rs:80:14
[INFO] [stdout]     |
[INFO] [stdout]  80 |             .json()
[INFO] [stdout]     |              ^^^^ the trait `for<'de> serde::de::Deserialize<'de>` is not implemented for `!`
[INFO] [stdout]     |
[INFO] [stdout]     = help: the following other types implement trait `serde::de::Deserialize<'de>`:
[INFO] [stdout]               &'a Path
[INFO] [stdout]               &'a [u8]
[INFO] [stdout]               &'a str
[INFO] [stdout]               ()
[INFO] [stdout]               (T0, T1)
[INFO] [stdout]               (T0, T1, T2)
[INFO] [stdout]               (T0, T1, T2, T3)
[INFO] [stdout]               (T0, T1, T2, T3, T4)
[INFO] [stdout]             and 203 others
[INFO] [stdout]     = note: this error might have been caused by changes to Rust's type-inference algorithm (see issue #148922 <https://github.com/rust-lang/rust/issues/148922> for more information)
[INFO] [stdout]     = help: you might have intended to use the type `()` here instead
[INFO] [stdout]     = note: required for `!` to implement `serde::de::DeserializeOwned`
[INFO] [stdout] note: required by a bound in `Response::json`
[INFO] [stdout]    --> /opt/rustwide/cargo-home/registry/src/index.crates.io-1949cf8c6b5b557f/reqwest-0.11.11/src/async_impl/response.rs:252:26
[INFO] [stdout]     |
[INFO] [stdout]  37 | impl Response {
[INFO] [stdout] ...
[INFO] [stdout] 252 |     pub async fn json<T: DeserializeOwned>(self) -> crate::Result<T> {
[INFO] [stdout]     |                          ^^^^^^^^^^^^^^^^ required by this bound in `Response::json`
[INFO] [stdout] 
[INFO] [stdout] 
[INFO] [stdout] For more information about this error, try `rustc --explain E0277`.
[INFO] [stdout] 
[INFO] [stderr] error: could not compile `revolt-http` (lib) due to 4 previous errors
[INFO] [stderr] warning: build failed, waiting for other jobs to finish...
[INFO] [stderr] warning: unused dependency `tokio-stream`
[INFO] [stderr]  --> revolt-gateway/Cargo.toml:8:1
[INFO] [stderr]   |
[INFO] [stderr] 8 | tokio-stream = "0.1"
[INFO] [stderr]   | ^^^^^^^^^^^^^^^^^^^^
[INFO] [stderr]   |
[INFO] [stderr]   = note: `cargo::unused_dependencies` is set to `warn` by default
[INFO] [stderr] help: consider removing the dependency on `tokio-stream`
[INFO] [stderr] warning: `revolt-gateway` (manifest) generated 1 warning
[INFO] [stderr] warning: unused dependency `serde_json`
[INFO] [stderr]   --> revolt-models/Cargo.toml:10:1
[INFO] [stderr]    |
[INFO] [stderr] 10 | serde_json = "1.0"
[INFO] [stderr]    | ^^^^^^^^^^^^^^^^^^
[INFO] [stderr]    |
[INFO] [stderr]    = note: `cargo::unused_dependencies` is set to `warn` by default
[INFO] [stderr] help: consider removing the dependency on `serde_json`
[INFO] [stderr] warning: `revolt-models` (manifest) generated 1 warning
[INFO] running `Command { std: "docker" "inspect" "c19f17076a5025c59c9353c18e5b0bd6be6e7253b5a8209adae56f3623168fc8", kill_on_drop: false }`
[INFO] running `Command { std: "docker" "rm" "-f" "c19f17076a5025c59c9353c18e5b0bd6be6e7253b5a8209adae56f3623168fc8", kill_on_drop: false }`
[INFO] [stdout] c19f17076a5025c59c9353c18e5b0bd6be6e7253b5a8209adae56f3623168fc8
