[INFO] cloning repository https://github.com/alukard-001/Axmora
[INFO] running `Command { std: "git" "-c" "credential.helper=" "-c" "credential.helper=/workspace/cargo-home/bin/git-credential-null" "clone" "--bare" "https://github.com/alukard-001/Axmora" "/workspace/cache/git-repos/https%3A%2F%2Fgithub.com%2Falukard-001%2FAxmora", kill_on_drop: false }`
[INFO] [stderr] Cloning into bare repository '/workspace/cache/git-repos/https%3A%2F%2Fgithub.com%2Falukard-001%2FAxmora'...
[INFO] running `Command { std: "git" "rev-parse" "HEAD", kill_on_drop: false }`
[INFO] [stdout] c6cfb96ad3cf8d1c16205e39e6868a9528cab21f
[INFO] testing alukard-001/Axmora against 1.100.0-beta.1 for beta-1.100-4
[INFO] running `Command { std: "git" "clone" "/workspace/cache/git-repos/https%3A%2F%2Fgithub.com%2Falukard-001%2FAxmora" "/workspace/builds/worker-1-tc2/source", kill_on_drop: false }`
[INFO] [stderr] Cloning into '/workspace/builds/worker-1-tc2/source'...
[INFO] [stderr] done.
[INFO] started tweaking git repo https://github.com/alukard-001/Axmora
[INFO] finished tweaking git repo https://github.com/alukard-001/Axmora
[INFO] tweaked toml for git repo https://github.com/alukard-001/Axmora written to /workspace/builds/worker-1-tc2/source/Cargo.toml
[INFO] validating manifest of git repo https://github.com/alukard-001/Axmora on toolchain 1.100.0-beta.1
[INFO] running `Command { std: CARGO_HOME="/workspace/cargo-home" RUSTUP_HOME="/workspace/rustup-home" "/workspace/cargo-home/bin/cargo" "+1.100.0-beta.1" "metadata" "--manifest-path" "Cargo.toml" "--no-deps", kill_on_drop: false }`
[INFO] crate git repo https://github.com/alukard-001/Axmora already has a lockfile, it will not be regenerated
[INFO] running `Command { std: CARGO_HOME="/workspace/cargo-home" RUSTUP_HOME="/workspace/rustup-home" "/workspace/cargo-home/bin/cargo" "+1.100.0-beta.1" "fetch" "--manifest-path" "Cargo.toml", kill_on_drop: false }`
[INFO] [stderr] warning: virtual workspace defaulting to `resolver = "1"` despite one or more workspace members being on edition 2021 which implies `resolver = "2"`
[INFO] [stderr]   |
[INFO] [stderr]   = note: to keep the current resolver, specify `workspace.resolver = "1"` in the workspace root's manifest
[INFO] [stderr]   = note: to use the edition 2021 resolver, specify `workspace.resolver = "2"` in the workspace root's manifest
[INFO] [stderr]   = note: for more details see https://doc.rust-lang.org/cargo/reference/resolver.html#resolver-versions
[INFO] running `Command { std: "docker" "create" "-v" "/var/lib/crater-agent-workspace/builds/worker-1-tc2/source:/opt/rustwide/workdir:ro,Z" "-v" "/var/lib/crater-agent-workspace/builds/worker-1-tc2/target:/opt/rustwide/target:rw,Z" "-v" "/var/lib/crater-agent-workspace/cargo-home:/opt/rustwide/cargo-home:ro,Z" "-v" "/var/lib/crater-agent-workspace/rustup-home:/opt/rustwide/rustup-home:ro,Z" "-m" "1610612736" "--network" "none" "ghcr.io/rust-lang/crates-build-env/linux@sha256:77db811e55d90add9212f6832c23229e3de5f1c1f9905e8cb07319ea15df73ac" "sleep" "infinity", kill_on_drop: false }`
[INFO] [stdout] 9e01d15963a7b66014c92dcc80fdba55e2838d8d2c3616786bc35012726590d5
[INFO] running `Command { std: "docker" "start" "9e01d15963a7b66014c92dcc80fdba55e2838d8d2c3616786bc35012726590d5", kill_on_drop: false }`
[INFO] running `Command { std: "docker" "inspect" "9e01d15963a7b66014c92dcc80fdba55e2838d8d2c3616786bc35012726590d5", kill_on_drop: false }`
[INFO] running `Command { std: "docker" "exec" "-e" "SOURCE_DIR=/opt/rustwide/workdir" "-e" "CARGO_HOME=/opt/rustwide/cargo-home" "-e" "RUSTUP_HOME=/opt/rustwide/rustup-home" "-e" "CARGO_TARGET_DIR=/opt/rustwide/target" "-w" "/opt/rustwide/workdir" "--user" "0:0" "9e01d15963a7b66014c92dcc80fdba55e2838d8d2c3616786bc35012726590d5" "/opt/rustwide/cargo-home/bin/cargo" "+1.100.0-beta.1" "metadata" "--no-deps" "--format-version=1", kill_on_drop: false }`
[INFO] running `Command { std: "docker" "inspect" "9e01d15963a7b66014c92dcc80fdba55e2838d8d2c3616786bc35012726590d5", kill_on_drop: false }`
[INFO] running `Command { std: "docker" "exec" "-e" "SOURCE_DIR=/opt/rustwide/workdir" "-e" "CARGO_HOME=/opt/rustwide/cargo-home" "-e" "RUSTUP_HOME=/opt/rustwide/rustup-home" "-e" "CARGO_TARGET_DIR=/opt/rustwide/target" "-e" "CARGO_INCREMENTAL=0" "-e" "RUST_BACKTRACE=full" "-e" "RUSTFLAGS=--cap-lints=warn" "-e" "RUSTDOCFLAGS=--cap-lints=warn" "-w" "/opt/rustwide/workdir" "--user" "0:0" "9e01d15963a7b66014c92dcc80fdba55e2838d8d2c3616786bc35012726590d5" "/opt/rustwide/cargo-home/bin/cargo" "+1.100.0-beta.1" "build" "--frozen" "--message-format=json", kill_on_drop: false }`
[INFO] [stderr] warning: virtual workspace defaulting to `resolver = "1"` despite one or more workspace members being on edition 2021 which implies `resolver = "2"`
[INFO] [stderr]   |
[INFO] [stderr]   = note: to keep the current resolver, specify `workspace.resolver = "1"` in the workspace root's manifest
[INFO] [stderr]   = note: to use the edition 2021 resolver, specify `workspace.resolver = "2"` in the workspace root's manifest
[INFO] [stderr]   = note: for more details see https://doc.rust-lang.org/cargo/reference/resolver.html#resolver-versions
[INFO] [stderr]    Compiling proc-macro2 v1.0.37
[INFO] [stderr]    Compiling unicode-xid v0.2.2
[INFO] [stderr]    Compiling syn v1.0.91
[INFO] [stderr]    Compiling libc v0.2.124
[INFO] [stderr]    Compiling autocfg v1.1.0
[INFO] [stderr]    Compiling version_check v0.9.4
[INFO] [stderr]    Compiling cfg-if v1.0.0
[INFO] [stderr]    Compiling memchr v2.4.1
[INFO] [stderr]    Compiling typenum v1.15.0
[INFO] [stderr]    Compiling spin v0.5.2
[INFO] [stderr]    Compiling log v0.4.16
[INFO] [stderr]    Compiling once_cell v1.10.0
[INFO] [stderr]    Compiling smallvec v1.8.0
[INFO] [stderr]    Compiling serde_derive v1.0.136
[INFO] [stderr]    Compiling pin-project-lite v0.2.8
[INFO] [stderr]    Compiling futures-core v0.3.21
[INFO] [stderr]    Compiling serde v1.0.136
[INFO] [stderr]    Compiling libm v0.2.2
[INFO] [stderr]    Compiling cc v1.0.73
[INFO] [stderr]    Compiling lazy_static v1.4.0
[INFO] [stderr]    Compiling scopeguard v1.1.0
[INFO] [stderr]    Compiling bytes v1.1.0
[INFO] [stderr]    Compiling parking_lot_core v0.9.2
[INFO] [stderr]    Compiling futures-sink v0.3.21
[INFO] [stderr]    Compiling itoa v1.0.1
[INFO] [stderr]    Compiling futures-task v0.3.21
[INFO] [stderr]    Compiling subtle v2.4.1
[INFO] [stderr]    Compiling generic-array v0.14.5
[INFO] [stderr]    Compiling futures-channel v0.3.21
[INFO] [stderr]    Compiling pkg-config v0.3.25
[INFO] [stderr]    Compiling unicode-segmentation v1.9.0
[INFO] [stderr]    Compiling futures-util v0.3.21
[INFO] [stderr]    Compiling lock_api v0.4.7
[INFO] [stderr]    Compiling num-traits v0.2.14
[INFO] [stderr]    Compiling num-integer v0.1.44
[INFO] [stderr]    Compiling ahash v0.7.6
[INFO] [stderr]    Compiling futures v0.1.31
[INFO] [stderr]    Compiling pin-utils v0.1.0
[INFO] [stderr]    Compiling futures-io v0.3.21
[INFO] [stderr]    Compiling slab v0.4.6
[INFO] [stderr]    Compiling byteorder v1.4.3
[INFO] [stderr]    Compiling indexmap v1.8.1
[INFO] [stderr]    Compiling zeroize v1.5.4
[INFO] [stderr]    Compiling ryu v1.0.9
[INFO] [stderr]    Compiling serde_json v1.0.79
[INFO] [stderr]    Compiling standback v0.2.17
[INFO] [stderr]    Compiling quote v1.0.18
[INFO] [stderr]    Compiling proc-macro-error-attr v1.0.4
[INFO] [stderr]    Compiling tracing-core v0.1.26
[INFO] [stderr]    Compiling matches v0.1.9
[INFO] [stderr]    Compiling proc-macro-hack v0.5.19
[INFO] [stderr]    Compiling base64ct v1.5.0
[INFO] [stderr]    Compiling proc-macro-error v1.0.4
[INFO] [stderr]    Compiling percent-encoding v2.1.0
[INFO] [stderr]    Compiling foreign-types-shared v0.1.1
[INFO] [stderr]    Compiling tinyvec_macros v0.1.0
[INFO] [stderr]    Compiling openssl v0.10.38
[INFO] [stderr]    Compiling const-oid v0.7.1
[INFO] [stderr]    Compiling foreign-types v0.3.2
[INFO] [stderr]    Compiling tinyvec v1.5.1
[INFO] [stderr]    Compiling form_urlencoded v1.0.1
[INFO] [stderr]    Compiling pem-rfc7468 v0.3.1
[INFO] [stderr]    Compiling openssl-sys v0.9.72
[INFO] [stderr]    Compiling num-iter v0.1.43
[INFO] [stderr]    Compiling native-tls v0.2.10
[INFO] [stderr]    Compiling const_fn v0.4.9
[INFO] [stderr]    Compiling ppv-lite86 v0.2.16
[INFO] [stderr]    Compiling parking_lot_core v0.8.5
[INFO] [stderr]    Compiling time v0.2.27
[INFO] [stderr]    Compiling instant v0.1.12
[INFO] [stderr]    Compiling openssl-probe v0.1.5
[INFO] [stderr]    Compiling vcpkg v0.2.15
[INFO] [stderr]    Compiling crossbeam-utils v0.8.8
[INFO] [stderr]    Compiling num-bigint-dig v0.8.1
[INFO] [stderr]    Compiling unicode-bidi v0.3.7
[INFO] [stderr]    Compiling rust_decimal v1.23.1
[INFO] [stderr]    Compiling base64 v0.13.0
[INFO] [stderr]    Compiling async-trait v0.1.53
[INFO] [stderr]    Compiling heck v0.3.3
[INFO] [stderr]    Compiling num-bigint v0.3.3
[INFO] [stderr]    Compiling cpufeatures v0.2.2
[INFO] [stderr]    Compiling regex-syntax v0.6.25
[INFO] [stderr]    Compiling arrayvec v0.7.2
[INFO] [stderr]    Compiling crossbeam-queue v0.3.5
[INFO] [stderr]    Compiling minimal-lexical v0.2.1
[INFO] [stderr]    Compiling fnv v1.0.7
[INFO] [stderr]    Compiling http v0.2.6
[INFO] [stderr]    Compiling getrandom v0.2.6
[INFO] [stderr]    Compiling num_cpus v1.13.1
[INFO] [stderr]    Compiling signal-hook-registry v1.4.0
[INFO] [stderr]    Compiling mio v0.8.2
[INFO] [stderr]    Compiling socket2 v0.4.4
[INFO] [stderr]    Compiling time v0.1.43
[INFO] [stderr]    Compiling parking_lot v0.12.0
[INFO] [stderr]    Compiling rand_core v0.6.3
[INFO] [stderr]    Compiling rand_chacha v0.3.1
[INFO] [stderr]    Compiling hashbrown v0.11.2
[INFO] [stderr]    Compiling unicode-normalization v0.1.19
[INFO] [stderr]    Compiling rand v0.8.5
[INFO] [stderr]    Compiling crypto-common v0.1.3
[INFO] [stderr]    Compiling block-buffer v0.10.2
[INFO] [stderr]    Compiling crypto-bigint v0.3.2
[INFO] [stderr]    Compiling libsqlite3-sys v0.24.2
[INFO] [stderr]    Compiling nom v7.1.1
[INFO] [stderr]    Compiling digest v0.10.3
[INFO] [stderr]    Compiling dirs-sys v0.3.7
[INFO] [stderr]    Compiling hmac v0.12.1
[INFO] [stderr]    Compiling parking_lot v0.11.2
[INFO] [stderr]    Compiling heck v0.4.0
[INFO] [stderr]    Compiling spin v0.9.3
[INFO] [stderr]    Compiling crc-catalog v1.1.1
[INFO] [stderr]    Compiling unicode_categories v0.1.1
[INFO] [stderr]    Compiling crc v2.1.0
[INFO] [stderr]    Compiling hkdf v0.12.3
[INFO] [stderr]    Compiling idna v0.2.3
[INFO] [stderr]    Compiling stringprep v0.1.2
[INFO] [stderr]    Compiling dirs v4.0.0
[INFO] [stderr]    Compiling md-5 v0.10.1
[INFO] [stderr]    Compiling hashlink v0.7.0
[INFO] [stderr]    Compiling sha2 v0.10.2
[INFO] [stderr]    Compiling futures-intrusive v0.4.0
[INFO] [stderr]    Compiling url v2.2.2
[INFO] [stderr]    Compiling sha-1 v0.10.0
[INFO] [stderr]    Compiling inout v0.1.3
[INFO] [stderr]    Compiling der v0.5.1
[INFO] [stderr]    Compiling atoi v0.4.0
[INFO] [stderr]    Compiling aho-corasick v0.7.18
[INFO] [stderr]    Compiling event-listener v2.5.2
[INFO] [stderr]    Compiling whoami v1.2.1
[INFO] [stderr]    Compiling anyhow v1.0.56
[INFO] [stderr]    Compiling rustversion v1.0.6
[INFO] [stderr]    Compiling hex v0.4.3
[INFO] [stderr]    Compiling paste v1.0.7
[INFO] [stderr]    Compiling cipher v0.4.3
[INFO] [stderr]    Compiling nix v0.18.0
[INFO] [stderr]    Compiling httparse v1.7.0
[INFO] [stderr]    Compiling tower-service v0.3.1
[INFO] [stderr]    Compiling dotenv v0.15.0
[INFO] [stderr]    Compiling blowfish v0.9.1
[INFO] [stderr]    Compiling dirs-sys-next v0.1.2
[INFO] [stderr]    Compiling ring v0.13.5
[INFO] [stderr]    Compiling cfg-if v0.1.10
[INFO] [stderr]    Compiling unicode-width v0.1.9
[INFO] [stderr]    Compiling tower-layer v0.3.1
[INFO] [stderr]    Compiling version_check v0.1.5
[INFO] [stderr]    Compiling Inflector v0.11.4
[INFO] [stderr]    Compiling try-lock v0.2.3
[INFO] [stderr]    Compiling serde v0.8.23
[INFO] [stderr]    Compiling http-body v0.4.4
[INFO] [stderr]    Compiling spki v0.5.4
[INFO] [stderr]    Compiling regex v1.5.5
[INFO] [stderr]    Compiling nom v4.2.3
[INFO] [stderr]    Compiling want v0.3.0
[INFO] [stderr]    Compiling dirs-next v1.0.2
[INFO] [stderr]    Compiling pkcs8 v0.8.0
[INFO] [stderr]    Compiling bcrypt v0.12.1
[INFO] [stderr]    Compiling pkcs1 v0.3.3
[INFO] [stderr]    Compiling utf8parse v0.2.0
[INFO] [stderr]    Compiling mime v0.3.16
[INFO] [stderr]    Compiling http-range-header v0.3.0
[INFO] [stderr]    Compiling httpdate v1.0.2
[INFO] [stderr]    Compiling aliasable v0.1.3
[INFO] [stderr]    Compiling stable_deref_trait v1.2.0
[INFO] [stderr]    Compiling safemem v0.3.3
[INFO] [stderr]    Compiling untrusted v0.6.2
[INFO] [stderr]    Compiling os_str_bytes v6.0.0
[INFO] [stderr]    Compiling regex-automata v0.1.10
[INFO] [stderr]    Compiling num-traits v0.1.43
[INFO] [stderr]    Compiling rsa v0.6.1
[INFO] [stderr]    Compiling base64 v0.9.3
[INFO] [stderr]    Compiling atty v0.2.14
[INFO] [stderr]    Compiling terminal_size v0.1.17
[INFO] [stderr]    Compiling textwrap v0.15.0
[INFO] [stderr]    Compiling matchit v0.5.0
[INFO] [stderr]    Compiling clap_lex v0.1.1
[INFO] [stderr]    Compiling sync_wrapper v0.1.1
[INFO] [stderr]    Compiling linked-hash-map v0.5.4
[INFO] [stderr]    Compiling strsim v0.10.0
[INFO] [stderr]    Compiling lazy_static v0.2.11
[INFO] [stderr]    Compiling termcolor v1.1.3
[INFO] [stderr]    Compiling yaml-rust v0.4.5
[INFO] [stderr]    Compiling remove_dir_all v0.7.0
[INFO] [stderr]    Compiling tracing-log v0.1.2
[INFO] [stderr]    Compiling console v0.14.1
[INFO] [stderr]    Compiling thread_local v1.1.4
[INFO] [stderr]    Compiling sharded-slab v0.1.4
[INFO] [stderr]    Compiling rust-ini v0.13.0
[INFO] [stderr]    Compiling ansi_term v0.12.1
[INFO] [stderr]    Compiling glob v0.3.0
[INFO] [stderr]    Compiling serde_test v0.8.23
[INFO] [stderr]    Compiling matchers v0.1.0
[INFO] [stderr]    Compiling linked-hash-map v0.3.0
[INFO] [stderr]    Compiling serde-hjson v0.8.2
[INFO] [stderr]    Compiling tokio-macros v1.7.0
[INFO] [stderr]    Compiling futures-macro v0.3.21
[INFO] [stderr]    Compiling pin-project-internal v1.0.10
[INFO] [stderr]    Compiling thiserror-impl v1.0.30
[INFO] [stderr]    Compiling tracing-attributes v0.1.20
[INFO] [stderr]    Compiling time-macros-impl v0.1.2
[INFO] [stderr]    Compiling sea-strum_macros v0.23.0
[INFO] [stderr]    Compiling async-stream-impl v0.3.3
[INFO] [stderr]    Compiling ouroboros_macro v0.15.0
[INFO] [stderr]    Compiling bae v0.1.7
[INFO] [stderr]    Compiling sea-orm-macros v0.7.0
[INFO] [stderr]    Compiling async-stream v0.3.3
[INFO] [stderr]    Compiling time-macros v0.1.1
[INFO] [stderr]    Compiling clap_derive v3.1.7
[INFO] [stderr]    Compiling tokio v1.17.0
[INFO] [stderr]    Compiling pin-project v1.0.10
[INFO] [stderr]    Compiling flume v0.10.12
[INFO] [stderr]    Compiling sea-strum v0.23.0
[INFO] [stderr]    Compiling rustyline v6.3.0
[INFO] [stderr]    Compiling tracing v0.1.34
[INFO] [stderr]    Compiling thiserror v1.0.30
[INFO] [stderr]    Compiling tracing-subscriber v0.3.11
[INFO] [stderr]    Compiling sea-query-derive v0.2.0
[INFO] [stderr]    Compiling ouroboros v0.15.0
[INFO] [stderr]    Compiling clap v3.1.12
[INFO] [stderr]    Compiling promptly v0.3.0
[INFO] [stderr]    Compiling futures-executor v0.3.21
[INFO] [stderr]    Compiling axum-core v0.2.2
[INFO] [stderr]    Compiling futures v0.3.21
[INFO] [stderr]    Compiling tokio-native-tls v0.3.0
[INFO] [stderr]    Compiling tokio-util v0.7.1
[INFO] [stderr]    Compiling tokio-stream v0.1.8
[INFO] [stderr]    Compiling sqlx-rt v0.5.13
[INFO] [stderr]    Compiling either v1.6.1
[INFO] [stderr]    Compiling chrono v0.4.19
[INFO] [stderr]    Compiling uuid v0.8.2
[INFO] [stderr]    Compiling serde_urlencoded v0.7.1
[INFO] [stderr]    Compiling toml v0.4.10
[INFO] [stderr]    Compiling itertools v0.10.3
[INFO] [stderr]    Compiling itertools v0.8.2
[INFO] [stderr]    Compiling h2 v0.3.13
[INFO] [stderr]    Compiling tower v0.4.12
[INFO] [stderr]    Compiling tower-http v0.2.5
[INFO] [stderr]    Compiling config v0.9.3
[INFO] [stderr]    Compiling sea-query v0.23.0
[INFO] [stderr]    Compiling realworld-domain v0.1.0 (/opt/rustwide/workdir/src/domain)
[INFO] [stderr]    Compiling jsonwebtoken v5.0.1
[INFO] [stdout] warning: ambiguous glob re-exports
[INFO] [stdout]   --> src/domain/src/lib.rs:7:9
[INFO] [stdout]    |
[INFO] [stdout]  7 | pub use articles::*;
[INFO] [stdout]    |         ^^^^^^^^^^^ the name `models` in the type namespace is first re-exported here
[INFO] [stdout] ...
[INFO] [stdout] 10 | pub use users::*;
[INFO] [stdout]    |         -------- but the name `models` in the type namespace is also re-exported here
[INFO] [stdout]    |
[INFO] [stdout]    = note: `#[warn(ambiguous_glob_reexports)]` on by default
[INFO] [stdout] 
[INFO] [stdout] 
[INFO] [stderr]    Compiling sqlformat v0.1.8
[INFO] [stderr]    Compiling hyper v0.14.18
[INFO] [stderr]    Compiling sqlx-core v0.5.13
[INFO] [stdout] error[E0277]: the trait bound `!: io::decode::Decode<'_>` is not satisfied
[INFO] [stdout]   --> /opt/rustwide/cargo-home/registry/src/index.crates.io-1949cf8c6b5b557f/sqlx-core-0.5.13/src/postgres/connection/executor.rs:67:10
[INFO] [stdout]    |
[INFO] [stdout] 67 |         .recv_expect(MessageFormat::ParseComplete)
[INFO] [stdout]    |          ^^^^^^^^^^^ the trait `io::decode::Decode<'_>` is not implemented for `!`
[INFO] [stdout]    |
[INFO] [stdout]    = help: the following other types implement trait `io::decode::Decode<'de, Context>`:
[INFO] [stdout]              `()` implements `io::decode::Decode<'_>`
[INFO] [stdout]              `AuthSwitchRequest` implements `io::decode::Decode<'_>`
[INFO] [stdout]              `Authentication` implements `io::decode::Decode<'_>`
[INFO] [stdout]              `AuthenticationSaslContinue` implements `io::decode::Decode<'_>`
[INFO] [stdout]              `AuthenticationSaslFinal` implements `io::decode::Decode<'_>`
[INFO] [stdout]              `BackendKeyData` implements `io::decode::Decode<'_>`
[INFO] [stdout]              `BinaryRow` implements `io::decode::Decode<'de, &'de [MySqlColumn]>`
[INFO] [stdout]              `ColumnDefinition` implements `io::decode::Decode<'_, Capabilities>`
[INFO] [stdout]            and 19 others
[INFO] [stdout]    = note: this error might have been caused by changes to Rust's type-inference algorithm (see issue #148922 <https://github.com/rust-lang/rust/issues/148922> for more information)
[INFO] [stdout]    = help: you might have intended to use the type `()` here instead
[INFO] [stdout] note: required by a bound in `PgStream::recv_expect`
[INFO] [stdout]   --> /opt/rustwide/cargo-home/registry/src/index.crates.io-1949cf8c6b5b557f/sqlx-core-0.5.13/src/postgres/connection/stream.rs:64:45
[INFO] [stdout]    |
[INFO] [stdout] 38 | impl PgStream {
[INFO] [stdout] ...
[INFO] [stdout] 64 |     pub(crate) async fn recv_expect<'de, T: Decode<'de>>(
[INFO] [stdout]    |                                             ^^^^^^^^^^^ required by this bound in `PgStream::recv_expect`
[INFO] [stdout] 
[INFO] [stdout] 
[INFO] [stdout] error[E0277]: the trait bound `!: io::decode::Decode<'_>` is not satisfied
[INFO] [stdout]   --> /opt/rustwide/cargo-home/registry/src/index.crates.io-1949cf8c6b5b557f/sqlx-core-0.5.13/src/postgres/connection/executor.rs:65:13
[INFO] [stdout]    |
[INFO] [stdout] 65 |       let _ = conn
[INFO] [stdout]    |  _____________^
[INFO] [stdout] 66 | |         .stream
[INFO] [stdout] 67 | |         .recv_expect(MessageFormat::ParseComplete)
[INFO] [stdout]    | |__________________________________________________^ the trait `io::decode::Decode<'_>` is not implemented for `!`
[INFO] [stdout]    |
[INFO] [stdout]    = help: the following other types implement trait `io::decode::Decode<'de, Context>`:
[INFO] [stdout]              `()` implements `io::decode::Decode<'_>`
[INFO] [stdout]              `AuthSwitchRequest` implements `io::decode::Decode<'_>`
[INFO] [stdout]              `Authentication` implements `io::decode::Decode<'_>`
[INFO] [stdout]              `AuthenticationSaslContinue` implements `io::decode::Decode<'_>`
[INFO] [stdout]              `AuthenticationSaslFinal` implements `io::decode::Decode<'_>`
[INFO] [stdout]              `BackendKeyData` implements `io::decode::Decode<'_>`
[INFO] [stdout]              `BinaryRow` implements `io::decode::Decode<'de, &'de [MySqlColumn]>`
[INFO] [stdout]              `ColumnDefinition` implements `io::decode::Decode<'_, Capabilities>`
[INFO] [stdout]            and 19 others
[INFO] [stdout]    = note: this error might have been caused by changes to Rust's type-inference algorithm (see issue #148922 <https://github.com/rust-lang/rust/issues/148922> for more information)
[INFO] [stdout]    = help: you might have intended to use the type `()` here instead
[INFO] [stdout] note: required by a bound in `PgStream::recv_expect`
[INFO] [stdout]   --> /opt/rustwide/cargo-home/registry/src/index.crates.io-1949cf8c6b5b557f/sqlx-core-0.5.13/src/postgres/connection/stream.rs:64:45
[INFO] [stdout]    |
[INFO] [stdout] 38 | impl PgStream {
[INFO] [stdout] ...
[INFO] [stdout] 64 |     pub(crate) async fn recv_expect<'de, T: Decode<'de>>(
[INFO] [stdout]    |                                             ^^^^^^^^^^^ required by this bound in `PgStream::recv_expect`
[INFO] [stdout] 
[INFO] [stdout] 
[INFO] [stdout] error[E0277]: the trait bound `!: io::decode::Decode<'_>` is not satisfied
[INFO] [stdout]   --> /opt/rustwide/cargo-home/registry/src/index.crates.io-1949cf8c6b5b557f/sqlx-core-0.5.13/src/postgres/connection/executor.rs:68:10
[INFO] [stdout]    |
[INFO] [stdout] 68 |         .await?;
[INFO] [stdout]    |          ^^^^^ the trait `io::decode::Decode<'_>` is not implemented for `!`
[INFO] [stdout]    |
[INFO] [stdout]    = help: the following other types implement trait `io::decode::Decode<'de, Context>`:
[INFO] [stdout]              `()` implements `io::decode::Decode<'_>`
[INFO] [stdout]              `AuthSwitchRequest` implements `io::decode::Decode<'_>`
[INFO] [stdout]              `Authentication` implements `io::decode::Decode<'_>`
[INFO] [stdout]              `AuthenticationSaslContinue` implements `io::decode::Decode<'_>`
[INFO] [stdout]              `AuthenticationSaslFinal` implements `io::decode::Decode<'_>`
[INFO] [stdout]              `BackendKeyData` implements `io::decode::Decode<'_>`
[INFO] [stdout]              `BinaryRow` implements `io::decode::Decode<'de, &'de [MySqlColumn]>`
[INFO] [stdout]              `ColumnDefinition` implements `io::decode::Decode<'_, Capabilities>`
[INFO] [stdout]            and 19 others
[INFO] [stdout]    = note: this error might have been caused by changes to Rust's type-inference algorithm (see issue #148922 <https://github.com/rust-lang/rust/issues/148922> for more information)
[INFO] [stdout]    = help: you might have intended to use the type `()` here instead
[INFO] [stdout] note: required by a bound in `PgStream::recv_expect`
[INFO] [stdout]   --> /opt/rustwide/cargo-home/registry/src/index.crates.io-1949cf8c6b5b557f/sqlx-core-0.5.13/src/postgres/connection/stream.rs:64:45
[INFO] [stdout]    |
[INFO] [stdout] 38 | impl PgStream {
[INFO] [stdout] ...
[INFO] [stdout] 64 |     pub(crate) async fn recv_expect<'de, T: Decode<'de>>(
[INFO] [stdout]    |                                             ^^^^^^^^^^^ required by this bound in `PgStream::recv_expect`
[INFO] [stdout] 
[INFO] [stdout] 
[INFO] [stdout] error[E0277]: the trait bound `!: io::decode::Decode<'_>` is not satisfied
[INFO] [stdout]    --> /opt/rustwide/cargo-home/registry/src/index.crates.io-1949cf8c6b5b557f/sqlx-core-0.5.13/src/postgres/copy.rs:261:30
[INFO] [stdout]     |
[INFO] [stdout] 261 | ...                   .recv_expect(MessageFormat::ReadyForQuery)
[INFO] [stdout]     |                        ^^^^^^^^^^^ the trait `io::decode::Decode<'_>` is not implemented for `!`
[INFO] [stdout]     |
[INFO] [stdout]     = help: the following other types implement trait `io::decode::Decode<'de, Context>`:
[INFO] [stdout]               `()` implements `io::decode::Decode<'_>`
[INFO] [stdout]               `AuthSwitchRequest` implements `io::decode::Decode<'_>`
[INFO] [stdout]               `Authentication` implements `io::decode::Decode<'_>`
[INFO] [stdout]               `AuthenticationSaslContinue` implements `io::decode::Decode<'_>`
[INFO] [stdout]               `AuthenticationSaslFinal` implements `io::decode::Decode<'_>`
[INFO] [stdout]               `BackendKeyData` implements `io::decode::Decode<'_>`
[INFO] [stdout]               `BinaryRow` implements `io::decode::Decode<'de, &'de [MySqlColumn]>`
[INFO] [stdout]               `ColumnDefinition` implements `io::decode::Decode<'_, Capabilities>`
[INFO] [stdout]             and 19 others
[INFO] [stdout]     = note: this error might have been caused by changes to Rust's type-inference algorithm (see issue #148922 <https://github.com/rust-lang/rust/issues/148922> for more information)
[INFO] [stdout]     = help: you might have intended to use the type `()` here instead
[INFO] [stdout] note: required by a bound in `PgStream::recv_expect`
[INFO] [stdout]    --> /opt/rustwide/cargo-home/registry/src/index.crates.io-1949cf8c6b5b557f/sqlx-core-0.5.13/src/postgres/connection/stream.rs:64:45
[INFO] [stdout]     |
[INFO] [stdout]  38 | impl PgStream {
[INFO] [stdout] ...
[INFO] [stdout]  64 |     pub(crate) async fn recv_expect<'de, T: Decode<'de>>(
[INFO] [stdout]     |                                             ^^^^^^^^^^^ required by this bound in `PgStream::recv_expect`
[INFO] [stdout] 
[INFO] [stdout] 
[INFO] [stdout] error[E0277]: the trait bound `!: io::decode::Decode<'_>` is not satisfied
[INFO] [stdout]    --> /opt/rustwide/cargo-home/registry/src/index.crates.io-1949cf8c6b5b557f/sqlx-core-0.5.13/src/postgres/copy.rs:260:25
[INFO] [stdout]     |
[INFO] [stdout] 260 | /                         conn.stream
[INFO] [stdout] 261 | |                             .recv_expect(MessageFormat::ReadyForQuery)
[INFO] [stdout]     | |______________________________________________________________________^ the trait `io::decode::Decode<'_>` is not implemented for `!`
[INFO] [stdout]     |
[INFO] [stdout]     = help: the following other types implement trait `io::decode::Decode<'de, Context>`:
[INFO] [stdout]               `()` implements `io::decode::Decode<'_>`
[INFO] [stdout]               `AuthSwitchRequest` implements `io::decode::Decode<'_>`
[INFO] [stdout]               `Authentication` implements `io::decode::Decode<'_>`
[INFO] [stdout]               `AuthenticationSaslContinue` implements `io::decode::Decode<'_>`
[INFO] [stdout]               `AuthenticationSaslFinal` implements `io::decode::Decode<'_>`
[INFO] [stdout]               `BackendKeyData` implements `io::decode::Decode<'_>`
[INFO] [stdout]               `BinaryRow` implements `io::decode::Decode<'de, &'de [MySqlColumn]>`
[INFO] [stdout]               `ColumnDefinition` implements `io::decode::Decode<'_, Capabilities>`
[INFO] [stdout]             and 19 others
[INFO] [stdout]     = note: this error might have been caused by changes to Rust's type-inference algorithm (see issue #148922 <https://github.com/rust-lang/rust/issues/148922> for more information)
[INFO] [stdout]     = help: you might have intended to use the type `()` here instead
[INFO] [stdout] note: required by a bound in `PgStream::recv_expect`
[INFO] [stdout]    --> /opt/rustwide/cargo-home/registry/src/index.crates.io-1949cf8c6b5b557f/sqlx-core-0.5.13/src/postgres/connection/stream.rs:64:45
[INFO] [stdout]     |
[INFO] [stdout]  38 | impl PgStream {
[INFO] [stdout] ...
[INFO] [stdout]  64 |     pub(crate) async fn recv_expect<'de, T: Decode<'de>>(
[INFO] [stdout]     |                                             ^^^^^^^^^^^ required by this bound in `PgStream::recv_expect`
[INFO] [stdout] 
[INFO] [stdout] 
[INFO] [stdout] error[E0277]: the trait bound `!: io::decode::Decode<'_>` is not satisfied
[INFO] [stdout]    --> /opt/rustwide/cargo-home/registry/src/index.crates.io-1949cf8c6b5b557f/sqlx-core-0.5.13/src/postgres/copy.rs:262:30
[INFO] [stdout]     |
[INFO] [stdout] 262 | ...                   .await?;
[INFO] [stdout]     |                        ^^^^^ the trait `io::decode::Decode<'_>` is not implemented for `!`
[INFO] [stdout]     |
[INFO] [stdout]     = help: the following other types implement trait `io::decode::Decode<'de, Context>`:
[INFO] [stdout]               `()` implements `io::decode::Decode<'_>`
[INFO] [stdout]               `AuthSwitchRequest` implements `io::decode::Decode<'_>`
[INFO] [stdout]               `Authentication` implements `io::decode::Decode<'_>`
[INFO] [stdout]               `AuthenticationSaslContinue` implements `io::decode::Decode<'_>`
[INFO] [stdout]               `AuthenticationSaslFinal` implements `io::decode::Decode<'_>`
[INFO] [stdout]               `BackendKeyData` implements `io::decode::Decode<'_>`
[INFO] [stdout]               `BinaryRow` implements `io::decode::Decode<'de, &'de [MySqlColumn]>`
[INFO] [stdout]               `ColumnDefinition` implements `io::decode::Decode<'_, Capabilities>`
[INFO] [stdout]             and 19 others
[INFO] [stdout]     = note: this error might have been caused by changes to Rust's type-inference algorithm (see issue #148922 <https://github.com/rust-lang/rust/issues/148922> for more information)
[INFO] [stdout]     = help: you might have intended to use the type `()` here instead
[INFO] [stdout] note: required by a bound in `PgStream::recv_expect`
[INFO] [stdout]    --> /opt/rustwide/cargo-home/registry/src/index.crates.io-1949cf8c6b5b557f/sqlx-core-0.5.13/src/postgres/connection/stream.rs:64:45
[INFO] [stdout]     |
[INFO] [stdout]  38 | impl PgStream {
[INFO] [stdout] ...
[INFO] [stdout]  64 |     pub(crate) async fn recv_expect<'de, T: Decode<'de>>(
[INFO] [stdout]     |                                             ^^^^^^^^^^^ required by this bound in `PgStream::recv_expect`
[INFO] [stdout] 
[INFO] [stdout] 
[INFO] [stdout] error[E0277]: the trait bound `!: io::decode::Decode<'_>` is not satisfied
[INFO] [stdout]    --> /opt/rustwide/cargo-home/registry/src/index.crates.io-1949cf8c6b5b557f/sqlx-core-0.5.13/src/postgres/copy.rs:288:14
[INFO] [stdout]     |
[INFO] [stdout] 288 |             .recv_expect(MessageFormat::ReadyForQuery)
[INFO] [stdout]     |              ^^^^^^^^^^^ the trait `io::decode::Decode<'_>` is not implemented for `!`
[INFO] [stdout]     |
[INFO] [stdout]     = help: the following other types implement trait `io::decode::Decode<'de, Context>`:
[INFO] [stdout]               `()` implements `io::decode::Decode<'_>`
[INFO] [stdout]               `AuthSwitchRequest` implements `io::decode::Decode<'_>`
[INFO] [stdout]               `Authentication` implements `io::decode::Decode<'_>`
[INFO] [stdout]               `AuthenticationSaslContinue` implements `io::decode::Decode<'_>`
[INFO] [stdout]               `AuthenticationSaslFinal` implements `io::decode::Decode<'_>`
[INFO] [stdout]               `BackendKeyData` implements `io::decode::Decode<'_>`
[INFO] [stdout]               `BinaryRow` implements `io::decode::Decode<'de, &'de [MySqlColumn]>`
[INFO] [stdout]               `ColumnDefinition` implements `io::decode::Decode<'_, Capabilities>`
[INFO] [stdout]             and 19 others
[INFO] [stdout]     = note: this error might have been caused by changes to Rust's type-inference algorithm (see issue #148922 <https://github.com/rust-lang/rust/issues/148922> for more information)
[INFO] [stdout]     = help: you might have intended to use the type `()` here instead
[INFO] [stdout] note: required by a bound in `PgStream::recv_expect`
[INFO] [stdout]    --> /opt/rustwide/cargo-home/registry/src/index.crates.io-1949cf8c6b5b557f/sqlx-core-0.5.13/src/postgres/connection/stream.rs:64:45
[INFO] [stdout]     |
[INFO] [stdout]  38 | impl PgStream {
[INFO] [stdout] ...
[INFO] [stdout]  64 |     pub(crate) async fn recv_expect<'de, T: Decode<'de>>(
[INFO] [stdout]     |                                             ^^^^^^^^^^^ required by this bound in `PgStream::recv_expect`
[INFO] [stdout] 
[INFO] [stdout] 
[INFO] [stdout] error[E0277]: the trait bound `!: io::decode::Decode<'_>` is not satisfied
[INFO] [stdout]    --> /opt/rustwide/cargo-home/registry/src/index.crates.io-1949cf8c6b5b557f/sqlx-core-0.5.13/src/postgres/copy.rs:287:9
[INFO] [stdout]     |
[INFO] [stdout] 287 | /         conn.stream
[INFO] [stdout] 288 | |             .recv_expect(MessageFormat::ReadyForQuery)
[INFO] [stdout]     | |______________________________________________________^ the trait `io::decode::Decode<'_>` is not implemented for `!`
[INFO] [stdout]     |
[INFO] [stdout]     = help: the following other types implement trait `io::decode::Decode<'de, Context>`:
[INFO] [stdout]               `()` implements `io::decode::Decode<'_>`
[INFO] [stdout]               `AuthSwitchRequest` implements `io::decode::Decode<'_>`
[INFO] [stdout]               `Authentication` implements `io::decode::Decode<'_>`
[INFO] [stdout]               `AuthenticationSaslContinue` implements `io::decode::Decode<'_>`
[INFO] [stdout]               `AuthenticationSaslFinal` implements `io::decode::Decode<'_>`
[INFO] [stdout]               `BackendKeyData` implements `io::decode::Decode<'_>`
[INFO] [stdout]               `BinaryRow` implements `io::decode::Decode<'de, &'de [MySqlColumn]>`
[INFO] [stdout]               `ColumnDefinition` implements `io::decode::Decode<'_, Capabilities>`
[INFO] [stdout]             and 19 others
[INFO] [stdout]     = note: this error might have been caused by changes to Rust's type-inference algorithm (see issue #148922 <https://github.com/rust-lang/rust/issues/148922> for more information)
[INFO] [stdout]     = help: you might have intended to use the type `()` here instead
[INFO] [stdout] note: required by a bound in `PgStream::recv_expect`
[INFO] [stdout]    --> /opt/rustwide/cargo-home/registry/src/index.crates.io-1949cf8c6b5b557f/sqlx-core-0.5.13/src/postgres/connection/stream.rs:64:45
[INFO] [stdout]     |
[INFO] [stdout]  38 | impl PgStream {
[INFO] [stdout] ...
[INFO] [stdout]  64 |     pub(crate) async fn recv_expect<'de, T: Decode<'de>>(
[INFO] [stdout]     |                                             ^^^^^^^^^^^ required by this bound in `PgStream::recv_expect`
[INFO] [stdout] 
[INFO] [stdout] 
[INFO] [stdout] error[E0277]: the trait bound `!: io::decode::Decode<'_>` is not satisfied
[INFO] [stdout]    --> /opt/rustwide/cargo-home/registry/src/index.crates.io-1949cf8c6b5b557f/sqlx-core-0.5.13/src/postgres/copy.rs:289:14
[INFO] [stdout]     |
[INFO] [stdout] 289 |             .await?;
[INFO] [stdout]     |              ^^^^^ the trait `io::decode::Decode<'_>` is not implemented for `!`
[INFO] [stdout]     |
[INFO] [stdout]     = help: the following other types implement trait `io::decode::Decode<'de, Context>`:
[INFO] [stdout]               `()` implements `io::decode::Decode<'_>`
[INFO] [stdout]               `AuthSwitchRequest` implements `io::decode::Decode<'_>`
[INFO] [stdout]               `Authentication` implements `io::decode::Decode<'_>`
[INFO] [stdout]               `AuthenticationSaslContinue` implements `io::decode::Decode<'_>`
[INFO] [stdout]               `AuthenticationSaslFinal` implements `io::decode::Decode<'_>`
[INFO] [stdout]               `BackendKeyData` implements `io::decode::Decode<'_>`
[INFO] [stdout]               `BinaryRow` implements `io::decode::Decode<'de, &'de [MySqlColumn]>`
[INFO] [stdout]               `ColumnDefinition` implements `io::decode::Decode<'_, Capabilities>`
[INFO] [stdout]             and 19 others
[INFO] [stdout]     = note: this error might have been caused by changes to Rust's type-inference algorithm (see issue #148922 <https://github.com/rust-lang/rust/issues/148922> for more information)
[INFO] [stdout]     = help: you might have intended to use the type `()` here instead
[INFO] [stdout] note: required by a bound in `PgStream::recv_expect`
[INFO] [stdout]    --> /opt/rustwide/cargo-home/registry/src/index.crates.io-1949cf8c6b5b557f/sqlx-core-0.5.13/src/postgres/connection/stream.rs:64:45
[INFO] [stdout]     |
[INFO] [stdout]  38 | impl PgStream {
[INFO] [stdout] ...
[INFO] [stdout]  64 |     pub(crate) async fn recv_expect<'de, T: Decode<'de>>(
[INFO] [stdout]     |                                             ^^^^^^^^^^^ required by this bound in `PgStream::recv_expect`
[INFO] [stdout] 
[INFO] [stdout] 
[INFO] [stdout] error[E0277]: the trait bound `!: io::decode::Decode<'_>` is not satisfied
[INFO] [stdout]    --> /opt/rustwide/cargo-home/registry/src/index.crates.io-1949cf8c6b5b557f/sqlx-core-0.5.13/src/postgres/copy.rs:324:33
[INFO] [stdout]     |
[INFO] [stdout] 324 |                     conn.stream.recv_expect(MessageFormat::CommandComplete).await?;
[INFO] [stdout]     |                                 ^^^^^^^^^^^ the trait `io::decode::Decode<'_>` is not implemented for `!`
[INFO] [stdout]     |
[INFO] [stdout]     = help: the following other types implement trait `io::decode::Decode<'de, Context>`:
[INFO] [stdout]               `()` implements `io::decode::Decode<'_>`
[INFO] [stdout]               `AuthSwitchRequest` implements `io::decode::Decode<'_>`
[INFO] [stdout]               `Authentication` implements `io::decode::Decode<'_>`
[INFO] [stdout]               `AuthenticationSaslContinue` implements `io::decode::Decode<'_>`
[INFO] [stdout]               `AuthenticationSaslFinal` implements `io::decode::Decode<'_>`
[INFO] [stdout]               `BackendKeyData` implements `io::decode::Decode<'_>`
[INFO] [stdout]               `BinaryRow` implements `io::decode::Decode<'de, &'de [MySqlColumn]>`
[INFO] [stdout]               `ColumnDefinition` implements `io::decode::Decode<'_, Capabilities>`
[INFO] [stdout]             and 19 others
[INFO] [stdout]     = note: this error might have been caused by changes to Rust's type-inference algorithm (see issue #148922 <https://github.com/rust-lang/rust/issues/148922> for more information)
[INFO] [stdout]     = help: you might have intended to use the type `()` here instead
[INFO] [stdout] note: required by a bound in `PgStream::recv_expect`
[INFO] [stdout]    --> /opt/rustwide/cargo-home/registry/src/index.crates.io-1949cf8c6b5b557f/sqlx-core-0.5.13/src/postgres/connection/stream.rs:64:45
[INFO] [stdout]     |
[INFO] [stdout]  38 | impl PgStream {
[INFO] [stdout] ...
[INFO] [stdout]  64 |     pub(crate) async fn recv_expect<'de, T: Decode<'de>>(
[INFO] [stdout]     |                                             ^^^^^^^^^^^ required by this bound in `PgStream::recv_expect`
[INFO] [stdout] 
[INFO] [stdout] 
[INFO] [stdout] error[E0277]: the trait bound `!: io::decode::Decode<'_>` is not satisfied
[INFO] [stdout]    --> /opt/rustwide/cargo-home/registry/src/index.crates.io-1949cf8c6b5b557f/sqlx-core-0.5.13/src/postgres/copy.rs:324:21
[INFO] [stdout]     |
[INFO] [stdout] 324 |                     conn.stream.recv_expect(MessageFormat::CommandComplete).await?;
[INFO] [stdout]     |                     ^^^^^^^^^^^^^^^^^^^^^^^^^^^^^^^^^^^^^^^^^^^^^^^^^^^^^^^ the trait `io::decode::Decode<'_>` is not implemented for `!`
[INFO] [stdout]     |
[INFO] [stdout]     = help: the following other types implement trait `io::decode::Decode<'de, Context>`:
[INFO] [stdout]               `()` implements `io::decode::Decode<'_>`
[INFO] [stdout]               `AuthSwitchRequest` implements `io::decode::Decode<'_>`
[INFO] [stdout]               `Authentication` implements `io::decode::Decode<'_>`
[INFO] [stdout]               `AuthenticationSaslContinue` implements `io::decode::Decode<'_>`
[INFO] [stdout]               `AuthenticationSaslFinal` implements `io::decode::Decode<'_>`
[INFO] [stdout]               `BackendKeyData` implements `io::decode::Decode<'_>`
[INFO] [stdout]               `BinaryRow` implements `io::decode::Decode<'de, &'de [MySqlColumn]>`
[INFO] [stdout]               `ColumnDefinition` implements `io::decode::Decode<'_, Capabilities>`
[INFO] [stdout]             and 19 others
[INFO] [stdout]     = note: this error might have been caused by changes to Rust's type-inference algorithm (see issue #148922 <https://github.com/rust-lang/rust/issues/148922> for more information)
[INFO] [stdout]     = help: you might have intended to use the type `()` here instead
[INFO] [stdout] note: required by a bound in `PgStream::recv_expect`
[INFO] [stdout]    --> /opt/rustwide/cargo-home/registry/src/index.crates.io-1949cf8c6b5b557f/sqlx-core-0.5.13/src/postgres/connection/stream.rs:64:45
[INFO] [stdout]     |
[INFO] [stdout]  38 | impl PgStream {
[INFO] [stdout] ...
[INFO] [stdout]  64 |     pub(crate) async fn recv_expect<'de, T: Decode<'de>>(
[INFO] [stdout]     |                                             ^^^^^^^^^^^ required by this bound in `PgStream::recv_expect`
[INFO] [stdout] 
[INFO] [stdout] 
[INFO] [stdout] error[E0277]: the trait bound `!: io::decode::Decode<'_>` is not satisfied
[INFO] [stdout]    --> /opt/rustwide/cargo-home/registry/src/index.crates.io-1949cf8c6b5b557f/sqlx-core-0.5.13/src/postgres/copy.rs:325:33
[INFO] [stdout]     |
[INFO] [stdout] 325 |                     conn.stream.recv_expect(MessageFormat::ReadyForQuery).await?;
[INFO] [stdout]     |                                 ^^^^^^^^^^^ the trait `io::decode::Decode<'_>` is not implemented for `!`
[INFO] [stdout]     |
[INFO] [stdout]     = help: the following other types implement trait `io::decode::Decode<'de, Context>`:
[INFO] [stdout]               `()` implements `io::decode::Decode<'_>`
[INFO] [stdout]               `AuthSwitchRequest` implements `io::decode::Decode<'_>`
[INFO] [stdout]               `Authentication` implements `io::decode::Decode<'_>`
[INFO] [stdout]               `AuthenticationSaslContinue` implements `io::decode::Decode<'_>`
[INFO] [stdout]               `AuthenticationSaslFinal` implements `io::decode::Decode<'_>`
[INFO] [stdout]               `BackendKeyData` implements `io::decode::Decode<'_>`
[INFO] [stdout]               `BinaryRow` implements `io::decode::Decode<'de, &'de [MySqlColumn]>`
[INFO] [stdout]               `ColumnDefinition` implements `io::decode::Decode<'_, Capabilities>`
[INFO] [stdout]             and 19 others
[INFO] [stdout]     = note: this error might have been caused by changes to Rust's type-inference algorithm (see issue #148922 <https://github.com/rust-lang/rust/issues/148922> for more information)
[INFO] [stdout]     = help: you might have intended to use the type `()` here instead
[INFO] [stdout] note: required by a bound in `PgStream::recv_expect`
[INFO] [stdout]    --> /opt/rustwide/cargo-home/registry/src/index.crates.io-1949cf8c6b5b557f/sqlx-core-0.5.13/src/postgres/connection/stream.rs:64:45
[INFO] [stdout]     |
[INFO] [stdout]  38 | impl PgStream {
[INFO] [stdout] ...
[INFO] [stdout]  64 |     pub(crate) async fn recv_expect<'de, T: Decode<'de>>(
[INFO] [stdout]     |                                             ^^^^^^^^^^^ required by this bound in `PgStream::recv_expect`
[INFO] [stdout] 
[INFO] [stdout] 
[INFO] [stdout] error[E0277]: the trait bound `!: io::decode::Decode<'_>` is not satisfied
[INFO] [stdout]    --> /opt/rustwide/cargo-home/registry/src/index.crates.io-1949cf8c6b5b557f/sqlx-core-0.5.13/src/postgres/copy.rs:325:21
[INFO] [stdout]     |
[INFO] [stdout] 325 |                     conn.stream.recv_expect(MessageFormat::ReadyForQuery).await?;
[INFO] [stdout]     |                     ^^^^^^^^^^^^^^^^^^^^^^^^^^^^^^^^^^^^^^^^^^^^^^^^^^^^^ the trait `io::decode::Decode<'_>` is not implemented for `!`
[INFO] [stdout]     |
[INFO] [stdout]     = help: the following other types implement trait `io::decode::Decode<'de, Context>`:
[INFO] [stdout]               `()` implements `io::decode::Decode<'_>`
[INFO] [stdout]               `AuthSwitchRequest` implements `io::decode::Decode<'_>`
[INFO] [stdout]               `Authentication` implements `io::decode::Decode<'_>`
[INFO] [stdout]               `AuthenticationSaslContinue` implements `io::decode::Decode<'_>`
[INFO] [stdout]               `AuthenticationSaslFinal` implements `io::decode::Decode<'_>`
[INFO] [stdout]               `BackendKeyData` implements `io::decode::Decode<'_>`
[INFO] [stdout]               `BinaryRow` implements `io::decode::Decode<'de, &'de [MySqlColumn]>`
[INFO] [stdout]               `ColumnDefinition` implements `io::decode::Decode<'_, Capabilities>`
[INFO] [stdout]             and 19 others
[INFO] [stdout]     = note: this error might have been caused by changes to Rust's type-inference algorithm (see issue #148922 <https://github.com/rust-lang/rust/issues/148922> for more information)
[INFO] [stdout]     = help: you might have intended to use the type `()` here instead
[INFO] [stdout] note: required by a bound in `PgStream::recv_expect`
[INFO] [stdout]    --> /opt/rustwide/cargo-home/registry/src/index.crates.io-1949cf8c6b5b557f/sqlx-core-0.5.13/src/postgres/connection/stream.rs:64:45
[INFO] [stdout]     |
[INFO] [stdout]  38 | impl PgStream {
[INFO] [stdout] ...
[INFO] [stdout]  64 |     pub(crate) async fn recv_expect<'de, T: Decode<'de>>(
[INFO] [stdout]     |                                             ^^^^^^^^^^^ required by this bound in `PgStream::recv_expect`
[INFO] [stdout] 
[INFO] [stdout] 
[INFO] [stdout] error[E0277]: the trait bound `!: io::decode::Decode<'_>` is not satisfied
[INFO] [stdout]    --> /opt/rustwide/cargo-home/registry/src/index.crates.io-1949cf8c6b5b557f/sqlx-core-0.5.13/src/postgres/copy.rs:324:77
[INFO] [stdout]     |
[INFO] [stdout] 324 |                     conn.stream.recv_expect(MessageFormat::CommandComplete).await?;
[INFO] [stdout]     |                                                                             ^^^^^ the trait `io::decode::Decode<'_>` is not implemented for `!`
[INFO] [stdout]     |
[INFO] [stdout]     = help: the following other types implement trait `io::decode::Decode<'de, Context>`:
[INFO] [stdout]               `()` implements `io::decode::Decode<'_>`
[INFO] [stdout]               `AuthSwitchRequest` implements `io::decode::Decode<'_>`
[INFO] [stdout]               `Authentication` implements `io::decode::Decode<'_>`
[INFO] [stdout]               `AuthenticationSaslContinue` implements `io::decode::Decode<'_>`
[INFO] [stdout]               `AuthenticationSaslFinal` implements `io::decode::Decode<'_>`
[INFO] [stdout]               `BackendKeyData` implements `io::decode::Decode<'_>`
[INFO] [stdout]               `BinaryRow` implements `io::decode::Decode<'de, &'de [MySqlColumn]>`
[INFO] [stdout]               `ColumnDefinition` implements `io::decode::Decode<'_, Capabilities>`
[INFO] [stdout]             and 19 others
[INFO] [stdout]     = note: this error might have been caused by changes to Rust's type-inference algorithm (see issue #148922 <https://github.com/rust-lang/rust/issues/148922> for more information)
[INFO] [stdout]     = help: you might have intended to use the type `()` here instead
[INFO] [stdout] note: required by a bound in `PgStream::recv_expect`
[INFO] [stdout]    --> /opt/rustwide/cargo-home/registry/src/index.crates.io-1949cf8c6b5b557f/sqlx-core-0.5.13/src/postgres/connection/stream.rs:64:45
[INFO] [stdout]     |
[INFO] [stdout]  38 | impl PgStream {
[INFO] [stdout] ...
[INFO] [stdout]  64 |     pub(crate) async fn recv_expect<'de, T: Decode<'de>>(
[INFO] [stdout]     |                                             ^^^^^^^^^^^ required by this bound in `PgStream::recv_expect`
[INFO] [stdout] 
[INFO] [stdout] 
[INFO] [stdout] error[E0277]: the trait bound `!: io::decode::Decode<'_>` is not satisfied
[INFO] [stdout]    --> /opt/rustwide/cargo-home/registry/src/index.crates.io-1949cf8c6b5b557f/sqlx-core-0.5.13/src/postgres/copy.rs:325:75
[INFO] [stdout]     |
[INFO] [stdout] 325 |                     conn.stream.recv_expect(MessageFormat::ReadyForQuery).await?;
[INFO] [stdout]     |                                                                           ^^^^^ the trait `io::decode::Decode<'_>` is not implemented for `!`
[INFO] [stdout]     |
[INFO] [stdout]     = help: the following other types implement trait `io::decode::Decode<'de, Context>`:
[INFO] [stdout]               `()` implements `io::decode::Decode<'_>`
[INFO] [stdout]               `AuthSwitchRequest` implements `io::decode::Decode<'_>`
[INFO] [stdout]               `Authentication` implements `io::decode::Decode<'_>`
[INFO] [stdout]               `AuthenticationSaslContinue` implements `io::decode::Decode<'_>`
[INFO] [stdout]               `AuthenticationSaslFinal` implements `io::decode::Decode<'_>`
[INFO] [stdout]               `BackendKeyData` implements `io::decode::Decode<'_>`
[INFO] [stdout]               `BinaryRow` implements `io::decode::Decode<'de, &'de [MySqlColumn]>`
[INFO] [stdout]               `ColumnDefinition` implements `io::decode::Decode<'_, Capabilities>`
[INFO] [stdout]             and 19 others
[INFO] [stdout]     = note: this error might have been caused by changes to Rust's type-inference algorithm (see issue #148922 <https://github.com/rust-lang/rust/issues/148922> for more information)
[INFO] [stdout]     = help: you might have intended to use the type `()` here instead
[INFO] [stdout] note: required by a bound in `PgStream::recv_expect`
[INFO] [stdout]    --> /opt/rustwide/cargo-home/registry/src/index.crates.io-1949cf8c6b5b557f/sqlx-core-0.5.13/src/postgres/connection/stream.rs:64:45
[INFO] [stdout]     |
[INFO] [stdout]  38 | impl PgStream {
[INFO] [stdout] ...
[INFO] [stdout]  64 |     pub(crate) async fn recv_expect<'de, T: Decode<'de>>(
[INFO] [stdout]     |                                             ^^^^^^^^^^^ required by this bound in `PgStream::recv_expect`
[INFO] [stdout] 
[INFO] [stdout] 
[INFO] [stderr]    Compiling axum v0.5.3
[INFO] [stderr]    Compiling realworld-web v0.1.0 (/opt/rustwide/workdir/src/web)
[INFO] [stdout] For more information about this error, try `rustc --explain E0277`.
[INFO] [stdout] 
[INFO] [stderr] error: could not compile `sqlx-core` (lib) due to 15 previous errors
[INFO] [stderr] warning: build failed, waiting for other jobs to finish...
[INFO] [stderr] warning: unused dependency `log`
[INFO] [stderr]   --> src/domain/Cargo.toml:14:1
[INFO] [stderr]    |
[INFO] [stderr] 14 | log = "0.4.0"
[INFO] [stderr]    | ^^^^^^^^^^^^^
[INFO] [stderr]    |
[INFO] [stderr]    = note: `cargo::unused_dependencies` is set to `warn` by default
[INFO] [stderr] help: consider removing the dependency on `log`
[INFO] [stderr] warning: `realworld-domain` (manifest) generated 1 warning
[INFO] running `Command { std: "docker" "inspect" "9e01d15963a7b66014c92dcc80fdba55e2838d8d2c3616786bc35012726590d5", kill_on_drop: false }`
[INFO] running `Command { std: "docker" "rm" "-f" "9e01d15963a7b66014c92dcc80fdba55e2838d8d2c3616786bc35012726590d5", kill_on_drop: false }`
[INFO] [stdout] 9e01d15963a7b66014c92dcc80fdba55e2838d8d2c3616786bc35012726590d5
