[INFO] cloning repository https://github.com/David610/singbox-vpn
[INFO] running `Command { std: "git" "-c" "credential.helper=" "-c" "credential.helper=/workspace/cargo-home/bin/git-credential-null" "clone" "--bare" "https://github.com/David610/singbox-vpn" "/workspace/cache/git-repos/https%3A%2F%2Fgithub.com%2FDavid610%2Fsingbox-vpn", kill_on_drop: false }`
[INFO] [stderr] Cloning into bare repository '/workspace/cache/git-repos/https%3A%2F%2Fgithub.com%2FDavid610%2Fsingbox-vpn'...
[INFO] running `Command { std: "git" "rev-parse" "HEAD", kill_on_drop: false }`
[INFO] [stdout] 644fb89d3472dbb2d9d0043745093309cc9f5e77
[INFO] testing David610/singbox-vpn against 1.100.0-beta.1 for beta-1.100-4
[INFO] running `Command { std: "git" "clone" "/workspace/cache/git-repos/https%3A%2F%2Fgithub.com%2FDavid610%2Fsingbox-vpn" "/workspace/builds/worker-4-tc2/source", kill_on_drop: false }`
[INFO] [stderr] Cloning into '/workspace/builds/worker-4-tc2/source'...
[INFO] [stderr] done.
[INFO] removed /workspace/builds/worker-4-tc2/source/rust-toolchain.toml
[INFO] started tweaking git repo https://github.com/David610/singbox-vpn
[INFO] finished tweaking git repo https://github.com/David610/singbox-vpn
[INFO] tweaked toml for git repo https://github.com/David610/singbox-vpn written to /workspace/builds/worker-4-tc2/source/Cargo.toml
[INFO] validating manifest of git repo https://github.com/David610/singbox-vpn on toolchain 1.100.0-beta.1
[INFO] running `Command { std: CARGO_HOME="/workspace/cargo-home" RUSTUP_HOME="/workspace/rustup-home" "/workspace/cargo-home/bin/cargo" "+1.100.0-beta.1" "metadata" "--manifest-path" "Cargo.toml" "--no-deps", kill_on_drop: false }`
[INFO] crate git repo https://github.com/David610/singbox-vpn already has a lockfile, it will not be regenerated
[INFO] running `Command { std: CARGO_HOME="/workspace/cargo-home" RUSTUP_HOME="/workspace/rustup-home" "/workspace/cargo-home/bin/cargo" "+1.100.0-beta.1" "fetch" "--manifest-path" "Cargo.toml", kill_on_drop: false }`
[INFO] [stderr] warning: apps/admin/Cargo.toml: file `/workspace/builds/worker-4-tc2/source/apps/admin/src/main.rs` found to be present in multiple build targets:
[INFO] [stderr]   * `bin` target `vpn`
[INFO] [stderr]   * `bin` target `vpn-admin`
[INFO] [stderr] warning: `admin` (manifest) generated 1 warning
[INFO] running `Command { std: "docker" "create" "-v" "/var/lib/crater-agent-workspace/builds/worker-4-tc2/source:/opt/rustwide/workdir:ro,Z" "-v" "/var/lib/crater-agent-workspace/builds/worker-4-tc2/target:/opt/rustwide/target:rw,Z" "-v" "/var/lib/crater-agent-workspace/cargo-home:/opt/rustwide/cargo-home:ro,Z" "-v" "/var/lib/crater-agent-workspace/rustup-home:/opt/rustwide/rustup-home:ro,Z" "-m" "1610612736" "--network" "none" "ghcr.io/rust-lang/crates-build-env/linux@sha256:77db811e55d90add9212f6832c23229e3de5f1c1f9905e8cb07319ea15df73ac" "sleep" "infinity", kill_on_drop: false }`
[INFO] [stdout] a5cc9ecc1132a9883432be5d396d9b37248d048e82f90cc06b7d231f86d82f9b
[INFO] running `Command { std: "docker" "start" "a5cc9ecc1132a9883432be5d396d9b37248d048e82f90cc06b7d231f86d82f9b", kill_on_drop: false }`
[INFO] running `Command { std: "docker" "inspect" "a5cc9ecc1132a9883432be5d396d9b37248d048e82f90cc06b7d231f86d82f9b", kill_on_drop: false }`
[INFO] running `Command { std: "docker" "exec" "-e" "SOURCE_DIR=/opt/rustwide/workdir" "-e" "CARGO_HOME=/opt/rustwide/cargo-home" "-e" "RUSTUP_HOME=/opt/rustwide/rustup-home" "-e" "CARGO_TARGET_DIR=/opt/rustwide/target" "-w" "/opt/rustwide/workdir" "--user" "0:0" "a5cc9ecc1132a9883432be5d396d9b37248d048e82f90cc06b7d231f86d82f9b" "/opt/rustwide/cargo-home/bin/cargo" "+1.100.0-beta.1" "metadata" "--no-deps" "--format-version=1", kill_on_drop: false }`
[INFO] running `Command { std: "docker" "inspect" "a5cc9ecc1132a9883432be5d396d9b37248d048e82f90cc06b7d231f86d82f9b", kill_on_drop: false }`
[INFO] running `Command { std: "docker" "exec" "-e" "SOURCE_DIR=/opt/rustwide/workdir" "-e" "CARGO_HOME=/opt/rustwide/cargo-home" "-e" "RUSTUP_HOME=/opt/rustwide/rustup-home" "-e" "CARGO_TARGET_DIR=/opt/rustwide/target" "-e" "CARGO_INCREMENTAL=0" "-e" "RUST_BACKTRACE=full" "-e" "RUSTFLAGS=--cap-lints=warn" "-e" "RUSTDOCFLAGS=--cap-lints=warn" "-w" "/opt/rustwide/workdir" "--user" "0:0" "a5cc9ecc1132a9883432be5d396d9b37248d048e82f90cc06b7d231f86d82f9b" "/opt/rustwide/cargo-home/bin/cargo" "+1.100.0-beta.1" "build" "--frozen" "--message-format=json", kill_on_drop: false }`
[INFO] [stderr] warning: apps/admin/Cargo.toml: file `/opt/rustwide/workdir/apps/admin/src/main.rs` found to be present in multiple build targets:
[INFO] [stderr]   * `bin` target `vpn`
[INFO] [stderr]   * `bin` target `vpn-admin`
[INFO] [stderr] warning: `admin` (manifest) generated 1 warning
[INFO] [stderr]    Compiling proc-macro2 v1.0.107
[INFO] [stderr]    Compiling smallvec v1.15.2
[INFO] [stderr]    Compiling serde_core v1.0.229
[INFO] [stderr]    Compiling log v0.4.33
[INFO] [stderr]    Compiling quote v1.0.47
[INFO] [stderr]    Compiling http v1.5.0
[INFO] [stderr]    Compiling zerocopy v0.8.56
[INFO] [stderr]    Compiling typenum v1.20.1
[INFO] [stderr]    Compiling futures-task v0.3.34
[INFO] [stderr]    Compiling find-msvc-tools v0.1.13
[INFO] [stderr]    Compiling serde_json v1.0.151
[INFO] [stderr]    Compiling slab v0.4.12
[INFO] [stderr]    Compiling mio v1.2.2
[INFO] [stderr]    Compiling socket2 v0.6.5
[INFO] [stderr]    Compiling getrandom v0.2.17
[INFO] [stderr]    Compiling anstyle-parse v1.0.0
[INFO] [stderr]    Compiling curve25519-dalek v4.1.3
[INFO] [stderr]    Compiling rand_core v0.6.4
[INFO] [stderr]    Compiling sync_wrapper v1.0.2
[INFO] [stderr]    Compiling futures-util v0.3.34
[INFO] [stderr]    Compiling is_terminal_polyfill v1.70.2
[INFO] [stderr]    Compiling cc v1.4.7
[INFO] [stderr]    Compiling winnow v1.0.4
[INFO] [stderr]    Compiling colorchoice v1.0.5
[INFO] [stderr]    Compiling rustix v1.1.4
[INFO] [stderr]    Compiling anstyle-query v1.1.5
[INFO] [stderr]    Compiling const-oid v0.10.2
[INFO] [stderr]    Compiling anstyle v1.0.14
[INFO] [stderr]    Compiling ipnet v2.12.2
[INFO] [stderr]    Compiling parking_lot_core v0.9.12
[INFO] [stderr]    Compiling anstream v1.0.0
[INFO] [stderr]    Compiling toml_writer v1.1.2+spec-1.1.0
[INFO] [stderr]    Compiling linux-raw-sys v0.12.1
[INFO] [stderr]    Compiling parking_lot v0.12.5
[INFO] [stderr]    Compiling toml_parser v1.1.3+spec-1.1.0
[INFO] [stderr]    Compiling clap_lex v1.1.0
[INFO] [stderr]    Compiling getrandom v0.4.3
[INFO] [stderr]    Compiling regex-syntax v0.8.11
[INFO] [stderr]    Compiling rustls v0.23.45
[INFO] [stderr]    Compiling http-body v1.1.0
[INFO] [stderr]    Compiling hybrid-array v0.4.14
[INFO] [stderr]    Compiling syn v3.0.3
[INFO] [stderr]    Compiling syn v2.0.119
[INFO] [stderr]    Compiling http-body-util v0.1.4
[INFO] [stderr]    Compiling clap_builder v4.6.7
[INFO] [stderr]    Compiling rustversion v1.0.23
[INFO] [stderr]    Compiling tracing-log v0.2.0
[INFO] [stderr]    Compiling thread_local v1.1.10
[INFO] [stderr]    Compiling filetime v0.2.29
[INFO] [stderr]    Compiling qrcode v0.14.1
[INFO] [stderr]    Compiling time v0.3.55
[INFO] [stderr]    Compiling crypto-common v0.2.2
[INFO] [stderr]    Compiling block-buffer v0.12.1
[INFO] [stderr]    Compiling ring v0.17.14
[INFO] [stderr]    Compiling digest v0.11.3
[INFO] [stderr]    Compiling sha2 v0.11.0
[INFO] [stderr]    Compiling regex-automata v0.4.18
[INFO] [stderr]    Compiling toml_datetime v1.1.1+spec-1.1.0
[INFO] [stderr]    Compiling serde_spanned v1.1.1
[INFO] [stderr]    Compiling serde_path_to_error v0.1.20
[INFO] [stderr]    Compiling toml v1.1.6+spec-1.1.0
[INFO] [stderr]    Compiling tempfile v3.27.0
[INFO] [stderr]    Compiling xattr v1.6.1
[INFO] [stderr]    Compiling tar v0.4.46
[INFO] [stderr]    Compiling tracing-attributes v0.1.31
[INFO] [stderr]    Compiling curve25519-dalek-derive v0.1.1
[INFO] [stderr]    Compiling ppv-lite86 v0.2.21
[INFO] [stderr]    Compiling synstructure v0.14.0
[INFO] [stderr]    Compiling rand_chacha v0.3.1
[INFO] [stderr]    Compiling tracing v0.1.44
[INFO] [stderr]    Compiling rand v0.8.7
[INFO] [stderr]    Compiling zerofrom-derive v0.1.8
[INFO] [stderr]    Compiling yoke-derive v0.8.3
[INFO] [stderr]    Compiling tokio-macros v2.7.2
[INFO] [stderr]    Compiling zerovec-derive v0.11.6
[INFO] [stderr]    Compiling displaydoc v0.2.7
[INFO] [stderr]    Compiling serde_derive v1.0.229
[INFO] [stderr]    Compiling thiserror-impl v2.0.20
[INFO] [stderr]    Compiling clap_derive v4.6.7
[INFO] [stderr]    Compiling async-trait v0.1.92
[INFO] [stderr]    Compiling matchers v0.2.0
[INFO] [stderr]    Compiling tracing-subscriber v0.3.23
[INFO] [stderr]    Compiling rustls-webpki v0.103.15
[INFO] [stderr]    Compiling tokio v1.53.1
[INFO] [stderr]    Compiling axum-core v0.4.5
[INFO] [stderr]    Compiling zerofrom v0.1.8
[INFO] [stderr]    Compiling yoke v0.8.3
[INFO] [stderr]    Compiling thiserror v2.0.20
[INFO] [stderr]    Compiling zerovec v0.11.8
[INFO] [stderr]    Compiling zerotrie v0.2.5
[INFO] [stderr]    Compiling clap v4.6.7
[INFO] [stderr]    Compiling tinystr v0.8.4
[INFO] [stderr]    Compiling potential_utf v0.1.6
[INFO] [stderr]    Compiling icu_collections v2.3.0
[INFO] [stderr]    Compiling icu_locale_core v2.3.0
[INFO] [stderr]    Compiling serde v1.0.229
[INFO] [stderr]    Compiling icu_provider v2.3.1
[INFO] [stderr]    Compiling icu_properties v2.3.0
[INFO] [stderr]    Compiling icu_normalizer v2.3.0
[INFO] [stderr]    Compiling provisioning-contract v1.1.0 (/opt/rustwide/workdir/crates/provisioning-contract)
[INFO] [stderr]    Compiling serde_urlencoded v0.7.1
[INFO] [stderr]    Compiling idna_adapter v1.2.2
[INFO] [stderr]    Compiling idna v1.1.0
[INFO] [stderr]    Compiling url v2.5.8
[INFO] [stderr]    Compiling hyper v1.11.0
[INFO] [stderr]    Compiling common v1.1.0 (/opt/rustwide/workdir/crates/common)
[INFO] [stderr]    Compiling tower v0.5.3
[INFO] [stderr]    Compiling tokio-rustls v0.26.5
[INFO] [stderr]    Compiling compat-config v1.1.0 (/opt/rustwide/workdir/crates/compat-config)
[INFO] [stderr]    Compiling tower-http v0.6.11
[INFO] [stderr]    Compiling hyper-util v0.1.20
[INFO] [stderr]    Compiling axum v0.7.9
[INFO] [stderr]    Compiling hyper-rustls v0.27.10
[INFO] [stderr]    Compiling reqwest v0.12.28
[INFO] [stderr]    Compiling admin v1.1.0 (/opt/rustwide/workdir/apps/admin)
[INFO] [stderr]    Compiling provisioning-agent v1.1.0 (/opt/rustwide/workdir/apps/provisioning-agent)
[INFO] [stderr]    Compiling subscription v1.1.0 (/opt/rustwide/workdir/services/subscription)
[INFO] [stderr] warning: unused dependency `common`
[INFO] [stderr]   --> crates/compat-config/Cargo.toml:15:1
[INFO] [stderr]    |
[INFO] [stderr] 15 | common = { path = "../common" }
[INFO] [stderr]    | ^^^^^^^^^^^^^^^^^^^^^^^^^^^^^^^
[INFO] [stderr]    |
[INFO] [stderr]    = note: `cargo::unused_dependencies` is set to `warn` by default
[INFO] [stderr] help: consider removing the dependency on `common`
[INFO] [stderr] warning: unused dependency `tracing`
[INFO] [stderr]   --> crates/compat-config/Cargo.toml:12:1
[INFO] [stderr]    |
[INFO] [stderr] 12 | tracing.workspace = true
[INFO] [stderr]    | ^^^^^^^
[INFO] [stderr]    |
[INFO] [stderr] help: consider removing the dependency on `tracing`
[INFO] [stderr] warning: `compat-config` (manifest) generated 2 warnings
[INFO] [stderr]     Finished `dev` profile [unoptimized + debuginfo] target(s) in 1m 12s
[INFO] running `Command { std: "docker" "inspect" "a5cc9ecc1132a9883432be5d396d9b37248d048e82f90cc06b7d231f86d82f9b", kill_on_drop: false }`
[INFO] running `Command { std: "docker" "exec" "-e" "SOURCE_DIR=/opt/rustwide/workdir" "-e" "CARGO_HOME=/opt/rustwide/cargo-home" "-e" "RUSTUP_HOME=/opt/rustwide/rustup-home" "-e" "CARGO_TARGET_DIR=/opt/rustwide/target" "-e" "CARGO_INCREMENTAL=0" "-e" "RUST_BACKTRACE=full" "-e" "RUSTFLAGS=--cap-lints=warn" "-e" "RUSTDOCFLAGS=--cap-lints=warn" "-w" "/opt/rustwide/workdir" "--user" "0:0" "a5cc9ecc1132a9883432be5d396d9b37248d048e82f90cc06b7d231f86d82f9b" "/opt/rustwide/cargo-home/bin/cargo" "+1.100.0-beta.1" "test" "--frozen" "--no-run" "--message-format=json", kill_on_drop: false }`
[INFO] [stderr] warning: apps/admin/Cargo.toml: file `/opt/rustwide/workdir/apps/admin/src/main.rs` found to be present in multiple build targets:
[INFO] [stderr]   * `bin` target `vpn`
[INFO] [stderr]   * `bin` target `vpn-admin`
[INFO] [stderr] warning: `admin` (manifest) generated 1 warning
[INFO] [stderr]    Compiling futures-sink v0.3.34
[INFO] [stderr]    Compiling regex-syntax v0.8.11
[INFO] [stderr]    Compiling futures-macro v0.3.34
[INFO] [stderr]    Compiling aho-corasick v1.1.5
[INFO] [stderr]    Compiling futures-io v0.3.34
[INFO] [stderr]    Compiling num-traits v0.2.19
[INFO] [stderr]    Compiling wait-timeout v0.2.1
[INFO] [stderr]    Compiling getrandom v0.3.4
[INFO] [stderr]    Compiling predicates-core v1.0.10
[INFO] [stderr]    Compiling pin-project-internal v1.1.13
[INFO] [stderr]    Compiling termtree v0.5.1
[INFO] [stderr]    Compiling normalize-line-endings v0.3.0
[INFO] [stderr]    Compiling assert_cmd v2.2.2
[INFO] [stderr]    Compiling difflib v0.4.0
[INFO] [stderr]    Compiling bit-vec v0.8.0
[INFO] [stderr]    Compiling unarray v0.1.4
[INFO] [stderr]    Compiling futures-channel v0.3.34
[INFO] [stderr]    Compiling tokio-util v0.7.19
[INFO] [stderr]    Compiling rusty-fork v0.3.1
[INFO] [stderr]    Compiling num_cpus v1.17.0
[INFO] [stderr]    Compiling deadpool-runtime v0.1.4
[INFO] [stderr]    Compiling rand_core v0.9.5
[INFO] [stderr]    Compiling predicates-tree v1.0.13
[INFO] [stderr]    Compiling assert-json-diff v2.0.2
[INFO] [stderr]    Compiling compat-config v1.1.0 (/opt/rustwide/workdir/crates/compat-config)
[INFO] [stderr]    Compiling deadpool v0.12.3
[INFO] [stderr]    Compiling bit-set v0.8.0
[INFO] [stderr]    Compiling rand v0.9.5
[INFO] [stderr]    Compiling rand_xorshift v0.4.0
[INFO] [stderr]    Compiling rand_chacha v0.9.0
[INFO] [stderr]    Compiling h2 v0.4.19
[INFO] [stderr]    Compiling float-cmp v0.10.0
[INFO] [stderr]    Compiling futures-util v0.3.34
[INFO] [stderr]    Compiling provisioning-contract v1.1.0 (/opt/rustwide/workdir/crates/provisioning-contract)
[INFO] [stderr]    Compiling pin-project v1.1.13
[INFO] [stderr]    Compiling regex-automata v0.4.18
[INFO] [stderr]    Compiling proptest v1.11.0
[INFO] [stderr]    Compiling tower v0.5.3
[INFO] [stderr]    Compiling axum-core v0.4.5
[INFO] [stderr]    Compiling tower v0.4.13
[INFO] [stderr]    Compiling futures-executor v0.3.34
[INFO] [stderr]    Compiling futures v0.3.34
[INFO] [stderr]    Compiling tower-http v0.6.11
[INFO] [stderr]    Compiling hyper v1.11.0
[INFO] [stderr]    Compiling hyper-util v0.1.20
[INFO] [stderr]    Compiling regex v1.13.1
[INFO] [stderr]    Compiling matchers v0.2.0
[INFO] [stderr]    Compiling bstr v1.13.0
[INFO] [stderr]    Compiling tracing-subscriber v0.3.23
[INFO] [stderr]    Compiling common v1.1.0 (/opt/rustwide/workdir/crates/common)
[INFO] [stderr]    Compiling predicates v3.1.4
[INFO] [stderr]    Compiling axum v0.7.9
[INFO] [stderr]    Compiling hyper-rustls v0.27.10
[INFO] [stderr]    Compiling wiremock v0.6.5
[INFO] [stderr]    Compiling reqwest v0.12.28
[INFO] [stderr]    Compiling admin v1.1.0 (/opt/rustwide/workdir/apps/admin)
[INFO] [stderr]    Compiling provisioning-agent v1.1.0 (/opt/rustwide/workdir/apps/provisioning-agent)
[INFO] [stderr]    Compiling subscription v1.1.0 (/opt/rustwide/workdir/services/subscription)
[INFO] [stderr] warning: unused dependency `common`
[INFO] [stderr]   --> crates/compat-config/Cargo.toml:15:1
[INFO] [stderr]    |
[INFO] [stderr] 15 | common = { path = "../common" }
[INFO] [stderr]    | ^^^^^^^^^^^^^^^^^^^^^^^^^^^^^^^
[INFO] [stderr]    |
[INFO] [stderr]    = note: `cargo::unused_dependencies` is set to `warn` by default
[INFO] [stderr] help: consider removing the dependency on `common`
[INFO] [stderr] warning: unused dependency `tracing`
[INFO] [stderr]   --> crates/compat-config/Cargo.toml:12:1
[INFO] [stderr]    |
[INFO] [stderr] 12 | tracing.workspace = true
[INFO] [stderr]    | ^^^^^^^
[INFO] [stderr]    |
[INFO] [stderr] help: consider removing the dependency on `tracing`
[INFO] [stderr] warning: `compat-config` (manifest) generated 2 warnings
[INFO] [stderr]     Finished `test` profile [unoptimized + debuginfo] target(s) in 1m 03s
[INFO] running `Command { std: "docker" "inspect" "a5cc9ecc1132a9883432be5d396d9b37248d048e82f90cc06b7d231f86d82f9b", kill_on_drop: false }`
[INFO] running `Command { std: "docker" "exec" "-e" "SOURCE_DIR=/opt/rustwide/workdir" "-e" "CARGO_HOME=/opt/rustwide/cargo-home" "-e" "RUSTUP_HOME=/opt/rustwide/rustup-home" "-e" "CARGO_TARGET_DIR=/opt/rustwide/target" "-e" "CARGO_INCREMENTAL=0" "-e" "RUST_BACKTRACE=full" "-e" "RUSTFLAGS=--cap-lints=warn" "-e" "RUSTDOCFLAGS=--cap-lints=warn" "-w" "/opt/rustwide/workdir" "--user" "0:0" "a5cc9ecc1132a9883432be5d396d9b37248d048e82f90cc06b7d231f86d82f9b" "/opt/rustwide/cargo-home/bin/cargo" "+1.100.0-beta.1" "test" "--frozen", kill_on_drop: false }`
[INFO] [stderr] warning: apps/admin/Cargo.toml: file `/opt/rustwide/workdir/apps/admin/src/main.rs` found to be present in multiple build targets:
[INFO] [stderr]   * `bin` target `vpn`
[INFO] [stderr]   * `bin` target `vpn-admin`
[INFO] [stderr] warning: `admin` (manifest) generated 1 warning
[INFO] [stderr] warning: unused dependency `common`
[INFO] [stderr]   --> crates/compat-config/Cargo.toml:15:1
[INFO] [stderr]    |
[INFO] [stderr] 15 | common = { path = "../common" }
[INFO] [stderr]    | ^^^^^^^^^^^^^^^^^^^^^^^^^^^^^^^
[INFO] [stderr]    |
[INFO] [stderr]    = note: `cargo::unused_dependencies` is set to `warn` by default
[INFO] [stderr] help: consider removing the dependency on `common`
[INFO] [stderr] warning: unused dependency `tracing`
[INFO] [stderr]   --> crates/compat-config/Cargo.toml:12:1
[INFO] [stderr]    |
[INFO] [stderr] 12 | tracing.workspace = true
[INFO] [stderr]    | ^^^^^^^
[INFO] [stderr]    |
[INFO] [stderr] help: consider removing the dependency on `tracing`
[INFO] [stderr] warning: `compat-config` (manifest) generated 2 warnings
[INFO] [stderr]     Finished `test` profile [unoptimized + debuginfo] target(s) in 0.48s
[INFO] [stderr]      Running unittests src/main.rs (/opt/rustwide/target/debug/build/admin/128bc2008cae886d/out/vpn-128bc2008cae886d)
[INFO] [stdout] 
[INFO] [stdout] running 107 tests
[INFO] [stdout] test doctor_coverage_tests::l1_l4_passed_l5_l6_failed ... ok
[INFO] [stdout] test doctor_coverage_tests::l1_l4_failed_l5_l6_inconclusive_still_reports_both_independently ... ok
[INFO] [stdout] test doctor_coverage_tests::protocol_check_result_label_is_exhaustively_defined ... ok
[INFO] [stdout] test doctor_coverage_tests::l1_l4_failed_l5_l6_not_run ... ok
[INFO] [stdout] test doctor_coverage_tests::l1_l4_failed_l5_l6_passed_does_not_imply_l1_l4_ok ... ok
[INFO] [stdout] test doctor_coverage_tests::l1_l4_passed_l5_l6_not_run ... ok
[INFO] [stdout] test doctor_coverage_tests::l1_l4_failed_l5_l6_failed_both_shown ... ok
[INFO] [stdout] test doctor_coverage_tests::l1_l4_passed_l5_l6_inconclusive_is_never_reported_as_passed_or_not_run ... ok
[INFO] [stdout] test external_authorization::tests::omission_and_revocation_fail_closed_without_touching_native ... ok
[INFO] [stdout] test doctor_coverage_tests::l1_l4_passed_l5_l6_passed_is_the_only_full_health_claim ... ok
[INFO] [stdout] test hostname_resolution_tests::persistent_failure_increments_failures_exactly_once ... ok
[INFO] [stdout] test ipv6_posture_tests::aaaa_present_and_egress_confirmed_working_is_ok_and_non_fatal ... ok
[INFO] [stdout] test hostname_resolution_tests::resolved_addresses_still_classify_v4_and_v6_families_correctly ... ok
[INFO] [stdout] test hostname_resolution_tests::zero_addresses_after_retry_is_unresolved ... ok
[INFO] [stdout] test ipv6_posture_tests::reality_pass_is_not_undermined_by_ipv4_only_ipv6_diagnostic ... ok
[INFO] [stdout] test ipv6_posture_tests::ipv4_only_host_no_aaaa_is_never_fatal_regardless_of_probe_outcome ... ok
[INFO] [stdout] test external_authorization::tests::replaces_only_external_ownership_and_supports_ab_rotation ... ok
[INFO] [stdout] test hostname_resolution_tests::all_attempts_fail_is_unresolved_with_bounded_attempt_count ... ok
[INFO] [stdout] test lease_pool::tests::authorization_metadata_projects_into_the_authoritative_user_store ... ok
[INFO] [stdout] test ipv6_posture_tests::aaaa_present_but_probe_unavailable_is_inconclusive_not_fatal ... ok
[INFO] [stdout] test hostname_resolution_tests::succeeds_on_first_attempt ... ok
[INFO] [stdout] test ipv6_posture_tests::aaaa_present_and_egress_confirmed_broken_is_fatal ... ok
[INFO] [stdout] test external_authorization::tests::rejects_credential_id_and_uuid_collisions_across_owners ... ok
[INFO] [stdout] test peer_credential_cli_tests::a_uuid_for_a_hysteria2_peer_is_refused ... ok
[INFO] [stdout] test peer_credential_cli_tests::a_uuid_is_accepted_for_a_vless_reality_peer ... ok
[INFO] [stdout] test peer_credential_cli_tests::supplying_no_credential_names_the_flag_the_operator_needs ... ok
[INFO] [stdout] test peer_credential_cli_tests::uuid_shape_check_accepts_a_real_uuid_and_rejects_pasted_junk ... ok
[INFO] [stdout] test peer_credential_cli_tests::a_new_operator_user_is_served_the_credentials_it_is_given ... ok
[INFO] [stdout] test pressure_diagnostics_tests::conntrack_at_threshold_warns ... ok
[INFO] [stdout] test peer_credential_cli_tests::a_password_for_a_vless_reality_peer_is_refused_not_coerced ... ok
[INFO] [stdout] test pressure_diagnostics_tests::conntrack_high_utilization_warns_never_fails ... ok
[INFO] [stdout] test pressure_diagnostics_tests::conntrack_just_below_threshold_is_still_ok ... ok
[INFO] [stdout] test pressure_diagnostics_tests::conntrack_low_utilization_is_ok ... ok
[INFO] [stdout] test pressure_diagnostics_tests::format_thousands_groups_correctly ... ok
[INFO] [stdout] test pressure_diagnostics_tests::udp_memory_high_pressure_warns_never_fails ... ok
[INFO] [stdout] test pressure_diagnostics_tests::udp_memory_low_pressure_is_ok ... ok
[INFO] [stdout] test pressure_diagnostics_tests::udp_memory_pct_handles_zero_pressure_threshold_without_dividing_by_zero ... ok
[INFO] [stdout] test public_surface_tests::empty_and_malformed_lines_are_skipped_without_panicking ... ok
[INFO] [stdout] test peer_credential_cli_tests::an_empty_hysteria2_password_is_refused ... ok
[INFO] [stdout] test public_surface_tests::expected_singbox_vpn_listener_is_ok ... ok
[INFO] [stdout] test peer_credential_cli_tests::rotating_a_new_operator_users_credentials_changes_what_the_server_renders ... ok
[INFO] [stdout] test public_surface_tests::expected_ssh_listener_is_ok ... ok
[INFO] [stdout] test public_surface_tests::firewall_ownership_none_when_file_missing ... ok
[INFO] [stdout] test public_surface_tests::internal_singbox_vpn_process_on_an_unexpected_public_port_is_fail ... ok
[INFO] [stdout] test public_surface_tests::is_singbox_vpn_process_matches_truncated_comm_names ... ok
[INFO] [stdout] test public_surface_tests::loopback_only_unrelated_listener_is_not_reported_at_all ... ok
[INFO] [stdout] test public_surface_tests::never_closes_or_mutates_anything_by_construction ... ok
[INFO] [stdout] test peer_credential_cli_tests::a_new_operator_user_is_not_locked_out_after_the_native_lease ... ok
[INFO] [stdout] test lease_pool::tests::shrinking_the_pool_removes_slot_users_only ... ok
[INFO] [stdout] test public_surface_tests::parses_real_shaped_tcp_ss_output_including_process_name ... ok
[INFO] [stdout] test public_surface_tests::port_conflict_expected_port_served_by_wrong_process_is_fail ... ok
[INFO] [stdout] test external_authorization::tests::ab_removal_restart_and_revocation_cannot_resurrect_a ... ok
[INFO] [stdout] test public_surface_tests::sshd_port_directive_none_when_absent ... ok
[INFO] [stdout] test hostname_resolution_tests::first_attempt_fails_second_succeeds_reports_transient_recovery ... ok
[INFO] [stdout] test hostname_resolution_tests::retry_attempts_are_bounded_never_unbounded ... ok
[INFO] [stdout] test public_surface_tests::subscription_backend_exposed_publicly_is_fail ... ok
[INFO] [stdout] test public_surface_tests::sshd_port_directive_parses_first_match_case_insensitively ... ok
[INFO] [stdout] test lock::tests::second_acquire_blocks_until_first_is_dropped ... ok
[INFO] [stdout] test pressure_diagnostics_tests::conntrack_pct_handles_zero_max_without_dividing_by_zero ... ok
[INFO] [stdout] test lease_pool::tests::creates_pseudonymous_expiring_slot_users_and_keeps_others ... ok
[INFO] [stdout] test lease_pool::tests::compatibility_overlap_and_revocation_project_fail_closed ... ok
[INFO] [stdout] test lease_pool::tests::rotation_replaces_secret_and_is_idempotent ... ok
[INFO] [stdout] test public_surface_tests::expected_listener_with_unknown_process_is_still_ok ... ok
[INFO] [stdout] test lease_pool::tests::rejects_malformed_duplicate_or_colliding_input ... ok
[INFO] [stdout] test public_surface_tests::parses_bracketed_ipv6_addresses_and_strips_brackets ... ok
[INFO] [stdout] test public_surface_tests::parses_udp_output_without_a_users_field_when_not_root ... ok
[INFO] [stdout] test peer_credential_cli_tests::a_malformed_uuid_is_refused_with_an_actionable_message ... ok
[INFO] [stdout] test reality_selftest_classification_tests::unrelated_public_scanner_rejection_is_not_attributed_to_selftest ... ok
[INFO] [stdout] test public_surface_tests::subscription_backend_on_loopback_is_ok ... ok
[INFO] [stdout] test public_surface_tests::unidentified_process_on_a_non_loopback_port_is_warn_never_fail ... ok
[INFO] [stdout] test reality_selftest_classification_tests::a_real_key_mismatch_does_not_reliably_produce_either_client_side_string ... ok
[INFO] [stdout] test reality_selftest_classification_tests::fenced_loopback_rejection_is_still_detected ... ok
[INFO] [stdout] test public_surface_tests::unrelated_process_on_a_non_loopback_port_is_warn_not_fail ... ok
[INFO] [stdout] test public_surface_tests::firewall_ownership_parses_key_value_env_file ... ok
[INFO] [stdout] test reality_selftest_classification_tests::client_side_rejection_strings_are_still_detected ... ok
[INFO] [stdout] test service::tests::is_unit_installed_true_when_systemctl_reports_loaded ... ok
[INFO] [stdout] test service::tests::is_unit_installed_still_appends_service_for_a_bare_name ... ok
[INFO] [stdout] test reality_selftest_classification_tests::empty_client_stderr_and_no_journal_hit_stays_inconclusive ... ok
[INFO] [stdout] test service::tests::unit_tests_never_default_to_the_host_systemctl ... ok
[INFO] [stdout] test udp_probe_tests::build_dns_query_contains_labels ... ok
[INFO] [stdout] test service::tests::last_result_is_none_when_the_value_is_empty ... ok
[INFO] [stdout] test service::tests::last_result_returns_the_raw_systemd_result_keyword ... ok
[INFO] [stdout] test udp_probe_tests::cert_expiry_days_returns_none_for_missing_file ... ok
[INFO] [stdout] test udp_probe_tests::probe_singbox_binary_versions_skips_nonexistent_paths_and_dedupes ... ok
[INFO] [stdout] test udp_probe_tests::redact_secrets_hides_a_base64url_style_token ... ok
[INFO] [stdout] test udp_probe_tests::redact_secrets_hides_a_long_hex_key_or_hash ... ok
[INFO] [stdout] test udp_probe_tests::redact_secrets_hides_a_vless_uuid ... ok
[INFO] [stdout] test udp_probe_tests::redact_secrets_leaves_ordinary_log_text_and_short_words_untouched ... ok
[INFO] [stdout] test udp_probe_tests::run_udp_probe_candidates_with_probe_logic ... ok
[INFO] [stdout] test service::tests::timer_next_elapse_returns_systemds_own_formatted_timestamp ... ok
[INFO] [stdout] test udp_probe_tests::singbox_version_consistency_ok_when_versions_match ... ok
[INFO] [stdout] test udp_probe_tests::singbox_version_consistency_silent_on_single_binary ... ok
[INFO] [stdout] test udp_probe_tests::redact_secrets_preserves_non_ascii_text_around_a_redacted_token ... ok
[INFO] [stdout] test udp_probe_tests::singbox_version_consistency_warns_and_names_configured_binary_when_versions_differ ... ok
[INFO] [stdout] test service::tests::is_failed_true_when_systemctl_reports_failed ... ok
[INFO] [stdout] test service::tests::is_failed_false_when_systemctl_reports_not_failed ... ok
[INFO] [stdout] test service::tests::reload_and_verify_fails_when_reload_command_fails ... ok
[INFO] [stdout] test service::tests::restart_count_parses_nrestarts ... ok
[INFO] [stdout] test service::tests::reload_and_verify_fails_when_service_not_active_after_reload ... ok
[INFO] [stdout] test service::tests::is_unit_installed_uses_a_dotted_unit_name_verbatim_for_a_timer ... ok
[INFO] [stdout] test service::tests::is_unit_installed_false_when_systemctl_binary_missing ... ok
[INFO] [stdout] test service::tests::is_available_is_false_for_nonexistent_binary ... ok
[INFO] [stdout] test service::tests::restart_count_is_none_when_systemctl_is_unavailable ... ok
[INFO] [stdout] test service::tests::reload_and_verify_succeeds_when_service_comes_up_healthy ... ok
[INFO] [stdout] test service::tests::override_names_the_exact_service_manager_and_never_falls_back_to_path ... ok
[INFO] [stderr] ..+.+...+.....+....+++++++++++++++++++++++++++++++++++++++*....+....+...+...+......+...+...+..+.......+++++++++++++++++++++++++++++++++++++++*...+...........+............+...+................+......+...+..+.........+.+.........+...........+....+..................+...+.........+...........+.......+..+.+..+......+.+..................+.....+.+..............+.+.....+.......+............+..+....+.....+.........+.+.....+............+..........+..............+.+..+...+....+........+......+............++++++
[INFO] [stdout] test udp_probe_tests::cert_expiry_days_reports_negative_days_for_an_already_expired_cert ... ok
[INFO] [stderr] ...+..+...+...+......................+...+.....+.+.....+.+++++++++++++++++++++++++++++++++++++++*....+..+...+++++++++++++++++++++++++++++++++++++++*.....+...+..+.........+................+......+........+......+.+..+.......+.....+................+...+..+............+...+....+...+......+..+....+...+.....+...+..........+.........+.........+..+............+.......+...+..+.+........+...................+......+.....+.......+...+.....+.+......+.........+......+........+.+...+........+...+.+.....+......+.........+...+.......+...+.....+.+......+...+...+..+...+.......+............+.....+....+............+........+......+...............+...+.+..+.........+.............+.....+...+...+.+......+..+......+.........+.......+........+..........+..+...............+.+...+...........+......+...+...............+....+..+...+......+.......+.....+....+...+...........+..........+..+.......+............+.....+...++++++
[INFO] [stderr] -----
[INFO] [stdout] test udp_probe_tests::cert_expiry_days_reports_positive_days_for_a_freshly_issued_cert ... ok
[INFO] [stdout] 
[INFO] [stdout] test result: ok. 107 passed; 0 failed; 0 ignored; 0 measured; 0 filtered out; finished in 0.31s
[INFO] [stdout] 
[INFO] [stderr]      Running unittests src/main.rs (/opt/rustwide/target/debug/build/admin/c823fcee6bc86226/out/vpn_admin-c823fcee6bc86226)
[INFO] [stdout] 
[INFO] [stdout] running 107 tests
[INFO] [stdout] test doctor_coverage_tests::l1_l4_passed_l5_l6_inconclusive_is_never_reported_as_passed_or_not_run ... ok
[INFO] [stdout] test doctor_coverage_tests::protocol_check_result_label_is_exhaustively_defined ... ok
[INFO] [stdout] test external_authorization::tests::rejects_credential_id_and_uuid_collisions_across_owners ... ok
[INFO] [stdout] test doctor_coverage_tests::l1_l4_failed_l5_l6_inconclusive_still_reports_both_independently ... ok
[INFO] [stdout] test doctor_coverage_tests::l1_l4_passed_l5_l6_passed_is_the_only_full_health_claim ... ok
[INFO] [stdout] test doctor_coverage_tests::l1_l4_failed_l5_l6_passed_does_not_imply_l1_l4_ok ... ok
[INFO] [stdout] test external_authorization::tests::ab_removal_restart_and_revocation_cannot_resurrect_a ... ok
[INFO] [stdout] test hostname_resolution_tests::retry_attempts_are_bounded_never_unbounded ... ok
[INFO] [stdout] test doctor_coverage_tests::l1_l4_failed_l5_l6_failed_both_shown ... ok
[INFO] [stdout] test hostname_resolution_tests::all_attempts_fail_is_unresolved_with_bounded_attempt_count ... ok
[INFO] [stdout] test hostname_resolution_tests::first_attempt_fails_second_succeeds_reports_transient_recovery ... ok
[INFO] [stdout] test doctor_coverage_tests::l1_l4_passed_l5_l6_failed ... ok
[INFO] [stdout] test ipv6_posture_tests::aaaa_present_and_egress_confirmed_broken_is_fatal ... ok
[INFO] [stdout] test ipv6_posture_tests::ipv4_only_host_no_aaaa_is_never_fatal_regardless_of_probe_outcome ... ok
[INFO] [stdout] test ipv6_posture_tests::aaaa_present_and_egress_confirmed_working_is_ok_and_non_fatal ... ok
[INFO] [stdout] test lease_pool::tests::rejects_malformed_duplicate_or_colliding_input ... ok
[INFO] [stdout] test lease_pool::tests::authorization_metadata_projects_into_the_authoritative_user_store ... ok
[INFO] [stdout] test lease_pool::tests::creates_pseudonymous_expiring_slot_users_and_keeps_others ... ok
[INFO] [stdout] test lease_pool::tests::rotation_replaces_secret_and_is_idempotent ... ok
[INFO] [stdout] test lock::tests::second_acquire_blocks_until_first_is_dropped ... ok
[INFO] [stdout] test ipv6_posture_tests::reality_pass_is_not_undermined_by_ipv4_only_ipv6_diagnostic ... ok
[INFO] [stdout] test hostname_resolution_tests::succeeds_on_first_attempt ... ok
[INFO] [stdout] test peer_credential_cli_tests::a_malformed_uuid_is_refused_with_an_actionable_message ... ok
[INFO] [stdout] test peer_credential_cli_tests::a_new_operator_user_is_served_the_credentials_it_is_given ... ok
[INFO] [stdout] test lease_pool::tests::shrinking_the_pool_removes_slot_users_only ... ok
[INFO] [stdout] test peer_credential_cli_tests::a_new_operator_user_is_not_locked_out_after_the_native_lease ... ok
[INFO] [stdout] test external_authorization::tests::omission_and_revocation_fail_closed_without_touching_native ... ok
[INFO] [stdout] test doctor_coverage_tests::l1_l4_failed_l5_l6_not_run ... ok
[INFO] [stdout] test peer_credential_cli_tests::a_uuid_for_a_hysteria2_peer_is_refused ... ok
[INFO] [stdout] test peer_credential_cli_tests::a_password_for_a_vless_reality_peer_is_refused_not_coerced ... ok
[INFO] [stdout] test doctor_coverage_tests::l1_l4_passed_l5_l6_not_run ... ok
[INFO] [stdout] test pressure_diagnostics_tests::conntrack_high_utilization_warns_never_fails ... ok
[INFO] [stdout] test pressure_diagnostics_tests::conntrack_just_below_threshold_is_still_ok ... ok
[INFO] [stdout] test external_authorization::tests::replaces_only_external_ownership_and_supports_ab_rotation ... ok
[INFO] [stdout] test peer_credential_cli_tests::a_uuid_is_accepted_for_a_vless_reality_peer ... ok
[INFO] [stdout] test pressure_diagnostics_tests::conntrack_low_utilization_is_ok ... ok
[INFO] [stdout] test ipv6_posture_tests::aaaa_present_but_probe_unavailable_is_inconclusive_not_fatal ... ok
[INFO] [stdout] test hostname_resolution_tests::zero_addresses_after_retry_is_unresolved ... ok
[INFO] [stdout] test peer_credential_cli_tests::rotating_a_new_operator_users_credentials_changes_what_the_server_renders ... ok
[INFO] [stdout] test peer_credential_cli_tests::an_empty_hysteria2_password_is_refused ... ok
[INFO] [stdout] test public_surface_tests::expected_singbox_vpn_listener_is_ok ... ok
[INFO] [stdout] test public_surface_tests::expected_ssh_listener_is_ok ... ok
[INFO] [stdout] test public_surface_tests::firewall_ownership_none_when_file_missing ... ok
[INFO] [stdout] test peer_credential_cli_tests::supplying_no_credential_names_the_flag_the_operator_needs ... ok
[INFO] [stdout] test pressure_diagnostics_tests::udp_memory_low_pressure_is_ok ... ok
[INFO] [stdout] test public_surface_tests::firewall_ownership_parses_key_value_env_file ... ok
[INFO] [stdout] test peer_credential_cli_tests::uuid_shape_check_accepts_a_real_uuid_and_rejects_pasted_junk ... ok
[INFO] [stdout] test pressure_diagnostics_tests::conntrack_pct_handles_zero_max_without_dividing_by_zero ... ok
[INFO] [stdout] test public_surface_tests::loopback_only_unrelated_listener_is_not_reported_at_all ... ok
[INFO] [stdout] test pressure_diagnostics_tests::conntrack_at_threshold_warns ... ok
[INFO] [stdout] test hostname_resolution_tests::persistent_failure_increments_failures_exactly_once ... ok
[INFO] [stdout] test public_surface_tests::parses_bracketed_ipv6_addresses_and_strips_brackets ... ok
[INFO] [stdout] test public_surface_tests::never_closes_or_mutates_anything_by_construction ... ok
[INFO] [stdout] test pressure_diagnostics_tests::udp_memory_high_pressure_warns_never_fails ... ok
[INFO] [stdout] test hostname_resolution_tests::resolved_addresses_still_classify_v4_and_v6_families_correctly ... ok
[INFO] [stdout] test pressure_diagnostics_tests::format_thousands_groups_correctly ... ok
[INFO] [stdout] test lease_pool::tests::compatibility_overlap_and_revocation_project_fail_closed ... ok
[INFO] [stdout] test reality_selftest_classification_tests::a_real_key_mismatch_does_not_reliably_produce_either_client_side_string ... ok
[INFO] [stdout] test reality_selftest_classification_tests::client_side_rejection_strings_are_still_detected ... ok
[INFO] [stdout] test public_surface_tests::parses_real_shaped_tcp_ss_output_including_process_name ... ok
[INFO] [stdout] test public_surface_tests::port_conflict_expected_port_served_by_wrong_process_is_fail ... ok
[INFO] [stdout] test reality_selftest_classification_tests::empty_client_stderr_and_no_journal_hit_stays_inconclusive ... ok
[INFO] [stdout] test reality_selftest_classification_tests::fenced_loopback_rejection_is_still_detected ... ok
[INFO] [stdout] test public_surface_tests::internal_singbox_vpn_process_on_an_unexpected_public_port_is_fail ... ok
[INFO] [stdout] test public_surface_tests::is_singbox_vpn_process_matches_truncated_comm_names ... ok
[INFO] [stdout] test public_surface_tests::sshd_port_directive_parses_first_match_case_insensitively ... ok
[INFO] [stdout] test public_surface_tests::sshd_port_directive_none_when_absent ... ok
[INFO] [stdout] test public_surface_tests::subscription_backend_exposed_publicly_is_fail ... ok
[INFO] [stdout] test pressure_diagnostics_tests::udp_memory_pct_handles_zero_pressure_threshold_without_dividing_by_zero ... ok
[INFO] [stdout] test public_surface_tests::subscription_backend_on_loopback_is_ok ... ok
[INFO] [stdout] test public_surface_tests::empty_and_malformed_lines_are_skipped_without_panicking ... ok
[INFO] [stdout] test public_surface_tests::expected_listener_with_unknown_process_is_still_ok ... ok
[INFO] [stdout] test public_surface_tests::unrelated_process_on_a_non_loopback_port_is_warn_not_fail ... ok
[INFO] [stdout] test public_surface_tests::unidentified_process_on_a_non_loopback_port_is_warn_never_fail ... ok
[INFO] [stdout] test public_surface_tests::parses_udp_output_without_a_users_field_when_not_root ... ok
[INFO] [stdout] test reality_selftest_classification_tests::unrelated_public_scanner_rejection_is_not_attributed_to_selftest ... ok
[INFO] [stdout] test service::tests::is_unit_installed_uses_a_dotted_unit_name_verbatim_for_a_timer ... ok
[INFO] [stdout] test service::tests::is_failed_false_when_systemctl_reports_not_failed ... ok
[INFO] [stdout] test service::tests::is_failed_true_when_systemctl_reports_failed ... ok
[INFO] [stdout] test service::tests::unit_tests_never_default_to_the_host_systemctl ... ok
[INFO] [stdout] test udp_probe_tests::build_dns_query_contains_labels ... ok
[INFO] [stdout] test service::tests::is_unit_installed_true_when_systemctl_reports_loaded ... ok
[INFO] [stdout] test service::tests::is_unit_installed_still_appends_service_for_a_bare_name ... ok
[INFO] [stdout] test service::tests::last_result_returns_the_raw_systemd_result_keyword ... ok
[INFO] [stdout] test udp_probe_tests::cert_expiry_days_returns_none_for_missing_file ... ok
[INFO] [stdout] test udp_probe_tests::redact_secrets_hides_a_vless_uuid ... ok
[INFO] [stdout] test udp_probe_tests::redact_secrets_hides_a_base64url_style_token ... ok
[INFO] [stdout] test udp_probe_tests::redact_secrets_preserves_non_ascii_text_around_a_redacted_token ... ok
[INFO] [stdout] test udp_probe_tests::redact_secrets_leaves_ordinary_log_text_and_short_words_untouched ... ok
[INFO] [stdout] test udp_probe_tests::redact_secrets_hides_a_long_hex_key_or_hash ... ok
[INFO] [stdout] test udp_probe_tests::probe_singbox_binary_versions_skips_nonexistent_paths_and_dedupes ... ok
[INFO] [stdout] test udp_probe_tests::singbox_version_consistency_silent_on_single_binary ... ok
[INFO] [stdout] test service::tests::reload_and_verify_fails_when_reload_command_fails ... ok
[INFO] [stdout] test udp_probe_tests::singbox_version_consistency_warns_and_names_configured_binary_when_versions_differ ... ok
[INFO] [stdout] test udp_probe_tests::singbox_version_consistency_ok_when_versions_match ... ok
[INFO] [stdout] test service::tests::last_result_is_none_when_the_value_is_empty ... ok
[INFO] [stdout] test udp_probe_tests::run_udp_probe_candidates_with_probe_logic ... ok
[INFO] [stdout] test service::tests::reload_and_verify_fails_when_service_not_active_after_reload ... ok
[INFO] [stdout] test service::tests::timer_next_elapse_returns_systemds_own_formatted_timestamp ... ok
[INFO] [stdout] test udp_probe_tests::cert_expiry_days_reports_negative_days_for_an_already_expired_cert ... ok
[INFO] [stdout] test service::tests::restart_count_is_none_when_systemctl_is_unavailable ... ok
[INFO] [stdout] test service::tests::is_available_is_false_for_nonexistent_binary ... ok
[INFO] [stdout] test service::tests::is_unit_installed_false_when_systemctl_binary_missing ... ok
[INFO] [stdout] test service::tests::restart_count_parses_nrestarts ... ok
[INFO] [stderr] .+........+....+.....+.......+...+...+...+............+..+...+.......+......+.....+.......+..+.+.....+......+.+..+.+...........+.+...+......+...........+...+....+......+.........+..+..........+...+........+............+.+..+...+......+.+..............+++++++++++++++++++++++++++++++++++++++*..+.+....................+.......+............+...+...+..+++++++++++++++++++++++++++++++++++++++*.+.......+.....+...+....+..+..........+.....................+.........+...+..+.........+......+......+....+.....+..........+...+......+..+...+.......+.....+....+.....+..........+...+...+.....+...++++++
[INFO] [stderr] ...+........+++++++++++++++++++++++++++++++++++++++*..+++++++++++++++++++++++++++++++++++++++*..+......+.........+.......+...+..+.........+......+....+..+...+....+...+...+.........+.....+...+....+......++++++
[INFO] [stderr] -----
[INFO] [stdout] test service::tests::reload_and_verify_succeeds_when_service_comes_up_healthy ... ok
[INFO] [stdout] test service::tests::override_names_the_exact_service_manager_and_never_falls_back_to_path ... ok
[INFO] [stdout] test udp_probe_tests::cert_expiry_days_reports_positive_days_for_a_freshly_issued_cert ... ok
[INFO] [stdout] 
[INFO] [stdout] test result: ok. 107 passed; 0 failed; 0 ignored; 0 measured; 0 filtered out; finished in 0.17s
[INFO] [stdout] 
[INFO] [stderr]      Running tests/cli.rs (/opt/rustwide/target/debug/build/admin/5eb3b9b620bb5740/out/cli-5eb3b9b620bb5740)
[INFO] [stdout] 
[INFO] [stdout] running 91 tests
[INFO] [stdout] test command_mutates_state_check_does_not_block_config_validate_concurrently ... ok
[INFO] [stdout] test concurrent_user_creates_do_not_lose_an_update ... ok
[INFO] [stdout] test authorization_mutation_is_fail_closed_without_live_singbox ... ok
[INFO] [stdout] test backup_refuses_to_clobber_a_preexisting_destination ... ok
[INFO] [stdout] test apply_revision_end_to_end_applies_config_and_stamps_revision ... ok
[INFO] [stdout] test config_validate_reports_invalid_on_corrupted_users_json ... ok
[INFO] [stdout] test config_validate_reports_invalid_on_future_deployment_toml_schema ... ok
[INFO] [stdout] test config_validate_reports_invalid_on_future_users_schema ... ok
[INFO] [stdout] test config_validate_reports_migration_required_on_fresh_legacy_deployment_toml ... ok
[INFO] [stdout] test apply_revision_rejects_a_malformed_document ... ok
[INFO] [stdout] test doctor_always_prints_urltest_scope_disclaimer ... ok
[INFO] [stdout] test doctor_client_and_telegram_never_claim_server_is_healthy_when_checks_failed ... ok
[INFO] [stdout] test a_missing_fake_systemctl_fails_closed_instead_of_using_path ... ok
[INFO] [stdout] test config_migrate_refuses_corrupted_users_json_and_leaves_it_untouched ... ok
[INFO] [stdout] test doctor_fails_on_unresolvable_public_hostname ... ok
[INFO] [stdout] test doctor_json_emits_one_valid_json_object_with_stable_fields ... ok
[INFO] [stdout] test doctor_json_rejects_combination_with_prose_only_output_modes ... ok
[INFO] [stdout] test config_migrate_is_idempotent_and_validate_reports_ok_afterward ... ok
[INFO] [stdout] test apply_revision_preserves_all_dynamic_state_types_simultaneously_static_config_untouched ... ok
[INFO] [stdout] test apply_revision_reload_failure_rolls_back_config_users_and_stamp ... ok
[INFO] [stdout] test authorization_backed_native_lease_renewal_uses_live_path_without_restart ... ok
[INFO] [stdout] test config_migrate_preserves_existing_users_and_backs_up_users_json ... ok
[INFO] [stdout] test cli_tests_cannot_reach_the_hosts_systemctl ... ok
[INFO] [stdout] test credential_mutation_does_not_claim_blast_radius_when_not_reloaded_live ... ok
[INFO] [stdout] test doctor_reports_ipv4_only_hostname_as_info_not_a_failure ... ok
[INFO] [stdout] test doctor_reports_missing_singbox_binary_as_failure ... ok
[INFO] [stdout] test backup_then_restore_round_trips_hysteria2_obfuscation_password ... ok
[INFO] [stdout] test apply_revision_reload_failure_rolls_back_full_dynamic_state_mix ... ok
[INFO] [stdout] test every_binary_invocation_is_guarded ... ok
[INFO] [stdout] test backup_then_restore_round_trips_users ... ok
[INFO] [stdout] test backup_then_restore_round_trips_the_current_versioned_users_envelope ... ok
[INFO] [stdout] test doctor_report_output_writes_mode_0600_file ... ok
[INFO] [stdout] test doctor_client_prints_interactive_checklist_and_never_claims_to_probe_the_device ... ok
[INFO] [stdout] test doctor_rejects_wrong_reality_public_key_install_policy ... ok
[INFO] [stdout] test doctor_coverage_line_distinguishes_not_run_from_failed_from_passed ... ok
[INFO] [stdout] test doctor_l4_coherence_passes_after_init_and_render ... ok
[INFO] [stdout] test apply_revision_preserves_reserved_probe_confinement_and_c16_policy_across_reapply ... ok
[INFO] [stdout] test apply_revision_skips_a_stale_or_duplicate_revision_number ... ok
[INFO] [stdout] test release_binary_exposes_package_version ... ok
[INFO] [stdout] test init_without_singbox_binary_fails_clearly ... ok
[INFO] [stdout] test doctor_report_redacts_secrets_and_includes_expected_sections ... ok
[INFO] [stdout] test doctor_l4_live_check_fails_when_running_subscription_process_is_stale ... FAILED
[INFO] [stdout] test doctor_l4_live_check_passes_when_subscription_process_is_freshly_started ... FAILED
[INFO] [stdout] test doctor_l4_detects_on_disk_config_drift_from_current_key_files ... ok
[INFO] [stdout] test repair_fails_clearly_when_no_persistent_install_exists ... ok
[INFO] [stdout] test repair_propagates_a_nonzero_exit_from_update_sh ... ok
[INFO] [stdout] test repair_runs_the_located_update_script_with_repair_flag_and_propagates_success ... ok
[INFO] [stdout] test doctor_telegram_prints_disclaimer_and_never_claims_russian_verification ... ok
[INFO] [stdout] test reality_rotate_replaces_public_key_and_succeeds ... ok
[INFO] [stdout] test reality_rotate_reports_not_run_when_no_active_user_exists ... ok
[INFO] [stdout] test reality_rotate_rolls_back_key_material_on_validation_failure ... ok
[INFO] [stdout] test reality_rotate_scopes_blast_radius_to_reality_only ... ok
[INFO] [stdout] test restore_rejects_cryptographically_mismatched_reality_keys ... ok
[INFO] [stdout] test render_config_never_claims_handshake_passed_when_selftest_could_not_run ... ok
[INFO] [stdout] test restore_never_widens_permissions_on_restored_secrets ... ok
[INFO] [stdout] test init_rerun_without_rotate_preserves_existing_reality_key ... ok
[INFO] [stdout] test restore_rejects_a_fifo_entry_without_hanging ... ok
[INFO] [stdout] test restore_rejects_a_partial_reality_keyset ... ok
[INFO] [stdout] test restore_rejects_archive_containing_a_symlink ... ok
[INFO] [stdout] test render_config_require_applied_fails_when_reconciliation_could_not_be_applied ... ok
[INFO] [stdout] test render_config_applies_and_restarts_when_a_user_actually_changed ... ok
[INFO] [stdout] test restore_of_differing_reality_key_restarts_subscription_service_too ... ok
[INFO] [stdout] test render_config_noop_reconcile_does_not_restart_singbox ... ok
[INFO] [stdout] test rotate_token_does_not_claim_already_imported_profile_stops_connecting ... ok
[INFO] [stdout] test render_config_require_applied_succeeds_on_true_noop ... ok
[INFO] [stdout] test status_reports_user_counts_without_secrets ... ok
[INFO] [stdout] test each_credential_mutation_states_its_own_blast_radius has been running for over 60 seconds
[INFO] [stdout] test full_user_lifecycle has been running for over 60 seconds
[INFO] [stdout] test future_expiry_extension_does_not_restart_but_expiry_revocation_does has been running for over 60 seconds
[INFO] [stdout] test static_revision_recovers_an_interrupted_apply_first ... ok
[INFO] [stdout] test render_config_repeated_timer_execution_is_idempotent has been running for over 60 seconds
[INFO] [stdout] test user_create_json_output_carries_the_experimental_vision_off_link_additively ... ok
[INFO] [stdout] test user_create_json_output_has_no_server_secrets ... ok
[INFO] [stdout] test user_create_json_output_is_unaffected_by_suppression ... ok
[INFO] [stdout] test static_revision_forbidden_role_change_is_rejected_fail_closed has been running for over 60 seconds
[INFO] [stdout] test static_revision_is_idempotent has been running for over 60 seconds
[INFO] [stdout] test static_revision_preserves_all_dynamic_state_and_applies_new_static_values has been running for over 60 seconds
[INFO] [stdout] test static_revision_rejected_by_singbox_check_leaves_everything_unchanged has been running for over 60 seconds
[INFO] [stdout] test static_revision_service_failure_rolls_back_static_and_runtime_config has been running for over 60 seconds
[INFO] [stdout] test static_revision_stale_revision_is_not_applied has been running for over 60 seconds
[INFO] [stdout] test user_create_qr_prints_a_qr_code ... ok
[INFO] [stdout] test static_revision_unknown_field_or_invalid_value_rejects_entire_revision has been running for over 60 seconds
[INFO] [stdout] test static_revision_preserves_all_dynamic_state_and_applies_new_static_values ... ok
[INFO] [stdout] test user_create_qr_shows_the_real_credential_when_not_suppressed ... ok
[INFO] [stdout] test render_config_repeated_timer_execution_is_idempotent ... ok
[INFO] [stdout] test user_create_qr_suppresses_the_credential_when_env_var_set ... ok
[INFO] [stdout] test version_prints_own_version ... ok
[INFO] [stdout] test static_revision_stale_revision_is_not_applied ... ok
[INFO] [stdout] test user_create_json_stdout_is_one_document_and_progress_goes_to_stderr ... ok
[INFO] [stdout] test static_revision_rejected_by_singbox_check_leaves_everything_unchanged ... ok
[INFO] [stdout] test static_revision_service_failure_rolls_back_static_and_runtime_config ... ok
[INFO] [stdout] test static_revision_is_idempotent ... ok
[INFO] [stdout] test static_revision_forbidden_role_change_is_rejected_fail_closed ... ok
[INFO] [stdout] test user_qr_rotates_token_and_warns_it_is_new ... ok
[INFO] [stdout] test user_links_prints_raw_uris_independent_of_subscription_host ... ok
[INFO] [stdout] test user_rotate_token_qr_suppresses_the_credential_when_env_var_set ... ok
[INFO] [stdout] test full_user_lifecycle ... ok
[INFO] [stdout] test user_create_reload_failure_restores_previous_working_config ... ok
[INFO] [stdout] test user_vision_off_experiment_toggles_only_that_users_flow ... ok
[INFO] [stdout] test future_expiry_extension_does_not_restart_but_expiry_revocation_does ... ok
[INFO] [stdout] test static_revision_unknown_field_or_invalid_value_rejects_entire_revision ... ok
[INFO] [stdout] test each_credential_mutation_states_its_own_blast_radius ... ok
[INFO] [stdout] 
[INFO] [stdout] failures:
[INFO] [stdout] 
[INFO] [stdout] ---- doctor_l4_live_check_fails_when_running_subscription_process_is_stale stdout ----
[INFO] [stdout] 
[INFO] [stdout] thread 'doctor_l4_live_check_fails_when_running_subscription_process_is_stale' (4404) panicked at /opt/rustwide/cargo-home/registry/src/index.crates.io-1949cf8c6b5b557f/assert_cmd-2.2.2/src/cargo.rs:232:5:
[INFO] [stdout] `CARGO_BIN_EXE_subscription` is unset
[INFO] [stdout] help: available binary names are "vpn", "vpn-admin"
[INFO] [stdout] stack backtrace:
[INFO] [stdout]    0:     0x61d4ddae4491 - std[617be2ca0a6fd877]::backtrace_rs::backtrace::libunwind::trace
[INFO] [stdout]                                at /rustc/e3feeb59cd1bdd011a2bfcc0747b55125d9b8527/library/std/src/../../backtrace/src/backtrace/libunwind.rs:117:9
[INFO] [stdout]    1:     0x61d4ddae4491 - std[617be2ca0a6fd877]::backtrace_rs::backtrace::trace_unsynchronized::<std[617be2ca0a6fd877]::sys::backtrace::_print_fmt::{closure#1}>
[INFO] [stdout]                                at /rustc/e3feeb59cd1bdd011a2bfcc0747b55125d9b8527/library/std/src/../../backtrace/src/backtrace/mod.rs:66:14
[INFO] [stdout]    2:     0x61d4ddae4491 - std[617be2ca0a6fd877]::sys::backtrace::_print_fmt
[INFO] [stdout]                                at /rustc/e3feeb59cd1bdd011a2bfcc0747b55125d9b8527/library/std/src/sys/backtrace.rs:74:9
[INFO] [stdout]    3:     0x61d4ddae4491 - <<std[617be2ca0a6fd877]::sys::backtrace::BacktraceLock>::print::DisplayBacktrace as core[a373ad73a504971]::fmt::Display>::fmt
[INFO] [stdout]                                at /rustc/e3feeb59cd1bdd011a2bfcc0747b55125d9b8527/library/std/src/sys/backtrace.rs:44:26
[INFO] [stdout]    4:     0x61d4ddafdcea - <core[a373ad73a504971]::fmt::rt::Argument>::fmt
[INFO] [stdout]                                at /rustc/e3feeb59cd1bdd011a2bfcc0747b55125d9b8527/library/core/src/fmt/rt.rs:152:76
[INFO] [stdout]    5:     0x61d4ddafdcea - core[a373ad73a504971]::fmt::write
[INFO] [stdout]    6:     0x61d4ddaea4cc - core[a373ad73a504971]::io::write::default_write_fmt::<alloc[2e1b2a31b91974c5]::vec::Vec<u8>>
[INFO] [stdout]                                at /rustc/e3feeb59cd1bdd011a2bfcc0747b55125d9b8527/library/core/src/io/write.rs:402:11
[INFO] [stdout]    7:     0x61d4ddaea4cc - <alloc[2e1b2a31b91974c5]::vec::Vec<u8> as core[a373ad73a504971]::io::write::Write>::write_fmt
[INFO] [stdout]                                at /rustc/e3feeb59cd1bdd011a2bfcc0747b55125d9b8527/library/core/src/io/write.rs:335:13
[INFO] [stdout]    8:     0x61d4ddabc596 - <std[617be2ca0a6fd877]::sys::backtrace::BacktraceLock>::print
[INFO] [stdout]                                at /rustc/e3feeb59cd1bdd011a2bfcc0747b55125d9b8527/library/std/src/sys/backtrace.rs:47:9
[INFO] [stdout]    9:     0x61d4ddabc596 - std[617be2ca0a6fd877]::panicking::default_hook::{closure#0}
[INFO] [stdout]                                at /rustc/e3feeb59cd1bdd011a2bfcc0747b55125d9b8527/library/std/src/panicking.rs:289:27
[INFO] [stdout]   10:     0x61d4ddadad79 - std[617be2ca0a6fd877]::panicking::default_hook
[INFO] [stdout]                                at /rustc/e3feeb59cd1bdd011a2bfcc0747b55125d9b8527/library/std/src/panicking.rs:313:9
[INFO] [stdout]   11:     0x61d4dda213f0 - <alloc[2e1b2a31b91974c5]::boxed::Box<dyn for<'a, 'b> core[a373ad73a504971]::ops::function::Fn<(&'a std[617be2ca0a6fd877]::panic::PanicHookInfo<'b>,), Output = ()> + core[a373ad73a504971]::marker::Sync + core[a373ad73a504971]::marker::Send> as core[a373ad73a504971]::ops::function::Fn<(&std[617be2ca0a6fd877]::panic::PanicHookInfo,)>>::call
[INFO] [stdout]                                at /rustc/e3feeb59cd1bdd011a2bfcc0747b55125d9b8527/library/alloc/src/boxed.rs:2328:9
[INFO] [stdout]   12:     0x61d4dda213f0 - test[aada8e7e76ba119b]::test_main_inner::{closure#0}
[INFO] [stdout]                                at /rustc/e3feeb59cd1bdd011a2bfcc0747b55125d9b8527/library/test/src/lib.rs:137:21
[INFO] [stdout]   13:     0x61d4ddadaf32 - <alloc[2e1b2a31b91974c5]::boxed::Box<dyn for<'a, 'b> core[a373ad73a504971]::ops::function::Fn<(&'a std[617be2ca0a6fd877]::panic::PanicHookInfo<'b>,), Output = ()> + core[a373ad73a504971]::marker::Sync + core[a373ad73a504971]::marker::Send> as core[a373ad73a504971]::ops::function::Fn<(&std[617be2ca0a6fd877]::panic::PanicHookInfo,)>>::call
[INFO] [stdout]                                at /rustc/e3feeb59cd1bdd011a2bfcc0747b55125d9b8527/library/alloc/src/boxed.rs:2328:9
[INFO] [stdout]   14:     0x61d4ddadaf32 - std[617be2ca0a6fd877]::panicking::panic_with_hook
[INFO] [stdout]                                at /rustc/e3feeb59cd1bdd011a2bfcc0747b55125d9b8527/library/std/src/panicking.rs:819:13
[INFO] [stdout]   15:     0x61d4ddabc642 - std[617be2ca0a6fd877]::panicking::panic_handler::{closure#0}
[INFO] [stdout]                                at /rustc/e3feeb59cd1bdd011a2bfcc0747b55125d9b8527/library/std/src/panicking.rs:685:13
[INFO] [stdout]   16:     0x61d4ddab4ef9 - std[617be2ca0a6fd877]::sys::backtrace::__rust_end_short_backtrace::<std[617be2ca0a6fd877]::panicking::panic_handler::{closure#0}, !>
[INFO] [stdout]                                at /rustc/e3feeb59cd1bdd011a2bfcc0747b55125d9b8527/library/std/src/sys/backtrace.rs:182:18
[INFO] [stdout]   17:     0x61d4ddabd5ed - __rustc[ea4f61d10b84890b]::rust_begin_unwind
[INFO] [stdout]                                at /rustc/e3feeb59cd1bdd011a2bfcc0747b55125d9b8527/library/std/src/panicking.rs:676:5
[INFO] [stdout]   18:     0x61d4ddafe55c - core[a373ad73a504971]::panicking::panic_fmt
[INFO] [stdout]                                at /rustc/e3feeb59cd1bdd011a2bfcc0747b55125d9b8527/library/core/src/panicking.rs:80:14
[INFO] [stdout]   19:     0x61d4dda66cbf - assert_cmd[dadde4885ace4284]::cargo::missing_cargo_bin
[INFO] [stdout]                                at /opt/rustwide/cargo-home/registry/src/index.crates.io-1949cf8c6b5b557f/assert_cmd-2.2.2/src/cargo.rs:268:9
[INFO] [stdout]   20:     0x61d4dda66685 - assert_cmd[dadde4885ace4284]::cargo::cargo_bin_str
[INFO] [stdout]                                at /opt/rustwide/cargo-home/registry/src/index.crates.io-1949cf8c6b5b557f/assert_cmd-2.2.2/src/cargo.rs:244:17
[INFO] [stdout]   21:     0x61d4dd88c5b9 - assert_cmd[dadde4885ace4284]::cargo::cargo_bin::<&str>
[INFO] [stdout]                                at /opt/rustwide/cargo-home/registry/src/index.crates.io-1949cf8c6b5b557f/assert_cmd-2.2.2/src/cargo.rs:232:5
[INFO] [stdout]   22:     0x61d4dd88c23b - assert_cmd[dadde4885ace4284]::cargo::cargo_bin_cmd::<&str>
[INFO] [stdout]                                at /opt/rustwide/cargo-home/registry/src/index.crates.io-1949cf8c6b5b557f/assert_cmd-2.2.2/src/cargo.rs:156:16
[INFO] [stdout]   23:     0x61d4dd872ed6 - <assert_cmd[dadde4885ace4284]::cmd::Command>::cargo_bin::<&str>
[INFO] [stdout]                                at /opt/rustwide/cargo-home/registry/src/index.crates.io-1949cf8c6b5b557f/assert_cmd-2.2.2/src/cmd.rs:71:19
[INFO] [stdout]   24:     0x61d4dd80789e - cli[672a8126ecfdf9b8]::spawn_subscription_binary::{closure#2}
[INFO] [stdout]                                at /opt/rustwide/workdir/apps/admin/tests/cli.rs:335:13
[INFO] [stdout]   25:     0x61d4dd8823d6 - <core[a373ad73a504971]::option::Option<std[617be2ca0a6fd877]::path::PathBuf>>::unwrap_or_else::<cli[672a8126ecfdf9b8]::spawn_subscription_binary::{closure#2}>
[INFO] [stdout]                                at /rustc/e3feeb59cd1bdd011a2bfcc0747b55125d9b8527/library/core/src/option.rs:1067:21
[INFO] [stdout]   26:     0x61d4dd81192a - cli[672a8126ecfdf9b8]::spawn_subscription_binary
[INFO] [stdout]                                at /opt/rustwide/workdir/apps/admin/tests/cli.rs:334:10
[INFO] [stdout]   27:     0x61d4dd855bdb - cli[672a8126ecfdf9b8]::doctor_l4_live_check_fails_when_running_subscription_process_is_stale
[INFO] [stdout]                                at /opt/rustwide/workdir/apps/admin/tests/cli.rs:2282:17
[INFO] [stdout]   28:     0x61d4dd808707 - cli[672a8126ecfdf9b8]::doctor_l4_live_check_fails_when_running_subscription_process_is_stale::{closure#0}
[INFO] [stdout]                                at /opt/rustwide/workdir/apps/admin/tests/cli.rs:2271:75
[INFO] [stdout]   29:     0x61d4dd87a4f6 - <cli[672a8126ecfdf9b8]::doctor_l4_live_check_fails_when_running_subscription_process_is_stale::{closure#0} as core[a373ad73a504971]::ops::function::FnOnce<()>>::call_once
[INFO] [stdout]                                at /rustc/e3feeb59cd1bdd011a2bfcc0747b55125d9b8527/library/core/src/ops/function.rs:250:5
[INFO] [stdout]   30:     0x61d4dda1483b - <fn() -> core[a373ad73a504971]::result::Result<(), alloc[2e1b2a31b91974c5]::string::String> as core[a373ad73a504971]::ops::function::FnOnce<()>>::call_once
[INFO] [stdout]                                at /rustc/e3feeb59cd1bdd011a2bfcc0747b55125d9b8527/library/core/src/ops/function.rs:250:5
[INFO] [stdout]   31:     0x61d4dda1483b - test[aada8e7e76ba119b]::__rust_begin_short_backtrace::<core[a373ad73a504971]::result::Result<(), alloc[2e1b2a31b91974c5]::string::String>, fn() -> core[a373ad73a504971]::result::Result<(), alloc[2e1b2a31b91974c5]::string::String>>
[INFO] [stdout]                                at /rustc/e3feeb59cd1bdd011a2bfcc0747b55125d9b8527/library/test/src/lib.rs:701:18
[INFO] [stdout]   32:     0x61d4dda21a15 - test[aada8e7e76ba119b]::run_test_in_process::{closure#0}
[INFO] [stdout]                                at /rustc/e3feeb59cd1bdd011a2bfcc0747b55125d9b8527/library/test/src/lib.rs:724:74
[INFO] [stdout]   33:     0x61d4dda21a15 - <core[a373ad73a504971]::panic::unwind_safe::AssertUnwindSafe<test[aada8e7e76ba119b]::run_test_in_process::{closure#0}> as core[a373ad73a504971]::ops::function::FnOnce<()>>::call_once
[INFO] [stdout]                                at /rustc/e3feeb59cd1bdd011a2bfcc0747b55125d9b8527/library/core/src/panic/unwind_safe.rs:275:9
[INFO] [stdout]   34:     0x61d4dda21a15 - std[617be2ca0a6fd877]::panicking::catch_unwind::do_call::<core[a373ad73a504971]::panic::unwind_safe::AssertUnwindSafe<test[aada8e7e76ba119b]::run_test_in_process::{closure#0}>, core[a373ad73a504971]::result::Result<(), alloc[2e1b2a31b91974c5]::string::String>>
[INFO] [stdout]                                at /rustc/e3feeb59cd1bdd011a2bfcc0747b55125d9b8527/library/std/src/panicking.rs:573:43
[INFO] [stdout]   35:     0x61d4dda21a15 - std[617be2ca0a6fd877]::panicking::catch_unwind::<core[a373ad73a504971]::result::Result<(), alloc[2e1b2a31b91974c5]::string::String>, core[a373ad73a504971]::panic::unwind_safe::AssertUnwindSafe<test[aada8e7e76ba119b]::run_test_in_process::{closure#0}>>
[INFO] [stdout]                                at /rustc/e3feeb59cd1bdd011a2bfcc0747b55125d9b8527/library/std/src/panicking.rs:541:19
[INFO] [stdout]   36:     0x61d4dda21a15 - std[617be2ca0a6fd877]::panic::catch_unwind::<core[a373ad73a504971]::panic::unwind_safe::AssertUnwindSafe<test[aada8e7e76ba119b]::run_test_in_process::{closure#0}>, core[a373ad73a504971]::result::Result<(), alloc[2e1b2a31b91974c5]::string::String>>
[INFO] [stdout]                                at /rustc/e3feeb59cd1bdd011a2bfcc0747b55125d9b8527/library/std/src/panic.rs:359:14
[INFO] [stdout]   37:     0x61d4dda21a15 - test[aada8e7e76ba119b]::run_test_in_process
[INFO] [stdout]                                at /rustc/e3feeb59cd1bdd011a2bfcc0747b55125d9b8527/library/test/src/lib.rs:724:27
[INFO] [stdout]   38:     0x61d4dda21a15 - test[aada8e7e76ba119b]::run_test::{closure#0}
[INFO] [stdout]                                at /rustc/e3feeb59cd1bdd011a2bfcc0747b55125d9b8527/library/test/src/lib.rs:645:43
[INFO] [stdout]   39:     0x61d4dda1b304 - test[aada8e7e76ba119b]::run_test::{closure#1}
[INFO] [stdout]                                at /rustc/e3feeb59cd1bdd011a2bfcc0747b55125d9b8527/library/test/src/lib.rs:675:41
[INFO] [stdout]   40:     0x61d4dda1b304 - std[617be2ca0a6fd877]::sys::backtrace::__rust_begin_short_backtrace::<test[aada8e7e76ba119b]::run_test::{closure#1}, ()>
[INFO] [stdout]                                at /rustc/e3feeb59cd1bdd011a2bfcc0747b55125d9b8527/library/std/src/sys/backtrace.rs:166:18
[INFO] [stdout]   41:     0x61d4dda24aa2 - std[617be2ca0a6fd877]::thread::lifecycle::spawn_unchecked::<test[aada8e7e76ba119b]::run_test::{closure#1}, ()>::{closure#1}::{closure#0}
[INFO] [stdout]                                at /rustc/e3feeb59cd1bdd011a2bfcc0747b55125d9b8527/library/std/src/thread/lifecycle.rs:70:13
[INFO] [stdout]   42:     0x61d4dda24aa2 - <core[a373ad73a504971]::panic::unwind_safe::AssertUnwindSafe<std[617be2ca0a6fd877]::thread::lifecycle::spawn_unchecked<test[aada8e7e76ba119b]::run_test::{closure#1}, ()>::{closure#1}::{closure#0}> as core[a373ad73a504971]::ops::function::FnOnce<()>>::call_once
[INFO] [stdout]                                at /rustc/e3feeb59cd1bdd011a2bfcc0747b55125d9b8527/library/core/src/panic/unwind_safe.rs:275:9
[INFO] [stdout]   43:     0x61d4dda24aa2 - std[617be2ca0a6fd877]::panicking::catch_unwind::do_call::<core[a373ad73a504971]::panic::unwind_safe::AssertUnwindSafe<std[617be2ca0a6fd877]::thread::lifecycle::spawn_unchecked<test[aada8e7e76ba119b]::run_test::{closure#1}, ()>::{closure#1}::{closure#0}>, ()>
[INFO] [stdout]                                at /rustc/e3feeb59cd1bdd011a2bfcc0747b55125d9b8527/library/std/src/panicking.rs:573:43
[INFO] [stdout]   44:     0x61d4dda24aa2 - std[617be2ca0a6fd877]::panicking::catch_unwind::<(), core[a373ad73a504971]::panic::unwind_safe::AssertUnwindSafe<std[617be2ca0a6fd877]::thread::lifecycle::spawn_unchecked<test[aada8e7e76ba119b]::run_test::{closure#1}, ()>::{closure#1}::{closure#0}>>
[INFO] [stdout]                                at /rustc/e3feeb59cd1bdd011a2bfcc0747b55125d9b8527/library/std/src/panicking.rs:541:19
[INFO] [stdout]   45:     0x61d4dda24aa2 - std[617be2ca0a6fd877]::panic::catch_unwind::<core[a373ad73a504971]::panic::unwind_safe::AssertUnwindSafe<std[617be2ca0a6fd877]::thread::lifecycle::spawn_unchecked<test[aada8e7e76ba119b]::run_test::{closure#1}, ()>::{closure#1}::{closure#0}>, ()>
[INFO] [stdout]                                at /rustc/e3feeb59cd1bdd011a2bfcc0747b55125d9b8527/library/std/src/panic.rs:359:14
[INFO] [stdout]   46:     0x61d4dda24aa2 - std[617be2ca0a6fd877]::thread::lifecycle::spawn_unchecked::<test[aada8e7e76ba119b]::run_test::{closure#1}, ()>::{closure#1}
[INFO] [stdout]                                at /rustc/e3feeb59cd1bdd011a2bfcc0747b55125d9b8527/library/std/src/thread/lifecycle.rs:68:26
[INFO] [stdout]   47:     0x61d4dda24aa2 - <std[617be2ca0a6fd877]::thread::lifecycle::spawn_unchecked<test[aada8e7e76ba119b]::run_test::{closure#1}, ()>::{closure#1} as core[a373ad73a504971]::ops::function::FnOnce<()>>::call_once::{shim:vtable#0}
[INFO] [stdout]                                at /rustc/e3feeb59cd1bdd011a2bfcc0747b55125d9b8527/library/core/src/ops/function.rs:250:5
[INFO] [stdout]   48:     0x61d4ddae2caf - <alloc[2e1b2a31b91974c5]::boxed::Box<dyn core[a373ad73a504971]::ops::function::FnOnce<(), Output = ()> + core[a373ad73a504971]::marker::Send> as core[a373ad73a504971]::ops::function::FnOnce<()>>::call_once
[INFO] [stdout]                                at /rustc/e3feeb59cd1bdd011a2bfcc0747b55125d9b8527/library/alloc/src/boxed.rs:2314:9
[INFO] [stdout]   49:     0x61d4ddae2caf - <std[617be2ca0a6fd877]::sys::thread::unix::Thread>::new::thread_start
[INFO] [stdout]                                at /rustc/e3feeb59cd1bdd011a2bfcc0747b55125d9b8527/library/std/src/sys/thread/unix.rs:127:17
[INFO] [stdout]   50:     0x75cb7e8f2dfa - <unknown>
[INFO] [stdout]   51:     0x75cb7e9863d4 - clone
[INFO] [stdout]   52:                0x0 - <unknown>
[INFO] [stdout] 
[INFO] [stdout] ---- doctor_l4_live_check_passes_when_subscription_process_is_freshly_started stdout ----
[INFO] [stdout] 
[INFO] [stdout] thread 'doctor_l4_live_check_passes_when_subscription_process_is_freshly_started' (4435) panicked at /opt/rustwide/cargo-home/registry/src/index.crates.io-1949cf8c6b5b557f/assert_cmd-2.2.2/src/cargo.rs:232:5:
[INFO] [stdout] `CARGO_BIN_EXE_subscription` is unset
[INFO] [stdout] help: available binary names are "vpn", "vpn-admin"
[INFO] [stdout] stack backtrace:
[INFO] [stdout]    0:     0x61d4ddae4491 - std[617be2ca0a6fd877]::backtrace_rs::backtrace::libunwind::trace
[INFO] [stdout]                                at /rustc/e3feeb59cd1bdd011a2bfcc0747b55125d9b8527/library/std/src/../../backtrace/src/backtrace/libunwind.rs:117:9
[INFO] [stdout]    1:     0x61d4ddae4491 - std[617be2ca0a6fd877]::backtrace_rs::backtrace::trace_unsynchronized::<std[617be2ca0a6fd877]::sys::backtrace::_print_fmt::{closure#1}>
[INFO] [stdout]                                at /rustc/e3feeb59cd1bdd011a2bfcc0747b55125d9b8527/library/std/src/../../backtrace/src/backtrace/mod.rs:66:14
[INFO] [stdout]    2:     0x61d4ddae4491 - std[617be2ca0a6fd877]::sys::backtrace::_print_fmt
[INFO] [stdout]                                at /rustc/e3feeb59cd1bdd011a2bfcc0747b55125d9b8527/library/std/src/sys/backtrace.rs:74:9
[INFO] [stdout]    3:     0x61d4ddae4491 - <<std[617be2ca0a6fd877]::sys::backtrace::BacktraceLock>::print::DisplayBacktrace as core[a373ad73a504971]::fmt::Display>::fmt
[INFO] [stdout]                                at /rustc/e3feeb59cd1bdd011a2bfcc0747b55125d9b8527/library/std/src/sys/backtrace.rs:44:26
[INFO] [stdout]    4:     0x61d4ddafdcea - <core[a373ad73a504971]::fmt::rt::Argument>::fmt
[INFO] [stdout]                                at /rustc/e3feeb59cd1bdd011a2bfcc0747b55125d9b8527/library/core/src/fmt/rt.rs:152:76
[INFO] [stdout]    5:     0x61d4ddafdcea - core[a373ad73a504971]::fmt::write
[INFO] [stdout]    6:     0x61d4ddaea4cc - core[a373ad73a504971]::io::write::default_write_fmt::<alloc[2e1b2a31b91974c5]::vec::Vec<u8>>
[INFO] [stdout]                                at /rustc/e3feeb59cd1bdd011a2bfcc0747b55125d9b8527/library/core/src/io/write.rs:402:11
[INFO] [stdout]    7:     0x61d4ddaea4cc - <alloc[2e1b2a31b91974c5]::vec::Vec<u8> as core[a373ad73a504971]::io::write::Write>::write_fmt
[INFO] [stdout]                                at /rustc/e3feeb59cd1bdd011a2bfcc0747b55125d9b8527/library/core/src/io/write.rs:335:13
[INFO] [stdout]    8:     0x61d4ddabc596 - <std[617be2ca0a6fd877]::sys::backtrace::BacktraceLock>::print
[INFO] [stdout]                                at /rustc/e3feeb59cd1bdd011a2bfcc0747b55125d9b8527/library/std/src/sys/backtrace.rs:47:9
[INFO] [stdout]    9:     0x61d4ddabc596 - std[617be2ca0a6fd877]::panicking::default_hook::{closure#0}
[INFO] [stdout]                                at /rustc/e3feeb59cd1bdd011a2bfcc0747b55125d9b8527/library/std/src/panicking.rs:289:27
[INFO] [stdout]   10:     0x61d4ddadad79 - std[617be2ca0a6fd877]::panicking::default_hook
[INFO] [stdout]                                at /rustc/e3feeb59cd1bdd011a2bfcc0747b55125d9b8527/library/std/src/panicking.rs:313:9
[INFO] [stdout]   11:     0x61d4dda213f0 - <alloc[2e1b2a31b91974c5]::boxed::Box<dyn for<'a, 'b> core[a373ad73a504971]::ops::function::Fn<(&'a std[617be2ca0a6fd877]::panic::PanicHookInfo<'b>,), Output = ()> + core[a373ad73a504971]::marker::Sync + core[a373ad73a504971]::marker::Send> as core[a373ad73a504971]::ops::function::Fn<(&std[617be2ca0a6fd877]::panic::PanicHookInfo,)>>::call
[INFO] [stdout]                                at /rustc/e3feeb59cd1bdd011a2bfcc0747b55125d9b8527/library/alloc/src/boxed.rs:2328:9
[INFO] [stdout]   12:     0x61d4dda213f0 - test[aada8e7e76ba119b]::test_main_inner::{closure#0}
[INFO] [stdout]                                at /rustc/e3feeb59cd1bdd011a2bfcc0747b55125d9b8527/library/test/src/lib.rs:137:21
[INFO] [stdout]   13:     0x61d4ddadaf32 - <alloc[2e1b2a31b91974c5]::boxed::Box<dyn for<'a, 'b> core[a373ad73a504971]::ops::function::Fn<(&'a std[617be2ca0a6fd877]::panic::PanicHookInfo<'b>,), Output = ()> + core[a373ad73a504971]::marker::Sync + core[a373ad73a504971]::marker::Send> as core[a373ad73a504971]::ops::function::Fn<(&std[617be2ca0a6fd877]::panic::PanicHookInfo,)>>::call
[INFO] [stdout]                                at /rustc/e3feeb59cd1bdd011a2bfcc0747b55125d9b8527/library/alloc/src/boxed.rs:2328:9
[INFO] [stdout]   14:     0x61d4ddadaf32 - std[617be2ca0a6fd877]::panicking::panic_with_hook
[INFO] [stdout]                                at /rustc/e3feeb59cd1bdd011a2bfcc0747b55125d9b8527/library/std/src/panicking.rs:819:13
[INFO] [stdout]   15:     0x61d4ddabc642 - std[617be2ca0a6fd877]::panicking::panic_handler::{closure#0}
[INFO] [stdout]                                at /rustc/e3feeb59cd1bdd011a2bfcc0747b55125d9b8527/library/std/src/panicking.rs:685:13
[INFO] [stdout]   16:     0x61d4ddab4ef9 - std[617be2ca0a6fd877]::sys::backtrace::__rust_end_short_backtrace::<std[617be2ca0a6fd877]::panicking::panic_handler::{closure#0}, !>
[INFO] [stdout]                                at /rustc/e3feeb59cd1bdd011a2bfcc0747b55125d9b8527/library/std/src/sys/backtrace.rs:182:18
[INFO] [stdout]   17:     0x61d4ddabd5ed - __rustc[ea4f61d10b84890b]::rust_begin_unwind
[INFO] [stdout]                                at /rustc/e3feeb59cd1bdd011a2bfcc0747b55125d9b8527/library/std/src/panicking.rs:676:5
[INFO] [stdout]   18:     0x61d4ddafe55c - core[a373ad73a504971]::panicking::panic_fmt
[INFO] [stdout]                                at /rustc/e3feeb59cd1bdd011a2bfcc0747b55125d9b8527/library/core/src/panicking.rs:80:14
[INFO] [stdout]   19:     0x61d4dda66cbf - assert_cmd[dadde4885ace4284]::cargo::missing_cargo_bin
[INFO] [stdout]                                at /opt/rustwide/cargo-home/registry/src/index.crates.io-1949cf8c6b5b557f/assert_cmd-2.2.2/src/cargo.rs:268:9
[INFO] [stdout]   20:     0x61d4dda66685 - assert_cmd[dadde4885ace4284]::cargo::cargo_bin_str
[INFO] [stdout]                                at /opt/rustwide/cargo-home/registry/src/index.crates.io-1949cf8c6b5b557f/assert_cmd-2.2.2/src/cargo.rs:244:17
[INFO] [stdout]   21:     0x61d4dd88c5b9 - assert_cmd[dadde4885ace4284]::cargo::cargo_bin::<&str>
[INFO] [stdout]                                at /opt/rustwide/cargo-home/registry/src/index.crates.io-1949cf8c6b5b557f/assert_cmd-2.2.2/src/cargo.rs:232:5
[INFO] [stdout]   22:     0x61d4dd88c23b - assert_cmd[dadde4885ace4284]::cargo::cargo_bin_cmd::<&str>
[INFO] [stdout]                                at /opt/rustwide/cargo-home/registry/src/index.crates.io-1949cf8c6b5b557f/assert_cmd-2.2.2/src/cargo.rs:156:16
[INFO] [stdout]   23:     0x61d4dd872ed6 - <assert_cmd[dadde4885ace4284]::cmd::Command>::cargo_bin::<&str>
[INFO] [stdout]                                at /opt/rustwide/cargo-home/registry/src/index.crates.io-1949cf8c6b5b557f/assert_cmd-2.2.2/src/cmd.rs:71:19
[INFO] [stdout]   24:     0x61d4dd80789e - cli[672a8126ecfdf9b8]::spawn_subscription_binary::{closure#2}
[INFO] [stdout]                                at /opt/rustwide/workdir/apps/admin/tests/cli.rs:335:13
[INFO] [stdout]   25:     0x61d4dd8823d6 - <core[a373ad73a504971]::option::Option<std[617be2ca0a6fd877]::path::PathBuf>>::unwrap_or_else::<cli[672a8126ecfdf9b8]::spawn_subscription_binary::{closure#2}>
[INFO] [stdout]                                at /rustc/e3feeb59cd1bdd011a2bfcc0747b55125d9b8527/library/core/src/option.rs:1067:21
[INFO] [stdout]   26:     0x61d4dd81192a - cli[672a8126ecfdf9b8]::spawn_subscription_binary
[INFO] [stdout]                                at /opt/rustwide/workdir/apps/admin/tests/cli.rs:334:10
[INFO] [stdout]   27:     0x61d4dd85eec3 - cli[672a8126ecfdf9b8]::doctor_l4_live_check_passes_when_subscription_process_is_freshly_started
[INFO] [stdout]                                at /opt/rustwide/workdir/apps/admin/tests/cli.rs:2246:17
[INFO] [stdout]   28:     0x61d4dd8088b7 - cli[672a8126ecfdf9b8]::doctor_l4_live_check_passes_when_subscription_process_is_freshly_started::{closure#0}
[INFO] [stdout]                                at /opt/rustwide/workdir/apps/admin/tests/cli.rs:2235:78
[INFO] [stdout]   29:     0x61d4dd87a616 - <cli[672a8126ecfdf9b8]::doctor_l4_live_check_passes_when_subscription_process_is_freshly_started::{closure#0} as core[a373ad73a504971]::ops::function::FnOnce<()>>::call_once
[INFO] [stdout]                                at /rustc/e3feeb59cd1bdd011a2bfcc0747b55125d9b8527/library/core/src/ops/function.rs:250:5
[INFO] [stdout]   30:     0x61d4dda1483b - <fn() -> core[a373ad73a504971]::result::Result<(), alloc[2e1b2a31b91974c5]::string::String> as core[a373ad73a504971]::ops::function::FnOnce<()>>::call_once
[INFO] [stdout]                                at /rustc/e3feeb59cd1bdd011a2bfcc0747b55125d9b8527/library/core/src/ops/function.rs:250:5
[INFO] [stdout]   31:     0x61d4dda1483b - test[aada8e7e76ba119b]::__rust_begin_short_backtrace::<core[a373ad73a504971]::result::Result<(), alloc[2e1b2a31b91974c5]::string::String>, fn() -> core[a373ad73a504971]::result::Result<(), alloc[2e1b2a31b91974c5]::string::String>>
[INFO] [stdout]                                at /rustc/e3feeb59cd1bdd011a2bfcc0747b55125d9b8527/library/test/src/lib.rs:701:18
[INFO] [stdout]   32:     0x61d4dda21a15 - test[aada8e7e76ba119b]::run_test_in_process::{closure#0}
[INFO] [stdout]                                at /rustc/e3feeb59cd1bdd011a2bfcc0747b55125d9b8527/library/test/src/lib.rs:724:74
[INFO] [stdout]   33:     0x61d4dda21a15 - <core[a373ad73a504971]::panic::unwind_safe::AssertUnwindSafe<test[aada8e7e76ba119b]::run_test_in_process::{closure#0}> as core[a373ad73a504971]::ops::function::FnOnce<()>>::call_once
[INFO] [stdout]                                at /rustc/e3feeb59cd1bdd011a2bfcc0747b55125d9b8527/library/core/src/panic/unwind_safe.rs:275:9
[INFO] [stdout]   34:     0x61d4dda21a15 - std[617be2ca0a6fd877]::panicking::catch_unwind::do_call::<core[a373ad73a504971]::panic::unwind_safe::AssertUnwindSafe<test[aada8e7e76ba119b]::run_test_in_process::{closure#0}>, core[a373ad73a504971]::result::Result<(), alloc[2e1b2a31b91974c5]::string::String>>
[INFO] [stdout]                                at /rustc/e3feeb59cd1bdd011a2bfcc0747b55125d9b8527/library/std/src/panicking.rs:573:43
[INFO] [stdout]   35:     0x61d4dda21a15 - std[617be2ca0a6fd877]::panicking::catch_unwind::<core[a373ad73a504971]::result::Result<(), alloc[2e1b2a31b91974c5]::string::String>, core[a373ad73a504971]::panic::unwind_safe::AssertUnwindSafe<test[aada8e7e76ba119b]::run_test_in_process::{closure#0}>>
[INFO] [stdout]                                at /rustc/e3feeb59cd1bdd011a2bfcc0747b55125d9b8527/library/std/src/panicking.rs:541:19
[INFO] [stdout]   36:     0x61d4dda21a15 - std[617be2ca0a6fd877]::panic::catch_unwind::<core[a373ad73a504971]::panic::unwind_safe::AssertUnwindSafe<test[aada8e7e76ba119b]::run_test_in_process::{closure#0}>, core[a373ad73a504971]::result::Result<(), alloc[2e1b2a31b91974c5]::string::String>>
[INFO] [stdout]                                at /rustc/e3feeb59cd1bdd011a2bfcc0747b55125d9b8527/library/std/src/panic.rs:359:14
[INFO] [stdout]   37:     0x61d4dda21a15 - test[aada8e7e76ba119b]::run_test_in_process
[INFO] [stdout]                                at /rustc/e3feeb59cd1bdd011a2bfcc0747b55125d9b8527/library/test/src/lib.rs:724:27
[INFO] [stdout]   38:     0x61d4dda21a15 - test[aada8e7e76ba119b]::run_test::{closure#0}
[INFO] [stdout]                                at /rustc/e3feeb59cd1bdd011a2bfcc0747b55125d9b8527/library/test/src/lib.rs:645:43
[INFO] [stdout]   39:     0x61d4dda1b304 - test[aada8e7e76ba119b]::run_test::{closure#1}
[INFO] [stdout]                                at /rustc/e3feeb59cd1bdd011a2bfcc0747b55125d9b8527/library/test/src/lib.rs:675:41
[INFO] [stdout]   40:     0x61d4dda1b304 - std[617be2ca0a6fd877]::sys::backtrace::__rust_begin_short_backtrace::<test[aada8e7e76ba119b]::run_test::{closure#1}, ()>
[INFO] [stdout]                                at /rustc/e3feeb59cd1bdd011a2bfcc0747b55125d9b8527/library/std/src/sys/backtrace.rs:166:18
[INFO] [stdout]   41:     0x61d4dda24aa2 - std[617be2ca0a6fd877]::thread::lifecycle::spawn_unchecked::<test[aada8e7e76ba119b]::run_test::{closure#1}, ()>::{closure#1}::{closure#0}
[INFO] [stdout]                                at /rustc/e3feeb59cd1bdd011a2bfcc0747b55125d9b8527/library/std/src/thread/lifecycle.rs:70:13
[INFO] [stdout]   42:     0x61d4dda24aa2 - <core[a373ad73a504971]::panic::unwind_safe::AssertUnwindSafe<std[617be2ca0a6fd877]::thread::lifecycle::spawn_unchecked<test[aada8e7e76ba119b]::run_test::{closure#1}, ()>::{closure#1}::{closure#0}> as core[a373ad73a504971]::ops::function::FnOnce<()>>::call_once
[INFO] [stdout]                                at /rustc/e3feeb59cd1bdd011a2bfcc0747b55125d9b8527/library/core/src/panic/unwind_safe.rs:275:9
[INFO] [stdout]   43:     0x61d4dda24aa2 - std[617be2ca0a6fd877]::panicking::catch_unwind::do_call::<core[a373ad73a504971]::panic::unwind_safe::AssertUnwindSafe<std[617be2ca0a6fd877]::thread::lifecycle::spawn_unchecked<test[aada8e7e76ba119b]::run_test::{closure#1}, ()>::{closure#1}::{closure#0}>, ()>
[INFO] [stdout]                                at /rustc/e3feeb59cd1bdd011a2bfcc0747b55125d9b8527/library/std/src/panicking.rs:573:43
[INFO] [stdout]   44:     0x61d4dda24aa2 - std[617be2ca0a6fd877]::panicking::catch_unwind::<(), core[a373ad73a504971]::panic::unwind_safe::AssertUnwindSafe<std[617be2ca0a6fd877]::thread::lifecycle::spawn_unchecked<test[aada8e7e76ba119b]::run_test::{closure#1}, ()>::{closure#1}::{closure#0}>>
[INFO] [stdout]                                at /rustc/e3feeb59cd1bdd011a2bfcc0747b55125d9b8527/library/std/src/panicking.rs:541:19
[INFO] [stdout]   45:     0x61d4dda24aa2 - std[617be2ca0a6fd877]::panic::catch_unwind::<core[a373ad73a504971]::panic::unwind_safe::AssertUnwindSafe<std[617be2ca0a6fd877]::thread::lifecycle::spawn_unchecked<test[aada8e7e76ba119b]::run_test::{closure#1}, ()>::{closure#1}::{closure#0}>, ()>
[INFO] [stdout]                                at /rustc/e3feeb59cd1bdd011a2bfcc0747b55125d9b8527/library/std/src/panic.rs:359:14
[INFO] [stdout]   46:     0x61d4dda24aa2 - std[617be2ca0a6fd877]::thread::lifecycle::spawn_unchecked::<test[aada8e7e76ba119b]::run_test::{closure#1}, ()>::{closure#1}
[INFO] [stdout]                                at /rustc/e3feeb59cd1bdd011a2bfcc0747b55125d9b8527/library/std/src/thread/lifecycle.rs:68:26
[INFO] [stdout]   47:     0x61d4dda24aa2 - <std[617be2ca0a6fd877]::thread::lifecycle::spawn_unchecked<test[aada8e7e76ba119b]::run_test::{closure#1}, ()>::{closure#1} as core[a373ad73a504971]::ops::function::FnOnce<()>>::call_once::{shim:vtable#0}
[INFO] [stdout]                                at /rustc/e3feeb59cd1bdd011a2bfcc0747b55125d9b8527/library/core/src/ops/function.rs:250:5
[INFO] [stdout]   48:     0x61d4ddae2caf - <alloc[2e1b2a31b91974c5]::boxed::Box<dyn core[a373ad73a504971]::ops::function::FnOnce<(), Output = ()> + core[a373ad73a504971]::marker::Send> as core[a373ad73a504971]::ops::function::FnOnce<()>>::call_once
[INFO] [stdout]                                at /rustc/e3feeb59cd1bdd011a2bfcc0747b55125d9b8527/library/alloc/src/boxed.rs:2314:9
[INFO] [stdout]   49:     0x61d4ddae2caf - <std[617be2ca0a6fd877]::sys::thread::unix::Thread>::new::thread_start
[INFO] [stdout]                                at /rustc/e3feeb59cd1bdd011a2bfcc0747b55125d9b8527/library/std/src/sys/thread/unix.rs:127:17
[INFO] [stdout]   50:     0x75cb7e8f2dfa - <unknown>
[INFO] [stdout]   51:     0x75cb7e9863d4 - clone
[INFO] [stdout]   52:                0x0 - <unknown>
[INFO] [stdout] 
[INFO] [stdout] 
[INFO] [stdout] failures:
[INFO] [stdout]     doctor_l4_live_check_fails_when_running_subscription_process_is_stale
[INFO] [stdout]     doctor_l4_live_check_passes_when_subscription_process_is_freshly_started
[INFO] [stdout] 
[INFO] [stdout] test result: FAILED. 89 passed; 2 failed; 0 ignored; 0 measured; 0 filtered out; finished in 184.36s
[INFO] [stdout] 
[INFO] [stderr] error: test failed, to rerun pass `-p admin --test cli`
[INFO] running `Command { std: "docker" "inspect" "a5cc9ecc1132a9883432be5d396d9b37248d048e82f90cc06b7d231f86d82f9b", kill_on_drop: false }`
[INFO] running `Command { std: "docker" "rm" "-f" "a5cc9ecc1132a9883432be5d396d9b37248d048e82f90cc06b7d231f86d82f9b", kill_on_drop: false }`
[INFO] [stdout] a5cc9ecc1132a9883432be5d396d9b37248d048e82f90cc06b7d231f86d82f9b
