[INFO] fetching crate testcontainers-ext 0.2.1...
[INFO] testing testcontainers-ext-0.2.1 against 1.99.0-beta.8 for beta-1.100-3
[INFO] extracting crate testcontainers-ext 0.2.1 into /workspace/builds/worker-1-tc1/source
[INFO] started tweaking crates.io crate testcontainers-ext 0.2.1
[INFO] finished tweaking crates.io crate testcontainers-ext 0.2.1
[INFO] tweaked toml for crates.io crate testcontainers-ext 0.2.1 written to /workspace/builds/worker-1-tc1/source/Cargo.toml
[INFO] validating manifest of crates.io crate testcontainers-ext 0.2.1 on toolchain 1.99.0-beta.8
[INFO] running `Command { std: CARGO_HOME="/workspace/cargo-home" RUSTUP_HOME="/workspace/rustup-home" "/workspace/cargo-home/bin/cargo" "+1.99.0-beta.8" "metadata" "--manifest-path" "Cargo.toml" "--no-deps", kill_on_drop: false }`
[INFO] crate crates.io crate testcontainers-ext 0.2.1 already has a lockfile, it will not be regenerated
[INFO] running `Command { std: CARGO_HOME="/workspace/cargo-home" RUSTUP_HOME="/workspace/rustup-home" "/workspace/cargo-home/bin/cargo" "+1.99.0-beta.8" "fetch" "--manifest-path" "Cargo.toml", kill_on_drop: false }`
[INFO] [stderr]     Updating crates.io index
[INFO] [stderr]  Downloading crates ...
[INFO] [stderr]   Downloaded etcetera v0.11.0
[INFO] [stderr]   Downloaded docker_credential v1.3.2
[INFO] [stderr]   Downloaded serde_with_macros v3.18.0
[INFO] [stderr]   Downloaded testcontainers-modules v0.15.0
[INFO] [stderr]   Downloaded ferroid v0.8.9
[INFO] [stderr]   Downloaded pin-project-internal v1.1.11
[INFO] [stderr]   Downloaded hyper-timeout v0.5.2
[INFO] [stderr]   Downloaded pin-project v1.1.11
[INFO] [stderr]   Downloaded hyperlocal v0.9.1
[INFO] [stderr]   Downloaded cc v1.2.57
[INFO] [stderr]   Downloaded tonic-prost v0.14.5
[INFO] [stderr]   Downloaded prost-derive v0.14.3
[INFO] [stderr]   Downloaded testcontainers v0.27.1
[INFO] [stderr]   Downloaded prost v0.14.3
[INFO] [stderr]   Downloaded tonic v0.14.5
[INFO] [stderr]   Downloaded ureq-proto v0.5.3
[INFO] [stderr]   Downloaded prost-types v0.14.3
[INFO] [stderr]   Downloaded astral-tokio-tar v0.5.6
[INFO] [stderr]   Downloaded bollard v0.20.2
[INFO] [stderr]   Downloaded serde_with v3.18.0
[INFO] [stderr]   Downloaded axum v0.8.8
[INFO] [stderr]   Downloaded bollard-stubs v1.52.1-rc.29.1.3
[INFO] [stderr]   Downloaded bollard-buildkit-proto v0.7.0
[INFO] [stderr]   Downloaded ureq v3.2.0
[INFO] running `Command { std: "docker" "create" "-v" "/var/lib/crater-agent-workspace/builds/worker-1-tc1/source:/opt/rustwide/workdir:ro,Z" "-v" "/var/lib/crater-agent-workspace/builds/worker-1-tc1/target:/opt/rustwide/target:rw,Z" "-v" "/var/lib/crater-agent-workspace/cargo-home:/opt/rustwide/cargo-home:ro,Z" "-v" "/var/lib/crater-agent-workspace/rustup-home:/opt/rustwide/rustup-home:ro,Z" "-m" "1610612736" "--network" "none" "ghcr.io/rust-lang/crates-build-env/linux@sha256:77db811e55d90add9212f6832c23229e3de5f1c1f9905e8cb07319ea15df73ac" "sleep" "infinity", kill_on_drop: false }`
[INFO] [stdout] 94d1dab71fcf620617fd0b8ca422c7c6ea3ffa947a3ceb5b29220d4756522c1c
[INFO] running `Command { std: "docker" "start" "94d1dab71fcf620617fd0b8ca422c7c6ea3ffa947a3ceb5b29220d4756522c1c", kill_on_drop: false }`
[INFO] running `Command { std: "docker" "inspect" "94d1dab71fcf620617fd0b8ca422c7c6ea3ffa947a3ceb5b29220d4756522c1c", kill_on_drop: false }`
[INFO] running `Command { std: "docker" "exec" "-e" "SOURCE_DIR=/opt/rustwide/workdir" "-e" "CARGO_HOME=/opt/rustwide/cargo-home" "-e" "RUSTUP_HOME=/opt/rustwide/rustup-home" "-e" "CARGO_TARGET_DIR=/opt/rustwide/target" "-w" "/opt/rustwide/workdir" "--user" "0:0" "94d1dab71fcf620617fd0b8ca422c7c6ea3ffa947a3ceb5b29220d4756522c1c" "/opt/rustwide/cargo-home/bin/cargo" "+1.99.0-beta.8" "metadata" "--no-deps" "--format-version=1", kill_on_drop: false }`
[INFO] running `Command { std: "docker" "inspect" "94d1dab71fcf620617fd0b8ca422c7c6ea3ffa947a3ceb5b29220d4756522c1c", kill_on_drop: false }`
[INFO] running `Command { std: "docker" "exec" "-e" "SOURCE_DIR=/opt/rustwide/workdir" "-e" "CARGO_HOME=/opt/rustwide/cargo-home" "-e" "RUSTUP_HOME=/opt/rustwide/rustup-home" "-e" "CARGO_TARGET_DIR=/opt/rustwide/target" "-e" "CARGO_INCREMENTAL=0" "-e" "RUST_BACKTRACE=full" "-e" "RUSTFLAGS=--cap-lints=warn" "-e" "RUSTDOCFLAGS=--cap-lints=warn" "-w" "/opt/rustwide/workdir" "--user" "0:0" "94d1dab71fcf620617fd0b8ca422c7c6ea3ffa947a3ceb5b29220d4756522c1c" "/opt/rustwide/cargo-home/bin/cargo" "+1.99.0-beta.8" "build" "--frozen" "--message-format=json", kill_on_drop: false }`
[INFO] [stderr]    Compiling cc v1.2.57
[INFO] [stderr]    Compiling getrandom v0.2.17
[INFO] [stderr]    Compiling rustls-pki-types v1.14.0
[INFO] [stderr]    Compiling num-traits v0.2.19
[INFO] [stderr]    Compiling anyhow v1.0.102
[INFO] [stderr]    Compiling either v1.15.0
[INFO] [stderr]    Compiling rustls v0.23.37
[INFO] [stderr]    Compiling tokio v1.50.0
[INFO] [stderr]    Compiling futures-util v0.3.32
[INFO] [stderr]    Compiling axum-core v0.5.6
[INFO] [stderr]    Compiling pin-project-internal v1.1.11
[INFO] [stderr]    Compiling serde v1.0.228
[INFO] [stderr]    Compiling getrandom v0.3.4
[INFO] [stderr]    Compiling memchr v2.8.0
[INFO] [stderr]    Compiling darling_core v0.23.0
[INFO] [stderr]    Compiling ureq-proto v0.5.3
[INFO] [stderr]    Compiling bitflags v2.11.0
[INFO] [stderr]    Compiling bollard-buildkit-proto v0.7.0
[INFO] [stderr]    Compiling itertools v0.14.0
[INFO] [stderr]    Compiling rand_core v0.9.5
[INFO] [stderr]    Compiling deranged v0.5.8
[INFO] [stderr]    Compiling rand_chacha v0.9.0
[INFO] [stderr]    Compiling serde_json v1.0.149
[INFO] [stderr]    Compiling structmeta-derive v0.3.0
[INFO] [stderr]    Compiling aho-corasick v1.1.4
[INFO] [stderr]    Compiling rustix v1.1.4
[INFO] [stderr]    Compiling idna v1.1.0
[INFO] [stderr]    Compiling num-integer v0.1.46
[INFO] [stderr]    Compiling num-complex v0.4.6
[INFO] [stderr]    Compiling pin-project v1.1.11
[INFO] [stderr]    Compiling num-bigint v0.4.6
[INFO] [stderr]    Compiling num-iter v0.1.45
[INFO] [stderr]    Compiling rand v0.9.2
[INFO] [stderr]    Compiling serde_repr v0.1.20
[INFO] [stderr]    Compiling ring v0.17.14
[INFO] [stderr]    Compiling structmeta v0.3.0
[INFO] [stderr]    Compiling time v0.3.47
[INFO] [stderr]    Compiling rustls-native-certs v0.8.3
[INFO] [stderr]    Compiling serde_urlencoded v0.7.1
[INFO] [stderr]    Compiling prost-derive v0.14.3
[INFO] [stderr]    Compiling regex-automata v0.4.14
[INFO] [stderr]    Compiling url v2.5.8
[INFO] [stderr]    Compiling filetime v0.2.27
[INFO] [stderr]    Compiling base64 v0.21.7
[INFO] [stderr]    Compiling docker_credential v1.3.2
[INFO] [stderr]    Compiling ferroid v0.8.9
[INFO] [stderr]    Compiling num-rational v0.4.2
[INFO] [stderr]    Compiling xattr v1.6.1
[INFO] [stderr]    Compiling futures-executor v0.3.32
[INFO] [stderr]    Compiling num v0.4.3
[INFO] [stderr]    Compiling etcetera v0.11.0
[INFO] [stderr]    Compiling futures v0.3.32
[INFO] [stderr]    Compiling darling_macro v0.23.0
[INFO] [stderr]    Compiling prost v0.14.3
[INFO] [stderr]    Compiling darling v0.23.0
[INFO] [stderr]    Compiling serde_with_macros v3.18.0
[INFO] [stderr]    Compiling prost-types v0.14.3
[INFO] [stderr]    Compiling regex v1.12.3
[INFO] [stderr]    Compiling serde_with v3.18.0
[INFO] [stderr]    Compiling tokio-util v0.7.18
[INFO] [stderr]    Compiling tokio-stream v0.1.18
[INFO] [stderr]    Compiling parse-display-derive v0.9.1
[INFO] [stderr]    Compiling astral-tokio-tar v0.5.6
[INFO] [stderr]    Compiling h2 v0.4.13
[INFO] [stderr]    Compiling tower v0.5.3
[INFO] [stderr]    Compiling parse-display v0.9.1
[INFO] [stderr]    Compiling axum v0.8.8
[INFO] [stderr]    Compiling rustls-webpki v0.103.9
[INFO] [stderr]    Compiling hyper v1.8.1
[INFO] [stderr]    Compiling hyper-util v0.1.20
[INFO] [stderr]    Compiling hyper-timeout v0.5.2
[INFO] [stderr]    Compiling hyperlocal v0.9.1
[INFO] [stderr]    Compiling tonic v0.14.5
[INFO] [stderr]    Compiling ureq v3.2.0
[INFO] [stderr]    Compiling tokio-rustls v0.26.4
[INFO] [stderr]    Compiling hyper-rustls v0.27.7
[INFO] [stderr]    Compiling tonic-prost v0.14.5
[INFO] [stderr]    Compiling bollard-stubs v1.52.1-rc.29.1.3
[INFO] [stderr]    Compiling bollard v0.20.2
[INFO] [stderr]    Compiling testcontainers v0.27.1
[INFO] [stderr]    Compiling testcontainers-modules v0.15.0
[INFO] [stderr]    Compiling testcontainers-ext v0.2.1 (/opt/rustwide/workdir)
[INFO] [stderr]     Finished `dev` profile [unoptimized + debuginfo] target(s) in 34.48s
[INFO] running `Command { std: "docker" "inspect" "94d1dab71fcf620617fd0b8ca422c7c6ea3ffa947a3ceb5b29220d4756522c1c", kill_on_drop: false }`
[INFO] running `Command { std: "docker" "exec" "-e" "SOURCE_DIR=/opt/rustwide/workdir" "-e" "CARGO_HOME=/opt/rustwide/cargo-home" "-e" "RUSTUP_HOME=/opt/rustwide/rustup-home" "-e" "CARGO_TARGET_DIR=/opt/rustwide/target" "-e" "CARGO_INCREMENTAL=0" "-e" "RUST_BACKTRACE=full" "-e" "RUSTFLAGS=--cap-lints=warn" "-e" "RUSTDOCFLAGS=--cap-lints=warn" "-w" "/opt/rustwide/workdir" "--user" "0:0" "94d1dab71fcf620617fd0b8ca422c7c6ea3ffa947a3ceb5b29220d4756522c1c" "/opt/rustwide/cargo-home/bin/cargo" "+1.99.0-beta.8" "test" "--frozen" "--no-run" "--message-format=json", kill_on_drop: false }`
[INFO] [stderr]    Compiling prost-derive v0.14.3
[INFO] [stderr]    Compiling prost v0.14.3
[INFO] [stderr]    Compiling prost-types v0.14.3
[INFO] [stderr]    Compiling tonic-prost v0.14.5
[INFO] [stderr]    Compiling bollard-buildkit-proto v0.7.0
[INFO] [stderr]    Compiling bollard-stubs v1.52.1-rc.29.1.3
[INFO] [stderr]    Compiling bollard v0.20.2
[INFO] [stderr]    Compiling testcontainers v0.27.1
[INFO] [stderr]    Compiling testcontainers-modules v0.15.0
[INFO] [stderr]    Compiling testcontainers-ext v0.2.1 (/opt/rustwide/workdir)
[INFO] [stderr]     Finished `test` profile [unoptimized + debuginfo] target(s) in 31.43s
[INFO] running `Command { std: "docker" "inspect" "94d1dab71fcf620617fd0b8ca422c7c6ea3ffa947a3ceb5b29220d4756522c1c", kill_on_drop: false }`
[INFO] running `Command { std: "docker" "exec" "-e" "SOURCE_DIR=/opt/rustwide/workdir" "-e" "CARGO_HOME=/opt/rustwide/cargo-home" "-e" "RUSTUP_HOME=/opt/rustwide/rustup-home" "-e" "CARGO_TARGET_DIR=/opt/rustwide/target" "-e" "CARGO_INCREMENTAL=0" "-e" "RUST_BACKTRACE=full" "-e" "RUSTFLAGS=--cap-lints=warn" "-e" "RUSTDOCFLAGS=--cap-lints=warn" "-w" "/opt/rustwide/workdir" "--user" "0:0" "94d1dab71fcf620617fd0b8ca422c7c6ea3ffa947a3ceb5b29220d4756522c1c" "/opt/rustwide/cargo-home/bin/cargo" "+1.99.0-beta.8" "test" "--frozen", kill_on_drop: false }`
[INFO] [stderr]     Finished `test` profile [unoptimized + debuginfo] target(s) in 0.20s
[INFO] [stderr]      Running unittests src/lib.rs (/opt/rustwide/target/debug/deps/testcontainers_ext-c424fdd537d96c53)
[INFO] [stdout] 
[INFO] [stdout] running 0 tests
[INFO] [stdout] 
[INFO] [stdout] test result: ok. 0 passed; 0 failed; 0 ignored; 0 measured; 0 filtered out; finished in 0.00s
[INFO] [stdout] 
[INFO] [stderr]    Doc-tests testcontainers_ext
[INFO] [stdout] 
[INFO] [stdout] running 2 tests
[INFO] [stdout] test src/lib.rs - ImagePruneExistedLabelExt::with_prune_existed_label (line 19) ... FAILED
[INFO] [stdout] test src/lib.rs - ImageDefaultLogConsumerExt::with_default_log_consumer (line 153) ... FAILED
[INFO] [stdout] 
[INFO] [stdout] failures:
[INFO] [stdout] 
[INFO] [stdout] ---- src/lib.rs - ImagePruneExistedLabelExt::with_prune_existed_label (line 19) stdout ----
[INFO] [stdout] Test executable failed (exit status: 101).
[INFO] [stdout] 
[INFO] [stdout] stderr:
[INFO] [stdout] 
[INFO] [stdout] thread 'main' (1623) panicked at /tmp/rustdoctestKmyMe0/doctest_bundle_2024.rs:44:42:
[INFO] [stdout] called `Result::unwrap()` on an `Err` value: failed to initialize a docker client: Socket not found: /var/run/docker.sock
[INFO] [stdout] 
[INFO] [stdout] Stack backtrace:
[INFO] [stdout]    0: <anyhow::Error as core::convert::From<testcontainers::core::error::TestcontainersError>>::from
[INFO] [stdout]    1: <core::result::Result<(), anyhow::Error> as core::ops::try_trait::FromResidual<core::result::Result<core::convert::Infallible, testcontainers::core::error::TestcontainersError>>>::from_residual
[INFO] [stdout]    2: doctest_bundle_2024::__doctest_1::main::test::{closure#0}
[INFO] [stdout]    3: <core::pin::Pin<alloc::boxed::Box<doctest_bundle_2024::__doctest_1::main::test::{closure#0}>> as core::future::future::Future>::poll
[INFO] [stdout]    4: <tokio::runtime::park::CachedParkThread>::block_on::<core::pin::Pin<alloc::boxed::Box<doctest_bundle_2024::__doctest_1::main::test::{closure#0}>>>::{closure#0}
[INFO] [stdout]    5: <tokio::runtime::park::CachedParkThread>::block_on::<core::pin::Pin<alloc::boxed::Box<doctest_bundle_2024::__doctest_1::main::test::{closure#0}>>>
[INFO] [stdout]    6: <tokio::runtime::context::blocking::BlockingRegionGuard>::block_on::<core::pin::Pin<alloc::boxed::Box<doctest_bundle_2024::__doctest_1::main::test::{closure#0}>>>
[INFO] [stdout]    7: <tokio::runtime::scheduler::multi_thread::MultiThread>::block_on::<core::pin::Pin<alloc::boxed::Box<doctest_bundle_2024::__doctest_1::main::test::{closure#0}>>>::{closure#0}
[INFO] [stdout]    8: tokio::runtime::context::runtime::enter_runtime::<<tokio::runtime::scheduler::multi_thread::MultiThread>::block_on<core::pin::Pin<alloc::boxed::Box<doctest_bundle_2024::__doctest_1::main::test::{closure#0}>>>::{closure#0}, core::result::Result<(), anyhow::Error>>
[INFO] [stdout]    9: <tokio::runtime::scheduler::multi_thread::MultiThread>::block_on::<core::pin::Pin<alloc::boxed::Box<doctest_bundle_2024::__doctest_1::main::test::{closure#0}>>>
[INFO] [stdout]   10: <tokio::runtime::runtime::Runtime>::block_on_inner::<core::pin::Pin<alloc::boxed::Box<doctest_bundle_2024::__doctest_1::main::test::{closure#0}>>>
[INFO] [stdout]   11: <tokio::runtime::runtime::Runtime>::block_on::<doctest_bundle_2024::__doctest_1::main::test::{closure#0}>
[INFO] [stdout]   12: doctest_bundle_2024::__doctest_1::main
[INFO] [stdout]   13: doctest_bundle_2024::__doctest_1::__main_fn
[INFO] [stdout]   14: doctest_runner_2024::__doctest_1::TEST::{closure#0}
[INFO] [stdout]   15: <doctest_runner_2024::__doctest_1::TEST::{closure#0} as core::ops::function::FnOnce<()>>::call_once
[INFO] [stdout]   16: doctest_runner_2024::main
[INFO] [stdout]   17: <fn() -> std::process::ExitCode as core::ops::function::FnOnce<()>>::call_once
[INFO] [stdout]   18: std::sys::backtrace::__rust_begin_short_backtrace::<fn() -> std::process::ExitCode, std::process::ExitCode>
[INFO] [stdout]   19: std::rt::lang_start::<std::process::ExitCode>::{closure#0}
[INFO] [stdout]   20: <&dyn core::ops::function::Fn<(), Output = i32> + core::panic::unwind_safe::RefUnwindSafe + core::marker::Sync as core::ops::function::FnOnce<()>>::call_once
[INFO] [stdout]              at /rustc/dfb0accb7f508ae8be965d8629557221c889dd98/library/core/src/ops/function.rs:287:21
[INFO] [stdout]   21: std::panicking::catch_unwind::do_call::<&dyn core::ops::function::Fn<(), Output = i32> + core::panic::unwind_safe::RefUnwindSafe + core::marker::Sync, i32>
[INFO] [stdout]              at /rustc/dfb0accb7f508ae8be965d8629557221c889dd98/library/std/src/panicking.rs:576:43
[INFO] [stdout]   22: std::panicking::catch_unwind::<i32, &dyn core::ops::function::Fn<(), Output = i32> + core::panic::unwind_safe::RefUnwindSafe + core::marker::Sync>
[INFO] [stdout]              at /rustc/dfb0accb7f508ae8be965d8629557221c889dd98/library/std/src/panicking.rs:544:19
[INFO] [stdout]   23: std::panic::catch_unwind::<&dyn core::ops::function::Fn<(), Output = i32> + core::panic::unwind_safe::RefUnwindSafe + core::marker::Sync, i32>
[INFO] [stdout]              at /rustc/dfb0accb7f508ae8be965d8629557221c889dd98/library/std/src/panic.rs:359:14
[INFO] [stdout]   24: std::rt::lang_start_internal::{closure#0}
[INFO] [stdout]              at /rustc/dfb0accb7f508ae8be965d8629557221c889dd98/library/std/src/rt.rs:175:24
[INFO] [stdout]   25: std::panicking::catch_unwind::do_call::<std::rt::lang_start_internal::{closure#0}, isize>
[INFO] [stdout]              at /rustc/dfb0accb7f508ae8be965d8629557221c889dd98/library/std/src/panicking.rs:576:43
[INFO] [stdout]   26: std::panicking::catch_unwind::<isize, std::rt::lang_start_internal::{closure#0}>
[INFO] [stdout]              at /rustc/dfb0accb7f508ae8be965d8629557221c889dd98/library/std/src/panicking.rs:544:19
[INFO] [stdout]   27: std::panic::catch_unwind::<std::rt::lang_start_internal::{closure#0}, isize>
[INFO] [stdout]              at /rustc/dfb0accb7f508ae8be965d8629557221c889dd98/library/std/src/panic.rs:359:14
[INFO] [stdout]   28: std::rt::lang_start_internal
[INFO] [stdout]              at /rustc/dfb0accb7f508ae8be965d8629557221c889dd98/library/std/src/rt.rs:171:5
[INFO] [stdout]   29: std::rt::lang_start::<std::process::ExitCode>
[INFO] [stdout]   30: main
[INFO] [stdout]   31: <unknown>
[INFO] [stdout]   32: __libc_start_main
[INFO] [stdout]   33: _start
[INFO] [stdout] stack backtrace:
[INFO] [stdout]    0:     0x5b39a5ebbd51 - std[70759c8f55707aa4]::backtrace_rs::backtrace::libunwind::trace
[INFO] [stdout]                                at /rustc/dfb0accb7f508ae8be965d8629557221c889dd98/library/std/src/../../backtrace/src/backtrace/libunwind.rs:117:9
[INFO] [stdout]    1:     0x5b39a5ebbd51 - std[70759c8f55707aa4]::backtrace_rs::backtrace::trace_unsynchronized::<std[70759c8f55707aa4]::sys::backtrace::_print_fmt::{closure#1}>
[INFO] [stdout]                                at /rustc/dfb0accb7f508ae8be965d8629557221c889dd98/library/std/src/../../backtrace/src/backtrace/mod.rs:66:14
[INFO] [stdout]    2:     0x5b39a5ebbd51 - std[70759c8f55707aa4]::sys::backtrace::_print_fmt
[INFO] [stdout]                                at /rustc/dfb0accb7f508ae8be965d8629557221c889dd98/library/std/src/sys/backtrace.rs:74:9
[INFO] [stdout]    3:     0x5b39a5ebbd51 - <<std[70759c8f55707aa4]::sys::backtrace::BacktraceLock>::print::DisplayBacktrace as core[df12db4294e9bfd3]::fmt::Display>::fmt
[INFO] [stdout]                                at /rustc/dfb0accb7f508ae8be965d8629557221c889dd98/library/std/src/sys/backtrace.rs:44:26
[INFO] [stdout]    4:     0x5b39a5ed2f6a - <core[df12db4294e9bfd3]::fmt::rt::Argument>::fmt
[INFO] [stdout]                                at /rustc/dfb0accb7f508ae8be965d8629557221c889dd98/library/core/src/fmt/rt.rs:152:76
[INFO] [stdout]    5:     0x5b39a5ed2f6a - core[df12db4294e9bfd3]::fmt::write
[INFO] [stdout]    6:     0x5b39a5ec20bc - core[df12db4294e9bfd3]::io::write::default_write_fmt::<std[70759c8f55707aa4]::sys::stdio::unix::Stderr>
[INFO] [stdout]                                at /rustc/dfb0accb7f508ae8be965d8629557221c889dd98/library/core/src/io/write.rs:402:11
[INFO] [stdout]    7:     0x5b39a5ec20bc - <std[70759c8f55707aa4]::sys::stdio::unix::Stderr as core[df12db4294e9bfd3]::io::write::Write>::write_fmt
[INFO] [stdout]                                at /rustc/dfb0accb7f508ae8be965d8629557221c889dd98/library/core/src/io/write.rs:335:13
[INFO] [stdout]    8:     0x5b39a5e94f86 - <std[70759c8f55707aa4]::sys::backtrace::BacktraceLock>::print
[INFO] [stdout]                                at /rustc/dfb0accb7f508ae8be965d8629557221c889dd98/library/std/src/sys/backtrace.rs:47:9
[INFO] [stdout]    9:     0x5b39a5e94f86 - std[70759c8f55707aa4]::panicking::default_hook::{closure#0}
[INFO] [stdout]                                at /rustc/dfb0accb7f508ae8be965d8629557221c889dd98/library/std/src/panicking.rs:292:27
[INFO] [stdout]   10:     0x5b39a5eb3041 - std[70759c8f55707aa4]::panicking::default_hook
[INFO] [stdout]                                at /rustc/dfb0accb7f508ae8be965d8629557221c889dd98/library/std/src/panicking.rs:319:9
[INFO] [stdout]   11:     0x5b39a5eb336b - std[70759c8f55707aa4]::panicking::panic_with_hook
[INFO] [stdout]                                at /rustc/dfb0accb7f508ae8be965d8629557221c889dd98/library/std/src/panicking.rs:815:13
[INFO] [stdout]   12:     0x5b39a5e95032 - std[70759c8f55707aa4]::panicking::panic_handler::{closure#0}
[INFO] [stdout]                                at /rustc/dfb0accb7f508ae8be965d8629557221c889dd98/library/std/src/panicking.rs:688:13
[INFO] [stdout]   13:     0x5b39a5e8d469 - std[70759c8f55707aa4]::sys::backtrace::__rust_end_short_backtrace::<std[70759c8f55707aa4]::panicking::panic_handler::{closure#0}, !>
[INFO] [stdout]                                at /rustc/dfb0accb7f508ae8be965d8629557221c889dd98/library/std/src/sys/backtrace.rs:182:18
[INFO] [stdout]   14:     0x5b39a5e960ad - __rustc[8fa7c3cbc660c2b3]::rust_begin_unwind
[INFO] [stdout]                                at /rustc/dfb0accb7f508ae8be965d8629557221c889dd98/library/std/src/panicking.rs:679:5
[INFO] [stdout]   15:     0x5b39a5ed380c - core[df12db4294e9bfd3]::panicking::panic_fmt
[INFO] [stdout]                                at /rustc/dfb0accb7f508ae8be965d8629557221c889dd98/library/core/src/panicking.rs:80:14
[INFO] [stdout]   16:     0x5b39a5ed3562 - core[df12db4294e9bfd3]::result::unwrap_failed
[INFO] [stdout]                                at /rustc/dfb0accb7f508ae8be965d8629557221c889dd98/library/core/src/result.rs:1871:5
[INFO] [stdout]   17:     0x5b39a550d7f0 - doctest_bundle_2024[72c4b0461e1faad2]::__doctest_1::main
[INFO] [stdout]   18:     0x5b39a550d876 - doctest_bundle_2024[72c4b0461e1faad2]::__doctest_1::__main_fn
[INFO] [stdout]   19:     0x5b39a52f5201 - doctest_runner_2024[37d7b32fe5ed358d]::__doctest_1::TEST::{closure#0}
[INFO] [stdout]   20:     0x5b39a52f7286 - <doctest_runner_2024[37d7b32fe5ed358d]::__doctest_1::TEST::{closure#0} as core[df12db4294e9bfd3]::ops::function::FnOnce<()>>::call_once
[INFO] [stdout]   21:     0x5b39a52f5763 - doctest_runner_2024[37d7b32fe5ed358d]::main
[INFO] [stdout]   22:     0x5b39a52f71f3 - <fn() -> std[70759c8f55707aa4]::process::ExitCode as core[df12db4294e9bfd3]::ops::function::FnOnce<()>>::call_once
[INFO] [stdout]   23:     0x5b39a52f4c76 - std[70759c8f55707aa4]::sys::backtrace::__rust_begin_short_backtrace::<fn() -> std[70759c8f55707aa4]::process::ExitCode, std[70759c8f55707aa4]::process::ExitCode>
[INFO] [stdout]   24:     0x5b39a52f4fb9 - std[70759c8f55707aa4]::rt::lang_start::<std[70759c8f55707aa4]::process::ExitCode>::{closure#0}
[INFO] [stdout]   25:     0x5b39a5eb1fb9 - <&dyn core[df12db4294e9bfd3]::ops::function::Fn<(), Output = i32> + core[df12db4294e9bfd3]::panic::unwind_safe::RefUnwindSafe + core[df12db4294e9bfd3]::marker::Sync as core[df12db4294e9bfd3]::ops::function::FnOnce<()>>::call_once
[INFO] [stdout]                                at /rustc/dfb0accb7f508ae8be965d8629557221c889dd98/library/core/src/ops/function.rs:287:21
[INFO] [stdout]   26:     0x5b39a5eb1fb9 - std[70759c8f55707aa4]::panicking::catch_unwind::do_call::<&dyn core[df12db4294e9bfd3]::ops::function::Fn<(), Output = i32> + core[df12db4294e9bfd3]::panic::unwind_safe::RefUnwindSafe + core[df12db4294e9bfd3]::marker::Sync, i32>
[INFO] [stdout]                                at /rustc/dfb0accb7f508ae8be965d8629557221c889dd98/library/std/src/panicking.rs:576:43
[INFO] [stdout]   27:     0x5b39a5eb1fb9 - std[70759c8f55707aa4]::panicking::catch_unwind::<i32, &dyn core[df12db4294e9bfd3]::ops::function::Fn<(), Output = i32> + core[df12db4294e9bfd3]::panic::unwind_safe::RefUnwindSafe + core[df12db4294e9bfd3]::marker::Sync>
[INFO] [stdout]                                at /rustc/dfb0accb7f508ae8be965d8629557221c889dd98/library/std/src/panicking.rs:544:19
[INFO] [stdout]   28:     0x5b39a5eb1fb9 - std[70759c8f55707aa4]::panic::catch_unwind::<&dyn core[df12db4294e9bfd3]::ops::function::Fn<(), Output = i32> + core[df12db4294e9bfd3]::panic::unwind_safe::RefUnwindSafe + core[df12db4294e9bfd3]::marker::Sync, i32>
[INFO] [stdout]                                at /rustc/dfb0accb7f508ae8be965d8629557221c889dd98/library/std/src/panic.rs:359:14
[INFO] [stdout]   29:     0x5b39a5eb1fb9 - std[70759c8f55707aa4]::rt::lang_start_internal::{closure#0}
[INFO] [stdout]                                at /rustc/dfb0accb7f508ae8be965d8629557221c889dd98/library/std/src/rt.rs:175:24
[INFO] [stdout]   30:     0x5b39a5eb1fb9 - std[70759c8f55707aa4]::panicking::catch_unwind::do_call::<std[70759c8f55707aa4]::rt::lang_start_internal::{closure#0}, isize>
[INFO] [stdout]                                at /rustc/dfb0accb7f508ae8be965d8629557221c889dd98/library/std/src/panicking.rs:576:43
[INFO] [stdout]   31:     0x5b39a5eb1fb9 - std[70759c8f55707aa4]::panicking::catch_unwind::<isize, std[70759c8f55707aa4]::rt::lang_start_internal::{closure#0}>
[INFO] [stdout]                                at /rustc/dfb0accb7f508ae8be965d8629557221c889dd98/library/std/src/panicking.rs:544:19
[INFO] [stdout]   32:     0x5b39a5eb1fb9 - std[70759c8f55707aa4]::panic::catch_unwind::<std[70759c8f55707aa4]::rt::lang_start_internal::{closure#0}, isize>
[INFO] [stdout]                                at /rustc/dfb0accb7f508ae8be965d8629557221c889dd98/library/std/src/panic.rs:359:14
[INFO] [stdout]   33:     0x5b39a5eb1fb9 - std[70759c8f55707aa4]::rt::lang_start_internal
[INFO] [stdout]                                at /rustc/dfb0accb7f508ae8be965d8629557221c889dd98/library/std/src/rt.rs:171:5
[INFO] [stdout]   34:     0x5b39a52f47b1 - std[70759c8f55707aa4]::rt::lang_start::<std[70759c8f55707aa4]::process::ExitCode>
[INFO] [stdout]   35:     0x5b39a52f7365 - main
[INFO] [stdout]   36:     0x7a1807033601 - <unknown>
[INFO] [stdout]   37:     0x7a1807033718 - __libc_start_main
[INFO] [stdout]   38:     0x5b39a52f3f25 - _start
[INFO] [stdout]   39:                0x0 - <unknown>
[INFO] [stdout] 
[INFO] [stdout] 
[INFO] [stdout] ---- src/lib.rs - ImageDefaultLogConsumerExt::with_default_log_consumer (line 153) stdout ----
[INFO] [stdout] Test executable failed (exit status: 101).
[INFO] [stdout] 
[INFO] [stdout] stderr:
[INFO] [stdout] 
[INFO] [stdout] thread 'main' (1622) panicked at /tmp/rustdoctestKmyMe0/doctest_bundle_2024.rs:21:42:
[INFO] [stdout] called `Result::unwrap()` on an `Err` value: failed to initialize a docker client: Socket not found: /var/run/docker.sock
[INFO] [stdout] 
[INFO] [stdout] Stack backtrace:
[INFO] [stdout]    0: <anyhow::Error as core::convert::From<testcontainers::core::error::TestcontainersError>>::from
[INFO] [stdout]    1: <core::result::Result<(), anyhow::Error> as core::ops::try_trait::FromResidual<core::result::Result<core::convert::Infallible, testcontainers::core::error::TestcontainersError>>>::from_residual
[INFO] [stdout]    2: doctest_bundle_2024::__doctest_0::main::test::{closure#0}
[INFO] [stdout]    3: <tokio::runtime::park::CachedParkThread>::block_on::<doctest_bundle_2024::__doctest_0::main::test::{closure#0}>::{closure#0}
[INFO] [stdout]    4: <tokio::runtime::park::CachedParkThread>::block_on::<doctest_bundle_2024::__doctest_0::main::test::{closure#0}>
[INFO] [stdout]    5: <tokio::runtime::context::blocking::BlockingRegionGuard>::block_on::<doctest_bundle_2024::__doctest_0::main::test::{closure#0}>
[INFO] [stdout]    6: <tokio::runtime::scheduler::multi_thread::MultiThread>::block_on::<doctest_bundle_2024::__doctest_0::main::test::{closure#0}>::{closure#0}
[INFO] [stdout]    7: tokio::runtime::context::runtime::enter_runtime::<<tokio::runtime::scheduler::multi_thread::MultiThread>::block_on<doctest_bundle_2024::__doctest_0::main::test::{closure#0}>::{closure#0}, core::result::Result<(), anyhow::Error>>
[INFO] [stdout]    8: <tokio::runtime::scheduler::multi_thread::MultiThread>::block_on::<doctest_bundle_2024::__doctest_0::main::test::{closure#0}>
[INFO] [stdout]    9: <tokio::runtime::runtime::Runtime>::block_on_inner::<doctest_bundle_2024::__doctest_0::main::test::{closure#0}>
[INFO] [stdout]   10: <tokio::runtime::runtime::Runtime>::block_on::<doctest_bundle_2024::__doctest_0::main::test::{closure#0}>
[INFO] [stdout]   11: doctest_bundle_2024::__doctest_0::main
[INFO] [stdout]   12: doctest_bundle_2024::__doctest_0::__main_fn
[INFO] [stdout]   13: doctest_runner_2024::__doctest_0::TEST::{closure#0}
[INFO] [stdout]   14: <doctest_runner_2024::__doctest_0::TEST::{closure#0} as core::ops::function::FnOnce<()>>::call_once
[INFO] [stdout]   15: doctest_runner_2024::main
[INFO] [stdout]   16: <fn() -> std::process::ExitCode as core::ops::function::FnOnce<()>>::call_once
[INFO] [stdout]   17: std::sys::backtrace::__rust_begin_short_backtrace::<fn() -> std::process::ExitCode, std::process::ExitCode>
[INFO] [stdout]   18: std::rt::lang_start::<std::process::ExitCode>::{closure#0}
[INFO] [stdout]   19: <&dyn core::ops::function::Fn<(), Output = i32> + core::panic::unwind_safe::RefUnwindSafe + core::marker::Sync as core::ops::function::FnOnce<()>>::call_once
[INFO] [stdout]              at /rustc/dfb0accb7f508ae8be965d8629557221c889dd98/library/core/src/ops/function.rs:287:21
[INFO] [stdout]   20: std::panicking::catch_unwind::do_call::<&dyn core::ops::function::Fn<(), Output = i32> + core::panic::unwind_safe::RefUnwindSafe + core::marker::Sync, i32>
[INFO] [stdout]              at /rustc/dfb0accb7f508ae8be965d8629557221c889dd98/library/std/src/panicking.rs:576:43
[INFO] [stdout]   21: std::panicking::catch_unwind::<i32, &dyn core::ops::function::Fn<(), Output = i32> + core::panic::unwind_safe::RefUnwindSafe + core::marker::Sync>
[INFO] [stdout]              at /rustc/dfb0accb7f508ae8be965d8629557221c889dd98/library/std/src/panicking.rs:544:19
[INFO] [stdout]   22: std::panic::catch_unwind::<&dyn core::ops::function::Fn<(), Output = i32> + core::panic::unwind_safe::RefUnwindSafe + core::marker::Sync, i32>
[INFO] [stdout]              at /rustc/dfb0accb7f508ae8be965d8629557221c889dd98/library/std/src/panic.rs:359:14
[INFO] [stdout]   23: std::rt::lang_start_internal::{closure#0}
[INFO] [stdout]              at /rustc/dfb0accb7f508ae8be965d8629557221c889dd98/library/std/src/rt.rs:175:24
[INFO] [stdout]   24: std::panicking::catch_unwind::do_call::<std::rt::lang_start_internal::{closure#0}, isize>
[INFO] [stdout]              at /rustc/dfb0accb7f508ae8be965d8629557221c889dd98/library/std/src/panicking.rs:576:43
[INFO] [stdout]   25: std::panicking::catch_unwind::<isize, std::rt::lang_start_internal::{closure#0}>
[INFO] [stdout]              at /rustc/dfb0accb7f508ae8be965d8629557221c889dd98/library/std/src/panicking.rs:544:19
[INFO] [stdout]   26: std::panic::catch_unwind::<std::rt::lang_start_internal::{closure#0}, isize>
[INFO] [stdout]              at /rustc/dfb0accb7f508ae8be965d8629557221c889dd98/library/std/src/panic.rs:359:14
[INFO] [stdout]   27: std::rt::lang_start_internal
[INFO] [stdout]              at /rustc/dfb0accb7f508ae8be965d8629557221c889dd98/library/std/src/rt.rs:171:5
[INFO] [stdout]   28: std::rt::lang_start::<std::process::ExitCode>
[INFO] [stdout]   29: main
[INFO] [stdout]   30: <unknown>
[INFO] [stdout]   31: __libc_start_main
[INFO] [stdout]   32: _start
[INFO] [stdout] stack backtrace:
[INFO] [stdout]    0:     0x5883d2490d51 - std[70759c8f55707aa4]::backtrace_rs::backtrace::libunwind::trace
[INFO] [stdout]                                at /rustc/dfb0accb7f508ae8be965d8629557221c889dd98/library/std/src/../../backtrace/src/backtrace/libunwind.rs:117:9
[INFO] [stdout]    1:     0x5883d2490d51 - std[70759c8f55707aa4]::backtrace_rs::backtrace::trace_unsynchronized::<std[70759c8f55707aa4]::sys::backtrace::_print_fmt::{closure#1}>
[INFO] [stdout]                                at /rustc/dfb0accb7f508ae8be965d8629557221c889dd98/library/std/src/../../backtrace/src/backtrace/mod.rs:66:14
[INFO] [stdout]    2:     0x5883d2490d51 - std[70759c8f55707aa4]::sys::backtrace::_print_fmt
[INFO] [stdout]                                at /rustc/dfb0accb7f508ae8be965d8629557221c889dd98/library/std/src/sys/backtrace.rs:74:9
[INFO] [stdout]    3:     0x5883d2490d51 - <<std[70759c8f55707aa4]::sys::backtrace::BacktraceLock>::print::DisplayBacktrace as core[df12db4294e9bfd3]::fmt::Display>::fmt
[INFO] [stdout]                                at /rustc/dfb0accb7f508ae8be965d8629557221c889dd98/library/std/src/sys/backtrace.rs:44:26
[INFO] [stdout]    4:     0x5883d24a7f6a - <core[df12db4294e9bfd3]::fmt::rt::Argument>::fmt
[INFO] [stdout]                                at /rustc/dfb0accb7f508ae8be965d8629557221c889dd98/library/core/src/fmt/rt.rs:152:76
[INFO] [stdout]    5:     0x5883d24a7f6a - core[df12db4294e9bfd3]::fmt::write
[INFO] [stdout]    6:     0x5883d24970bc - core[df12db4294e9bfd3]::io::write::default_write_fmt::<std[70759c8f55707aa4]::sys::stdio::unix::Stderr>
[INFO] [stdout]                                at /rustc/dfb0accb7f508ae8be965d8629557221c889dd98/library/core/src/io/write.rs:402:11
[INFO] [stdout]    7:     0x5883d24970bc - <std[70759c8f55707aa4]::sys::stdio::unix::Stderr as core[df12db4294e9bfd3]::io::write::Write>::write_fmt
[INFO] [stdout]                                at /rustc/dfb0accb7f508ae8be965d8629557221c889dd98/library/core/src/io/write.rs:335:13
[INFO] [stdout]    8:     0x5883d2469f86 - <std[70759c8f55707aa4]::sys::backtrace::BacktraceLock>::print
[INFO] [stdout]                                at /rustc/dfb0accb7f508ae8be965d8629557221c889dd98/library/std/src/sys/backtrace.rs:47:9
[INFO] [stdout]    9:     0x5883d2469f86 - std[70759c8f55707aa4]::panicking::default_hook::{closure#0}
[INFO] [stdout]                                at /rustc/dfb0accb7f508ae8be965d8629557221c889dd98/library/std/src/panicking.rs:292:27
[INFO] [stdout]   10:     0x5883d2488041 - std[70759c8f55707aa4]::panicking::default_hook
[INFO] [stdout]                                at /rustc/dfb0accb7f508ae8be965d8629557221c889dd98/library/std/src/panicking.rs:319:9
[INFO] [stdout]   11:     0x5883d248836b - std[70759c8f55707aa4]::panicking::panic_with_hook
[INFO] [stdout]                                at /rustc/dfb0accb7f508ae8be965d8629557221c889dd98/library/std/src/panicking.rs:815:13
[INFO] [stdout]   12:     0x5883d246a032 - std[70759c8f55707aa4]::panicking::panic_handler::{closure#0}
[INFO] [stdout]                                at /rustc/dfb0accb7f508ae8be965d8629557221c889dd98/library/std/src/panicking.rs:688:13
[INFO] [stdout]   13:     0x5883d2462469 - std[70759c8f55707aa4]::sys::backtrace::__rust_end_short_backtrace::<std[70759c8f55707aa4]::panicking::panic_handler::{closure#0}, !>
[INFO] [stdout]                                at /rustc/dfb0accb7f508ae8be965d8629557221c889dd98/library/std/src/sys/backtrace.rs:182:18
[INFO] [stdout]   14:     0x5883d246b0ad - __rustc[8fa7c3cbc660c2b3]::rust_begin_unwind
[INFO] [stdout]                                at /rustc/dfb0accb7f508ae8be965d8629557221c889dd98/library/std/src/panicking.rs:679:5
[INFO] [stdout]   15:     0x5883d24a880c - core[df12db4294e9bfd3]::panicking::panic_fmt
[INFO] [stdout]                                at /rustc/dfb0accb7f508ae8be965d8629557221c889dd98/library/core/src/panicking.rs:80:14
[INFO] [stdout]   16:     0x5883d24a8562 - core[df12db4294e9bfd3]::result::unwrap_failed
[INFO] [stdout]                                at /rustc/dfb0accb7f508ae8be965d8629557221c889dd98/library/core/src/result.rs:1871:5
[INFO] [stdout]   17:     0x5883d1ae25a0 - doctest_bundle_2024[72c4b0461e1faad2]::__doctest_0::main
[INFO] [stdout]   18:     0x5883d1ae2626 - doctest_bundle_2024[72c4b0461e1faad2]::__doctest_0::__main_fn
[INFO] [stdout]   19:     0x5883d18ca180 - doctest_runner_2024[37d7b32fe5ed358d]::__doctest_0::TEST::{closure#0}
[INFO] [stdout]   20:     0x5883d18cc266 - <doctest_runner_2024[37d7b32fe5ed358d]::__doctest_0::TEST::{closure#0} as core[df12db4294e9bfd3]::ops::function::FnOnce<()>>::call_once
[INFO] [stdout]   21:     0x5883d18ca763 - doctest_runner_2024[37d7b32fe5ed358d]::main
[INFO] [stdout]   22:     0x5883d18cc1f3 - <fn() -> std[70759c8f55707aa4]::process::ExitCode as core[df12db4294e9bfd3]::ops::function::FnOnce<()>>::call_once
[INFO] [stdout]   23:     0x5883d18c9c76 - std[70759c8f55707aa4]::sys::backtrace::__rust_begin_short_backtrace::<fn() -> std[70759c8f55707aa4]::process::ExitCode, std[70759c8f55707aa4]::process::ExitCode>
[INFO] [stdout]   24:     0x5883d18c9fb9 - std[70759c8f55707aa4]::rt::lang_start::<std[70759c8f55707aa4]::process::ExitCode>::{closure#0}
[INFO] [stdout]   25:     0x5883d2486fb9 - <&dyn core[df12db4294e9bfd3]::ops::function::Fn<(), Output = i32> + core[df12db4294e9bfd3]::panic::unwind_safe::RefUnwindSafe + core[df12db4294e9bfd3]::marker::Sync as core[df12db4294e9bfd3]::ops::function::FnOnce<()>>::call_once
[INFO] [stdout]                                at /rustc/dfb0accb7f508ae8be965d8629557221c889dd98/library/core/src/ops/function.rs:287:21
[INFO] [stdout]   26:     0x5883d2486fb9 - std[70759c8f55707aa4]::panicking::catch_unwind::do_call::<&dyn core[df12db4294e9bfd3]::ops::function::Fn<(), Output = i32> + core[df12db4294e9bfd3]::panic::unwind_safe::RefUnwindSafe + core[df12db4294e9bfd3]::marker::Sync, i32>
[INFO] [stdout]                                at /rustc/dfb0accb7f508ae8be965d8629557221c889dd98/library/std/src/panicking.rs:576:43
[INFO] [stdout]   27:     0x5883d2486fb9 - std[70759c8f55707aa4]::panicking::catch_unwind::<i32, &dyn core[df12db4294e9bfd3]::ops::function::Fn<(), Output = i32> + core[df12db4294e9bfd3]::panic::unwind_safe::RefUnwindSafe + core[df12db4294e9bfd3]::marker::Sync>
[INFO] [stdout]                                at /rustc/dfb0accb7f508ae8be965d8629557221c889dd98/library/std/src/panicking.rs:544:19
[INFO] [stdout]   28:     0x5883d2486fb9 - std[70759c8f55707aa4]::panic::catch_unwind::<&dyn core[df12db4294e9bfd3]::ops::function::Fn<(), Output = i32> + core[df12db4294e9bfd3]::panic::unwind_safe::RefUnwindSafe + core[df12db4294e9bfd3]::marker::Sync, i32>
[INFO] [stdout]                                at /rustc/dfb0accb7f508ae8be965d8629557221c889dd98/library/std/src/panic.rs:359:14
[INFO] [stdout]   29:     0x5883d2486fb9 - std[70759c8f55707aa4]::rt::lang_start_internal::{closure#0}
[INFO] [stdout]                                at /rustc/dfb0accb7f508ae8be965d8629557221c889dd98/library/std/src/rt.rs:175:24
[INFO] [stdout]   30:     0x5883d2486fb9 - std[70759c8f55707aa4]::panicking::catch_unwind::do_call::<std[70759c8f55707aa4]::rt::lang_start_internal::{closure#0}, isize>
[INFO] [stdout]                                at /rustc/dfb0accb7f508ae8be965d8629557221c889dd98/library/std/src/panicking.rs:576:43
[INFO] [stdout]   31:     0x5883d2486fb9 - std[70759c8f55707aa4]::panicking::catch_unwind::<isize, std[70759c8f55707aa4]::rt::lang_start_internal::{closure#0}>
[INFO] [stdout]                                at /rustc/dfb0accb7f508ae8be965d8629557221c889dd98/library/std/src/panicking.rs:544:19
[INFO] [stdout]   32:     0x5883d2486fb9 - std[70759c8f55707aa4]::panic::catch_unwind::<std[70759c8f55707aa4]::rt::lang_start_internal::{closure#0}, isize>
[INFO] [stdout]                                at /rustc/dfb0accb7f508ae8be965d8629557221c889dd98/library/std/src/panic.rs:359:14
[INFO] [stdout]   33:     0x5883d2486fb9 - std[70759c8f55707aa4]::rt::lang_start_internal
[INFO] [stdout]                                at /rustc/dfb0accb7f508ae8be965d8629557221c889dd98/library/std/src/rt.rs:171:5
[INFO] [stdout]   34:     0x5883d18c97b1 - std[70759c8f55707aa4]::rt::lang_start::<std[70759c8f55707aa4]::process::ExitCode>
[INFO] [stdout]   35:     0x5883d18cc365 - main
[INFO] [stdout]   36:     0x76903fd20601 - <unknown>
[INFO] [stdout]   37:     0x76903fd20718 - __libc_start_main
[INFO] [stdout]   38:     0x5883d18c8f25 - _start
[INFO] [stdout]   39:                0x0 - <unknown>
[INFO] [stdout] 
[INFO] [stdout] 
[INFO] [stdout] 
[INFO] [stdout] failures:
[INFO] [stdout]     src/lib.rs - ImageDefaultLogConsumerExt::with_default_log_consumer (line 153)
[INFO] [stdout]     src/lib.rs - ImagePruneExistedLabelExt::with_prune_existed_label (line 19)
[INFO] [stdout] 
[INFO] [stdout] test result: FAILED. 0 passed; 2 failed; 0 ignored; 0 measured; 0 filtered out; finished in 0.11s
[INFO] [stdout] 
[INFO] [stdout] all doctests ran in 6.21s; merged doctests compilation took 6.05s
[INFO] [stderr] error: doctest failed, to rerun pass `--doc`
[INFO] running `Command { std: "docker" "inspect" "94d1dab71fcf620617fd0b8ca422c7c6ea3ffa947a3ceb5b29220d4756522c1c", kill_on_drop: false }`
[INFO] running `Command { std: "docker" "rm" "-f" "94d1dab71fcf620617fd0b8ca422c7c6ea3ffa947a3ceb5b29220d4756522c1c", kill_on_drop: false }`
[INFO] [stdout] 94d1dab71fcf620617fd0b8ca422c7c6ea3ffa947a3ceb5b29220d4756522c1c
