[INFO] fetching crate sb3-decoder 0.1.0...
[INFO] testing sb3-decoder-0.1.0 against 1.99.0-beta.8 for beta-1.100-3
[INFO] extracting crate sb3-decoder 0.1.0 into /workspace/builds/worker-5-tc1/source
[INFO] started tweaking crates.io crate sb3-decoder 0.1.0
[INFO] finished tweaking crates.io crate sb3-decoder 0.1.0
[INFO] tweaked toml for crates.io crate sb3-decoder 0.1.0 written to /workspace/builds/worker-5-tc1/source/Cargo.toml
[INFO] validating manifest of crates.io crate sb3-decoder 0.1.0 on toolchain 1.99.0-beta.8
[INFO] running `Command { std: CARGO_HOME="/workspace/cargo-home" RUSTUP_HOME="/workspace/rustup-home" "/workspace/cargo-home/bin/cargo" "+1.99.0-beta.8" "metadata" "--manifest-path" "Cargo.toml" "--no-deps", kill_on_drop: false }`
[INFO] crate crates.io crate sb3-decoder 0.1.0 already has a lockfile, it will not be regenerated
[INFO] running `Command { std: CARGO_HOME="/workspace/cargo-home" RUSTUP_HOME="/workspace/rustup-home" "/workspace/cargo-home/bin/cargo" "+1.99.0-beta.8" "fetch" "--manifest-path" "Cargo.toml", kill_on_drop: false }`
[INFO] [stderr]     Updating crates.io index
[INFO] [stderr]  Downloading crates ...
[INFO] [stderr]   Downloaded bitflags v2.9.3
[INFO] [stderr]   Downloaded cfg-if v1.0.3
[INFO] [stderr]   Downloaded xmlwriter v0.1.0
[INFO] [stderr]   Downloaded core_maths v0.1.1
[INFO] [stderr]   Downloaded equator-macro v0.4.2
[INFO] [stderr]   Downloaded profiling-procmacros v1.0.17
[INFO] [stderr]   Downloaded siphasher v1.0.1
[INFO] [stderr]   Downloaded aligned-vec v0.6.4
[INFO] [stderr]   Downloaded equator v0.4.2
[INFO] [stderr]   Downloaded pico-args v0.5.0
[INFO] [stderr]   Downloaded unicode-vo v0.1.0
[INFO] [stderr]   Downloaded unicode-bidi-mirroring v0.4.0
[INFO] [stderr]   Downloaded avif-serialize v0.8.6
[INFO] [stderr]   Downloaded unicode-ccc v0.4.0
[INFO] [stderr]   Downloaded simplecss v0.2.2
[INFO] [stderr]   Downloaded imagesize v0.13.0
[INFO] [stderr]   Downloaded v_frame v0.3.9
[INFO] [stderr]   Downloaded thiserror v2.0.16
[INFO] [stderr]   Downloaded thiserror-impl v2.0.16
[INFO] [stderr]   Downloaded rgb v0.8.52
[INFO] [stderr]   Downloaded built v0.7.7
[INFO] [stderr]   Downloaded crossbeam-deque v0.8.6
[INFO] [stderr]   Downloaded ravif v0.11.20
[INFO] [stderr]   Downloaded unicode-script v0.5.7
[INFO] [stderr]   Downloaded zip v4.5.0
[INFO] [stderr]   Downloaded ppmd-rust v1.2.1
[INFO] [stderr]   Downloaded fontconfig-parser v0.5.8
[INFO] [stderr]   Downloaded data-url v0.3.2
[INFO] [stderr]   Downloaded getrandom v0.2.16
[INFO] [stderr]   Downloaded bitstream-io v2.6.0
[INFO] [stderr]   Downloaded av1-grain v0.2.4
[INFO] [stderr]   Downloaded hound v3.5.1
[INFO] [stderr]   Downloaded memmap2 v0.9.8
[INFO] [stderr]   Downloaded liblzma v0.4.4
[INFO] [stderr]   Downloaded bzip2 v0.6.0
[INFO] [stderr]   Downloaded bytemuck v1.23.2
[INFO] [stderr]   Downloaded svgtypes v0.15.3
[INFO] [stderr]   Downloaded roxmltree v0.20.0
[INFO] [stderr]   Downloaded weezl v0.1.10
[INFO] [stderr]   Downloaded anyhow v1.0.99
[INFO] [stderr]   Downloaded half v2.6.0
[INFO] [stderr]   Downloaded proc-macro2 v1.0.101
[INFO] [stderr]   Downloaded serde_derive v1.0.219
[INFO] [stderr]   Downloaded serde v1.0.219
[INFO] [stderr]   Downloaded flate2 v1.1.2
[INFO] [stderr]   Downloaded libbz2-rs-sys v0.2.2
[INFO] [stderr]   Downloaded euclid v0.22.11
[INFO] [stderr]   Downloaded resvg v0.45.1
[INFO] [stderr]   Downloaded zune-jpeg v0.4.20
[INFO] [stderr]   Downloaded bumpalo v3.19.0
[INFO] [stderr]   Downloaded slotmap v1.0.7
[INFO] [stderr]   Downloaded image-webp v0.2.4
[INFO] [stderr]   Downloaded indexmap v2.11.0
[INFO] [stderr]   Downloaded cc v1.2.34
[INFO] [stderr]   Downloaded memchr v2.7.5
[INFO] [stderr]   Downloaded fontdb v0.23.0
[INFO] [stderr]   Downloaded libfuzzer-sys v0.4.10
[INFO] [stderr]   Downloaded usvg v0.45.1
[INFO] [stderr]   Downloaded kurbo v0.11.3
[INFO] [stderr]   Downloaded serde_json v1.0.143
[INFO] [stderr]   Downloaded rayon v1.11.0
[INFO] [stderr]   Downloaded winnow v0.7.13
[INFO] [stderr]   Downloaded exr v1.73.0
[INFO] [stderr]   Downloaded syn v2.0.106
[INFO] [stderr]   Downloaded image v0.25.6
[INFO] [stderr]   Downloaded rustybuzz v0.20.1
[INFO] [stderr]   Downloaded libc v0.2.175
[INFO] [stderr]   Downloaded liblzma-sys v0.4.4
[INFO] running `Command { std: "docker" "create" "-v" "/var/lib/crater-agent-workspace/builds/worker-5-tc1/source:/opt/rustwide/workdir:ro,Z" "-v" "/var/lib/crater-agent-workspace/builds/worker-5-tc1/target:/opt/rustwide/target:rw,Z" "-v" "/var/lib/crater-agent-workspace/cargo-home:/opt/rustwide/cargo-home:ro,Z" "-v" "/var/lib/crater-agent-workspace/rustup-home:/opt/rustwide/rustup-home:ro,Z" "-m" "1610612736" "--network" "none" "ghcr.io/rust-lang/crates-build-env/linux@sha256:77db811e55d90add9212f6832c23229e3de5f1c1f9905e8cb07319ea15df73ac" "sleep" "infinity", kill_on_drop: false }`
[INFO] [stdout] e9f20e43cd1b7c9053ea0c9f2f25a8660e6ec841b075a98dd62306f79972efd0
[INFO] running `Command { std: "docker" "start" "e9f20e43cd1b7c9053ea0c9f2f25a8660e6ec841b075a98dd62306f79972efd0", kill_on_drop: false }`
[INFO] running `Command { std: "docker" "inspect" "e9f20e43cd1b7c9053ea0c9f2f25a8660e6ec841b075a98dd62306f79972efd0", kill_on_drop: false }`
[INFO] running `Command { std: "docker" "exec" "-e" "SOURCE_DIR=/opt/rustwide/workdir" "-e" "CARGO_HOME=/opt/rustwide/cargo-home" "-e" "RUSTUP_HOME=/opt/rustwide/rustup-home" "-e" "CARGO_TARGET_DIR=/opt/rustwide/target" "-w" "/opt/rustwide/workdir" "--user" "0:0" "e9f20e43cd1b7c9053ea0c9f2f25a8660e6ec841b075a98dd62306f79972efd0" "/opt/rustwide/cargo-home/bin/cargo" "+1.99.0-beta.8" "metadata" "--no-deps" "--format-version=1", kill_on_drop: false }`
[INFO] running `Command { std: "docker" "inspect" "e9f20e43cd1b7c9053ea0c9f2f25a8660e6ec841b075a98dd62306f79972efd0", kill_on_drop: false }`
[INFO] running `Command { std: "docker" "exec" "-e" "SOURCE_DIR=/opt/rustwide/workdir" "-e" "CARGO_HOME=/opt/rustwide/cargo-home" "-e" "RUSTUP_HOME=/opt/rustwide/rustup-home" "-e" "CARGO_TARGET_DIR=/opt/rustwide/target" "-e" "CARGO_INCREMENTAL=0" "-e" "RUST_BACKTRACE=full" "-e" "RUSTFLAGS=--cap-lints=warn" "-e" "RUSTDOCFLAGS=--cap-lints=warn" "-w" "/opt/rustwide/workdir" "--user" "0:0" "e9f20e43cd1b7c9053ea0c9f2f25a8660e6ec841b075a98dd62306f79972efd0" "/opt/rustwide/cargo-home/bin/cargo" "+1.99.0-beta.8" "build" "--frozen" "--message-format=json", kill_on_drop: false }`
[INFO] [stderr]    Compiling proc-macro2 v1.0.101
[INFO] [stderr]    Compiling unicode-ident v1.0.18
[INFO] [stderr]    Compiling libc v0.2.175
[INFO] [stderr]    Compiling cfg-if v1.0.3
[INFO] [stderr]    Compiling simd-adler32 v0.3.7
[INFO] [stderr]    Compiling typenum v1.18.0
[INFO] [stderr]    Compiling shlex v1.3.0
[INFO] [stderr]    Compiling log v0.4.27
[INFO] [stderr]    Compiling crossbeam-utils v0.8.21
[INFO] [stderr]    Compiling pkg-config v0.3.32
[INFO] [stderr]    Compiling autocfg v1.5.0
[INFO] [stderr]    Compiling crc32fast v1.5.0
[INFO] [stderr]    Compiling arrayvec v0.7.6
[INFO] [stderr]    Compiling adler2 v2.0.1
[INFO] [stderr]    Compiling miniz_oxide v0.8.9
[INFO] [stderr]    Compiling zlib-rs v0.5.1
[INFO] [stderr]    Compiling quote v1.0.40
[INFO] [stderr]    Compiling num-traits v0.2.19
[INFO] [stderr]    Compiling bytemuck v1.23.2
[INFO] [stderr]    Compiling syn v2.0.106
[INFO] [stderr]    Compiling generic-array v0.14.7
[INFO] [stderr]    Compiling crossbeam-epoch v0.9.18
[INFO] [stderr]    Compiling libm v0.2.15
[INFO] [stderr]    Compiling jobserver v0.1.34
[INFO] [stderr]    Compiling smallvec v1.15.1
[INFO] [stderr]    Compiling memchr v2.7.5
[INFO] [stderr]    Compiling crossbeam-deque v0.8.6
[INFO] [stderr]    Compiling cc v1.2.34
[INFO] [stderr]    Compiling rayon-core v1.13.0
[INFO] [stderr]    Compiling crypto-common v0.1.6
[INFO] [stderr]    Compiling num-integer v0.1.46
[INFO] [stderr]    Compiling either v1.15.0
[INFO] [stderr]    Compiling anyhow v1.0.99
[INFO] [stderr]    Compiling block-buffer v0.10.4
[INFO] [stderr]    Compiling num-bigint v0.4.6
[INFO] [stderr]    Compiling slotmap v1.0.7
[INFO] [stderr]    Compiling float-cmp v0.9.0
[INFO] [stderr]    Compiling built v0.7.7
[INFO] [stderr]    Compiling strict-num v0.1.1
[INFO] [stderr]    Compiling digest v0.10.7
[INFO] [stderr]    Compiling nom v7.1.3
[INFO] [stderr]    Compiling rav1e v0.7.1
[INFO] [stderr]    Compiling rayon v1.11.0
[INFO] [stderr]    Compiling core_maths v0.1.1
[INFO] [stderr]    Compiling ttf-parser v0.25.1
[INFO] [stderr]    Compiling fdeflate v0.3.7
[INFO] [stderr]    Compiling zstd-sys v2.0.15+zstd.1.5.7
[INFO] [stderr]    Compiling num-rational v0.4.2
[INFO] [stderr]    Compiling liblzma-sys v0.4.4
[INFO] [stderr]    Compiling quick-error v2.0.1
[INFO] [stderr]    Compiling zstd-safe v7.2.4
[INFO] [stderr]    Compiling roxmltree v0.20.0
[INFO] [stderr]    Compiling arrayref v0.3.9
[INFO] [stderr]    Compiling weezl v0.1.10
[INFO] [stderr]    Compiling bitflags v1.3.2
[INFO] [stderr]    Compiling tiny-skia-path v0.11.4
[INFO] [stderr]    Compiling fontconfig-parser v0.5.8
[INFO] [stderr]    Compiling maybe-rayon v0.1.1
[INFO] [stderr]    Compiling tinyvec v1.10.0
[INFO] [stderr]    Compiling libz-rs-sys v0.5.1
[INFO] [stderr]    Compiling flate2 v1.1.2
[INFO] [stderr]    Compiling itertools v0.12.1
[INFO] [stderr]    Compiling inout v0.1.4
[INFO] [stderr]    Compiling kurbo v0.11.3
[INFO] [stderr]    Compiling png v0.17.16
[INFO] [stderr]    Compiling memmap2 v0.9.8
[INFO] [stderr]    Compiling rgb v0.8.52
[INFO] [stderr]    Compiling simd_helpers v0.1.0
[INFO] [stderr]    Compiling unicode-ccc v0.4.0
[INFO] [stderr]    Compiling noop_proc_macro v0.3.0
[INFO] [stderr]    Compiling siphasher v1.0.1
[INFO] [stderr]    Compiling getrandom v0.3.3
[INFO] [stderr]    Compiling zune-core v0.4.12
[INFO] [stderr]    Compiling powerfmt v0.2.0
[INFO] [stderr]    Compiling byteorder-lite v0.1.0
[INFO] [stderr]    Compiling unicode-script v0.5.7
[INFO] [stderr]    Compiling bitstream-io v2.6.0
[INFO] [stderr]    Compiling equator-macro v0.4.2
[INFO] [stderr]    Compiling profiling-procmacros v1.0.17
[INFO] [stderr]    Compiling thiserror-impl v1.0.69
[INFO] [stderr]    Compiling profiling v1.0.17
[INFO] [stderr]    Compiling num-derive v0.4.2
[INFO] [stderr]    Compiling arg_enum_proc_macro v0.3.4
[INFO] [stderr]    Compiling equator v0.4.2
[INFO] [stderr]    Compiling imgref v1.11.0
[INFO] [stderr]    Compiling aligned-vec v0.6.4
[INFO] [stderr]    Compiling once_cell v1.21.3
[INFO] [stderr]    Compiling v_frame v0.3.9
[INFO] [stderr]    Compiling serde v1.0.219
[INFO] [stderr]    Compiling new_debug_unreachable v1.0.6
[INFO] [stderr]    Compiling color_quant v1.1.0
[INFO] [stderr]    Compiling bitflags v2.9.3
[INFO] [stderr]    Compiling unicode-properties v0.1.3
[INFO] [stderr]    Compiling av1-grain v0.2.4
[INFO] [stderr]    Compiling unicode-bidi-mirroring v0.4.0
[INFO] [stderr]    Compiling rustybuzz v0.20.1
[INFO] [stderr]    Compiling gif v0.13.3
[INFO] [stderr]    Compiling loop9 v0.1.5
[INFO] [stderr]    Compiling svgtypes v0.15.3
[INFO] [stderr]    Compiling zeroize_derive v1.4.2
[INFO] [stderr]    Compiling thiserror v1.0.69
[INFO] [stderr]    Compiling serde_derive v1.0.219
[INFO] [stderr]    Compiling image-webp v0.2.4
[INFO] [stderr]    Compiling deranged v0.4.0
[INFO] [stderr]    Compiling zune-jpeg v0.4.20
[INFO] [stderr]    Compiling fontdb v0.23.0
[INFO] [stderr]    Compiling cipher v0.4.4
[INFO] [stderr]    Compiling hmac v0.12.1
[INFO] [stderr]    Compiling avif-serialize v0.8.6
[INFO] [stderr]    Compiling simplecss v0.2.2
[INFO] [stderr]    Compiling zune-inflate v0.2.54
[INFO] [stderr]    Compiling half v2.6.0
[INFO] [stderr]    Compiling data-url v0.3.2
[INFO] [stderr]    Compiling xmlwriter v0.1.0
[INFO] [stderr]    Compiling base64 v0.22.1
[INFO] [stderr]    Compiling unicode-vo v0.1.0
[INFO] [stderr]    Compiling num-conv v0.1.0
[INFO] [stderr]    Compiling serde_json v1.0.143
[INFO] [stderr]    Compiling imagesize v0.13.0
[INFO] [stderr]    Compiling time-core v0.1.4
[INFO] [stderr]    Compiling libbz2-rs-sys v0.2.2
[INFO] [stderr]    Compiling bumpalo v3.19.0
[INFO] [stderr]    Compiling thiserror v2.0.16
[INFO] [stderr]    Compiling pico-args v0.5.0
[INFO] [stderr]    Compiling lebe v0.5.2
[INFO] [stderr]    Compiling jpeg-decoder v0.3.2
[INFO] [stderr]    Compiling hashbrown v0.15.5
[INFO] [stderr]    Compiling bit_field v0.10.3
[INFO] [stderr]    Compiling liblzma v0.4.4
[INFO] [stderr]    Compiling bzip2 v0.6.0
[INFO] [stderr]    Compiling exr v1.73.0
[INFO] [stderr]    Compiling usvg v0.45.1
[INFO] [stderr]    Compiling indexmap v2.11.0
[INFO] [stderr]    Compiling zopfli v0.8.2
[INFO] [stderr]    Compiling tiff v0.9.1
[INFO] [stderr]    Compiling time v0.3.41
[INFO] [stderr]    Compiling pbkdf2 v0.12.2
[INFO] [stderr]    Compiling aes v0.8.4
[INFO] [stderr]    Compiling zeroize v1.8.1
[INFO] [stderr]    Compiling sha1 v0.10.6
[INFO] [stderr]    Compiling thiserror-impl v2.0.16
[INFO] [stderr]    Compiling ravif v0.11.20
[INFO] [stderr]    Compiling tiny-skia v0.11.4
[INFO] [stderr]    Compiling qoi v0.4.1
[INFO] [stderr]    Compiling ryu v1.0.20
[INFO] [stderr]    Compiling constant_time_eq v0.3.1
[INFO] [stderr]    Compiling itoa v1.0.15
[INFO] [stderr]    Compiling ppmd-rust v1.2.1
[INFO] [stderr]    Compiling zstd v0.13.3
[INFO] [stderr]    Compiling deflate64 v0.1.9
[INFO] [stderr]    Compiling image v0.25.6
[INFO] [stderr]    Compiling resvg v0.45.1
[INFO] [stderr]    Compiling zip v4.5.0
[INFO] [stderr]    Compiling hound v3.5.1
[INFO] [stderr]    Compiling sb3-decoder v0.1.0 (/opt/rustwide/workdir)
[INFO] [stderr]     Finished `dev` profile [unoptimized + debuginfo] target(s) in 2m 13s
[INFO] running `Command { std: "docker" "inspect" "e9f20e43cd1b7c9053ea0c9f2f25a8660e6ec841b075a98dd62306f79972efd0", kill_on_drop: false }`
[INFO] running `Command { std: "docker" "exec" "-e" "SOURCE_DIR=/opt/rustwide/workdir" "-e" "CARGO_HOME=/opt/rustwide/cargo-home" "-e" "RUSTUP_HOME=/opt/rustwide/rustup-home" "-e" "CARGO_TARGET_DIR=/opt/rustwide/target" "-e" "CARGO_INCREMENTAL=0" "-e" "RUST_BACKTRACE=full" "-e" "RUSTFLAGS=--cap-lints=warn" "-e" "RUSTDOCFLAGS=--cap-lints=warn" "-w" "/opt/rustwide/workdir" "--user" "0:0" "e9f20e43cd1b7c9053ea0c9f2f25a8660e6ec841b075a98dd62306f79972efd0" "/opt/rustwide/cargo-home/bin/cargo" "+1.99.0-beta.8" "test" "--frozen" "--no-run" "--message-format=json", kill_on_drop: false }`
[INFO] [stderr]    Compiling sb3-decoder v0.1.0 (/opt/rustwide/workdir)
[INFO] [stderr]     Finished `test` profile [unoptimized + debuginfo] target(s) in 3.14s
[INFO] running `Command { std: "docker" "inspect" "e9f20e43cd1b7c9053ea0c9f2f25a8660e6ec841b075a98dd62306f79972efd0", kill_on_drop: false }`
[INFO] running `Command { std: "docker" "exec" "-e" "SOURCE_DIR=/opt/rustwide/workdir" "-e" "CARGO_HOME=/opt/rustwide/cargo-home" "-e" "RUSTUP_HOME=/opt/rustwide/rustup-home" "-e" "CARGO_TARGET_DIR=/opt/rustwide/target" "-e" "CARGO_INCREMENTAL=0" "-e" "RUST_BACKTRACE=full" "-e" "RUSTFLAGS=--cap-lints=warn" "-e" "RUSTDOCFLAGS=--cap-lints=warn" "-w" "/opt/rustwide/workdir" "--user" "0:0" "e9f20e43cd1b7c9053ea0c9f2f25a8660e6ec841b075a98dd62306f79972efd0" "/opt/rustwide/cargo-home/bin/cargo" "+1.99.0-beta.8" "test" "--frozen", kill_on_drop: false }`
[INFO] [stderr]     Finished `test` profile [unoptimized + debuginfo] target(s) in 0.13s
[INFO] [stderr]      Running unittests src/lib.rs (/opt/rustwide/target/debug/deps/sb3_decoder-c4dc022be300632c)
[INFO] [stdout] 
[INFO] [stdout] running 8 tests
[INFO] [stdout] test tests::opcode_test ... ok
[INFO] [stdout] test tests::costume_decode_test ... ok
[INFO] [stdout] test tests::broadcast_decode_test ... ok
[INFO] [stdout] test tests::variable_decode_test ... ok
[INFO] [stdout] test tests::sprite_decode_test ... ok
[INFO] [stdout] test tests::list_decode_test ... ok
[INFO] [stdout] test tests::sound_decode_test ... ok
[INFO] [stdout] test tests::block_decode_test ... FAILED
[INFO] [stdout] 
[INFO] [stdout] failures:
[INFO] [stdout] 
[INFO] [stdout] ---- tests::block_decode_test stdout ----
[INFO] [stdout] 
[INFO] [stdout] thread 'tests::block_decode_test' (2424) panicked at src/tests.rs:184:5:
[INFO] [stdout] assertion `left == right` failed
[INFO] [stdout]   left: 2
[INFO] [stdout]  right: 4
[INFO] [stdout] stack backtrace:
[INFO] [stdout]    0:     0x63f53db12281 - std[70759c8f55707aa4]::backtrace_rs::backtrace::libunwind::trace
[INFO] [stdout]                                at /rustc/dfb0accb7f508ae8be965d8629557221c889dd98/library/std/src/../../backtrace/src/backtrace/libunwind.rs:117:9
[INFO] [stdout]    1:     0x63f53db12281 - std[70759c8f55707aa4]::backtrace_rs::backtrace::trace_unsynchronized::<std[70759c8f55707aa4]::sys::backtrace::_print_fmt::{closure#1}>
[INFO] [stdout]                                at /rustc/dfb0accb7f508ae8be965d8629557221c889dd98/library/std/src/../../backtrace/src/backtrace/mod.rs:66:14
[INFO] [stdout]    2:     0x63f53db12281 - std[70759c8f55707aa4]::sys::backtrace::_print_fmt
[INFO] [stdout]                                at /rustc/dfb0accb7f508ae8be965d8629557221c889dd98/library/std/src/sys/backtrace.rs:74:9
[INFO] [stdout]    3:     0x63f53db12281 - <<std[70759c8f55707aa4]::sys::backtrace::BacktraceLock>::print::DisplayBacktrace as core[df12db4294e9bfd3]::fmt::Display>::fmt
[INFO] [stdout]                                at /rustc/dfb0accb7f508ae8be965d8629557221c889dd98/library/std/src/sys/backtrace.rs:44:26
[INFO] [stdout]    4:     0x63f53db29d9a - <core[df12db4294e9bfd3]::fmt::rt::Argument>::fmt
[INFO] [stdout]                                at /rustc/dfb0accb7f508ae8be965d8629557221c889dd98/library/core/src/fmt/rt.rs:152:76
[INFO] [stdout]    5:     0x63f53db29d9a - core[df12db4294e9bfd3]::fmt::write
[INFO] [stdout]    6:     0x63f53db167cc - core[df12db4294e9bfd3]::io::write::default_write_fmt::<alloc[2182bb758b4b3781]::vec::Vec<u8>>
[INFO] [stdout]                                at /rustc/dfb0accb7f508ae8be965d8629557221c889dd98/library/core/src/io/write.rs:402:11
[INFO] [stdout]    7:     0x63f53db167cc - <alloc[2182bb758b4b3781]::vec::Vec<u8> as core[df12db4294e9bfd3]::io::write::Write>::write_fmt
[INFO] [stdout]                                at /rustc/dfb0accb7f508ae8be965d8629557221c889dd98/library/core/src/io/write.rs:335:13
[INFO] [stdout]    8:     0x63f53daedff6 - <std[70759c8f55707aa4]::sys::backtrace::BacktraceLock>::print
[INFO] [stdout]                                at /rustc/dfb0accb7f508ae8be965d8629557221c889dd98/library/std/src/sys/backtrace.rs:47:9
[INFO] [stdout]    9:     0x63f53daedff6 - std[70759c8f55707aa4]::panicking::default_hook::{closure#0}
[INFO] [stdout]                                at /rustc/dfb0accb7f508ae8be965d8629557221c889dd98/library/std/src/panicking.rs:292:27
[INFO] [stdout]   10:     0x63f53db0a619 - std[70759c8f55707aa4]::panicking::default_hook
[INFO] [stdout]                                at /rustc/dfb0accb7f508ae8be965d8629557221c889dd98/library/std/src/panicking.rs:316:9
[INFO] [stdout]   11:     0x63f53d25e540 - <alloc[2182bb758b4b3781]::boxed::Box<dyn for<'a, 'b> core[df12db4294e9bfd3]::ops::function::Fn<(&'a std[70759c8f55707aa4]::panic::PanicHookInfo<'b>,), Output = ()> + core[df12db4294e9bfd3]::marker::Send + core[df12db4294e9bfd3]::marker::Sync> as core[df12db4294e9bfd3]::ops::function::Fn<(&std[70759c8f55707aa4]::panic::PanicHookInfo,)>>::call
[INFO] [stdout]                                at /rustc/dfb0accb7f508ae8be965d8629557221c889dd98/library/alloc/src/boxed.rs:2334:9
[INFO] [stdout]   12:     0x63f53d25e540 - test[9d35eded1c95d3be]::test_main_inner::<test[9d35eded1c95d3be]::test_main_static::{closure#0}>::{closure#0}
[INFO] [stdout]                                at /rustc/dfb0accb7f508ae8be965d8629557221c889dd98/library/test/src/lib.rs:155:21
[INFO] [stdout]   13:     0x63f53db0a7d2 - <alloc[2182bb758b4b3781]::boxed::Box<dyn for<'a, 'b> core[df12db4294e9bfd3]::ops::function::Fn<(&'a std[70759c8f55707aa4]::panic::PanicHookInfo<'b>,), Output = ()> + core[df12db4294e9bfd3]::marker::Send + core[df12db4294e9bfd3]::marker::Sync> as core[df12db4294e9bfd3]::ops::function::Fn<(&std[70759c8f55707aa4]::panic::PanicHookInfo,)>>::call
[INFO] [stdout]                                at /rustc/dfb0accb7f508ae8be965d8629557221c889dd98/library/alloc/src/boxed.rs:2334:9
[INFO] [stdout]   14:     0x63f53db0a7d2 - std[70759c8f55707aa4]::panicking::panic_with_hook
[INFO] [stdout]                                at /rustc/dfb0accb7f508ae8be965d8629557221c889dd98/library/std/src/panicking.rs:823:13
[INFO] [stdout]   15:     0x63f53daee0a2 - std[70759c8f55707aa4]::panicking::panic_handler::{closure#0}
[INFO] [stdout]                                at /rustc/dfb0accb7f508ae8be965d8629557221c889dd98/library/std/src/panicking.rs:688:13
[INFO] [stdout]   16:     0x63f53dae6c69 - std[70759c8f55707aa4]::sys::backtrace::__rust_end_short_backtrace::<std[70759c8f55707aa4]::panicking::panic_handler::{closure#0}, !>
[INFO] [stdout]                                at /rustc/dfb0accb7f508ae8be965d8629557221c889dd98/library/std/src/sys/backtrace.rs:182:18
[INFO] [stdout]   17:     0x63f53daeec9d - __rustc[8fa7c3cbc660c2b3]::rust_begin_unwind
[INFO] [stdout]                                at /rustc/dfb0accb7f508ae8be965d8629557221c889dd98/library/std/src/panicking.rs:679:5
[INFO] [stdout]   18:     0x63f53db2a5bc - core[df12db4294e9bfd3]::panicking::panic_fmt
[INFO] [stdout]                                at /rustc/dfb0accb7f508ae8be965d8629557221c889dd98/library/core/src/panicking.rs:80:14
[INFO] [stdout]   19:     0x63f53db2a423 - core[df12db4294e9bfd3]::panicking::assert_failed_inner
[INFO] [stdout]                                at /rustc/dfb0accb7f508ae8be965d8629557221c889dd98/library/core/src/panicking.rs:452:17
[INFO] [stdout]   20:     0x63f53db24a3d - core[df12db4294e9bfd3]::panicking::assert_failed::<usize, usize>
[INFO] [stdout]                                at /rustc/dfb0accb7f508ae8be965d8629557221c889dd98/library/core/src/panicking.rs:407:5
[INFO] [stdout]   21:     0x63f53d1f2b0b - sb3_decoder[40f50d15b905521d]::tests::block_decode_test
[INFO] [stdout]                                at /opt/rustwide/workdir/src/tests.rs:184:5
[INFO] [stdout]   22:     0x63f53d1f01b7 - sb3_decoder[40f50d15b905521d]::tests::block_decode_test::{closure#0}
[INFO] [stdout]                                at /opt/rustwide/workdir/src/tests.rs:174:23
[INFO] [stdout]   23:     0x63f53d2175d6 - <sb3_decoder[40f50d15b905521d]::tests::block_decode_test::{closure#0} as core[df12db4294e9bfd3]::ops::function::FnOnce<()>>::call_once
[INFO] [stdout]                                at /rustc/dfb0accb7f508ae8be965d8629557221c889dd98/library/core/src/ops/function.rs:250:5
[INFO] [stdout]   24:     0x63f53d25182b - <fn() -> core[df12db4294e9bfd3]::result::Result<(), alloc[2182bb758b4b3781]::string::String> as core[df12db4294e9bfd3]::ops::function::FnOnce<()>>::call_once
[INFO] [stdout]                                at /rustc/dfb0accb7f508ae8be965d8629557221c889dd98/library/core/src/ops/function.rs:250:5
[INFO] [stdout]   25:     0x63f53d25182b - test[9d35eded1c95d3be]::__rust_begin_short_backtrace::<core[df12db4294e9bfd3]::result::Result<(), alloc[2182bb758b4b3781]::string::String>, fn() -> core[df12db4294e9bfd3]::result::Result<(), alloc[2182bb758b4b3781]::string::String>>
[INFO] [stdout]                                at /rustc/dfb0accb7f508ae8be965d8629557221c889dd98/library/test/src/lib.rs:733:18
[INFO] [stdout]   26:     0x63f53d25ee95 - test[9d35eded1c95d3be]::run_test_in_process::{closure#0}
[INFO] [stdout]                                at /rustc/dfb0accb7f508ae8be965d8629557221c889dd98/library/test/src/lib.rs:756:74
[INFO] [stdout]   27:     0x63f53d25ee95 - <core[df12db4294e9bfd3]::panic::unwind_safe::AssertUnwindSafe<test[9d35eded1c95d3be]::run_test_in_process::{closure#0}> as core[df12db4294e9bfd3]::ops::function::FnOnce<()>>::call_once
[INFO] [stdout]                                at /rustc/dfb0accb7f508ae8be965d8629557221c889dd98/library/core/src/panic/unwind_safe.rs:275:9
[INFO] [stdout]   28:     0x63f53d25ee95 - std[70759c8f55707aa4]::panicking::catch_unwind::do_call::<core[df12db4294e9bfd3]::panic::unwind_safe::AssertUnwindSafe<test[9d35eded1c95d3be]::run_test_in_process::{closure#0}>, core[df12db4294e9bfd3]::result::Result<(), alloc[2182bb758b4b3781]::string::String>>
[INFO] [stdout]                                at /rustc/dfb0accb7f508ae8be965d8629557221c889dd98/library/std/src/panicking.rs:576:43
[INFO] [stdout]   29:     0x63f53d25ee95 - std[70759c8f55707aa4]::panicking::catch_unwind::<core[df12db4294e9bfd3]::result::Result<(), alloc[2182bb758b4b3781]::string::String>, core[df12db4294e9bfd3]::panic::unwind_safe::AssertUnwindSafe<test[9d35eded1c95d3be]::run_test_in_process::{closure#0}>>
[INFO] [stdout]                                at /rustc/dfb0accb7f508ae8be965d8629557221c889dd98/library/std/src/panicking.rs:544:19
[INFO] [stdout]   30:     0x63f53d25ee95 - std[70759c8f55707aa4]::panic::catch_unwind::<core[df12db4294e9bfd3]::panic::unwind_safe::AssertUnwindSafe<test[9d35eded1c95d3be]::run_test_in_process::{closure#0}>, core[df12db4294e9bfd3]::result::Result<(), alloc[2182bb758b4b3781]::string::String>>
[INFO] [stdout]                                at /rustc/dfb0accb7f508ae8be965d8629557221c889dd98/library/std/src/panic.rs:359:14
[INFO] [stdout]   31:     0x63f53d25ee95 - test[9d35eded1c95d3be]::run_test_in_process
[INFO] [stdout]                                at /rustc/dfb0accb7f508ae8be965d8629557221c889dd98/library/test/src/lib.rs:756:27
[INFO] [stdout]   32:     0x63f53d25ee95 - test[9d35eded1c95d3be]::run_test::{closure#0}
[INFO] [stdout]                                at /rustc/dfb0accb7f508ae8be965d8629557221c889dd98/library/test/src/lib.rs:677:43
[INFO] [stdout]   33:     0x63f53d258754 - test[9d35eded1c95d3be]::run_test::{closure#1}
[INFO] [stdout]                                at /rustc/dfb0accb7f508ae8be965d8629557221c889dd98/library/test/src/lib.rs:707:41
[INFO] [stdout]   34:     0x63f53d258754 - std[70759c8f55707aa4]::sys::backtrace::__rust_begin_short_backtrace::<test[9d35eded1c95d3be]::run_test::{closure#1}, ()>
[INFO] [stdout]                                at /rustc/dfb0accb7f508ae8be965d8629557221c889dd98/library/std/src/sys/backtrace.rs:166:18
[INFO] [stdout]   35:     0x63f53d261ff2 - std[70759c8f55707aa4]::thread::lifecycle::spawn_unchecked::<test[9d35eded1c95d3be]::run_test::{closure#1}, ()>::{closure#1}::{closure#0}
[INFO] [stdout]                                at /rustc/dfb0accb7f508ae8be965d8629557221c889dd98/library/std/src/thread/lifecycle.rs:70:13
[INFO] [stdout]   36:     0x63f53d261ff2 - <core[df12db4294e9bfd3]::panic::unwind_safe::AssertUnwindSafe<std[70759c8f55707aa4]::thread::lifecycle::spawn_unchecked<test[9d35eded1c95d3be]::run_test::{closure#1}, ()>::{closure#1}::{closure#0}> as core[df12db4294e9bfd3]::ops::function::FnOnce<()>>::call_once
[INFO] [stdout]                                at /rustc/dfb0accb7f508ae8be965d8629557221c889dd98/library/core/src/panic/unwind_safe.rs:275:9
[INFO] [stdout]   37:     0x63f53d261ff2 - std[70759c8f55707aa4]::panicking::catch_unwind::do_call::<core[df12db4294e9bfd3]::panic::unwind_safe::AssertUnwindSafe<std[70759c8f55707aa4]::thread::lifecycle::spawn_unchecked<test[9d35eded1c95d3be]::run_test::{closure#1}, ()>::{closure#1}::{closure#0}>, ()>
[INFO] [stdout]                                at /rustc/dfb0accb7f508ae8be965d8629557221c889dd98/library/std/src/panicking.rs:576:43
[INFO] [stdout]   38:     0x63f53d261ff2 - std[70759c8f55707aa4]::panicking::catch_unwind::<(), core[df12db4294e9bfd3]::panic::unwind_safe::AssertUnwindSafe<std[70759c8f55707aa4]::thread::lifecycle::spawn_unchecked<test[9d35eded1c95d3be]::run_test::{closure#1}, ()>::{closure#1}::{closure#0}>>
[INFO] [stdout]                                at /rustc/dfb0accb7f508ae8be965d8629557221c889dd98/library/std/src/panicking.rs:544:19
[INFO] [stdout]   39:     0x63f53d261ff2 - std[70759c8f55707aa4]::panic::catch_unwind::<core[df12db4294e9bfd3]::panic::unwind_safe::AssertUnwindSafe<std[70759c8f55707aa4]::thread::lifecycle::spawn_unchecked<test[9d35eded1c95d3be]::run_test::{closure#1}, ()>::{closure#1}::{closure#0}>, ()>
[INFO] [stdout]                                at /rustc/dfb0accb7f508ae8be965d8629557221c889dd98/library/std/src/panic.rs:359:14
[INFO] [stdout]   40:     0x63f53d261ff2 - std[70759c8f55707aa4]::thread::lifecycle::spawn_unchecked::<test[9d35eded1c95d3be]::run_test::{closure#1}, ()>::{closure#1}
[INFO] [stdout]                                at /rustc/dfb0accb7f508ae8be965d8629557221c889dd98/library/std/src/thread/lifecycle.rs:68:26
[INFO] [stdout]   41:     0x63f53d261ff2 - <std[70759c8f55707aa4]::thread::lifecycle::spawn_unchecked<test[9d35eded1c95d3be]::run_test::{closure#1}, ()>::{closure#1} as core[df12db4294e9bfd3]::ops::function::FnOnce<()>>::call_once::{shim:vtable#0}
[INFO] [stdout]                                at /rustc/dfb0accb7f508ae8be965d8629557221c889dd98/library/core/src/ops/function.rs:250:5
[INFO] [stdout]   42:     0x63f53db11839 - <alloc[2182bb758b4b3781]::boxed::Box<dyn core[df12db4294e9bfd3]::ops::function::FnOnce<(), Output = ()> + core[df12db4294e9bfd3]::marker::Send> as core[df12db4294e9bfd3]::ops::function::FnOnce<()>>::call_once
[INFO] [stdout]                                at /rustc/dfb0accb7f508ae8be965d8629557221c889dd98/library/alloc/src/boxed.rs:2320:9
[INFO] [stdout]   43:     0x63f53db11839 - <std[70759c8f55707aa4]::sys::thread::unix::Thread>::new::thread_start
[INFO] [stdout]                                at /rustc/dfb0accb7f508ae8be965d8629557221c889dd98/library/std/src/sys/thread/unix.rs:123:17
[INFO] [stdout]   44:     0x7f3b3c60bdfa - <unknown>
[INFO] [stdout]   45:     0x7f3b3c69f3d4 - clone
[INFO] [stdout]   46:                0x0 - <unknown>
[INFO] [stdout] 
[INFO] [stdout] 
[INFO] [stdout] failures:
[INFO] [stdout]     tests::block_decode_test
[INFO] [stdout] 
[INFO] [stdout] test result: FAILED. 7 passed; 1 failed; 0 ignored; 0 measured; 0 filtered out; finished in 0.32s
[INFO] [stdout] 
[INFO] [stderr] error: test failed, to rerun pass `--lib`
[INFO] running `Command { std: "docker" "inspect" "e9f20e43cd1b7c9053ea0c9f2f25a8660e6ec841b075a98dd62306f79972efd0", kill_on_drop: false }`
[INFO] running `Command { std: "docker" "rm" "-f" "e9f20e43cd1b7c9053ea0c9f2f25a8660e6ec841b075a98dd62306f79972efd0", kill_on_drop: false }`
[INFO] [stdout] e9f20e43cd1b7c9053ea0c9f2f25a8660e6ec841b075a98dd62306f79972efd0
