[INFO] fetching crate durable-execution-sdk-testing 0.1.0-alpha3...
[INFO] testing durable-execution-sdk-testing-0.1.0-alpha3 against 1.99.0-beta.8 for beta-1.100-3
[INFO] extracting crate durable-execution-sdk-testing 0.1.0-alpha3 into /workspace/builds/worker-5-tc1/source
[INFO] started tweaking crates.io crate durable-execution-sdk-testing 0.1.0-alpha3
[INFO] removed 0 missing tests
[INFO] finished tweaking crates.io crate durable-execution-sdk-testing 0.1.0-alpha3
[INFO] tweaked toml for crates.io crate durable-execution-sdk-testing 0.1.0-alpha3 written to /workspace/builds/worker-5-tc1/source/Cargo.toml
[INFO] validating manifest of crates.io crate durable-execution-sdk-testing 0.1.0-alpha3 on toolchain 1.99.0-beta.8
[INFO] running `Command { std: CARGO_HOME="/workspace/cargo-home" RUSTUP_HOME="/workspace/rustup-home" "/workspace/cargo-home/bin/cargo" "+1.99.0-beta.8" "metadata" "--manifest-path" "Cargo.toml" "--no-deps", kill_on_drop: false }`
[INFO] crate crates.io crate durable-execution-sdk-testing 0.1.0-alpha3 already has a lockfile, it will not be regenerated
[INFO] running `Command { std: CARGO_HOME="/workspace/cargo-home" RUSTUP_HOME="/workspace/rustup-home" "/workspace/cargo-home/bin/cargo" "+1.99.0-beta.8" "fetch" "--manifest-path" "Cargo.toml", kill_on_drop: false }`
[INFO] [stderr]     Updating crates.io index
[INFO] [stderr]  Downloading crates ...
[INFO] [stderr]   Downloaded tokio-test v0.4.5
[INFO] [stderr]   Downloaded reqwest v0.13.2
[INFO] [stderr]   Downloaded jni-sys v0.3.1
[INFO] [stderr]   Downloaded cesu8 v1.1.0
[INFO] [stderr]   Downloaded rustls-platform-verifier v0.6.2
[INFO] [stderr]   Downloaded jni v0.21.1
[INFO] [stderr]   Downloaded iri-string v0.7.11
[INFO] [stderr]   Downloaded webpki-root-certs v1.0.6
[INFO] [stderr]   Downloaded aws-lc-rs v1.16.2
[INFO] [stderr]   Downloaded durable-execution-sdk v0.1.0-alpha3
[INFO] [stderr]   Downloaded http-serde v2.1.1
[INFO] [stderr]   Downloaded durable-execution-sdk-macros v0.1.0-alpha3
[INFO] [stderr]   Downloaded base64-simd v0.8.0
[INFO] [stderr]   Downloaded lambda_runtime_api_client v1.0.3
[INFO] [stderr]   Downloaded bytes-utils v0.1.4
[INFO] [stderr]   Downloaded aws-smithy-async v1.2.14
[INFO] [stderr]   Downloaded lambda_runtime v1.1.2
[INFO] [stderr]   Downloaded aws-smithy-types v1.4.7
[INFO] [stderr]   Downloaded aws-smithy-http v0.63.6
[INFO] [stderr]   Downloaded aws-smithy-runtime-api v1.11.6
[INFO] [stderr]   Downloaded aws-credential-types v1.2.14
[INFO] [stderr]   Downloaded aws-smithy-xml v0.60.15
[INFO] [stderr]   Downloaded aws-smithy-query v0.60.15
[INFO] [stderr]   Downloaded aws-smithy-observability v0.2.6
[INFO] [stderr]   Downloaded xmlparser v0.13.6
[INFO] [stderr]   Downloaded aws-types v1.3.14
[INFO] [stderr]   Downloaded aws-smithy-json v0.62.5
[INFO] [stderr]   Downloaded aws-smithy-eventstream v0.60.20
[INFO] [stderr]   Downloaded aws-sigv4 v1.4.2
[INFO] [stderr]   Downloaded aws-sdk-ssooidc v1.99.0
[INFO] [stderr]   Downloaded aws-sdk-sso v1.97.0
[INFO] [stderr]   Downloaded regex-lite v0.1.9
[INFO] [stderr]   Downloaded aws-smithy-http-client v1.1.12
[INFO] [stderr]   Downloaded aws-runtime v1.7.2
[INFO] [stderr]   Downloaded aws-smithy-runtime v1.10.3
[INFO] [stderr]   Downloaded aws-config v1.8.15
[INFO] [stderr]   Downloaded aws-sdk-sts v1.101.0
[INFO] [stderr]   Downloaded aws-sdk-lambda v1.119.0
[INFO] [stderr]   Downloaded aws-lc-sys v0.39.0
[INFO] running `Command { std: "docker" "create" "-v" "/var/lib/crater-agent-workspace/builds/worker-5-tc1/source:/opt/rustwide/workdir:ro,Z" "-v" "/var/lib/crater-agent-workspace/builds/worker-5-tc1/target:/opt/rustwide/target:rw,Z" "-v" "/var/lib/crater-agent-workspace/cargo-home:/opt/rustwide/cargo-home:ro,Z" "-v" "/var/lib/crater-agent-workspace/rustup-home:/opt/rustwide/rustup-home:ro,Z" "-m" "1610612736" "--network" "none" "ghcr.io/rust-lang/crates-build-env/linux@sha256:77db811e55d90add9212f6832c23229e3de5f1c1f9905e8cb07319ea15df73ac" "sleep" "infinity", kill_on_drop: false }`
[INFO] [stdout] c71a1102da0b589d9bb1cdf04bd9be351d27e695fbb3b628d748c36e6d491984
[INFO] running `Command { std: "docker" "start" "c71a1102da0b589d9bb1cdf04bd9be351d27e695fbb3b628d748c36e6d491984", kill_on_drop: false }`
[INFO] running `Command { std: "docker" "inspect" "c71a1102da0b589d9bb1cdf04bd9be351d27e695fbb3b628d748c36e6d491984", kill_on_drop: false }`
[INFO] running `Command { std: "docker" "exec" "-e" "SOURCE_DIR=/opt/rustwide/workdir" "-e" "CARGO_HOME=/opt/rustwide/cargo-home" "-e" "RUSTUP_HOME=/opt/rustwide/rustup-home" "-e" "CARGO_TARGET_DIR=/opt/rustwide/target" "-w" "/opt/rustwide/workdir" "--user" "0:0" "c71a1102da0b589d9bb1cdf04bd9be351d27e695fbb3b628d748c36e6d491984" "/opt/rustwide/cargo-home/bin/cargo" "+1.99.0-beta.8" "metadata" "--no-deps" "--format-version=1", kill_on_drop: false }`
[INFO] running `Command { std: "docker" "inspect" "c71a1102da0b589d9bb1cdf04bd9be351d27e695fbb3b628d748c36e6d491984", kill_on_drop: false }`
[INFO] running `Command { std: "docker" "exec" "-e" "SOURCE_DIR=/opt/rustwide/workdir" "-e" "CARGO_HOME=/opt/rustwide/cargo-home" "-e" "RUSTUP_HOME=/opt/rustwide/rustup-home" "-e" "CARGO_TARGET_DIR=/opt/rustwide/target" "-e" "CARGO_INCREMENTAL=0" "-e" "RUST_BACKTRACE=full" "-e" "RUSTFLAGS=--cap-lints=warn" "-e" "RUSTDOCFLAGS=--cap-lints=warn" "-w" "/opt/rustwide/workdir" "--user" "0:0" "c71a1102da0b589d9bb1cdf04bd9be351d27e695fbb3b628d748c36e6d491984" "/opt/rustwide/cargo-home/bin/cargo" "+1.99.0-beta.8" "build" "--frozen" "--message-format=json", kill_on_drop: false }`
[INFO] [stderr]    Compiling proc-macro2 v1.0.106
[INFO] [stderr]    Compiling libc v0.2.183
[INFO] [stderr]    Compiling bytes v1.11.1
[INFO] [stderr]    Compiling smallvec v1.15.1
[INFO] [stderr]    Compiling futures-core v0.3.32
[INFO] [stderr]    Compiling parking_lot_core v0.9.12
[INFO] [stderr]    Compiling scopeguard v1.2.0
[INFO] [stderr]    Compiling futures-sink v0.3.32
[INFO] [stderr]    Compiling lock_api v0.4.14
[INFO] [stderr]    Compiling memchr v2.8.0
[INFO] [stderr]    Compiling find-msvc-tools v0.1.9
[INFO] [stderr]    Compiling fnv v1.0.7
[INFO] [stderr]    Compiling slab v0.4.12
[INFO] [stderr]    Compiling futures-channel v0.3.32
[INFO] [stderr]    Compiling quote v1.0.45
[INFO] [stderr]    Compiling log v0.4.29
[INFO] [stderr]    Compiling futures-io v0.3.32
[INFO] [stderr]    Compiling futures-task v0.3.32
[INFO] [stderr]    Compiling tracing-core v0.1.36
[INFO] [stderr]    Compiling zeroize v1.8.2
[INFO] [stderr]    Compiling syn v2.0.117
[INFO] [stderr]    Compiling num-traits v0.2.19
[INFO] [stderr]    Compiling fs_extra v1.3.0
[INFO] [stderr]    Compiling powerfmt v0.2.0
[INFO] [stderr]    Compiling http v1.4.0
[INFO] [stderr]    Compiling http v0.2.12
[INFO] [stderr]    Compiling dunce v1.0.5
[INFO] [stderr]    Compiling untrusted v0.9.0
[INFO] [stderr]    Compiling deranged v0.5.8
[INFO] [stderr]    Compiling outref v0.5.2
[INFO] [stderr]    Compiling num-conv v0.2.1
[INFO] [stderr]    Compiling time-core v0.1.8
[INFO] [stderr]    Compiling vsimd v0.8.0
[INFO] [stderr]    Compiling subtle v2.6.1
[INFO] [stderr]    Compiling hashbrown v0.16.1
[INFO] [stderr]    Compiling errno v0.3.14
[INFO] [stderr]    Compiling parking_lot v0.12.5
[INFO] [stderr]    Compiling socket2 v0.6.3
[INFO] [stderr]    Compiling signal-hook-registry v1.4.8
[INFO] [stderr]    Compiling mio v1.1.1
[INFO] [stderr]    Compiling jobserver v0.1.34
[INFO] [stderr]    Compiling http-body v1.0.1
[INFO] [stderr]    Compiling http-body v0.4.6
[INFO] [stderr]    Compiling http-body-util v0.1.3
[INFO] [stderr]    Compiling either v1.15.0
[INFO] [stderr]    Compiling cc v1.2.57
[INFO] [stderr]    Compiling bytes-utils v0.1.4
[INFO] [stderr]    Compiling time v0.3.47
[INFO] [stderr]    Compiling indexmap v2.13.0
[INFO] [stderr]    Compiling base64-simd v0.8.0
[INFO] [stderr]    Compiling num-integer v0.1.46
[INFO] [stderr]    Compiling httparse v1.10.1
[INFO] [stderr]    Compiling percent-encoding v2.3.2
[INFO] [stderr]    Compiling tower-service v0.3.3
[INFO] [stderr]    Compiling typenum v1.19.0
[INFO] [stderr]    Compiling try-lock v0.2.5
[INFO] [stderr]    Compiling aws-lc-rs v1.16.2
[INFO] [stderr]    Compiling want v0.3.1
[INFO] [stderr]    Compiling rustls-pki-types v1.14.0
[INFO] [stderr]    Compiling atomic-waker v1.1.2
[INFO] [stderr]    Compiling getrandom v0.2.17
[INFO] [stderr]    Compiling rustls v0.23.37
[INFO] [stderr]    Compiling sync_wrapper v1.0.2
[INFO] [stderr]    Compiling tower-layer v0.3.3
[INFO] [stderr]    Compiling ipnet v2.12.0
[INFO] [stderr]    Compiling base64 v0.22.1
[INFO] [stderr]    Compiling openssl-probe v0.2.1
[INFO] [stderr]    Compiling rustls v0.21.12
[INFO] [stderr]    Compiling cmake v0.1.57
[INFO] [stderr]    Compiling crc32fast v1.5.0
[INFO] [stderr]    Compiling rustls-native-certs v0.8.3
[INFO] [stderr]    Compiling generic-array v0.14.7
[INFO] [stderr]    Compiling serde_core v1.0.228
[INFO] [stderr]    Compiling socket2 v0.5.10
[INFO] [stderr]    Compiling semver v1.0.27
[INFO] [stderr]    Compiling httpdate v1.0.3
[INFO] [stderr]    Compiling aws-lc-sys v0.39.0
[INFO] [stderr]    Compiling ring v0.17.14
[INFO] [stderr]    Compiling rustc_version v0.4.1
[INFO] [stderr]    Compiling block-buffer v0.10.4
[INFO] [stderr]    Compiling crypto-common v0.1.7
[INFO] [stderr]    Compiling form_urlencoded v1.2.2
[INFO] [stderr]    Compiling digest v0.10.7
[INFO] [stderr]    Compiling writeable v0.6.2
[INFO] [stderr]    Compiling litemap v0.8.1
[INFO] [stderr]    Compiling getrandom v0.4.2
[INFO] [stderr]    Compiling aws-types v1.3.14
[INFO] [stderr]    Compiling serde v1.0.228
[INFO] [stderr]    Compiling icu_normalizer_data v2.1.1
[INFO] [stderr]    Compiling icu_properties_data v2.1.2
[INFO] [stderr]    Compiling sha2 v0.10.9
[INFO] [stderr]    Compiling hmac v0.12.1
[INFO] [stderr]    Compiling fastrand v2.3.0
[INFO] [stderr]    Compiling hex v0.4.3
[INFO] [stderr]    Compiling uuid v1.22.0
[INFO] [stderr]    Compiling aho-corasick v1.1.4
[INFO] [stderr]    Compiling regex-syntax v0.8.10
[INFO] [stderr]    Compiling synstructure v0.13.2
[INFO] [stderr]    Compiling regex-lite v0.1.9
[INFO] [stderr]    Compiling sharded-slab v0.1.7
[INFO] [stderr]    Compiling thread_local v1.1.9
[INFO] [stderr]    Compiling serde_json v1.0.149
[INFO] [stderr]    Compiling urlencoding v2.1.3
[INFO] [stderr]    Compiling xmlparser v0.13.6
[INFO] [stderr]    Compiling iri-string v0.7.11
[INFO] [stderr]    Compiling tokio-macros v2.6.1
[INFO] [stderr]    Compiling futures-macro v0.3.32
[INFO] [stderr]    Compiling tokio v1.50.0
[INFO] [stderr]    Compiling tracing-attributes v0.1.31
[INFO] [stderr]    Compiling zerofrom-derive v0.1.6
[INFO] [stderr]    Compiling yoke-derive v0.8.1
[INFO] [stderr]    Compiling futures-util v0.3.32
[INFO] [stderr]    Compiling tracing v0.1.44
[INFO] [stderr]    Compiling zerovec-derive v0.11.2
[INFO] [stderr]    Compiling displaydoc v0.2.5
[INFO] [stderr]    Compiling zerofrom v0.1.6
[INFO] [stderr]    Compiling yoke v0.8.1
[INFO] [stderr]    Compiling serde_derive v1.0.228
[INFO] [stderr]    Compiling regex-automata v0.4.14
[INFO] [stderr]    Compiling zerotrie v0.2.3
[INFO] [stderr]    Compiling aws-smithy-xml v0.60.15
[INFO] [stderr]    Compiling zerovec v0.11.5
[INFO] [stderr]    Compiling sct v0.7.1
[INFO] [stderr]    Compiling rustls-webpki v0.101.7
[INFO] [stderr]    Compiling tinystr v0.8.2
[INFO] [stderr]    Compiling icu_locale_core v2.1.1
[INFO] [stderr]    Compiling potential_utf v0.1.4
[INFO] [stderr]    Compiling futures-executor v0.3.32
[INFO] [stderr]    Compiling icu_collections v2.1.1
[INFO] [stderr]    Compiling async-stream-impl v0.3.6
[INFO] [stderr]    Compiling icu_provider v2.1.1
[INFO] [stderr]    Compiling pin-project-internal v1.1.11
[INFO] [stderr]    Compiling thiserror v2.0.18
[INFO] [stderr]    Compiling bitflags v2.11.0
[INFO] [stderr]    Compiling icu_normalizer v2.1.1
[INFO] [stderr]    Compiling icu_properties v2.1.2
[INFO] [stderr]    Compiling tokio-util v0.7.18
[INFO] [stderr]    Compiling aws-smithy-async v1.2.14
[INFO] [stderr]    Compiling tower v0.5.3
[INFO] [stderr]    Compiling aws-smithy-types v1.4.7
[INFO] [stderr]    Compiling h2 v0.4.13
[INFO] [stderr]    Compiling h2 v0.3.27
[INFO] [stderr]    Compiling tokio-rustls v0.24.1
[INFO] [stderr]    Compiling aws-smithy-runtime-api v1.11.6
[INFO] [stderr]    Compiling aws-smithy-eventstream v0.60.20
[INFO] [stderr]    Compiling aws-smithy-json v0.62.5
[INFO] [stderr]    Compiling aws-credential-types v1.2.14
[INFO] [stderr]    Compiling aws-smithy-http v0.63.6
[INFO] [stderr]    Compiling aws-smithy-observability v0.2.6
[INFO] [stderr]    Compiling idna_adapter v1.2.1
[INFO] [stderr]    Compiling aws-sigv4 v1.4.2
[INFO] [stderr]    Compiling idna v1.1.0
[INFO] [stderr]    Compiling tracing-serde v0.2.0
[INFO] [stderr]    Compiling matchers v0.2.0
[INFO] [stderr]    Compiling tracing-subscriber v0.3.23
[INFO] [stderr]    Compiling aws-smithy-query v0.60.15
[INFO] [stderr]    Compiling http-serde v2.1.1
[INFO] [stderr]    Compiling url v2.5.8
[INFO] [stderr]    Compiling tower-http v0.6.8
[INFO] [stderr]    Compiling pin-project v1.1.11
[INFO] [stderr]    Compiling tokio-stream v0.1.18
[INFO] [stderr]    Compiling async-stream v0.3.6
[INFO] [stderr]    Compiling futures v0.3.32
[INFO] [stderr]    Compiling thiserror-impl v2.0.18
[INFO] [stderr]    Compiling serde_path_to_error v0.1.20
[INFO] [stderr]    Compiling sha1 v0.10.6
[INFO] [stderr]    Compiling hyper v0.14.32
[INFO] [stderr]    Compiling encoding_rs v0.8.35
[INFO] [stderr]    Compiling mime v0.3.17
[INFO] [stderr]    Compiling hyper v1.8.1
[INFO] [stderr]    Compiling iana-time-zone v0.1.65
[INFO] [stderr]    Compiling chrono v0.4.44
[INFO] [stderr]    Compiling regex v1.12.3
[INFO] [stderr]    Compiling durable-execution-sdk-macros v0.1.0-alpha3
[INFO] [stderr]    Compiling async-trait v0.1.89
[INFO] [stderr]    Compiling blake2 v0.10.6
[INFO] [stderr]    Compiling hyper-util v0.1.20
[INFO] [stderr]    Compiling static_assertions v1.1.0
[INFO] [stderr]    Compiling lambda_runtime_api_client v1.0.3
[INFO] [stderr]    Compiling hyper-rustls v0.24.2
[INFO] [stderr]    Compiling lambda_runtime v1.1.2
[INFO] [stderr]    Compiling rustls-webpki v0.103.10
[INFO] [stderr]    Compiling tokio-rustls v0.26.4
[INFO] [stderr]    Compiling rustls-platform-verifier v0.6.2
[INFO] [stderr]    Compiling hyper-rustls v0.27.7
[INFO] [stderr]    Compiling aws-smithy-http-client v1.1.12
[INFO] [stderr]    Compiling reqwest v0.13.2
[INFO] [stderr]    Compiling aws-smithy-runtime v1.10.3
[INFO] [stderr]    Compiling aws-runtime v1.7.2
[INFO] [stderr]    Compiling aws-sdk-ssooidc v1.99.0
[INFO] [stderr]    Compiling aws-sdk-sts v1.101.0
[INFO] [stderr]    Compiling aws-sdk-sso v1.97.0
[INFO] [stderr]    Compiling aws-sdk-lambda v1.119.0
[INFO] [stderr]    Compiling aws-config v1.8.15
[INFO] [stderr]    Compiling durable-execution-sdk v0.1.0-alpha3
[INFO] [stderr]    Compiling durable-execution-sdk-testing v0.1.0-alpha3 (/opt/rustwide/workdir)
[INFO] [stderr]     Finished `dev` profile [unoptimized + debuginfo] target(s) in 4m 02s
[INFO] running `Command { std: "docker" "inspect" "c71a1102da0b589d9bb1cdf04bd9be351d27e695fbb3b628d748c36e6d491984", kill_on_drop: false }`
[INFO] running `Command { std: "docker" "exec" "-e" "SOURCE_DIR=/opt/rustwide/workdir" "-e" "CARGO_HOME=/opt/rustwide/cargo-home" "-e" "RUSTUP_HOME=/opt/rustwide/rustup-home" "-e" "CARGO_TARGET_DIR=/opt/rustwide/target" "-e" "CARGO_INCREMENTAL=0" "-e" "RUST_BACKTRACE=full" "-e" "RUSTFLAGS=--cap-lints=warn" "-e" "RUSTDOCFLAGS=--cap-lints=warn" "-w" "/opt/rustwide/workdir" "--user" "0:0" "c71a1102da0b589d9bb1cdf04bd9be351d27e695fbb3b628d748c36e6d491984" "/opt/rustwide/cargo-home/bin/cargo" "+1.99.0-beta.8" "test" "--frozen" "--no-run" "--message-format=json", kill_on_drop: false }`
[INFO] [stderr]    Compiling bitflags v2.11.0
[INFO] [stderr]    Compiling getrandom v0.3.4
[INFO] [stderr]    Compiling zerocopy v0.8.47
[INFO] [stderr]    Compiling rustix v1.1.4
[INFO] [stderr]    Compiling linux-raw-sys v0.12.1
[INFO] [stderr]    Compiling wait-timeout v0.2.1
[INFO] [stderr]    Compiling bit-vec v0.8.0
[INFO] [stderr]    Compiling quick-error v1.2.3
[INFO] [stderr]    Compiling unarray v0.1.4
[INFO] [stderr]    Compiling tokio-test v0.4.5
[INFO] [stderr]    Compiling tower-http v0.6.8
[INFO] [stderr]    Compiling bit-set v0.8.0
[INFO] [stderr]    Compiling rand_core v0.9.5
[INFO] [stderr]    Compiling rand_xorshift v0.4.0
[INFO] [stderr]    Compiling rand v0.9.2
[INFO] [stderr]    Compiling reqwest v0.13.2
[INFO] [stderr]    Compiling tempfile v3.27.0
[INFO] [stderr]    Compiling rusty-fork v0.3.1
[INFO] [stderr]    Compiling durable-execution-sdk v0.1.0-alpha3
[INFO] [stderr]    Compiling ppv-lite86 v0.2.21
[INFO] [stderr]    Compiling rand_chacha v0.9.0
[INFO] [stderr]    Compiling proptest v1.11.0
[INFO] [stderr]    Compiling durable-execution-sdk-testing v0.1.0-alpha3 (/opt/rustwide/workdir)
[INFO] [stderr]     Finished `test` profile [unoptimized + debuginfo] target(s) in 36.09s
[INFO] running `Command { std: "docker" "inspect" "c71a1102da0b589d9bb1cdf04bd9be351d27e695fbb3b628d748c36e6d491984", kill_on_drop: false }`
[INFO] running `Command { std: "docker" "exec" "-e" "SOURCE_DIR=/opt/rustwide/workdir" "-e" "CARGO_HOME=/opt/rustwide/cargo-home" "-e" "RUSTUP_HOME=/opt/rustwide/rustup-home" "-e" "CARGO_TARGET_DIR=/opt/rustwide/target" "-e" "CARGO_INCREMENTAL=0" "-e" "RUST_BACKTRACE=full" "-e" "RUSTFLAGS=--cap-lints=warn" "-e" "RUSTDOCFLAGS=--cap-lints=warn" "-w" "/opt/rustwide/workdir" "--user" "0:0" "c71a1102da0b589d9bb1cdf04bd9be351d27e695fbb3b628d748c36e6d491984" "/opt/rustwide/cargo-home/bin/cargo" "+1.99.0-beta.8" "test" "--frozen", kill_on_drop: false }`
[INFO] [stderr]     Finished `test` profile [unoptimized + debuginfo] target(s) in 0.37s
[INFO] [stderr]      Running unittests src/lib.rs (/opt/rustwide/target/debug/deps/durable_execution_sdk_testing-e8948d6818b4b141)
[INFO] [stdout] 
[INFO] [stdout] running 372 tests
[INFO] [stdout] test checkpoint_server::callback_manager::tests::test_send_failure ... ok
[INFO] [stdout] test checkpoint_server::callback_manager::tests::test_send_success ... ok
[INFO] [stdout] test checkpoint_server::callback_manager::tests::test_register_callback ... ok
[INFO] [stdout] test checkpoint_server::callback_manager::tests::test_register_duplicate_callback_fails ... ok
[INFO] [stdout] test checkpoint_server::checkpoint_manager::tests::test_complete_unknown_invocation_fails ... ok
[INFO] [stdout] test checkpoint_server::callback_manager::tests::test_callback_not_found ... ok
[INFO] [stdout] test checkpoint_server::callback_manager::tests::test_double_complete_fails ... ok
[INFO] [stdout] test checkpoint_server::checkpoint_manager::tests::test_complete_invocation_generates_nodejs_event ... ok
[INFO] [stdout] test checkpoint_server::checkpoint_manager::tests::test_complete_invocation ... ok
[INFO] [stdout] test checkpoint_server::checkpoint_manager::tests::test_execution_lifecycle_generates_correct_nodejs_events ... ok
[INFO] [stdout] test checkpoint_server::checkpoint_manager::tests::test_execution_completed_on_success ... ok
[INFO] [stdout] test checkpoint_server::checkpoint_manager::tests::test_initialize ... ok
[INFO] [stdout] test checkpoint_server::checkpoint_manager::tests::test_initialize_generates_nodejs_execution_started_event ... ok
[INFO] [stdout] test checkpoint_server::checkpoint_manager::tests::test_get_state ... ok
[INFO] [stdout] test checkpoint_server::checkpoint_manager::tests::test_nodejs_event_ids_are_sequential ... ok
[INFO] [stdout] test checkpoint_server::checkpoint_manager::tests::test_process_checkpoint ... ok
[INFO] [stdout] test checkpoint_server::checkpoint_manager::tests::test_retry_operation_generates_step_failed_event ... ok
[INFO] [stdout] test checkpoint_server::checkpoint_manager::tests::test_process_operation_update_generates_nodejs_events ... ok
[INFO] [stdout] test checkpoint_server::checkpoint_manager::tests::test_step_lifecycle_generates_correct_nodejs_events ... ok
[INFO] [stdout] test checkpoint_server::checkpoint_manager::tests::test_start_invocation ... ok
[INFO] [stdout] test checkpoint_server::checkpoint_token::tests::test_decode_invalid_json ... ok
[INFO] [stdout] test checkpoint_server::checkpoint_token::tests::test_encode_produces_url_safe_string ... ok
[INFO] [stdout] test checkpoint_server::checkpoint_token::tests::test_decode_invalid_base64 ... ok
[INFO] [stdout] test checkpoint_server::checkpoint_manager::tests::test_wait_lifecycle_generates_correct_nodejs_events ... ok
[INFO] [stdout] test checkpoint_server::event_processor::tests::test_clear_events ... ok
[INFO] [stdout] test checkpoint_server::event_processor::tests::test_clear_clears_both_event_types ... ok
[INFO] [stdout] test checkpoint_server::checkpoint_token::tests::test_encode_decode_roundtrip ... ok
[INFO] [stdout] test checkpoint_server::callback_manager::tests::test_send_heartbeat ... ok
[INFO] [stdout] test checkpoint_server::event_processor::tests::test_clear_nodejs_events ... ok
[INFO] [stdout] test checkpoint_server::event_processor::tests::test_create_history_event ... ok
[INFO] [stdout] test checkpoint_server::event_processor::tests::test_create_nodejs_event_sequential_ids ... ok
[INFO] [stdout] test checkpoint_server::event_processor::tests::test_create_nodejs_event_with_operation ... ok
[INFO] [stdout] test checkpoint_server::event_processor::tests::test_create_nodejs_event_without_operation ... ok
[INFO] [stdout] test checkpoint_server::event_processor::tests::test_event_type_mapping_all_combinations ... ok
[INFO] [stdout] test checkpoint_server::event_processor::tests::test_event_counter_increments ... ok
[INFO] [stdout] test checkpoint_server::event_processor::tests::test_event_without_operation_id ... ok
[INFO] [stdout] test checkpoint_server::event_processor::tests::test_format_timestamp_iso8601 ... ok
[INFO] [stdout] test checkpoint_server::event_processor::tests::test_get_nodejs_events ... ok
[INFO] [stdout] test checkpoint_server::event_processor::tests::test_get_events ... ok
[INFO] [stdout] test checkpoint_server::event_processor::tests::test_process_operation_update_context_succeeded ... ok
[INFO] [stdout] test checkpoint_server::event_processor::tests::test_process_operation_update_context_started ... ok
[INFO] [stdout] test checkpoint_server::event_processor::tests::test_process_operation_update_execution_started ... ok
[INFO] [stdout] test checkpoint_server::event_processor::tests::test_process_operation_update_execution_succeeded ... ok
[INFO] [stdout] test checkpoint_server::event_processor::tests::test_process_operation_update_callback_started ... ok
[INFO] [stdout] test checkpoint_server::event_processor::tests::test_process_operation_update_step_started ... ok
[INFO] [stdout] test checkpoint_server::event_processor::tests::test_process_operation_update_step_succeeded ... ok
[INFO] [stdout] test checkpoint_server::event_processor::tests::test_current_timestamp_format ... ok
[INFO] [stdout] test checkpoint_server::event_processor::tests::test_process_operation_update_wait_started ... ok
[INFO] [stdout] test checkpoint_server::event_processor::tests::test_process_operation_update_wait_succeeded ... ok
[INFO] [stdout] test checkpoint_server::execution_manager::tests::test_complete_invocation ... ok
[INFO] [stdout] test checkpoint_server::execution_manager::tests::test_get_checkpoints_by_token ... ok
[INFO] [stdout] test checkpoint_server::execution_manager::tests::test_start_execution ... ok
[INFO] [stdout] test checkpoint_server::execution_manager::tests::test_start_execution_from_request ... ok
[INFO] [stdout] test checkpoint_server::execution_manager::tests::test_start_invocation_unknown_execution ... ok
[INFO] [stdout] test checkpoint_server::nodejs_event_types::tests::test_all_event_types_serialize_correctly ... ok
[INFO] [stdout] test checkpoint_server::execution_manager::tests::test_start_invocation ... ok
[INFO] [stdout] test checkpoint_server::nodejs_event_types::tests::test_callback_started_details ... ok
[INFO] [stdout] test checkpoint_server::nodejs_event_types::tests::test_empty_error_wrapper ... ok
[INFO] [stdout] test checkpoint_server::nodejs_event_types::tests::test_invocation_completed_details ... ok
[INFO] [stdout] test checkpoint_server::nodejs_event_types::tests::test_nodejs_event_type_serialization ... ok
[INFO] [stdout] test checkpoint_server::nodejs_event_types::tests::test_execution_started_details ... ok
[INFO] [stdout] test checkpoint_server::nodejs_event_types::tests::test_error_wrapper ... ok
[INFO] [stdout] test checkpoint_server::nodejs_event_types::tests::test_nodejs_history_event_serialization ... ok
[INFO] [stdout] test checkpoint_server::nodejs_event_types::tests::test_nodejs_history_event_with_optional_fields ... ok
[INFO] [stdout] test checkpoint_server::nodejs_event_types::tests::test_payload_wrapper_serialization ... ok
[INFO] [stdout] test checkpoint_server::nodejs_event_types::tests::test_retry_details_skips_none_fields ... ok
[INFO] [stdout] test checkpoint_server::nodejs_event_types::tests::test_step_succeeded_details ... ok
[INFO] [stdout] test checkpoint_server::orchestrator::tests::test_callback_operation_started ... ok
[INFO] [stdout] test checkpoint_server::nodejs_event_types::tests::test_wait_started_details ... ok
[INFO] [stdout] test checkpoint_server::orchestrator::tests::test_earliest_scheduled_time_multiple_waits ... ok
[INFO] [stdout] test checkpoint_server::orchestrator::tests::test_callback_operation_succeeded ... ok
[INFO] [stdout] test checkpoint_server::nodejs_event_types::tests::test_retry_details_serialization ... ok
[INFO] [stdout] test checkpoint_server::orchestrator::tests::test_flush_scheduled_functions_clears_queue ... ok
[INFO] [stdout] test checkpoint_server::orchestrator::tests::test_earliest_scheduled_time_single_wait ... ok
[INFO] [stdout] test checkpoint_server::orchestrator::tests::test_handle_execution_update_failed ... ok
[INFO] [stdout] test checkpoint_server::orchestrator::tests::test_invoke_handler_creates_orchestrator_state ... ok
[INFO] [stdout] test checkpoint_server::orchestrator::tests::test_invoke_handler_result_pending_without_reinvoke ... ok
[INFO] [stdout] test checkpoint_server::orchestrator::tests::test_invoke_handler_result_succeeded ... ok
[INFO] [stdout] test checkpoint_server::orchestrator::tests::test_handle_execution_update_still_running ... ok
[INFO] [stdout] test checkpoint_server::orchestrator::tests::test_handle_execution_update_succeeded ... ok
[INFO] [stdout] test checkpoint_server::orchestrator::tests::test_invoke_handler_result_failed ... ok
[INFO] [stdout] test checkpoint_server::orchestrator::tests::test_invoke_handler_result_pending_with_reinvoke ... ok
[INFO] [stdout] test checkpoint_server::orchestrator::tests::test_invoke_handler_tracks_invocation_active_state ... ok
[INFO] [stdout] test checkpoint_server::orchestrator::tests::test_operation_process_result_completed ... ok
[INFO] [stdout] test checkpoint_server::orchestrator::tests::test_operation_process_result_pending_without_timestamp ... ok
[INFO] [stdout] test checkpoint_server::orchestrator::tests::test_operation_storage_add_and_get ... ok
[INFO] [stdout] test checkpoint_server::orchestrator::tests::test_operation_process_result_not_applicable ... ok
[INFO] [stdout] test checkpoint_server::orchestrator::tests::test_operation_process_result_pending_with_timestamp ... ok
[INFO] [stdout] test checkpoint_server::orchestrator::tests::test_invoke_handler_time_skip_mode_prevents_concurrent ... ok
[INFO] [stdout] test checkpoint_server::orchestrator::tests::test_operation_type_dispatch_callback ... ok
[INFO] [stdout] test checkpoint_server::orchestrator::tests::test_operation_storage_new ... ok
[INFO] [stdout] test checkpoint_server::orchestrator::tests::test_operation_type_dispatch_context ... ok
[INFO] [stdout] test checkpoint_server::orchestrator::tests::test_operation_type_dispatch_step ... ok
[INFO] [stdout] test checkpoint_server::orchestrator::tests::test_operation_type_dispatch_execution ... ok
[INFO] [stdout] test checkpoint_server::orchestrator::tests::test_operation_type_dispatch_invoke ... ok
[INFO] [stdout] test checkpoint_server::orchestrator::tests::test_operation_type_dispatch_wait ... ok
[INFO] [stdout] test checkpoint_server::orchestrator::tests::test_process_operations_result_execution_failed ... ok
[INFO] [stdout] test checkpoint_server::orchestrator::tests::test_process_operations_result_execution_succeeded ... ok
[INFO] [stdout] test checkpoint_server::orchestrator::tests::test_process_operations_result_no_pending ... ok
[INFO] [stdout] test checkpoint_server::orchestrator::tests::test_process_operations_result_should_reinvoke ... ok
[INFO] [stdout] test checkpoint_server::orchestrator::tests::test_schedule_invocation_at_timestamp_schedules_function ... ok
[INFO] [stdout] test checkpoint_server::orchestrator::tests::test_operation_storage_update ... ok
[INFO] [stdout] test checkpoint_server::orchestrator::tests::test_process_next_scheduled_processes_function ... ok
[INFO] [stdout] test checkpoint_server::orchestrator::tests::test_schedule_invocation_with_time_skipping_enabled ... ok
[INFO] [stdout] test checkpoint_server::orchestrator::tests::test_schedule_invocation_with_update_schedules_function ... ok
[INFO] [stdout] test checkpoint_server::orchestrator::tests::test_skip_time_config_default ... ok
[INFO] [stdout] test checkpoint_server::orchestrator::tests::test_step_operation_pending_retry ... ok
[INFO] [stdout] test checkpoint_server::orchestrator::tests::test_step_operation_succeeded ... ok
[INFO] [stdout] test checkpoint_server::orchestrator::tests::test_test_execution_result_failure ... ok
[INFO] [stdout] test checkpoint_server::orchestrator::tests::test_test_execution_result_running ... ok
[INFO] [stdout] test checkpoint_server::orchestrator::tests::test_test_execution_result_success ... ok
[INFO] [stdout] test checkpoint_server::orchestrator::tests::test_wait_operation_completed ... ok
[INFO] [stdout] test checkpoint_server::orchestrator::tests::test_wait_operation_started_with_timestamp ... ok
[INFO] [stdout] test checkpoint_server::scheduler::tests::test_queue_scheduler_fifo_order ... ok
[INFO] [stdout] test checkpoint_server::scheduler::tests::test_queue_scheduler_flush ... ok
[INFO] [stdout] test checkpoint_server::scheduler::tests::test_queue_scheduler_schedule_and_process ... ok
[INFO] [stdout] test checkpoint_server::scheduler::tests::test_queue_scheduler_with_checkpoint_update ... ok
[INFO] [stdout] test checkpoint_server::scheduler::tests::test_queue_scheduler_new ... ok
[INFO] [stdout] test checkpoint_server::scheduler::tests::test_timer_scheduler_new ... ok
[INFO] [stdout] test checkpoint_server::types::tests::test_api_type_serialization ... ok
[INFO] [stdout] test checkpoint_server::types::tests::test_worker_api_response_success ... ok
[INFO] [stdout] test checkpoint_server::types::tests::test_worker_command_serialization ... ok
[INFO] [stdout] test checkpoint_server::worker_manager::tests::test_get_instance ... ok
[INFO] [stdout] test checkpoint_server::worker_manager::tests::test_checkpoint_workflow ... ok
[INFO] [stdout] test checkpoint_server::worker_manager::tests::test_start_execution ... ok
[INFO] [stdout] test cloud_runner::tests::test_config_builder ... ok
[INFO] [stdout] test cloud_runner::tests::test_config_default ... ok
[INFO] [stdout] test cloud_runner::tests::test_ensure_qualified_already_qualified ... ok
[INFO] [stdout] test cloud_runner::tests::test_ensure_qualified_plain_name ... ok
[INFO] [stdout] test cloud_runner::tests::test_ensure_qualified_full_arn ... ok
[INFO] [stdout] test cloud_runner::tests::test_ensure_qualified_with_alias ... ok
[INFO] [stdout] test cloud_runner::tests::test_operation_storage ... ok
[INFO] [stdout] test error::tests::test_environment_not_set_up ... ok
[INFO] [stdout] test error::tests::test_execution_completed_early ... ok
[INFO] [stdout] test error::tests::test_from_durable_error ... ok
[INFO] [stdout] test error::tests::test_from_serde_error ... ok
[INFO] [stdout] test error::tests::test_function_not_registered ... ok
[INFO] [stdout] test error::tests::test_is_retriable ... ok
[INFO] [stdout] test checkpoint_server::types::tests::test_worker_api_response_error ... ok
[INFO] [stdout] test error::tests::test_aws_error ... ok
[INFO] [stdout] test error::tests::test_not_callback_operation ... ok
[INFO] [stdout] test error::tests::test_operation_not_found ... ok
[INFO] [stdout] test error::tests::test_type_mismatch ... ok
[INFO] [stdout] test history_poller::tests::call_with_retries_backoff_timing ... ok
[INFO] [stdout] test history_poller::tests::call_with_retries_fails_after_max_retries ... ok
[INFO] [stdout] test history_poller::tests::call_with_retries_passes_marker ... ok
[INFO] [stdout] test history_poller::tests::call_with_retries_succeeds_on_first_try ... ok
[INFO] [stdout] test history_poller::tests::call_with_retries_succeeds_after_transient_errors ... ok
[INFO] [stdout] test error::tests::test_wait_timeout ... ok
[INFO] [stdout] test history_poller::tests::call_with_retries_uses_correct_arn ... ok
[INFO] [stdout] test history_poller::tests::mock_records_all_call_arguments ... ok
[INFO] [stdout] test history_poller::tests::new_sets_defaults ... ok
[INFO] [stdout] test history_poller::tests::poll_once_detects_terminal_state ... ok
[INFO] [stdout] test history_poller::tests::poll_once_empty_page ... ok
[INFO] [stdout] test history_poller::tests::poll_once_marker_continuity_across_cycles ... ok
[INFO] [stdout] test history_poller::tests::mock_returns_configured_responses ... ok
[INFO] [stdout] test history_poller::tests::poll_once_pagination_waits_between_pages ... ok
[INFO] [stdout] test history_poller::tests::poll_once_propagates_api_error ... ok
[INFO] [stdout] test history_poller::tests::poll_once_multi_page_pagination ... ok
[INFO] [stdout] test history_poller::tests::poll_once_single_page_no_terminal ... ok
[INFO] [stdout] test history_poller::tests::poll_once_terminal_with_error ... ok
[INFO] [stdout] test checkpoint_server::orchestrator::property_tests::prop_wait_operation_completion ... ok
[INFO] [stdout] test checkpoint_server::orchestrator::property_tests::prop_wait_operation_completion_multiple_waits ... ok
[INFO] [stdout] test checkpoint_server::orchestrator::property_tests::prop_wait_operation_completion_already_completed ... ok
[INFO] [stdout] test checkpoint_server::scheduler::tests::test_timer_scheduler_flush ... ok
[INFO] [stdout] test checkpoint_server::scheduler::tests::test_timer_scheduler_schedule_immediate ... ok
[INFO] [stdout] test history_poller::tests::mock_panics_when_responses_exhausted - should panic ... ok
[INFO] [stdout] test local_runner::tests::test_clear_registered_functions ... ok
[INFO] [stdout] test local_runner::tests::test_double_setup_is_idempotent ... ok
[INFO] [stdout] test local_runner::tests::test_double_teardown_is_idempotent ... ok
[INFO] [stdout] test local_runner::tests::test_get_all_operations ... ok
[INFO] [stdout] test local_runner::tests::test_get_operation_by_id ... ok
[INFO] [stdout] test local_runner::tests::test_get_operation_by_index ... ok
[INFO] [stdout] test local_runner::tests::test_get_operation_by_name ... ok
[INFO] [stdout] test local_runner::tests::test_get_operation_by_name_and_index ... ok
[INFO] [stdout] test local_runner::tests::test_local_runner_creation ... ok
[INFO] [stdout] test local_runner::tests::test_local_runner_with_mock_client ... ok
[INFO] [stdout] test local_runner::tests::test_operation_storage_add_and_get ... ok
[INFO] [stdout] test local_runner::tests::test_operation_storage_clear ... ok
[INFO] [stdout] test local_runner::tests::test_operation_storage_get_by_name_and_index ... ok
[INFO] [stdout] test local_runner::tests::test_operation_storage_new ... ok
[INFO] [stdout] test local_runner::tests::test_register_durable_function ... ok
[INFO] [stdout] test local_runner::tests::test_register_function_overwrites_existing ... ok
[INFO] [stdout] test local_runner::tests::test_register_multiple_functions ... ok
[INFO] [stdout] test local_runner::tests::test_register_regular_function ... ok
[INFO] [stdout] test local_runner::tests::test_reset_allows_fresh_run ... ok
[INFO] [stdout] test local_runner::tests::test_reset_clears_operation_storage ... ok
[INFO] [stdout] test local_runner::tests::test_run_failed_execution ... ok
[INFO] [stdout] test local_runner::tests::test_run_multiple_times_clears_previous_operations ... ok
[INFO] [stdout] test local_runner::tests::test_run_successful_execution ... ok
[INFO] [stdout] test local_runner::tests::test_run_with_orchestrator_failed_execution ... ok
[INFO] [stdout] test local_runner::tests::test_run_with_orchestrator_populates_nodejs_history_events ... ok
[INFO] [stdout] test local_runner::tests::test_run_with_orchestrator_successful_execution ... ok
[INFO] [stdout] test local_runner::tests::test_run_with_orchestrator_with_time_skipping ... ok
[INFO] [stdout] test local_runner::tests::test_setup_teardown_environment ... ok
[INFO] [stdout] test local_runner::tests::test_setup_without_time_skipping ... ok
[INFO] [stdout] test local_runner::tests::test_test_environment_config_default ... ok
[INFO] [stdout] test local_runner::property_tests::prop_operation_lookup_consistency ... ok
[INFO] [stdout] test local_runner::property_tests::prop_function_registration_retrieval ... ok
[INFO] [stdout] test mock_client::tests::test_mock_client_checkpoint_error_response ... ok
[INFO] [stdout] test mock_client::tests::test_mock_client_checkpoint_response_order ... ok
[INFO] [stdout] test mock_client::tests::test_mock_client_clear_checkpoint_calls ... ok
[INFO] [stdout] test mock_client::tests::test_mock_client_custom_checkpoint_response ... ok
[INFO] [stdout] test mock_client::tests::test_mock_client_custom_get_operations_response ... ok
[INFO] [stdout] test mock_client::tests::test_mock_client_debug ... ok
[INFO] [stdout] test mock_client::tests::test_mock_client_default ... ok
[INFO] [stdout] test mock_client::tests::test_mock_client_default_checkpoint_response ... ok
[INFO] [stdout] test mock_client::tests::test_mock_client_default_get_operations_response ... ok
[INFO] [stdout] test mock_client::tests::test_mock_client_falls_back_to_default_after_configured_responses ... ok
[INFO] [stdout] test mock_client::tests::test_mock_client_records_checkpoint_calls ... ok
[INFO] [stdout] test mock_client::tests::test_mock_client_records_get_operations_calls ... ok
[INFO] [stdout] test mock_client::tests::test_mock_client_records_multiple_checkpoint_calls ... ok
[INFO] [stdout] test mock_client::tests::test_mock_client_with_checkpoint_response_with_operations ... ok
[INFO] [stdout] test mock_client::tests::test_mock_client_with_checkpoint_responses ... ok
[INFO] [stdout] test local_runner::property_tests::prop_execution_status_consistency_failure ... ok
[INFO] [stdout] test local_runner::property_tests::prop_execution_status_consistency_success ... ok
[INFO] [stdout] test nodejs_event_pbt::tests::prop_event_type_mapping_consistency ... ok
[INFO] [stdout] test nodejs_event_pbt::tests::prop_pascal_case_field_names ... ok
[INFO] [stdout] test local_runner::property_tests::prop_operation_capture_completeness ... ok
[INFO] [stdout] test nodejs_event_pbt::tests::test_all_event_type_mappings ... ok
[INFO] [stdout] test nodejs_event_pbt::tests::test_current_timestamp_format ... ok
[INFO] [stdout] test nodejs_event_pbt::tests::test_empty_history_is_empty_array ... ok
[INFO] [stdout] test nodejs_event_pbt::tests::test_format_timestamp_iso8601 ... ok
[INFO] [stdout] test nodejs_event_pbt::tests::test_no_events_wrapper ... ok
[INFO] [stdout] test nodejs_event_pbt::tests::test_pascal_case_all_event_types ... ok
[INFO] [stdout] test nodejs_event_pbt::tests::test_single_event_history_is_array ... ok
[INFO] [stdout] test local_runner::property_tests::prop_time_skipping_acceleration ... ok
[INFO] [stdout] test operation::property_tests::prop_type_specific_details_availability ... ok
[INFO] [stdout] test operation::tests::test_callback_details_default ... ok
[INFO] [stdout] test operation::tests::test_context_details_default ... ok
[INFO] [stdout] test operation::tests::test_get_callback_details_success ... ok
[INFO] [stdout] test operation::tests::test_get_callback_details_wrong_type ... ok
[INFO] [stdout] test operation::tests::test_get_child_operations_children_can_enumerate_grandchildren ... ok
[INFO] [stdout] test operation::tests::test_get_child_operations_empty_when_no_children ... ok
[INFO] [stdout] test operation::tests::test_get_child_operations_matching_parent_id ... ok
[INFO] [stdout] test operation::tests::test_get_child_operations_preserves_order ... ok
[INFO] [stdout] test operation::tests::test_get_child_operations_without_all_operations ... ok
[INFO] [stdout] test operation::tests::test_get_context_details_success ... ok
[INFO] [stdout] test operation::tests::test_get_context_details_wrong_type ... ok
[INFO] [stdout] test operation::tests::test_get_id ... ok
[INFO] [stdout] test operation::tests::test_get_invoke_details_success ... ok
[INFO] [stdout] test operation::tests::test_get_invoke_details_wrong_type ... ok
[INFO] [stdout] test operation::tests::test_get_name ... ok
[INFO] [stdout] test operation::tests::test_get_status ... ok
[INFO] [stdout] test operation::tests::test_get_step_details_success ... ok
[INFO] [stdout] test operation::tests::test_get_step_details_wrong_type ... ok
[INFO] [stdout] test operation::tests::test_get_type ... ok
[INFO] [stdout] test operation::tests::test_get_wait_details_success ... ok
[INFO] [stdout] test operation::tests::test_get_wait_details_wrong_type ... ok
[INFO] [stdout] test operation::tests::test_invoke_details_default ... ok
[INFO] [stdout] test operation::tests::test_is_callback ... ok
[INFO] [stdout] test operation::tests::test_is_completed ... ok
[INFO] [stdout] test operation::tests::test_send_callback_failure_on_callback_operation ... ok
[INFO] [stdout] test operation::tests::test_send_callback_failure_on_non_callback_operation ... ok
[INFO] [stdout] test operation::tests::test_send_callback_heartbeat_on_callback_operation ... ok
[INFO] [stdout] test operation::tests::test_send_callback_heartbeat_on_non_callback_operation ... ok
[INFO] [stdout] test operation::tests::test_send_callback_success_on_callback_operation ... ok
[INFO] [stdout] test operation::tests::test_send_callback_success_on_non_callback_operation ... ok
[INFO] [stdout] test operation::tests::test_step_details_default ... ok
[INFO] [stdout] test operation::tests::test_wait_details_default ... ok
[INFO] [stdout] test operation::tests::test_wait_for_data_completed_already_completed ... ok
[INFO] [stdout] test operation::tests::test_wait_for_data_completed_not_yet_completed ... ok
[INFO] [stdout] test operation::tests::test_wait_for_data_started_already_started ... ok
[INFO] [stdout] test operation::tests::test_wait_for_data_submitted_callback_with_id ... ok
[INFO] [stdout] test operation_handle::tests::test_get_callback_details_populated ... ok
[INFO] [stdout] test operation_handle::tests::test_get_callback_details_unpopulated_returns_error ... ok
[INFO] [stdout] test operation_handle::tests::test_get_child_operations_children_support_recursive_enumeration ... ok
[INFO] [stdout] test operation_handle::tests::test_get_child_operations_empty_when_no_children ... ok
[INFO] [stdout] test operation_handle::tests::test_get_child_operations_preserves_execution_order ... ok
[INFO] [stdout] test operation_handle::tests::test_get_child_operations_returns_matching_children ... ok
[INFO] [stdout] test operation_handle::tests::test_get_child_operations_unpopulated_returns_error ... ok
[INFO] [stdout] test operation_handle::tests::test_get_context_details_populated ... ok
[INFO] [stdout] test operation_handle::tests::test_get_context_details_unpopulated_returns_error ... ok
[INFO] [stdout] test operation_handle::tests::test_get_id_populated ... ok
[INFO] [stdout] test operation_handle::tests::test_get_id_unpopulated_returns_error ... ok
[INFO] [stdout] test operation_handle::tests::test_get_invoke_details_populated ... ok
[INFO] [stdout] test operation_handle::tests::test_get_invoke_details_unpopulated_returns_error ... ok
[INFO] [stdout] test operation_handle::tests::test_get_name_populated ... ok
[INFO] [stdout] test operation_handle::tests::test_get_name_unpopulated_returns_error ... ok
[INFO] [stdout] test operation_handle::tests::test_get_status_populated ... ok
[INFO] [stdout] test operation_handle::tests::test_get_status_unpopulated_returns_error ... ok
[INFO] [stdout] test operation_handle::tests::test_get_step_details_populated ... ok
[INFO] [stdout] test operation_handle::tests::test_get_step_details_unpopulated_returns_error ... ok
[INFO] [stdout] test operation_handle::tests::test_get_step_details_wrong_type_returns_type_mismatch ... ok
[INFO] [stdout] test operation_handle::tests::test_get_type_populated ... ok
[INFO] [stdout] test operation::property_tests::prop_callback_method_type_safety ... ok
[INFO] [stdout] test operation_handle::tests::test_get_type_unpopulated_returns_error ... ok
[INFO] [stdout] test operation_handle::tests::test_get_wait_details_populated ... ok
[INFO] [stdout] test operation_handle::tests::test_get_wait_details_unpopulated_returns_error ... ok
[INFO] [stdout] test operation_handle::tests::test_is_populated_false_when_new ... ok
[INFO] [stdout] test operation_handle::tests::test_is_populated_true_after_population ... ok
[INFO] [stdout] test operation_handle::tests::test_matcher_description ... ok
[INFO] [stdout] test operation_handle::tests::test_operation_handle_clone ... ok
[INFO] [stdout] test operation_handle::tests::test_operation_handle_new_by_id ... ok
[INFO] [stdout] test operation_handle::tests::test_operation_handle_new_by_index ... ok
[INFO] [stdout] test operation_handle::tests::test_operation_handle_starts_unpopulated ... ok
[INFO] [stdout] test local_runner::property_tests::prop_reset_clears_state ... ok
[INFO] [stdout] test operation_handle::tests::test_operation_matcher_debug ... ok
[INFO] [stdout] test operation_handle::tests::test_send_callback_failure_delegates_to_sender ... ok
[INFO] [stdout] test operation_handle::tests::test_send_callback_failure_non_callback_returns_error ... ok
[INFO] [stdout] test operation_handle::tests::test_send_callback_failure_unpopulated_returns_error ... ok
[INFO] [stdout] test operation_handle::tests::test_send_callback_heartbeat_non_callback_returns_error ... ok
[INFO] [stdout] test operation_handle::tests::test_operation_handle_new_by_name ... ok
[INFO] [stdout] test operation_handle::tests::test_send_callback_heartbeat_unpopulated_returns_error ... ok
[INFO] [stdout] test operation_handle::tests::test_send_callback_success_delegates_to_sender ... ok
[INFO] [stdout] test operation_handle::tests::test_send_callback_success_no_sender_returns_error ... ok
[INFO] [stdout] test operation_handle::tests::test_send_callback_success_non_callback_returns_error ... ok
[INFO] [stdout] test operation_handle::tests::test_send_callback_heartbeat_delegates_to_sender ... ok
[INFO] [stdout] test operation_handle::tests::test_send_callback_success_no_callback_id_returns_error ... ok
[INFO] [stdout] test operation_handle::tests::test_send_callback_success_unpopulated_returns_error ... ok
[INFO] [stdout] test operation_handle::tests::test_status_matches_target_non_terminal_does_not_satisfy_completed ... ok
[INFO] [stdout] test operation_handle::tests::test_status_matches_target_all_terminal_statuses_satisfy_completed ... ok
[INFO] [stdout] test operation_handle::tests::test_wait_for_data_callback_without_id_does_not_satisfy_submitted ... ok
[INFO] [stdout] test operation_handle::tests::test_wait_for_data_completed_resolves_immediately_when_terminal ... ok
[INFO] [stdout] test operation_handle::tests::test_wait_for_data_started_resolves_immediately_when_populated ... ok
[INFO] [stdout] test operation_handle::tests::test_wait_for_data_non_terminal_does_not_satisfy_completed ... ok
[INFO] [stdout] test operation_handle::tests::test_wait_for_data_submitted_resolves_for_callback_with_id ... ok
[INFO] [stdout] test operation_handle::tests::test_wait_for_data_submitted_resolves_for_non_callback ... ok
[INFO] [stdout] test operation_handle::tests::test_wait_for_data_unpopulated_not_started_returns_error_on_channel_close ... ok
[INFO] [stdout] test operation_handle::tests::test_wait_for_data_resolves_when_status_update_arrives ... ok
[INFO] [stdout] test run_future::tests::test_run_future_error ... ok
[INFO] [stdout] test run_future::tests::test_run_future_from_future_error ... ok
[INFO] [stdout] test run_future::tests::test_run_future_from_future_success ... ok
[INFO] [stdout] test run_future::tests::test_run_future_join_error ... ok
[INFO] [stdout] test run_future::tests::test_run_future_success ... ok
[INFO] [stdout] test nodejs_event_pbt::tests::prop_event_id_monotonicity ... ok
[INFO] [stdout] test operation_handle::tests::test_wait_for_data_submitted_waits_for_callback_id ... ok
[INFO] [stdout] test test_result::tests::test_cancelled_status ... ok
[INFO] [stdout] test test_result::tests::test_failure_result ... ok
[INFO] [stdout] test test_result::tests::test_format_duration ... ok
[INFO] [stdout] test test_result::tests::test_get_operations ... ok
[INFO] [stdout] test test_result::tests::test_get_operations_by_status ... ok
[INFO] [stdout] test test_result::tests::test_history_event_builder ... ok
[INFO] [stdout] test test_result::tests::test_history_events ... ok
[INFO] [stdout] test test_result::tests::test_invocations ... ok
[INFO] [stdout] test test_result::tests::test_nodejs_history_events ... ok
[INFO] [stdout] test test_result::tests::test_print_config_all ... ok
[INFO] [stdout] test operation_handle::tests::test_wait_for_data_waits_through_non_terminal_updates ... ok
[INFO] [stdout] test test_result::tests::test_print_config_default ... ok
[INFO] [stdout] test test_result::tests::test_print_config_minimal ... ok
[INFO] [stdout] test test_result::tests::test_success_result ... ok
[INFO] [stdout] test test_result::tests::test_running_status ... ok
[INFO] [stdout] test test_result::tests::test_timed_out_status ... ok
[INFO] [stdout] test test_result::tests::test_truncate_string ... ok
[INFO] [stdout] test time_control::tests::test_advance_time ... ok
[INFO] [stdout] test time_control::tests::test_advance_millis ... ok
[INFO] [stdout] test time_control::tests::test_disable_is_idempotent ... ok
[INFO] [stdout] test time_control::tests::test_enable_disable ... ok
[INFO] [stdout] test time_control::tests::test_enable_is_idempotent ... ok
[INFO] [stdout] test time_control::tests::test_guard_cleanup_on_drop ... ok
[INFO] [stdout] test time_control::tests::test_guard_enables_time_control ... ok
[INFO] [stdout] test time_control::tests::test_sleep_with_time_control ... ok
[INFO] [stdout] test time_control::tests::test_reset ... ok
[INFO] [stdout] test types::tests::test_execution_status_failure ... ok
[INFO] [stdout] test types::tests::test_execution_status_terminal ... ok
[INFO] [stdout] test types::tests::test_invocation_duration ... ok
[INFO] [stdout] test types::tests::test_invoke_request_default_has_no_payload ... ok
[INFO] [stdout] test types::tests::test_execution_status_success ... ok
[INFO] [stdout] test types::tests::test_invoke_request_new_has_no_payload ... ok
[INFO] [stdout] test types::tests::test_invoke_request_from_raw_value ... ok
[INFO] [stdout] test types::tests::test_invoke_request_serde_round_trip ... ok
[INFO] [stdout] test types::tests::test_invoke_request_with_payload ... ok
[INFO] [stdout] test types::tests::test_test_result_error_display ... ok
[INFO] [stdout] test types::tests::test_invoke_request_serde_no_payload ... ok
[INFO] [stdout] test types::tests::test_waiting_operation_status_display ... ok
[INFO] [stdout] test types::tests::test_test_result_error_new ... ok
[INFO] [stdout] test nodejs_event_pbt::tests::prop_json_array_output_format ... ok
[INFO] [stdout] test mock_client::property_tests::prop_mock_client_response_order ... ok
[INFO] [stdout] test test_result::property_tests::prop_result_retrieval_consistency ... ok
[INFO] [stdout] test mock_client::property_tests::prop_mock_client_call_recording ... ok
[INFO] [stdout] test test_result::property_tests::prop_operation_filtering_correctness ... ok
[INFO] [stdout] test nodejs_event_pbt::tests::prop_timestamp_format_validity ... ok
[INFO] [stdout] 
[INFO] [stdout] test result: ok. 372 passed; 0 failed; 0 ignored; 0 measured; 0 filtered out; finished in 3.45s
[INFO] [stdout] 
[INFO] [stderr]      Running tests/callback_round_trip_tests.rs (/opt/rustwide/target/debug/deps/callback_round_trip_tests-8b209d95c09381ba)
[INFO] [stdout] 
[INFO] [stdout] running 3 tests
[INFO] [stdout] test test_multiple_concurrent_callbacks ... ok
[INFO] [stdout] test test_single_callback_round_trip ... ok
[INFO] [stdout] test test_callback_failure_propagation ... ok
[INFO] [stdout] 
[INFO] [stdout] test result: ok. 3 passed; 0 failed; 0 ignored; 0 measured; 0 filtered out; finished in 1.67s
[INFO] [stdout] 
[INFO] [stderr]      Running tests/cross_sdk_format_tests.rs (/opt/rustwide/target/debug/deps/cross_sdk_format_tests-4cc2dae19c88e6cf)
[INFO] [stdout] 
[INFO] [stdout] running 6 tests
[INFO] [stdout] test test_optional_fields_omitted_when_none ... ok
[INFO] [stdout] test test_history_output_is_flat_json_array ... ok
[INFO] [stdout] test test_all_event_types_serialize ... ok
[INFO] [stdout] test test_nodejs_sdk_compatible_format ... ok
[INFO] [stdout] test test_timestamps_are_iso_8601_format ... ok
[INFO] [stdout] test test_all_field_names_are_pascal_case ... ok
[INFO] [stdout] 
[INFO] [stdout] test result: ok. 6 passed; 0 failed; 0 ignored; 0 measured; 0 filtered out; finished in 0.03s
[INFO] [stdout] 
[INFO] [stderr]    Doc-tests durable_execution_sdk_testing
[INFO] [stdout] 
[INFO] [stdout] running 71 tests
[INFO] [stdout] test src/cloud_runner.rs - cloud_runner (line 8) ... ignored
[INFO] [stdout] test src/cloud_runner.rs - cloud_runner::CloudDurableTestRunner (line 657) ... ignored
[INFO] [stdout] test src/cloud_runner.rs - cloud_runner::CloudDurableTestRunner<O>::get_all_operations (line 1336) ... ignored
[INFO] [stdout] test src/cloud_runner.rs - cloud_runner::CloudDurableTestRunner<O>::get_operation (line 1205) ... ignored
[INFO] [stdout] test src/cloud_runner.rs - cloud_runner::CloudDurableTestRunner<O>::get_operation_by_id (line 1308) ... ignored
[INFO] [stdout] test src/cloud_runner.rs - cloud_runner::CloudDurableTestRunner<O>::get_operation_by_index (line 1236) ... ignored
[INFO] [stdout] test src/cloud_runner.rs - cloud_runner::CloudDurableTestRunner<O>::get_operation_by_name_and_index (line 1272) ... ignored
[INFO] [stdout] test src/cloud_runner.rs - cloud_runner::CloudDurableTestRunner<O>::get_operation_handle (line 1058) ... ignored
[INFO] [stdout] test src/cloud_runner.rs - cloud_runner::CloudDurableTestRunner<O>::get_operation_handle_by_id (line 1126) ... ignored
[INFO] [stdout] test src/cloud_runner.rs - cloud_runner::CloudDurableTestRunner<O>::get_operation_handle_by_index (line 1079) ... ignored
[INFO] [stdout] test src/cloud_runner.rs - cloud_runner::CloudDurableTestRunner<O>::get_operation_handle_by_name_and_index (line 1101) ... ignored
[INFO] [stdout] test src/cloud_runner.rs - cloud_runner::CloudDurableTestRunner<O>::new (line 723) ... ignored
[INFO] [stdout] test src/cloud_runner.rs - cloud_runner::CloudDurableTestRunner<O>::run (line 873) ... ignored
[INFO] [stdout] test src/cloud_runner.rs - cloud_runner::CloudDurableTestRunner<O>::with_client (line 766) ... ignored
[INFO] [stdout] test src/cloud_runner.rs - cloud_runner::CloudDurableTestRunner<O>::with_config (line 803) ... ignored
[INFO] [stdout] test src/lib.rs - (line 16) ... ignored
[INFO] [stdout] test src/local_runner.rs - local_runner (line 8) ... ignored
[INFO] [stdout] test src/local_runner.rs - local_runner::LocalDurableTestRunner (line 261) ... ignored
[INFO] [stdout] test src/local_runner.rs - local_runner::LocalDurableTestRunner<I,O>::clear_registered_functions (line 1419) ... ignored
[INFO] [stdout] test src/local_runner.rs - local_runner::LocalDurableTestRunner<I,O>::get_all_operations (line 1298) ... ignored
[INFO] [stdout] test src/local_runner.rs - local_runner::LocalDurableTestRunner<I,O>::get_operation (line 1205) ... ignored
[INFO] [stdout] test src/local_runner.rs - local_runner::LocalDurableTestRunner<I,O>::get_operation_by_id (line 1180) ... ignored
[INFO] [stdout] test src/local_runner.rs - local_runner::LocalDurableTestRunner<I,O>::get_operation_by_index (line 1234) ... ignored
[INFO] [stdout] test src/local_runner.rs - local_runner::LocalDurableTestRunner<I,O>::get_operation_by_name_and_index (line 1268) ... ignored
[INFO] [stdout] test src/local_runner.rs - local_runner::LocalDurableTestRunner<I,O>::get_operation_handle (line 1074) ... ignored
[INFO] [stdout] test src/local_runner.rs - local_runner::LocalDurableTestRunner<I,O>::get_operation_handle_by_id (line 1116) ... ignored
[INFO] [stdout] test src/local_runner.rs - local_runner::LocalDurableTestRunner<I,O>::get_operation_handle_by_index (line 1095) ... ignored
[INFO] [stdout] test src/local_runner.rs - local_runner::LocalDurableTestRunner<I,O>::has_registered_function (line 1393) ... ignored
[INFO] [stdout] test src/local_runner.rs - local_runner::LocalDurableTestRunner<I,O>::new (line 429) ... ignored
[INFO] [stdout] test src/local_runner.rs - local_runner::LocalDurableTestRunner<I,O>::register_durable_function (line 1323) ... ignored
[INFO] [stdout] test src/local_runner.rs - local_runner::LocalDurableTestRunner<I,O>::register_function (line 1361) ... ignored
[INFO] [stdout] test src/local_runner.rs - local_runner::LocalDurableTestRunner<I,O>::reset (line 1135) ... ignored
[INFO] [stdout] test src/local_runner.rs - local_runner::LocalDurableTestRunner<I,O>::run (line 572) ... ignored
[INFO] [stdout] test src/local_runner.rs - local_runner::LocalDurableTestRunner<I,O>::run_single_invocation (line 750) ... ignored
[INFO] [stdout] test src/local_runner.rs - local_runner::LocalDurableTestRunner<I,O>::run_with_orchestrator (line 956) ... ignored
[INFO] [stdout] test src/local_runner.rs - local_runner::LocalDurableTestRunner<I,O>::setup_test_environment (line 312) ... ignored
[INFO] [stdout] test src/local_runner.rs - local_runner::LocalDurableTestRunner<I,O>::teardown_test_environment (line 382) ... ignored
[INFO] [stdout] test src/local_runner.rs - local_runner::TestEnvironmentConfig (line 111) ... ok
[INFO] [stdout] test src/cloud_runner.rs - cloud_runner::CloudTestRunnerConfig (line 48) ... ok
[INFO] [stdout] test src/mock_client.rs - mock_client::CheckpointCall (line 42) ... FAILED
[INFO] [stdout] test src/mock_client.rs - mock_client (line 8) ... FAILED
[INFO] [stdout] test src/mock_client.rs - mock_client::MockDurableServiceClient (line 134) ... FAILED
[INFO] [stdout] test src/mock_client.rs - mock_client::MockDurableServiceClient (line 145) ... FAILED
[INFO] [stdout] test src/operation.rs - operation::DurableOperation (line 207) ... ignored
[INFO] [stdout] test src/operation_handle.rs - operation_handle::OperationHandle (line 45) ... ignored
[INFO] [stdout] test src/operation_handle.rs - operation_handle::OperationHandle::wait_for_data (line 282) ... ignored
[INFO] [stdout] test src/run_future.rs - run_future::RunFuture (line 35) ... ignored
[INFO] [stdout] test src/test_result.rs - test_result::TestResult (line 24) ... ignored
[INFO] [stdout] test src/time_control.rs - time_control (line 14) ... ignored
[INFO] [stdout] test src/time_control.rs - time_control::TimeControl (line 84) ... ignored
[INFO] [stdout] test src/time_control.rs - time_control::TimeControl::advance (line 296) ... ignored
[INFO] [stdout] test src/time_control.rs - time_control::TimeControl::advance_millis (line 351) ... ignored
[INFO] [stdout] test src/time_control.rs - time_control::TimeControl::advance_secs (line 324) ... ignored
[INFO] [stdout] test src/time_control.rs - time_control::TimeControl::disable (line 238) ... ignored
[INFO] [stdout] test src/time_control.rs - time_control::TimeControl::enable (line 119) ... ignored
[INFO] [stdout] test src/time_control.rs - time_control::TimeControl::is_enabled (line 265) ... ignored
[INFO] [stdout] test src/time_control.rs - time_control::TimeControl::reset (line 375) ... ignored
[INFO] [stdout] test src/time_control.rs - time_control::TimeControlGuard (line 397) ... ignored
[INFO] [stdout] test src/time_control.rs - time_control::TimeControlGuard::new (line 423) ... ignored
[INFO] [stdout] test src/mock_client.rs - mock_client::MockDurableServiceClient (line 126) ... FAILED
[INFO] [stdout] test src/error.rs - error::TestError (line 18) ... FAILED
[INFO] [stdout] test src/mock_client.rs - mock_client::MockDurableServiceClient::get_checkpoint_calls (line 303) has been running for over 60 seconds
[INFO] [stdout] test src/mock_client.rs - mock_client::MockDurableServiceClient::with_checkpoint_response (line 191) has been running for over 60 seconds
[INFO] [stdout] test src/mock_client.rs - mock_client::MockDurableServiceClient::with_checkpoint_response_with_operations (line 238) has been running for over 60 seconds
[INFO] [stdout] test src/mock_client.rs - mock_client::MockDurableServiceClient::with_checkpoint_responses (line 215) has been running for over 60 seconds
[INFO] [stdout] test src/mock_client.rs - mock_client::MockDurableServiceClient::with_get_operations_response (line 275) has been running for over 60 seconds
[INFO] [stdout] test src/mock_client.rs - mock_client::MockDurableServiceClient::get_checkpoint_calls (line 303) ... FAILED
[INFO] [stdout] test src/mock_client.rs - mock_client::MockDurableServiceClient::with_checkpoint_responses (line 215) ... FAILED
[INFO] [stdout] test src/types.rs - types::ExecutionStatus (line 15) has been running for over 60 seconds
[INFO] [stdout] test src/types.rs - types::Invocation (line 162) has been running for over 60 seconds
[INFO] [stdout] test src/types.rs - types::InvokeRequest (line 278) has been running for over 60 seconds
[INFO] [stdout] test src/types.rs - types::Invocation (line 162) ... FAILED
[INFO] [stdout] test src/mock_client.rs - mock_client::MockDurableServiceClient::with_checkpoint_response_with_operations (line 238) ... FAILED
[INFO] [stdout] test src/mock_client.rs - mock_client::MockDurableServiceClient::with_checkpoint_response (line 191) ... FAILED
[INFO] [stdout] test src/types.rs - types::WaitingOperationStatus (line 242) ... ok
[INFO] [stdout] test src/types.rs - types::InvokeRequest (line 278) ... ok
[INFO] [stdout] test src/types.rs - types::TestResultError (line 78) ... ok
[INFO] [stdout] test src/types.rs - types::ExecutionStatus (line 15) ... ok
[INFO] [stdout] test src/mock_client.rs - mock_client::MockDurableServiceClient::with_get_operations_response (line 275) ... ok
[INFO] [stdout] 
[INFO] [stdout] failures:
[INFO] [stdout] 
[INFO] [stdout] ---- src/mock_client.rs - mock_client::CheckpointCall (line 42) stdout ----
[INFO] [stdout] error: linking with `cc` failed: exit status: 1
[INFO] [stdout]   |
[INFO] [stdout]   = note:  "cc" "-m64" "/tmp/rustdoctestgudQWX/rustcUPkqTE/symbols.o" "<2 object files omitted>" "-Wl,--as-needed" "-Wl,-Bstatic" "/opt/rustwide/target/debug/deps/{libtokio_test-e1bf33e6af10bbbf,libdurable_execution_sdk_testing-61f4529a5a523a03,libaws_sdk_lambda-5b6f79f6188ccee5,libdurable_execution_sdk-c6eed048acfd9885,liblambda_runtime-7cac3e21431050dd,libhttp_serde-19488e5f4b0b0b25,libserde_path_to_error-27ee74d3083bd57a,libasync_stream-17d86ef5fef7654b,libpin_project-c7b48848e7fed083,liblambda_runtime_api_client-11ac8f434de6dfcc,libtracing_subscriber-a51afaca091a1964,libtracing_serde-fde70c956b29c48d,libsharded_slab-bd3e89e1e50b7c87,liblazy_static-3674be3f4245d19b,libmatchers-657b767e2e15aeb8,libthread_local-b4f6fe44d641c0b1,libfutures-de6e887256efe489,libfutures_executor-78273afa9cf5e203,libtokio_stream-29c7ff0d1b64f5b5,libregex-1342197ac76a7579,libregex_automata-e4e8d49138828df4,libaho_corasick-fa94425a423a79cf,libregex_syntax-6d6ee545e2ffad72,libreqwest-ff3c51686ecd8de3,librustls_platform_verifier-ce50285066b3126e,libmime-0188e0814ca7ddbf,libencoding_rs-c7a67ac351c2b19f,libtower_http-c6636ad579988c4f,libbitflags-19bd3a07fb167555,libiri_string-1c2d5ecaae82a205,libaws_config-30a7b5e95788787d,liburl-c53a9c40193e4323,libidna-65257e9b12bac238,libutf8_iter-51566bbad89f3a68,libidna_adapter-7c6006dd22e2b475,libicu_properties-82ff42289bb7499c,libicu_properties_data-b217809bf575558a,libicu_normalizer-5635eb673fd734d8,libicu_normalizer_data-ab8997d7cbbb3306,libicu_collections-f0026b89614cd57d,libpotential_utf-1a624fe73bbd467a,libicu_provider-0397860365ebade6,libicu_locale_core-816fe88e71ee8167,libtinystr-a70de79dd32ef62f,liblitemap-cd9b5b2aa04e2018,libwriteable-4f74a67d38fff78e,libzerovec-d945614e18b562f6,libzerotrie-ebf521f2ef5efadc,libyoke-da17f70501a25c31,libstable_deref_trait-63cbf3f3d3f94e56,libzerofrom-9cf902e0d855375e,libsha1-470390a6d99a0bb7,libaws_sdk_ssooidc-1a7be110f00ee8b6,libaws_sdk_sso-3da1dc59bb315843,libaws_sdk_sts-9d996daaddc76278,libaws_smithy_query-4bc08361016128a8,liburlencoding-061758bc6028ea3e,libaws_smithy_xml-dbcb61fcd96762e7,libxmlparser-fad6613a8b481ba6,libregex_lite-89aafaa622c47d82,libaws_runtime-af81e13a9dda29df,libuuid-30756702093851bf,libgetrandom-6841e0dbdb6c146b,libaws_smithy_json-1787cffa21325e74,libaws_smithy_runtime-ecd570cb129eac8a,libfastrand-751bcde24b8aa073,libaws_smithy_observability-4686def8aed6adaa,libaws_smithy_http_client-ef59e38e7fffc6b9,libhyper_rustls-dd987ef029d045e9,libtokio_rustls-f3e670c8f3f351f6,librustls-c4f0dce69651a7fe,libwebpki-887d78fd11fcce78,libaws_lc_rs-770cc9dcacd4ee7d,libaws_lc_sys-f12ffe7bd48e565a,libtower-c5a3e1d9b8e06a1a,libsync_wrapper-6bdfbc29c4269203,libtower_layer-d908dd771b239ecd,libhyper_util-a2344e452f129e6f,libbase64-32787b0325ea6df8,libipnet-61ca7a5e1c2863d4,libhyper-1cbe6d40d02eaccb,libh2-1df814829d99bc09,libatomic_waker-06950c8c08d2b8fa,librustls_native_certs-465b2aa2129aa72f,libopenssl_probe-6b1b371432012237,librustls_pki_types-a1ff9279e609de76,libhyper_rustls-3b7d65793f4664a1,libtokio_rustls-76d4d1ec460ecbce,librustls-1cb857a2d5910ddc,libsct-5bc948e803ccc32d,libwebpki-d2fed76d3bbc2b05,libring-c6624ffecc8b7bfa,libgetrandom-4171ddcf5fa94c89,libuntrusted-b2f816886faf2178,libhyper-541d9261813d08da,libwant-7a6260b9c50f1479,libtry_lock-8fa2f6971035be84,libsocket2-090fb42053c5cefe,libhttparse-8c9b827b8f345444,libtower_service-3fb88d28c2218805,libhttpdate-331798cefc82cc7e,libh2-2aa2badd0ee1b496,libindexmap-f006485b143d2676,libequivalent-6a754676e6af62ae,libhashbrown-25abce2d85979e8d,libaws_types-5200232914c6b16a,libserde_json-647911d2198f34a9,libzmij-ef63f1da73704b4c,libstatic_assertions-f0217ecdd817a834,libchrono-b4cf3aedcd5b3ea3,libiana_time_zone-bcd81aefedc374a6,libthiserror-5e90adc18491a337,libblake2-0618d6d584a373d2,libserde-812851b95e4e1b1c,libserde_core-49c5f0449f9ff544,libaws_sigv4-daecc476747f4965,libform_urlencoded-58b0f0edb59b40d2,libhex-13e08b3b00984ab7,libaws_smithy_http-2c1f608c1af74c00,libpercent_encoding-fa055ecaa1e57cfa,libaws_smithy_eventstream-263775fb8c2b35db,libcrc32fast-77160f4e25d6fc25,libsha2-095ad84fd5bfa493,libcpufeatures-e04321643d03190d,libhmac-cd7a37938e839740,libdigest-55f2c16e3612c500,libsubtle-2ae6a7038b9a0630,libblock_buffer-ceb5bfb4b62e5dc4,libcrypto_common-56b940ef3ee0385e,libgeneric_array-3399f74876fb1fa9,libtypenum-973adb5204d6e560,libaws_credential_types-dec6dc29c59b0de4,libaws_smithy_runtime_api-877f66c8aa7a0b0f,libaws_smithy_async-858e6136401239e4,libfutures_util-eb78ac1c55973e72,libmemchr-5cfa70d22cb32987,libfutures_io-a8805bd12b2ab705,libslab-0582d648e59ab406,libfutures_channel-04b287164a72dbf0,libfutures_task-36f327cfab86eddc,libtracing-955695d27ab45bf4,liblog-f16ce4b64309590f,libtracing_core-d26029c784af5925,libonce_cell-b5bdc597ed9676b3,libzeroize-7f213bea776ca5b6,libaws_smithy_types-f9a6691eb28b6ff6,libryu-1f4f40e4352371e5,libpin_utils-3860774ad9b215b5,libtime-297fa7e7d695d466,libtime_core-031b6ab885a7634b,libnum_conv-4e1233169d5eeba7,libderanged-d0114085ae3b02c5,libpowerfmt-f6019a2766e431f7,libnum_integer-95c76d88c2be62f5,libnum_traits-17bedafaa2a61f51,libtokio_util-e72dff8438ea3e41,libfutures_sink-3971bde37bb30e19,libtokio-4995f77718a2ab9a,libsignal_hook_registry-0370c074c4bef323,liberrno-1d9457f3d77a0a23,libsocket2-050091baf38e5996,libmio-b3d300bcba2dd5a7,libparking_lot-3ffc45ac74faea53,libparking_lot_core-5da3b68e7b565456,liblibc-585253b8e2aa2651,libcfg_if-83060ec5685761ae,libsmallvec-bc3128fdd57228fc,liblock_api-16d46fed645f7bff,libscopeguard-7ec2214574194454,libbytes_utils-8c76400078871503,libeither-40b894c145b6eae5,libhttp_body-4d52896d975fd682,libhttp-59da2a0bfabc2669,libfnv-79e2cbfbe03dcd16,libhttp_body_util-ed5fbd1db1f6d6fc,libfutures_core-1121ff913ed87f93,libhttp_body-8d8f9f8398f09fa7,libhttp-563f2cb150350555,libitoa-5de11b3b23bfe572,libpin_project_lite-0a15d51c77964692,libbytes-2ed9460101f17bbf,libbase64_simd-d78819428296f469,liboutref-a8d151a70d892957,libvsimd-df18ed82e402df6e}.rlib" "<sysroot>/lib/rustlib/x86_64-unknown-linux-gnu/lib/{libstd-*,libpanic_unwind-*,libobject-*,libmemchr-*,libaddr2line-*,libgimli-*,libcfg_if-*,librustc_demangle-*,libstd_detect-*,libhashbrown-*,librustc_std_workspace_alloc-*,libminiz_oxide-*,libadler2-*,libunwind-*,liblibc-*,librustc_std_workspace_core-*,liballoc-*,libcore-*,libcompiler_builtins-*}.rlib" "-Wl,-Bdynamic" "-lgcc_s" "-lutil" "-lrt" "-lpthread" "-lm" "-ldl" "-lc" "-L" "/tmp/rustdoctestgudQWX/rustcUPkqTE/raw-dylibs" "-B<sysroot>/lib/rustlib/x86_64-unknown-linux-gnu/bin/gcc-ld" "-fuse-ld=lld" "-Wl,--eh-frame-hdr" "-Wl,-z,noexecstack" "-L" "/opt/rustwide/target/debug/build/aws-lc-sys-d88fa28f4089ddad/out" "-L" "/opt/rustwide/target/debug/build/ring-ed9f6680db824c3c/out" "-L" "<sysroot>/lib/rustlib/x86_64-unknown-linux-gnu/lib" "-o" "/tmp/rustdoctestgudQWX/rust_out" "-Wl,--gc-sections" "-pie" "-Wl,-z,relro,-z,now" "-nodefaultlibs"
[INFO] [stdout]   = note: some arguments are omitted. use `--verbose` to show all linker arguments
[INFO] [stdout]   = note: collect2: fatal error: ld terminated with signal 9 [Killed]
[INFO] [stdout]           compilation terminated.
[INFO] [stdout]           
[INFO] [stdout] 
[INFO] [stdout] error: aborting due to 1 previous error
[INFO] [stdout] 
[INFO] [stdout] Couldn't compile the test.
[INFO] [stdout] ---- src/mock_client.rs - mock_client (line 8) stdout ----
[INFO] [stdout] error: linking with `cc` failed: exit status: 1
[INFO] [stdout]   |
[INFO] [stdout]   = note:  "cc" "-m64" "/tmp/rustdoctestXRfZOG/rustcpkBehY/symbols.o" "<2 object files omitted>" "-Wl,--as-needed" "-Wl,-Bstatic" "/opt/rustwide/target/debug/deps/{libdurable_execution_sdk_testing-61f4529a5a523a03,libaws_sdk_lambda-5b6f79f6188ccee5,libdurable_execution_sdk-c6eed048acfd9885,liblambda_runtime-7cac3e21431050dd,libhttp_serde-19488e5f4b0b0b25,libserde_path_to_error-27ee74d3083bd57a,libasync_stream-17d86ef5fef7654b,libpin_project-c7b48848e7fed083,liblambda_runtime_api_client-11ac8f434de6dfcc,libtracing_subscriber-a51afaca091a1964,libtracing_serde-fde70c956b29c48d,libsharded_slab-bd3e89e1e50b7c87,liblazy_static-3674be3f4245d19b,libmatchers-657b767e2e15aeb8,libthread_local-b4f6fe44d641c0b1,libfutures-de6e887256efe489,libfutures_executor-78273afa9cf5e203,libtokio_stream-29c7ff0d1b64f5b5,libregex-1342197ac76a7579,libregex_automata-e4e8d49138828df4,libaho_corasick-fa94425a423a79cf,libregex_syntax-6d6ee545e2ffad72,libreqwest-ff3c51686ecd8de3,librustls_platform_verifier-ce50285066b3126e,libmime-0188e0814ca7ddbf,libencoding_rs-c7a67ac351c2b19f,libtower_http-c6636ad579988c4f,libbitflags-19bd3a07fb167555,libiri_string-1c2d5ecaae82a205,libaws_config-30a7b5e95788787d,liburl-c53a9c40193e4323,libidna-65257e9b12bac238,libutf8_iter-51566bbad89f3a68,libidna_adapter-7c6006dd22e2b475,libicu_properties-82ff42289bb7499c,libicu_properties_data-b217809bf575558a,libicu_normalizer-5635eb673fd734d8,libicu_normalizer_data-ab8997d7cbbb3306,libicu_collections-f0026b89614cd57d,libpotential_utf-1a624fe73bbd467a,libicu_provider-0397860365ebade6,libicu_locale_core-816fe88e71ee8167,libtinystr-a70de79dd32ef62f,liblitemap-cd9b5b2aa04e2018,libwriteable-4f74a67d38fff78e,libzerovec-d945614e18b562f6,libzerotrie-ebf521f2ef5efadc,libyoke-da17f70501a25c31,libstable_deref_trait-63cbf3f3d3f94e56,libzerofrom-9cf902e0d855375e,libsha1-470390a6d99a0bb7,libaws_sdk_ssooidc-1a7be110f00ee8b6,libaws_sdk_sso-3da1dc59bb315843,libaws_sdk_sts-9d996daaddc76278,libaws_smithy_query-4bc08361016128a8,liburlencoding-061758bc6028ea3e,libaws_smithy_xml-dbcb61fcd96762e7,libxmlparser-fad6613a8b481ba6,libregex_lite-89aafaa622c47d82,libaws_runtime-af81e13a9dda29df,libuuid-30756702093851bf,libgetrandom-6841e0dbdb6c146b,libaws_smithy_json-1787cffa21325e74,libaws_smithy_runtime-ecd570cb129eac8a,libfastrand-751bcde24b8aa073,libaws_smithy_observability-4686def8aed6adaa,libaws_smithy_http_client-ef59e38e7fffc6b9,libhyper_rustls-dd987ef029d045e9,libtokio_rustls-f3e670c8f3f351f6,librustls-c4f0dce69651a7fe,libwebpki-887d78fd11fcce78,libaws_lc_rs-770cc9dcacd4ee7d,libaws_lc_sys-f12ffe7bd48e565a,libtower-c5a3e1d9b8e06a1a,libsync_wrapper-6bdfbc29c4269203,libtower_layer-d908dd771b239ecd,libhyper_util-a2344e452f129e6f,libbase64-32787b0325ea6df8,libipnet-61ca7a5e1c2863d4,libhyper-1cbe6d40d02eaccb,libh2-1df814829d99bc09,libatomic_waker-06950c8c08d2b8fa,librustls_native_certs-465b2aa2129aa72f,libopenssl_probe-6b1b371432012237,librustls_pki_types-a1ff9279e609de76,libhyper_rustls-3b7d65793f4664a1,libtokio_rustls-76d4d1ec460ecbce,librustls-1cb857a2d5910ddc,libsct-5bc948e803ccc32d,libwebpki-d2fed76d3bbc2b05,libring-c6624ffecc8b7bfa,libgetrandom-4171ddcf5fa94c89,libuntrusted-b2f816886faf2178,libhyper-541d9261813d08da,libwant-7a6260b9c50f1479,libtry_lock-8fa2f6971035be84,libsocket2-090fb42053c5cefe,libhttparse-8c9b827b8f345444,libtower_service-3fb88d28c2218805,libhttpdate-331798cefc82cc7e,libh2-2aa2badd0ee1b496,libindexmap-f006485b143d2676,libequivalent-6a754676e6af62ae,libhashbrown-25abce2d85979e8d,libaws_types-5200232914c6b16a,libserde_json-647911d2198f34a9,libzmij-ef63f1da73704b4c,libstatic_assertions-f0217ecdd817a834,libchrono-b4cf3aedcd5b3ea3,libiana_time_zone-bcd81aefedc374a6,libthiserror-5e90adc18491a337,libblake2-0618d6d584a373d2,libserde-812851b95e4e1b1c,libserde_core-49c5f0449f9ff544,libaws_sigv4-daecc476747f4965,libform_urlencoded-58b0f0edb59b40d2,libhex-13e08b3b00984ab7,libaws_smithy_http-2c1f608c1af74c00,libpercent_encoding-fa055ecaa1e57cfa,libaws_smithy_eventstream-263775fb8c2b35db,libcrc32fast-77160f4e25d6fc25,libsha2-095ad84fd5bfa493,libcpufeatures-e04321643d03190d,libhmac-cd7a37938e839740,libdigest-55f2c16e3612c500,libsubtle-2ae6a7038b9a0630,libblock_buffer-ceb5bfb4b62e5dc4,libcrypto_common-56b940ef3ee0385e,libgeneric_array-3399f74876fb1fa9,libtypenum-973adb5204d6e560,libaws_credential_types-dec6dc29c59b0de4,libaws_smithy_runtime_api-877f66c8aa7a0b0f,libaws_smithy_async-858e6136401239e4,libfutures_util-eb78ac1c55973e72,libmemchr-5cfa70d22cb32987,libfutures_io-a8805bd12b2ab705,libslab-0582d648e59ab406,libfutures_channel-04b287164a72dbf0,libfutures_task-36f327cfab86eddc,libtracing-955695d27ab45bf4,liblog-f16ce4b64309590f,libtracing_core-d26029c784af5925,libonce_cell-b5bdc597ed9676b3,libzeroize-7f213bea776ca5b6,libaws_smithy_types-f9a6691eb28b6ff6,libryu-1f4f40e4352371e5,libpin_utils-3860774ad9b215b5,libtime-297fa7e7d695d466,libtime_core-031b6ab885a7634b,libnum_conv-4e1233169d5eeba7,libderanged-d0114085ae3b02c5,libpowerfmt-f6019a2766e431f7,libnum_integer-95c76d88c2be62f5,libnum_traits-17bedafaa2a61f51,libtokio_util-e72dff8438ea3e41,libfutures_sink-3971bde37bb30e19,libtokio-4995f77718a2ab9a,libsignal_hook_registry-0370c074c4bef323,liberrno-1d9457f3d77a0a23,libsocket2-050091baf38e5996,libmio-b3d300bcba2dd5a7,libparking_lot-3ffc45ac74faea53,libparking_lot_core-5da3b68e7b565456,liblibc-585253b8e2aa2651,libcfg_if-83060ec5685761ae,libsmallvec-bc3128fdd57228fc,liblock_api-16d46fed645f7bff,libscopeguard-7ec2214574194454,libbytes_utils-8c76400078871503,libeither-40b894c145b6eae5,libhttp_body-4d52896d975fd682,libhttp-59da2a0bfabc2669,libfnv-79e2cbfbe03dcd16,libhttp_body_util-ed5fbd1db1f6d6fc,libfutures_core-1121ff913ed87f93,libhttp_body-8d8f9f8398f09fa7,libhttp-563f2cb150350555,libitoa-5de11b3b23bfe572,libpin_project_lite-0a15d51c77964692,libbytes-2ed9460101f17bbf,libbase64_simd-d78819428296f469,liboutref-a8d151a70d892957,libvsimd-df18ed82e402df6e}.rlib" "<sysroot>/lib/rustlib/x86_64-unknown-linux-gnu/lib/{libstd-*,libpanic_unwind-*,libobject-*,libmemchr-*,libaddr2line-*,libgimli-*,libcfg_if-*,librustc_demangle-*,libstd_detect-*,libhashbrown-*,librustc_std_workspace_alloc-*,libminiz_oxide-*,libadler2-*,libunwind-*,liblibc-*,librustc_std_workspace_core-*,liballoc-*,libcore-*,libcompiler_builtins-*}.rlib" "-Wl,-Bdynamic" "-lgcc_s" "-lutil" "-lrt" "-lpthread" "-lm" "-ldl" "-lc" "-L" "/tmp/rustdoctestXRfZOG/rustcpkBehY/raw-dylibs" "-B<sysroot>/lib/rustlib/x86_64-unknown-linux-gnu/bin/gcc-ld" "-fuse-ld=lld" "-Wl,--eh-frame-hdr" "-Wl,-z,noexecstack" "-L" "/opt/rustwide/target/debug/build/aws-lc-sys-d88fa28f4089ddad/out" "-L" "/opt/rustwide/target/debug/build/ring-ed9f6680db824c3c/out" "-L" "<sysroot>/lib/rustlib/x86_64-unknown-linux-gnu/lib" "-o" "/tmp/rustdoctestXRfZOG/rust_out" "-Wl,--gc-sections" "-pie" "-Wl,-z,relro,-z,now" "-nodefaultlibs"
[INFO] [stdout]   = note: some arguments are omitted. use `--verbose` to show all linker arguments
[INFO] [stdout]   = note: collect2: fatal error: ld terminated with signal 9 [Killed]
[INFO] [stdout]           compilation terminated.
[INFO] [stdout]           
[INFO] [stdout] 
[INFO] [stdout] error: aborting due to 1 previous error
[INFO] [stdout] 
[INFO] [stdout] Couldn't compile the test.
[INFO] [stdout] ---- src/mock_client.rs - mock_client::MockDurableServiceClient (line 134) stdout ----
[INFO] [stdout] error: linking with `cc` failed: exit status: 1
[INFO] [stdout]   |
[INFO] [stdout]   = note:  "cc" "-m64" "/tmp/rustdoctestcVFZ0E/rustc8svmVn/symbols.o" "<2 object files omitted>" "-Wl,--as-needed" "-Wl,-Bstatic" "/opt/rustwide/target/debug/deps/{libdurable_execution_sdk_testing-61f4529a5a523a03,libaws_sdk_lambda-5b6f79f6188ccee5,libdurable_execution_sdk-c6eed048acfd9885,liblambda_runtime-7cac3e21431050dd,libhttp_serde-19488e5f4b0b0b25,libserde_path_to_error-27ee74d3083bd57a,libasync_stream-17d86ef5fef7654b,libpin_project-c7b48848e7fed083,liblambda_runtime_api_client-11ac8f434de6dfcc,libtracing_subscriber-a51afaca091a1964,libtracing_serde-fde70c956b29c48d,libsharded_slab-bd3e89e1e50b7c87,liblazy_static-3674be3f4245d19b,libmatchers-657b767e2e15aeb8,libthread_local-b4f6fe44d641c0b1,libfutures-de6e887256efe489,libfutures_executor-78273afa9cf5e203,libtokio_stream-29c7ff0d1b64f5b5,libregex-1342197ac76a7579,libregex_automata-e4e8d49138828df4,libaho_corasick-fa94425a423a79cf,libregex_syntax-6d6ee545e2ffad72,libreqwest-ff3c51686ecd8de3,librustls_platform_verifier-ce50285066b3126e,libmime-0188e0814ca7ddbf,libencoding_rs-c7a67ac351c2b19f,libtower_http-c6636ad579988c4f,libbitflags-19bd3a07fb167555,libiri_string-1c2d5ecaae82a205,libaws_config-30a7b5e95788787d,liburl-c53a9c40193e4323,libidna-65257e9b12bac238,libutf8_iter-51566bbad89f3a68,libidna_adapter-7c6006dd22e2b475,libicu_properties-82ff42289bb7499c,libicu_properties_data-b217809bf575558a,libicu_normalizer-5635eb673fd734d8,libicu_normalizer_data-ab8997d7cbbb3306,libicu_collections-f0026b89614cd57d,libpotential_utf-1a624fe73bbd467a,libicu_provider-0397860365ebade6,libicu_locale_core-816fe88e71ee8167,libtinystr-a70de79dd32ef62f,liblitemap-cd9b5b2aa04e2018,libwriteable-4f74a67d38fff78e,libzerovec-d945614e18b562f6,libzerotrie-ebf521f2ef5efadc,libyoke-da17f70501a25c31,libstable_deref_trait-63cbf3f3d3f94e56,libzerofrom-9cf902e0d855375e,libsha1-470390a6d99a0bb7,libaws_sdk_ssooidc-1a7be110f00ee8b6,libaws_sdk_sso-3da1dc59bb315843,libaws_sdk_sts-9d996daaddc76278,libaws_smithy_query-4bc08361016128a8,liburlencoding-061758bc6028ea3e,libaws_smithy_xml-dbcb61fcd96762e7,libxmlparser-fad6613a8b481ba6,libregex_lite-89aafaa622c47d82,libaws_runtime-af81e13a9dda29df,libuuid-30756702093851bf,libgetrandom-6841e0dbdb6c146b,libaws_smithy_json-1787cffa21325e74,libaws_smithy_runtime-ecd570cb129eac8a,libfastrand-751bcde24b8aa073,libaws_smithy_observability-4686def8aed6adaa,libaws_smithy_http_client-ef59e38e7fffc6b9,libhyper_rustls-dd987ef029d045e9,libtokio_rustls-f3e670c8f3f351f6,librustls-c4f0dce69651a7fe,libwebpki-887d78fd11fcce78,libaws_lc_rs-770cc9dcacd4ee7d,libaws_lc_sys-f12ffe7bd48e565a,libtower-c5a3e1d9b8e06a1a,libsync_wrapper-6bdfbc29c4269203,libtower_layer-d908dd771b239ecd,libhyper_util-a2344e452f129e6f,libbase64-32787b0325ea6df8,libipnet-61ca7a5e1c2863d4,libhyper-1cbe6d40d02eaccb,libh2-1df814829d99bc09,libatomic_waker-06950c8c08d2b8fa,librustls_native_certs-465b2aa2129aa72f,libopenssl_probe-6b1b371432012237,librustls_pki_types-a1ff9279e609de76,libhyper_rustls-3b7d65793f4664a1,libtokio_rustls-76d4d1ec460ecbce,librustls-1cb857a2d5910ddc,libsct-5bc948e803ccc32d,libwebpki-d2fed76d3bbc2b05,libring-c6624ffecc8b7bfa,libgetrandom-4171ddcf5fa94c89,libuntrusted-b2f816886faf2178,libhyper-541d9261813d08da,libwant-7a6260b9c50f1479,libtry_lock-8fa2f6971035be84,libsocket2-090fb42053c5cefe,libhttparse-8c9b827b8f345444,libtower_service-3fb88d28c2218805,libhttpdate-331798cefc82cc7e,libh2-2aa2badd0ee1b496,libindexmap-f006485b143d2676,libequivalent-6a754676e6af62ae,libhashbrown-25abce2d85979e8d,libaws_types-5200232914c6b16a,libserde_json-647911d2198f34a9,libzmij-ef63f1da73704b4c,libstatic_assertions-f0217ecdd817a834,libchrono-b4cf3aedcd5b3ea3,libiana_time_zone-bcd81aefedc374a6,libthiserror-5e90adc18491a337,libblake2-0618d6d584a373d2,libserde-812851b95e4e1b1c,libserde_core-49c5f0449f9ff544,libaws_sigv4-daecc476747f4965,libform_urlencoded-58b0f0edb59b40d2,libhex-13e08b3b00984ab7,libaws_smithy_http-2c1f608c1af74c00,libpercent_encoding-fa055ecaa1e57cfa,libaws_smithy_eventstream-263775fb8c2b35db,libcrc32fast-77160f4e25d6fc25,libsha2-095ad84fd5bfa493,libcpufeatures-e04321643d03190d,libhmac-cd7a37938e839740,libdigest-55f2c16e3612c500,libsubtle-2ae6a7038b9a0630,libblock_buffer-ceb5bfb4b62e5dc4,libcrypto_common-56b940ef3ee0385e,libgeneric_array-3399f74876fb1fa9,libtypenum-973adb5204d6e560,libaws_credential_types-dec6dc29c59b0de4,libaws_smithy_runtime_api-877f66c8aa7a0b0f,libaws_smithy_async-858e6136401239e4,libfutures_util-eb78ac1c55973e72,libmemchr-5cfa70d22cb32987,libfutures_io-a8805bd12b2ab705,libslab-0582d648e59ab406,libfutures_channel-04b287164a72dbf0,libfutures_task-36f327cfab86eddc,libtracing-955695d27ab45bf4,liblog-f16ce4b64309590f,libtracing_core-d26029c784af5925,libonce_cell-b5bdc597ed9676b3,libzeroize-7f213bea776ca5b6,libaws_smithy_types-f9a6691eb28b6ff6,libryu-1f4f40e4352371e5,libpin_utils-3860774ad9b215b5,libtime-297fa7e7d695d466,libtime_core-031b6ab885a7634b,libnum_conv-4e1233169d5eeba7,libderanged-d0114085ae3b02c5,libpowerfmt-f6019a2766e431f7,libnum_integer-95c76d88c2be62f5,libnum_traits-17bedafaa2a61f51,libtokio_util-e72dff8438ea3e41,libfutures_sink-3971bde37bb30e19,libtokio-4995f77718a2ab9a,libsignal_hook_registry-0370c074c4bef323,liberrno-1d9457f3d77a0a23,libsocket2-050091baf38e5996,libmio-b3d300bcba2dd5a7,libparking_lot-3ffc45ac74faea53,libparking_lot_core-5da3b68e7b565456,liblibc-585253b8e2aa2651,libcfg_if-83060ec5685761ae,libsmallvec-bc3128fdd57228fc,liblock_api-16d46fed645f7bff,libscopeguard-7ec2214574194454,libbytes_utils-8c76400078871503,libeither-40b894c145b6eae5,libhttp_body-4d52896d975fd682,libhttp-59da2a0bfabc2669,libfnv-79e2cbfbe03dcd16,libhttp_body_util-ed5fbd1db1f6d6fc,libfutures_core-1121ff913ed87f93,libhttp_body-8d8f9f8398f09fa7,libhttp-563f2cb150350555,libitoa-5de11b3b23bfe572,libpin_project_lite-0a15d51c77964692,libbytes-2ed9460101f17bbf,libbase64_simd-d78819428296f469,liboutref-a8d151a70d892957,libvsimd-df18ed82e402df6e}.rlib" "<sysroot>/lib/rustlib/x86_64-unknown-linux-gnu/lib/{libstd-*,libpanic_unwind-*,libobject-*,libmemchr-*,libaddr2line-*,libgimli-*,libcfg_if-*,librustc_demangle-*,libstd_detect-*,libhashbrown-*,librustc_std_workspace_alloc-*,libminiz_oxide-*,libadler2-*,libunwind-*,liblibc-*,librustc_std_workspace_core-*,liballoc-*,libcore-*,libcompiler_builtins-*}.rlib" "-Wl,-Bdynamic" "-lgcc_s" "-lutil" "-lrt" "-lpthread" "-lm" "-ldl" "-lc" "-L" "/tmp/rustdoctestcVFZ0E/rustc8svmVn/raw-dylibs" "-B<sysroot>/lib/rustlib/x86_64-unknown-linux-gnu/bin/gcc-ld" "-fuse-ld=lld" "-Wl,--eh-frame-hdr" "-Wl,-z,noexecstack" "-L" "/opt/rustwide/target/debug/build/aws-lc-sys-d88fa28f4089ddad/out" "-L" "/opt/rustwide/target/debug/build/ring-ed9f6680db824c3c/out" "-L" "<sysroot>/lib/rustlib/x86_64-unknown-linux-gnu/lib" "-o" "/tmp/rustdoctestcVFZ0E/rust_out" "-Wl,--gc-sections" "-pie" "-Wl,-z,relro,-z,now" "-nodefaultlibs"
[INFO] [stdout]   = note: some arguments are omitted. use `--verbose` to show all linker arguments
[INFO] [stdout]   = note: collect2: fatal error: ld terminated with signal 9 [Killed]
[INFO] [stdout]           compilation terminated.
[INFO] [stdout]           
[INFO] [stdout] 
[INFO] [stdout] error: aborting due to 1 previous error
[INFO] [stdout] 
[INFO] [stdout] Couldn't compile the test.
[INFO] [stdout] ---- src/mock_client.rs - mock_client::MockDurableServiceClient (line 145) stdout ----
[INFO] [stdout] error: linking with `cc` failed: exit status: 1
[INFO] [stdout]   |
[INFO] [stdout]   = note:  "cc" "-m64" "/tmp/rustdoctestSJPOlG/rustcWuWfua/symbols.o" "<2 object files omitted>" "-Wl,--as-needed" "-Wl,-Bstatic" "/opt/rustwide/target/debug/deps/{libtokio_test-e1bf33e6af10bbbf,libdurable_execution_sdk_testing-61f4529a5a523a03,libaws_sdk_lambda-5b6f79f6188ccee5,libdurable_execution_sdk-c6eed048acfd9885,liblambda_runtime-7cac3e21431050dd,libhttp_serde-19488e5f4b0b0b25,libserde_path_to_error-27ee74d3083bd57a,libasync_stream-17d86ef5fef7654b,libpin_project-c7b48848e7fed083,liblambda_runtime_api_client-11ac8f434de6dfcc,libtracing_subscriber-a51afaca091a1964,libtracing_serde-fde70c956b29c48d,libsharded_slab-bd3e89e1e50b7c87,liblazy_static-3674be3f4245d19b,libmatchers-657b767e2e15aeb8,libthread_local-b4f6fe44d641c0b1,libfutures-de6e887256efe489,libfutures_executor-78273afa9cf5e203,libtokio_stream-29c7ff0d1b64f5b5,libregex-1342197ac76a7579,libregex_automata-e4e8d49138828df4,libaho_corasick-fa94425a423a79cf,libregex_syntax-6d6ee545e2ffad72,libreqwest-ff3c51686ecd8de3,librustls_platform_verifier-ce50285066b3126e,libmime-0188e0814ca7ddbf,libencoding_rs-c7a67ac351c2b19f,libtower_http-c6636ad579988c4f,libbitflags-19bd3a07fb167555,libiri_string-1c2d5ecaae82a205,libaws_config-30a7b5e95788787d,liburl-c53a9c40193e4323,libidna-65257e9b12bac238,libutf8_iter-51566bbad89f3a68,libidna_adapter-7c6006dd22e2b475,libicu_properties-82ff42289bb7499c,libicu_properties_data-b217809bf575558a,libicu_normalizer-5635eb673fd734d8,libicu_normalizer_data-ab8997d7cbbb3306,libicu_collections-f0026b89614cd57d,libpotential_utf-1a624fe73bbd467a,libicu_provider-0397860365ebade6,libicu_locale_core-816fe88e71ee8167,libtinystr-a70de79dd32ef62f,liblitemap-cd9b5b2aa04e2018,libwriteable-4f74a67d38fff78e,libzerovec-d945614e18b562f6,libzerotrie-ebf521f2ef5efadc,libyoke-da17f70501a25c31,libstable_deref_trait-63cbf3f3d3f94e56,libzerofrom-9cf902e0d855375e,libsha1-470390a6d99a0bb7,libaws_sdk_ssooidc-1a7be110f00ee8b6,libaws_sdk_sso-3da1dc59bb315843,libaws_sdk_sts-9d996daaddc76278,libaws_smithy_query-4bc08361016128a8,liburlencoding-061758bc6028ea3e,libaws_smithy_xml-dbcb61fcd96762e7,libxmlparser-fad6613a8b481ba6,libregex_lite-89aafaa622c47d82,libaws_runtime-af81e13a9dda29df,libuuid-30756702093851bf,libgetrandom-6841e0dbdb6c146b,libaws_smithy_json-1787cffa21325e74,libaws_smithy_runtime-ecd570cb129eac8a,libfastrand-751bcde24b8aa073,libaws_smithy_observability-4686def8aed6adaa,libaws_smithy_http_client-ef59e38e7fffc6b9,libhyper_rustls-dd987ef029d045e9,libtokio_rustls-f3e670c8f3f351f6,librustls-c4f0dce69651a7fe,libwebpki-887d78fd11fcce78,libaws_lc_rs-770cc9dcacd4ee7d,libaws_lc_sys-f12ffe7bd48e565a,libtower-c5a3e1d9b8e06a1a,libsync_wrapper-6bdfbc29c4269203,libtower_layer-d908dd771b239ecd,libhyper_util-a2344e452f129e6f,libbase64-32787b0325ea6df8,libipnet-61ca7a5e1c2863d4,libhyper-1cbe6d40d02eaccb,libh2-1df814829d99bc09,libatomic_waker-06950c8c08d2b8fa,librustls_native_certs-465b2aa2129aa72f,libopenssl_probe-6b1b371432012237,librustls_pki_types-a1ff9279e609de76,libhyper_rustls-3b7d65793f4664a1,libtokio_rustls-76d4d1ec460ecbce,librustls-1cb857a2d5910ddc,libsct-5bc948e803ccc32d,libwebpki-d2fed76d3bbc2b05,libring-c6624ffecc8b7bfa,libgetrandom-4171ddcf5fa94c89,libuntrusted-b2f816886faf2178,libhyper-541d9261813d08da,libwant-7a6260b9c50f1479,libtry_lock-8fa2f6971035be84,libsocket2-090fb42053c5cefe,libhttparse-8c9b827b8f345444,libtower_service-3fb88d28c2218805,libhttpdate-331798cefc82cc7e,libh2-2aa2badd0ee1b496,libindexmap-f006485b143d2676,libequivalent-6a754676e6af62ae,libhashbrown-25abce2d85979e8d,libaws_types-5200232914c6b16a,libserde_json-647911d2198f34a9,libzmij-ef63f1da73704b4c,libstatic_assertions-f0217ecdd817a834,libchrono-b4cf3aedcd5b3ea3,libiana_time_zone-bcd81aefedc374a6,libthiserror-5e90adc18491a337,libblake2-0618d6d584a373d2,libserde-812851b95e4e1b1c,libserde_core-49c5f0449f9ff544,libaws_sigv4-daecc476747f4965,libform_urlencoded-58b0f0edb59b40d2,libhex-13e08b3b00984ab7,libaws_smithy_http-2c1f608c1af74c00,libpercent_encoding-fa055ecaa1e57cfa,libaws_smithy_eventstream-263775fb8c2b35db,libcrc32fast-77160f4e25d6fc25,libsha2-095ad84fd5bfa493,libcpufeatures-e04321643d03190d,libhmac-cd7a37938e839740,libdigest-55f2c16e3612c500,libsubtle-2ae6a7038b9a0630,libblock_buffer-ceb5bfb4b62e5dc4,libcrypto_common-56b940ef3ee0385e,libgeneric_array-3399f74876fb1fa9,libtypenum-973adb5204d6e560,libaws_credential_types-dec6dc29c59b0de4,libaws_smithy_runtime_api-877f66c8aa7a0b0f,libaws_smithy_async-858e6136401239e4,libfutures_util-eb78ac1c55973e72,libmemchr-5cfa70d22cb32987,libfutures_io-a8805bd12b2ab705,libslab-0582d648e59ab406,libfutures_channel-04b287164a72dbf0,libfutures_task-36f327cfab86eddc,libtracing-955695d27ab45bf4,liblog-f16ce4b64309590f,libtracing_core-d26029c784af5925,libonce_cell-b5bdc597ed9676b3,libzeroize-7f213bea776ca5b6,libaws_smithy_types-f9a6691eb28b6ff6,libryu-1f4f40e4352371e5,libpin_utils-3860774ad9b215b5,libtime-297fa7e7d695d466,libtime_core-031b6ab885a7634b,libnum_conv-4e1233169d5eeba7,libderanged-d0114085ae3b02c5,libpowerfmt-f6019a2766e431f7,libnum_integer-95c76d88c2be62f5,libnum_traits-17bedafaa2a61f51,libtokio_util-e72dff8438ea3e41,libfutures_sink-3971bde37bb30e19,libtokio-4995f77718a2ab9a,libsignal_hook_registry-0370c074c4bef323,liberrno-1d9457f3d77a0a23,libsocket2-050091baf38e5996,libmio-b3d300bcba2dd5a7,libparking_lot-3ffc45ac74faea53,libparking_lot_core-5da3b68e7b565456,liblibc-585253b8e2aa2651,libcfg_if-83060ec5685761ae,libsmallvec-bc3128fdd57228fc,liblock_api-16d46fed645f7bff,libscopeguard-7ec2214574194454,libbytes_utils-8c76400078871503,libeither-40b894c145b6eae5,libhttp_body-4d52896d975fd682,libhttp-59da2a0bfabc2669,libfnv-79e2cbfbe03dcd16,libhttp_body_util-ed5fbd1db1f6d6fc,libfutures_core-1121ff913ed87f93,libhttp_body-8d8f9f8398f09fa7,libhttp-563f2cb150350555,libitoa-5de11b3b23bfe572,libpin_project_lite-0a15d51c77964692,libbytes-2ed9460101f17bbf,libbase64_simd-d78819428296f469,liboutref-a8d151a70d892957,libvsimd-df18ed82e402df6e}.rlib" "<sysroot>/lib/rustlib/x86_64-unknown-linux-gnu/lib/{libstd-*,libpanic_unwind-*,libobject-*,libmemchr-*,libaddr2line-*,libgimli-*,libcfg_if-*,librustc_demangle-*,libstd_detect-*,libhashbrown-*,librustc_std_workspace_alloc-*,libminiz_oxide-*,libadler2-*,libunwind-*,liblibc-*,librustc_std_workspace_core-*,liballoc-*,libcore-*,libcompiler_builtins-*}.rlib" "-Wl,-Bdynamic" "-lgcc_s" "-lutil" "-lrt" "-lpthread" "-lm" "-ldl" "-lc" "-L" "/tmp/rustdoctestSJPOlG/rustcWuWfua/raw-dylibs" "-B<sysroot>/lib/rustlib/x86_64-unknown-linux-gnu/bin/gcc-ld" "-fuse-ld=lld" "-Wl,--eh-frame-hdr" "-Wl,-z,noexecstack" "-L" "/opt/rustwide/target/debug/build/aws-lc-sys-d88fa28f4089ddad/out" "-L" "/opt/rustwide/target/debug/build/ring-ed9f6680db824c3c/out" "-L" "<sysroot>/lib/rustlib/x86_64-unknown-linux-gnu/lib" "-o" "/tmp/rustdoctestSJPOlG/rust_out" "-Wl,--gc-sections" "-pie" "-Wl,-z,relro,-z,now" "-nodefaultlibs"
[INFO] [stdout]   = note: some arguments are omitted. use `--verbose` to show all linker arguments
[INFO] [stdout]   = note: collect2: fatal error: ld terminated with signal 9 [Killed]
[INFO] [stdout]           compilation terminated.
[INFO] [stdout]           
[INFO] [stdout] 
[INFO] [stdout] error: aborting due to 1 previous error
[INFO] [stdout] 
[INFO] [stdout] Couldn't compile the test.
[INFO] [stdout] ---- src/mock_client.rs - mock_client::MockDurableServiceClient (line 126) stdout ----
[INFO] [stdout] error: linking with `cc` failed: exit status: 1
[INFO] [stdout]   |
[INFO] [stdout]   = note:  "cc" "-m64" "/tmp/rustdoctestwHsSJk/rustcRsWGFj/symbols.o" "<2 object files omitted>" "-Wl,--as-needed" "-Wl,-Bstatic" "/opt/rustwide/target/debug/deps/{libdurable_execution_sdk_testing-61f4529a5a523a03,libaws_sdk_lambda-5b6f79f6188ccee5,libdurable_execution_sdk-c6eed048acfd9885,liblambda_runtime-7cac3e21431050dd,libhttp_serde-19488e5f4b0b0b25,libserde_path_to_error-27ee74d3083bd57a,libasync_stream-17d86ef5fef7654b,libpin_project-c7b48848e7fed083,liblambda_runtime_api_client-11ac8f434de6dfcc,libtracing_subscriber-a51afaca091a1964,libtracing_serde-fde70c956b29c48d,libsharded_slab-bd3e89e1e50b7c87,liblazy_static-3674be3f4245d19b,libmatchers-657b767e2e15aeb8,libthread_local-b4f6fe44d641c0b1,libfutures-de6e887256efe489,libfutures_executor-78273afa9cf5e203,libtokio_stream-29c7ff0d1b64f5b5,libregex-1342197ac76a7579,libregex_automata-e4e8d49138828df4,libaho_corasick-fa94425a423a79cf,libregex_syntax-6d6ee545e2ffad72,libreqwest-ff3c51686ecd8de3,librustls_platform_verifier-ce50285066b3126e,libmime-0188e0814ca7ddbf,libencoding_rs-c7a67ac351c2b19f,libtower_http-c6636ad579988c4f,libbitflags-19bd3a07fb167555,libiri_string-1c2d5ecaae82a205,libaws_config-30a7b5e95788787d,liburl-c53a9c40193e4323,libidna-65257e9b12bac238,libutf8_iter-51566bbad89f3a68,libidna_adapter-7c6006dd22e2b475,libicu_properties-82ff42289bb7499c,libicu_properties_data-b217809bf575558a,libicu_normalizer-5635eb673fd734d8,libicu_normalizer_data-ab8997d7cbbb3306,libicu_collections-f0026b89614cd57d,libpotential_utf-1a624fe73bbd467a,libicu_provider-0397860365ebade6,libicu_locale_core-816fe88e71ee8167,libtinystr-a70de79dd32ef62f,liblitemap-cd9b5b2aa04e2018,libwriteable-4f74a67d38fff78e,libzerovec-d945614e18b562f6,libzerotrie-ebf521f2ef5efadc,libyoke-da17f70501a25c31,libstable_deref_trait-63cbf3f3d3f94e56,libzerofrom-9cf902e0d855375e,libsha1-470390a6d99a0bb7,libaws_sdk_ssooidc-1a7be110f00ee8b6,libaws_sdk_sso-3da1dc59bb315843,libaws_sdk_sts-9d996daaddc76278,libaws_smithy_query-4bc08361016128a8,liburlencoding-061758bc6028ea3e,libaws_smithy_xml-dbcb61fcd96762e7,libxmlparser-fad6613a8b481ba6,libregex_lite-89aafaa622c47d82,libaws_runtime-af81e13a9dda29df,libuuid-30756702093851bf,libgetrandom-6841e0dbdb6c146b,libaws_smithy_json-1787cffa21325e74,libaws_smithy_runtime-ecd570cb129eac8a,libfastrand-751bcde24b8aa073,libaws_smithy_observability-4686def8aed6adaa,libaws_smithy_http_client-ef59e38e7fffc6b9,libhyper_rustls-dd987ef029d045e9,libtokio_rustls-f3e670c8f3f351f6,librustls-c4f0dce69651a7fe,libwebpki-887d78fd11fcce78,libaws_lc_rs-770cc9dcacd4ee7d,libaws_lc_sys-f12ffe7bd48e565a,libtower-c5a3e1d9b8e06a1a,libsync_wrapper-6bdfbc29c4269203,libtower_layer-d908dd771b239ecd,libhyper_util-a2344e452f129e6f,libbase64-32787b0325ea6df8,libipnet-61ca7a5e1c2863d4,libhyper-1cbe6d40d02eaccb,libh2-1df814829d99bc09,libatomic_waker-06950c8c08d2b8fa,librustls_native_certs-465b2aa2129aa72f,libopenssl_probe-6b1b371432012237,librustls_pki_types-a1ff9279e609de76,libhyper_rustls-3b7d65793f4664a1,libtokio_rustls-76d4d1ec460ecbce,librustls-1cb857a2d5910ddc,libsct-5bc948e803ccc32d,libwebpki-d2fed76d3bbc2b05,libring-c6624ffecc8b7bfa,libgetrandom-4171ddcf5fa94c89,libuntrusted-b2f816886faf2178,libhyper-541d9261813d08da,libwant-7a6260b9c50f1479,libtry_lock-8fa2f6971035be84,libsocket2-090fb42053c5cefe,libhttparse-8c9b827b8f345444,libtower_service-3fb88d28c2218805,libhttpdate-331798cefc82cc7e,libh2-2aa2badd0ee1b496,libindexmap-f006485b143d2676,libequivalent-6a754676e6af62ae,libhashbrown-25abce2d85979e8d,libaws_types-5200232914c6b16a,libserde_json-647911d2198f34a9,libzmij-ef63f1da73704b4c,libstatic_assertions-f0217ecdd817a834,libchrono-b4cf3aedcd5b3ea3,libiana_time_zone-bcd81aefedc374a6,libthiserror-5e90adc18491a337,libblake2-0618d6d584a373d2,libserde-812851b95e4e1b1c,libserde_core-49c5f0449f9ff544,libaws_sigv4-daecc476747f4965,libform_urlencoded-58b0f0edb59b40d2,libhex-13e08b3b00984ab7,libaws_smithy_http-2c1f608c1af74c00,libpercent_encoding-fa055ecaa1e57cfa,libaws_smithy_eventstream-263775fb8c2b35db,libcrc32fast-77160f4e25d6fc25,libsha2-095ad84fd5bfa493,libcpufeatures-e04321643d03190d,libhmac-cd7a37938e839740,libdigest-55f2c16e3612c500,libsubtle-2ae6a7038b9a0630,libblock_buffer-ceb5bfb4b62e5dc4,libcrypto_common-56b940ef3ee0385e,libgeneric_array-3399f74876fb1fa9,libtypenum-973adb5204d6e560,libaws_credential_types-dec6dc29c59b0de4,libaws_smithy_runtime_api-877f66c8aa7a0b0f,libaws_smithy_async-858e6136401239e4,libfutures_util-eb78ac1c55973e72,libmemchr-5cfa70d22cb32987,libfutures_io-a8805bd12b2ab705,libslab-0582d648e59ab406,libfutures_channel-04b287164a72dbf0,libfutures_task-36f327cfab86eddc,libtracing-955695d27ab45bf4,liblog-f16ce4b64309590f,libtracing_core-d26029c784af5925,libonce_cell-b5bdc597ed9676b3,libzeroize-7f213bea776ca5b6,libaws_smithy_types-f9a6691eb28b6ff6,libryu-1f4f40e4352371e5,libpin_utils-3860774ad9b215b5,libtime-297fa7e7d695d466,libtime_core-031b6ab885a7634b,libnum_conv-4e1233169d5eeba7,libderanged-d0114085ae3b02c5,libpowerfmt-f6019a2766e431f7,libnum_integer-95c76d88c2be62f5,libnum_traits-17bedafaa2a61f51,libtokio_util-e72dff8438ea3e41,libfutures_sink-3971bde37bb30e19,libtokio-4995f77718a2ab9a,libsignal_hook_registry-0370c074c4bef323,liberrno-1d9457f3d77a0a23,libsocket2-050091baf38e5996,libmio-b3d300bcba2dd5a7,libparking_lot-3ffc45ac74faea53,libparking_lot_core-5da3b68e7b565456,liblibc-585253b8e2aa2651,libcfg_if-83060ec5685761ae,libsmallvec-bc3128fdd57228fc,liblock_api-16d46fed645f7bff,libscopeguard-7ec2214574194454,libbytes_utils-8c76400078871503,libeither-40b894c145b6eae5,libhttp_body-4d52896d975fd682,libhttp-59da2a0bfabc2669,libfnv-79e2cbfbe03dcd16,libhttp_body_util-ed5fbd1db1f6d6fc,libfutures_core-1121ff913ed87f93,libhttp_body-8d8f9f8398f09fa7,libhttp-563f2cb150350555,libitoa-5de11b3b23bfe572,libpin_project_lite-0a15d51c77964692,libbytes-2ed9460101f17bbf,libbase64_simd-d78819428296f469,liboutref-a8d151a70d892957,libvsimd-df18ed82e402df6e}.rlib" "<sysroot>/lib/rustlib/x86_64-unknown-linux-gnu/lib/{libstd-*,libpanic_unwind-*,libobject-*,libmemchr-*,libaddr2line-*,libgimli-*,libcfg_if-*,librustc_demangle-*,libstd_detect-*,libhashbrown-*,librustc_std_workspace_alloc-*,libminiz_oxide-*,libadler2-*,libunwind-*,liblibc-*,librustc_std_workspace_core-*,liballoc-*,libcore-*,libcompiler_builtins-*}.rlib" "-Wl,-Bdynamic" "-lgcc_s" "-lutil" "-lrt" "-lpthread" "-lm" "-ldl" "-lc" "-L" "/tmp/rustdoctestwHsSJk/rustcRsWGFj/raw-dylibs" "-B<sysroot>/lib/rustlib/x86_64-unknown-linux-gnu/bin/gcc-ld" "-fuse-ld=lld" "-Wl,--eh-frame-hdr" "-Wl,-z,noexecstack" "-L" "/opt/rustwide/target/debug/build/aws-lc-sys-d88fa28f4089ddad/out" "-L" "/opt/rustwide/target/debug/build/ring-ed9f6680db824c3c/out" "-L" "<sysroot>/lib/rustlib/x86_64-unknown-linux-gnu/lib" "-o" "/tmp/rustdoctestwHsSJk/rust_out" "-Wl,--gc-sections" "-pie" "-Wl,-z,relro,-z,now" "-nodefaultlibs"
[INFO] [stdout]   = note: some arguments are omitted. use `--verbose` to show all linker arguments
[INFO] [stdout]   = note: collect2: fatal error: ld terminated with signal 9 [Killed]
[INFO] [stdout]           compilation terminated.
[INFO] [stdout]           
[INFO] [stdout] 
[INFO] [stdout] error: aborting due to 1 previous error
[INFO] [stdout] 
[INFO] [stdout] Couldn't compile the test.
[INFO] [stdout] ---- src/error.rs - error::TestError (line 18) stdout ----
[INFO] [stdout] error: linking with `cc` failed: exit status: 1
[INFO] [stdout]   |
[INFO] [stdout]   = note:  "cc" "-m64" "/tmp/rustdoctestzthpY7/rustcUCoiKb/symbols.o" "<2 object files omitted>" "-Wl,--as-needed" "-Wl,-Bstatic" "/opt/rustwide/target/debug/deps/{libdurable_execution_sdk_testing-61f4529a5a523a03,libaws_sdk_lambda-5b6f79f6188ccee5,libdurable_execution_sdk-c6eed048acfd9885,liblambda_runtime-7cac3e21431050dd,libhttp_serde-19488e5f4b0b0b25,libserde_path_to_error-27ee74d3083bd57a,libasync_stream-17d86ef5fef7654b,libpin_project-c7b48848e7fed083,liblambda_runtime_api_client-11ac8f434de6dfcc,libtracing_subscriber-a51afaca091a1964,libtracing_serde-fde70c956b29c48d,libsharded_slab-bd3e89e1e50b7c87,liblazy_static-3674be3f4245d19b,libmatchers-657b767e2e15aeb8,libthread_local-b4f6fe44d641c0b1,libfutures-de6e887256efe489,libfutures_executor-78273afa9cf5e203,libtokio_stream-29c7ff0d1b64f5b5,libregex-1342197ac76a7579,libregex_automata-e4e8d49138828df4,libaho_corasick-fa94425a423a79cf,libregex_syntax-6d6ee545e2ffad72,libreqwest-ff3c51686ecd8de3,librustls_platform_verifier-ce50285066b3126e,libmime-0188e0814ca7ddbf,libencoding_rs-c7a67ac351c2b19f,libtower_http-c6636ad579988c4f,libbitflags-19bd3a07fb167555,libiri_string-1c2d5ecaae82a205,libaws_config-30a7b5e95788787d,liburl-c53a9c40193e4323,libidna-65257e9b12bac238,libutf8_iter-51566bbad89f3a68,libidna_adapter-7c6006dd22e2b475,libicu_properties-82ff42289bb7499c,libicu_properties_data-b217809bf575558a,libicu_normalizer-5635eb673fd734d8,libicu_normalizer_data-ab8997d7cbbb3306,libicu_collections-f0026b89614cd57d,libpotential_utf-1a624fe73bbd467a,libicu_provider-0397860365ebade6,libicu_locale_core-816fe88e71ee8167,libtinystr-a70de79dd32ef62f,liblitemap-cd9b5b2aa04e2018,libwriteable-4f74a67d38fff78e,libzerovec-d945614e18b562f6,libzerotrie-ebf521f2ef5efadc,libyoke-da17f70501a25c31,libstable_deref_trait-63cbf3f3d3f94e56,libzerofrom-9cf902e0d855375e,libsha1-470390a6d99a0bb7,libaws_sdk_ssooidc-1a7be110f00ee8b6,libaws_sdk_sso-3da1dc59bb315843,libaws_sdk_sts-9d996daaddc76278,libaws_smithy_query-4bc08361016128a8,liburlencoding-061758bc6028ea3e,libaws_smithy_xml-dbcb61fcd96762e7,libxmlparser-fad6613a8b481ba6,libregex_lite-89aafaa622c47d82,libaws_runtime-af81e13a9dda29df,libuuid-30756702093851bf,libgetrandom-6841e0dbdb6c146b,libaws_smithy_json-1787cffa21325e74,libaws_smithy_runtime-ecd570cb129eac8a,libfastrand-751bcde24b8aa073,libaws_smithy_observability-4686def8aed6adaa,libaws_smithy_http_client-ef59e38e7fffc6b9,libhyper_rustls-dd987ef029d045e9,libtokio_rustls-f3e670c8f3f351f6,librustls-c4f0dce69651a7fe,libwebpki-887d78fd11fcce78,libaws_lc_rs-770cc9dcacd4ee7d,libaws_lc_sys-f12ffe7bd48e565a,libtower-c5a3e1d9b8e06a1a,libsync_wrapper-6bdfbc29c4269203,libtower_layer-d908dd771b239ecd,libhyper_util-a2344e452f129e6f,libbase64-32787b0325ea6df8,libipnet-61ca7a5e1c2863d4,libhyper-1cbe6d40d02eaccb,libh2-1df814829d99bc09,libatomic_waker-06950c8c08d2b8fa,librustls_native_certs-465b2aa2129aa72f,libopenssl_probe-6b1b371432012237,librustls_pki_types-a1ff9279e609de76,libhyper_rustls-3b7d65793f4664a1,libtokio_rustls-76d4d1ec460ecbce,librustls-1cb857a2d5910ddc,libsct-5bc948e803ccc32d,libwebpki-d2fed76d3bbc2b05,libring-c6624ffecc8b7bfa,libgetrandom-4171ddcf5fa94c89,libuntrusted-b2f816886faf2178,libhyper-541d9261813d08da,libwant-7a6260b9c50f1479,libtry_lock-8fa2f6971035be84,libsocket2-090fb42053c5cefe,libhttparse-8c9b827b8f345444,libtower_service-3fb88d28c2218805,libhttpdate-331798cefc82cc7e,libh2-2aa2badd0ee1b496,libindexmap-f006485b143d2676,libequivalent-6a754676e6af62ae,libhashbrown-25abce2d85979e8d,libaws_types-5200232914c6b16a,libserde_json-647911d2198f34a9,libzmij-ef63f1da73704b4c,libstatic_assertions-f0217ecdd817a834,libchrono-b4cf3aedcd5b3ea3,libiana_time_zone-bcd81aefedc374a6,libthiserror-5e90adc18491a337,libblake2-0618d6d584a373d2,libserde-812851b95e4e1b1c,libserde_core-49c5f0449f9ff544,libaws_sigv4-daecc476747f4965,libform_urlencoded-58b0f0edb59b40d2,libhex-13e08b3b00984ab7,libaws_smithy_http-2c1f608c1af74c00,libpercent_encoding-fa055ecaa1e57cfa,libaws_smithy_eventstream-263775fb8c2b35db,libcrc32fast-77160f4e25d6fc25,libsha2-095ad84fd5bfa493,libcpufeatures-e04321643d03190d,libhmac-cd7a37938e839740,libdigest-55f2c16e3612c500,libsubtle-2ae6a7038b9a0630,libblock_buffer-ceb5bfb4b62e5dc4,libcrypto_common-56b940ef3ee0385e,libgeneric_array-3399f74876fb1fa9,libtypenum-973adb5204d6e560,libaws_credential_types-dec6dc29c59b0de4,libaws_smithy_runtime_api-877f66c8aa7a0b0f,libaws_smithy_async-858e6136401239e4,libfutures_util-eb78ac1c55973e72,libmemchr-5cfa70d22cb32987,libfutures_io-a8805bd12b2ab705,libslab-0582d648e59ab406,libfutures_channel-04b287164a72dbf0,libfutures_task-36f327cfab86eddc,libtracing-955695d27ab45bf4,liblog-f16ce4b64309590f,libtracing_core-d26029c784af5925,libonce_cell-b5bdc597ed9676b3,libzeroize-7f213bea776ca5b6,libaws_smithy_types-f9a6691eb28b6ff6,libryu-1f4f40e4352371e5,libpin_utils-3860774ad9b215b5,libtime-297fa7e7d695d466,libtime_core-031b6ab885a7634b,libnum_conv-4e1233169d5eeba7,libderanged-d0114085ae3b02c5,libpowerfmt-f6019a2766e431f7,libnum_integer-95c76d88c2be62f5,libnum_traits-17bedafaa2a61f51,libtokio_util-e72dff8438ea3e41,libfutures_sink-3971bde37bb30e19,libtokio-4995f77718a2ab9a,libsignal_hook_registry-0370c074c4bef323,liberrno-1d9457f3d77a0a23,libsocket2-050091baf38e5996,libmio-b3d300bcba2dd5a7,libparking_lot-3ffc45ac74faea53,libparking_lot_core-5da3b68e7b565456,liblibc-585253b8e2aa2651,libcfg_if-83060ec5685761ae,libsmallvec-bc3128fdd57228fc,liblock_api-16d46fed645f7bff,libscopeguard-7ec2214574194454,libbytes_utils-8c76400078871503,libeither-40b894c145b6eae5,libhttp_body-4d52896d975fd682,libhttp-59da2a0bfabc2669,libfnv-79e2cbfbe03dcd16,libhttp_body_util-ed5fbd1db1f6d6fc,libfutures_core-1121ff913ed87f93,libhttp_body-8d8f9f8398f09fa7,libhttp-563f2cb150350555,libitoa-5de11b3b23bfe572,libpin_project_lite-0a15d51c77964692,libbytes-2ed9460101f17bbf,libbase64_simd-d78819428296f469,liboutref-a8d151a70d892957,libvsimd-df18ed82e402df6e}.rlib" "<sysroot>/lib/rustlib/x86_64-unknown-linux-gnu/lib/{libstd-*,libpanic_unwind-*,libobject-*,libmemchr-*,libaddr2line-*,libgimli-*,libcfg_if-*,librustc_demangle-*,libstd_detect-*,libhashbrown-*,librustc_std_workspace_alloc-*,libminiz_oxide-*,libadler2-*,libunwind-*,liblibc-*,librustc_std_workspace_core-*,liballoc-*,libcore-*,libcompiler_builtins-*}.rlib" "-Wl,-Bdynamic" "-lgcc_s" "-lutil" "-lrt" "-lpthread" "-lm" "-ldl" "-lc" "-L" "/tmp/rustdoctestzthpY7/rustcUCoiKb/raw-dylibs" "-B<sysroot>/lib/rustlib/x86_64-unknown-linux-gnu/bin/gcc-ld" "-fuse-ld=lld" "-Wl,--eh-frame-hdr" "-Wl,-z,noexecstack" "-L" "/opt/rustwide/target/debug/build/aws-lc-sys-d88fa28f4089ddad/out" "-L" "/opt/rustwide/target/debug/build/ring-ed9f6680db824c3c/out" "-L" "<sysroot>/lib/rustlib/x86_64-unknown-linux-gnu/lib" "-o" "/tmp/rustdoctestzthpY7/rust_out" "-Wl,--gc-sections" "-pie" "-Wl,-z,relro,-z,now" "-nodefaultlibs"
[INFO] [stdout]   = note: some arguments are omitted. use `--verbose` to show all linker arguments
[INFO] [stdout]   = note: collect2: fatal error: ld terminated with signal 9 [Killed]
[INFO] [stdout]           compilation terminated.
[INFO] [stdout]           
[INFO] [stdout] 
[INFO] [stdout] error: aborting due to 1 previous error
[INFO] [stdout] 
[INFO] [stdout] Couldn't compile the test.
[INFO] [stdout] ---- src/mock_client.rs - mock_client::MockDurableServiceClient::get_checkpoint_calls (line 303) stdout ----
[INFO] [stdout] error: linking with `cc` failed: exit status: 1
[INFO] [stdout]   |
[INFO] [stdout]   = note:  "cc" "-m64" "/tmp/rustdoctestkLbBGN/rustcep808o/symbols.o" "<2 object files omitted>" "-Wl,--as-needed" "-Wl,-Bstatic" "/opt/rustwide/target/debug/deps/{libtokio_test-e1bf33e6af10bbbf,libdurable_execution_sdk_testing-61f4529a5a523a03,libaws_sdk_lambda-5b6f79f6188ccee5,libdurable_execution_sdk-c6eed048acfd9885,liblambda_runtime-7cac3e21431050dd,libhttp_serde-19488e5f4b0b0b25,libserde_path_to_error-27ee74d3083bd57a,libasync_stream-17d86ef5fef7654b,libpin_project-c7b48848e7fed083,liblambda_runtime_api_client-11ac8f434de6dfcc,libtracing_subscriber-a51afaca091a1964,libtracing_serde-fde70c956b29c48d,libsharded_slab-bd3e89e1e50b7c87,liblazy_static-3674be3f4245d19b,libmatchers-657b767e2e15aeb8,libthread_local-b4f6fe44d641c0b1,libfutures-de6e887256efe489,libfutures_executor-78273afa9cf5e203,libtokio_stream-29c7ff0d1b64f5b5,libregex-1342197ac76a7579,libregex_automata-e4e8d49138828df4,libaho_corasick-fa94425a423a79cf,libregex_syntax-6d6ee545e2ffad72,libreqwest-ff3c51686ecd8de3,librustls_platform_verifier-ce50285066b3126e,libmime-0188e0814ca7ddbf,libencoding_rs-c7a67ac351c2b19f,libtower_http-c6636ad579988c4f,libbitflags-19bd3a07fb167555,libiri_string-1c2d5ecaae82a205,libaws_config-30a7b5e95788787d,liburl-c53a9c40193e4323,libidna-65257e9b12bac238,libutf8_iter-51566bbad89f3a68,libidna_adapter-7c6006dd22e2b475,libicu_properties-82ff42289bb7499c,libicu_properties_data-b217809bf575558a,libicu_normalizer-5635eb673fd734d8,libicu_normalizer_data-ab8997d7cbbb3306,libicu_collections-f0026b89614cd57d,libpotential_utf-1a624fe73bbd467a,libicu_provider-0397860365ebade6,libicu_locale_core-816fe88e71ee8167,libtinystr-a70de79dd32ef62f,liblitemap-cd9b5b2aa04e2018,libwriteable-4f74a67d38fff78e,libzerovec-d945614e18b562f6,libzerotrie-ebf521f2ef5efadc,libyoke-da17f70501a25c31,libstable_deref_trait-63cbf3f3d3f94e56,libzerofrom-9cf902e0d855375e,libsha1-470390a6d99a0bb7,libaws_sdk_ssooidc-1a7be110f00ee8b6,libaws_sdk_sso-3da1dc59bb315843,libaws_sdk_sts-9d996daaddc76278,libaws_smithy_query-4bc08361016128a8,liburlencoding-061758bc6028ea3e,libaws_smithy_xml-dbcb61fcd96762e7,libxmlparser-fad6613a8b481ba6,libregex_lite-89aafaa622c47d82,libaws_runtime-af81e13a9dda29df,libuuid-30756702093851bf,libgetrandom-6841e0dbdb6c146b,libaws_smithy_json-1787cffa21325e74,libaws_smithy_runtime-ecd570cb129eac8a,libfastrand-751bcde24b8aa073,libaws_smithy_observability-4686def8aed6adaa,libaws_smithy_http_client-ef59e38e7fffc6b9,libhyper_rustls-dd987ef029d045e9,libtokio_rustls-f3e670c8f3f351f6,librustls-c4f0dce69651a7fe,libwebpki-887d78fd11fcce78,libaws_lc_rs-770cc9dcacd4ee7d,libaws_lc_sys-f12ffe7bd48e565a,libtower-c5a3e1d9b8e06a1a,libsync_wrapper-6bdfbc29c4269203,libtower_layer-d908dd771b239ecd,libhyper_util-a2344e452f129e6f,libbase64-32787b0325ea6df8,libipnet-61ca7a5e1c2863d4,libhyper-1cbe6d40d02eaccb,libh2-1df814829d99bc09,libatomic_waker-06950c8c08d2b8fa,librustls_native_certs-465b2aa2129aa72f,libopenssl_probe-6b1b371432012237,librustls_pki_types-a1ff9279e609de76,libhyper_rustls-3b7d65793f4664a1,libtokio_rustls-76d4d1ec460ecbce,librustls-1cb857a2d5910ddc,libsct-5bc948e803ccc32d,libwebpki-d2fed76d3bbc2b05,libring-c6624ffecc8b7bfa,libgetrandom-4171ddcf5fa94c89,libuntrusted-b2f816886faf2178,libhyper-541d9261813d08da,libwant-7a6260b9c50f1479,libtry_lock-8fa2f6971035be84,libsocket2-090fb42053c5cefe,libhttparse-8c9b827b8f345444,libtower_service-3fb88d28c2218805,libhttpdate-331798cefc82cc7e,libh2-2aa2badd0ee1b496,libindexmap-f006485b143d2676,libequivalent-6a754676e6af62ae,libhashbrown-25abce2d85979e8d,libaws_types-5200232914c6b16a,libserde_json-647911d2198f34a9,libzmij-ef63f1da73704b4c,libstatic_assertions-f0217ecdd817a834,libchrono-b4cf3aedcd5b3ea3,libiana_time_zone-bcd81aefedc374a6,libthiserror-5e90adc18491a337,libblake2-0618d6d584a373d2,libserde-812851b95e4e1b1c,libserde_core-49c5f0449f9ff544,libaws_sigv4-daecc476747f4965,libform_urlencoded-58b0f0edb59b40d2,libhex-13e08b3b00984ab7,libaws_smithy_http-2c1f608c1af74c00,libpercent_encoding-fa055ecaa1e57cfa,libaws_smithy_eventstream-263775fb8c2b35db,libcrc32fast-77160f4e25d6fc25,libsha2-095ad84fd5bfa493,libcpufeatures-e04321643d03190d,libhmac-cd7a37938e839740,libdigest-55f2c16e3612c500,libsubtle-2ae6a7038b9a0630,libblock_buffer-ceb5bfb4b62e5dc4,libcrypto_common-56b940ef3ee0385e,libgeneric_array-3399f74876fb1fa9,libtypenum-973adb5204d6e560,libaws_credential_types-dec6dc29c59b0de4,libaws_smithy_runtime_api-877f66c8aa7a0b0f,libaws_smithy_async-858e6136401239e4,libfutures_util-eb78ac1c55973e72,libmemchr-5cfa70d22cb32987,libfutures_io-a8805bd12b2ab705,libslab-0582d648e59ab406,libfutures_channel-04b287164a72dbf0,libfutures_task-36f327cfab86eddc,libtracing-955695d27ab45bf4,liblog-f16ce4b64309590f,libtracing_core-d26029c784af5925,libonce_cell-b5bdc597ed9676b3,libzeroize-7f213bea776ca5b6,libaws_smithy_types-f9a6691eb28b6ff6,libryu-1f4f40e4352371e5,libpin_utils-3860774ad9b215b5,libtime-297fa7e7d695d466,libtime_core-031b6ab885a7634b,libnum_conv-4e1233169d5eeba7,libderanged-d0114085ae3b02c5,libpowerfmt-f6019a2766e431f7,libnum_integer-95c76d88c2be62f5,libnum_traits-17bedafaa2a61f51,libtokio_util-e72dff8438ea3e41,libfutures_sink-3971bde37bb30e19,libtokio-4995f77718a2ab9a,libsignal_hook_registry-0370c074c4bef323,liberrno-1d9457f3d77a0a23,libsocket2-050091baf38e5996,libmio-b3d300bcba2dd5a7,libparking_lot-3ffc45ac74faea53,libparking_lot_core-5da3b68e7b565456,liblibc-585253b8e2aa2651,libcfg_if-83060ec5685761ae,libsmallvec-bc3128fdd57228fc,liblock_api-16d46fed645f7bff,libscopeguard-7ec2214574194454,libbytes_utils-8c76400078871503,libeither-40b894c145b6eae5,libhttp_body-4d52896d975fd682,libhttp-59da2a0bfabc2669,libfnv-79e2cbfbe03dcd16,libhttp_body_util-ed5fbd1db1f6d6fc,libfutures_core-1121ff913ed87f93,libhttp_body-8d8f9f8398f09fa7,libhttp-563f2cb150350555,libitoa-5de11b3b23bfe572,libpin_project_lite-0a15d51c77964692,libbytes-2ed9460101f17bbf,libbase64_simd-d78819428296f469,liboutref-a8d151a70d892957,libvsimd-df18ed82e402df6e}.rlib" "<sysroot>/lib/rustlib/x86_64-unknown-linux-gnu/lib/{libstd-*,libpanic_unwind-*,libobject-*,libmemchr-*,libaddr2line-*,libgimli-*,libcfg_if-*,librustc_demangle-*,libstd_detect-*,libhashbrown-*,librustc_std_workspace_alloc-*,libminiz_oxide-*,libadler2-*,libunwind-*,liblibc-*,librustc_std_workspace_core-*,liballoc-*,libcore-*,libcompiler_builtins-*}.rlib" "-Wl,-Bdynamic" "-lgcc_s" "-lutil" "-lrt" "-lpthread" "-lm" "-ldl" "-lc" "-L" "/tmp/rustdoctestkLbBGN/rustcep808o/raw-dylibs" "-B<sysroot>/lib/rustlib/x86_64-unknown-linux-gnu/bin/gcc-ld" "-fuse-ld=lld" "-Wl,--eh-frame-hdr" "-Wl,-z,noexecstack" "-L" "/opt/rustwide/target/debug/build/aws-lc-sys-d88fa28f4089ddad/out" "-L" "/opt/rustwide/target/debug/build/ring-ed9f6680db824c3c/out" "-L" "<sysroot>/lib/rustlib/x86_64-unknown-linux-gnu/lib" "-o" "/tmp/rustdoctestkLbBGN/rust_out" "-Wl,--gc-sections" "-pie" "-Wl,-z,relro,-z,now" "-nodefaultlibs"
[INFO] [stdout]   = note: some arguments are omitted. use `--verbose` to show all linker arguments
[INFO] [stdout]   = note: collect2: fatal error: ld terminated with signal 9 [Killed]
[INFO] [stdout]           compilation terminated.
[INFO] [stdout]           
[INFO] [stdout] 
[INFO] [stdout] error: aborting due to 1 previous error
[INFO] [stdout] 
[INFO] [stdout] Couldn't compile the test.
[INFO] [stdout] ---- src/mock_client.rs - mock_client::MockDurableServiceClient::with_checkpoint_responses (line 215) stdout ----
[INFO] [stdout] error: linking with `cc` failed: exit status: 1
[INFO] [stdout]   |
[INFO] [stdout]   = note:  "cc" "-m64" "/tmp/rustdoctestbewBaR/rustcQzoMlb/symbols.o" "<2 object files omitted>" "-Wl,--as-needed" "-Wl,-Bstatic" "/opt/rustwide/target/debug/deps/{libdurable_execution_sdk_testing-61f4529a5a523a03,libaws_sdk_lambda-5b6f79f6188ccee5,libdurable_execution_sdk-c6eed048acfd9885,liblambda_runtime-7cac3e21431050dd,libhttp_serde-19488e5f4b0b0b25,libserde_path_to_error-27ee74d3083bd57a,libasync_stream-17d86ef5fef7654b,libpin_project-c7b48848e7fed083,liblambda_runtime_api_client-11ac8f434de6dfcc,libtracing_subscriber-a51afaca091a1964,libtracing_serde-fde70c956b29c48d,libsharded_slab-bd3e89e1e50b7c87,liblazy_static-3674be3f4245d19b,libmatchers-657b767e2e15aeb8,libthread_local-b4f6fe44d641c0b1,libfutures-de6e887256efe489,libfutures_executor-78273afa9cf5e203,libtokio_stream-29c7ff0d1b64f5b5,libregex-1342197ac76a7579,libregex_automata-e4e8d49138828df4,libaho_corasick-fa94425a423a79cf,libregex_syntax-6d6ee545e2ffad72,libreqwest-ff3c51686ecd8de3,librustls_platform_verifier-ce50285066b3126e,libmime-0188e0814ca7ddbf,libencoding_rs-c7a67ac351c2b19f,libtower_http-c6636ad579988c4f,libbitflags-19bd3a07fb167555,libiri_string-1c2d5ecaae82a205,libaws_config-30a7b5e95788787d,liburl-c53a9c40193e4323,libidna-65257e9b12bac238,libutf8_iter-51566bbad89f3a68,libidna_adapter-7c6006dd22e2b475,libicu_properties-82ff42289bb7499c,libicu_properties_data-b217809bf575558a,libicu_normalizer-5635eb673fd734d8,libicu_normalizer_data-ab8997d7cbbb3306,libicu_collections-f0026b89614cd57d,libpotential_utf-1a624fe73bbd467a,libicu_provider-0397860365ebade6,libicu_locale_core-816fe88e71ee8167,libtinystr-a70de79dd32ef62f,liblitemap-cd9b5b2aa04e2018,libwriteable-4f74a67d38fff78e,libzerovec-d945614e18b562f6,libzerotrie-ebf521f2ef5efadc,libyoke-da17f70501a25c31,libstable_deref_trait-63cbf3f3d3f94e56,libzerofrom-9cf902e0d855375e,libsha1-470390a6d99a0bb7,libaws_sdk_ssooidc-1a7be110f00ee8b6,libaws_sdk_sso-3da1dc59bb315843,libaws_sdk_sts-9d996daaddc76278,libaws_smithy_query-4bc08361016128a8,liburlencoding-061758bc6028ea3e,libaws_smithy_xml-dbcb61fcd96762e7,libxmlparser-fad6613a8b481ba6,libregex_lite-89aafaa622c47d82,libaws_runtime-af81e13a9dda29df,libuuid-30756702093851bf,libgetrandom-6841e0dbdb6c146b,libaws_smithy_json-1787cffa21325e74,libaws_smithy_runtime-ecd570cb129eac8a,libfastrand-751bcde24b8aa073,libaws_smithy_observability-4686def8aed6adaa,libaws_smithy_http_client-ef59e38e7fffc6b9,libhyper_rustls-dd987ef029d045e9,libtokio_rustls-f3e670c8f3f351f6,librustls-c4f0dce69651a7fe,libwebpki-887d78fd11fcce78,libaws_lc_rs-770cc9dcacd4ee7d,libaws_lc_sys-f12ffe7bd48e565a,libtower-c5a3e1d9b8e06a1a,libsync_wrapper-6bdfbc29c4269203,libtower_layer-d908dd771b239ecd,libhyper_util-a2344e452f129e6f,libbase64-32787b0325ea6df8,libipnet-61ca7a5e1c2863d4,libhyper-1cbe6d40d02eaccb,libh2-1df814829d99bc09,libatomic_waker-06950c8c08d2b8fa,librustls_native_certs-465b2aa2129aa72f,libopenssl_probe-6b1b371432012237,librustls_pki_types-a1ff9279e609de76,libhyper_rustls-3b7d65793f4664a1,libtokio_rustls-76d4d1ec460ecbce,librustls-1cb857a2d5910ddc,libsct-5bc948e803ccc32d,libwebpki-d2fed76d3bbc2b05,libring-c6624ffecc8b7bfa,libgetrandom-4171ddcf5fa94c89,libuntrusted-b2f816886faf2178,libhyper-541d9261813d08da,libwant-7a6260b9c50f1479,libtry_lock-8fa2f6971035be84,libsocket2-090fb42053c5cefe,libhttparse-8c9b827b8f345444,libtower_service-3fb88d28c2218805,libhttpdate-331798cefc82cc7e,libh2-2aa2badd0ee1b496,libindexmap-f006485b143d2676,libequivalent-6a754676e6af62ae,libhashbrown-25abce2d85979e8d,libaws_types-5200232914c6b16a,libserde_json-647911d2198f34a9,libzmij-ef63f1da73704b4c,libstatic_assertions-f0217ecdd817a834,libchrono-b4cf3aedcd5b3ea3,libiana_time_zone-bcd81aefedc374a6,libthiserror-5e90adc18491a337,libblake2-0618d6d584a373d2,libserde-812851b95e4e1b1c,libserde_core-49c5f0449f9ff544,libaws_sigv4-daecc476747f4965,libform_urlencoded-58b0f0edb59b40d2,libhex-13e08b3b00984ab7,libaws_smithy_http-2c1f608c1af74c00,libpercent_encoding-fa055ecaa1e57cfa,libaws_smithy_eventstream-263775fb8c2b35db,libcrc32fast-77160f4e25d6fc25,libsha2-095ad84fd5bfa493,libcpufeatures-e04321643d03190d,libhmac-cd7a37938e839740,libdigest-55f2c16e3612c500,libsubtle-2ae6a7038b9a0630,libblock_buffer-ceb5bfb4b62e5dc4,libcrypto_common-56b940ef3ee0385e,libgeneric_array-3399f74876fb1fa9,libtypenum-973adb5204d6e560,libaws_credential_types-dec6dc29c59b0de4,libaws_smithy_runtime_api-877f66c8aa7a0b0f,libaws_smithy_async-858e6136401239e4,libfutures_util-eb78ac1c55973e72,libmemchr-5cfa70d22cb32987,libfutures_io-a8805bd12b2ab705,libslab-0582d648e59ab406,libfutures_channel-04b287164a72dbf0,libfutures_task-36f327cfab86eddc,libtracing-955695d27ab45bf4,liblog-f16ce4b64309590f,libtracing_core-d26029c784af5925,libonce_cell-b5bdc597ed9676b3,libzeroize-7f213bea776ca5b6,libaws_smithy_types-f9a6691eb28b6ff6,libryu-1f4f40e4352371e5,libpin_utils-3860774ad9b215b5,libtime-297fa7e7d695d466,libtime_core-031b6ab885a7634b,libnum_conv-4e1233169d5eeba7,libderanged-d0114085ae3b02c5,libpowerfmt-f6019a2766e431f7,libnum_integer-95c76d88c2be62f5,libnum_traits-17bedafaa2a61f51,libtokio_util-e72dff8438ea3e41,libfutures_sink-3971bde37bb30e19,libtokio-4995f77718a2ab9a,libsignal_hook_registry-0370c074c4bef323,liberrno-1d9457f3d77a0a23,libsocket2-050091baf38e5996,libmio-b3d300bcba2dd5a7,libparking_lot-3ffc45ac74faea53,libparking_lot_core-5da3b68e7b565456,liblibc-585253b8e2aa2651,libcfg_if-83060ec5685761ae,libsmallvec-bc3128fdd57228fc,liblock_api-16d46fed645f7bff,libscopeguard-7ec2214574194454,libbytes_utils-8c76400078871503,libeither-40b894c145b6eae5,libhttp_body-4d52896d975fd682,libhttp-59da2a0bfabc2669,libfnv-79e2cbfbe03dcd16,libhttp_body_util-ed5fbd1db1f6d6fc,libfutures_core-1121ff913ed87f93,libhttp_body-8d8f9f8398f09fa7,libhttp-563f2cb150350555,libitoa-5de11b3b23bfe572,libpin_project_lite-0a15d51c77964692,libbytes-2ed9460101f17bbf,libbase64_simd-d78819428296f469,liboutref-a8d151a70d892957,libvsimd-df18ed82e402df6e}.rlib" "<sysroot>/lib/rustlib/x86_64-unknown-linux-gnu/lib/{libstd-*,libpanic_unwind-*,libobject-*,libmemchr-*,libaddr2line-*,libgimli-*,libcfg_if-*,librustc_demangle-*,libstd_detect-*,libhashbrown-*,librustc_std_workspace_alloc-*,libminiz_oxide-*,libadler2-*,libunwind-*,liblibc-*,librustc_std_workspace_core-*,liballoc-*,libcore-*,libcompiler_builtins-*}.rlib" "-Wl,-Bdynamic" "-lgcc_s" "-lutil" "-lrt" "-lpthread" "-lm" "-ldl" "-lc" "-L" "/tmp/rustdoctestbewBaR/rustcQzoMlb/raw-dylibs" "-B<sysroot>/lib/rustlib/x86_64-unknown-linux-gnu/bin/gcc-ld" "-fuse-ld=lld" "-Wl,--eh-frame-hdr" "-Wl,-z,noexecstack" "-L" "/opt/rustwide/target/debug/build/aws-lc-sys-d88fa28f4089ddad/out" "-L" "/opt/rustwide/target/debug/build/ring-ed9f6680db824c3c/out" "-L" "<sysroot>/lib/rustlib/x86_64-unknown-linux-gnu/lib" "-o" "/tmp/rustdoctestbewBaR/rust_out" "-Wl,--gc-sections" "-pie" "-Wl,-z,relro,-z,now" "-nodefaultlibs"
[INFO] [stdout]   = note: some arguments are omitted. use `--verbose` to show all linker arguments
[INFO] [stdout]   = note: collect2: fatal error: ld terminated with signal 9 [Killed]
[INFO] [stdout]           compilation terminated.
[INFO] [stdout]           
[INFO] [stdout] 
[INFO] [stdout] error: aborting due to 1 previous error
[INFO] [stdout] 
[INFO] [stdout] Couldn't compile the test.
[INFO] [stdout] ---- src/types.rs - types::Invocation (line 162) stdout ----
[INFO] [stdout] error: linking with `cc` failed: exit status: 1
[INFO] [stdout]   |
[INFO] [stdout]   = note:  "cc" "-m64" "/tmp/rustdoctestIerBUL/rustcvcotJB/symbols.o" "<2 object files omitted>" "-Wl,--as-needed" "-Wl,-Bstatic" "/opt/rustwide/target/debug/deps/{libdurable_execution_sdk_testing-61f4529a5a523a03,libaws_sdk_lambda-5b6f79f6188ccee5,libdurable_execution_sdk-c6eed048acfd9885,liblambda_runtime-7cac3e21431050dd,libhttp_serde-19488e5f4b0b0b25,libserde_path_to_error-27ee74d3083bd57a,libasync_stream-17d86ef5fef7654b,libpin_project-c7b48848e7fed083,liblambda_runtime_api_client-11ac8f434de6dfcc,libtracing_subscriber-a51afaca091a1964,libtracing_serde-fde70c956b29c48d,libsharded_slab-bd3e89e1e50b7c87,liblazy_static-3674be3f4245d19b,libmatchers-657b767e2e15aeb8,libthread_local-b4f6fe44d641c0b1,libfutures-de6e887256efe489,libfutures_executor-78273afa9cf5e203,libtokio_stream-29c7ff0d1b64f5b5,libregex-1342197ac76a7579,libregex_automata-e4e8d49138828df4,libaho_corasick-fa94425a423a79cf,libregex_syntax-6d6ee545e2ffad72,libreqwest-ff3c51686ecd8de3,librustls_platform_verifier-ce50285066b3126e,libmime-0188e0814ca7ddbf,libencoding_rs-c7a67ac351c2b19f,libtower_http-c6636ad579988c4f,libbitflags-19bd3a07fb167555,libiri_string-1c2d5ecaae82a205,libaws_config-30a7b5e95788787d,liburl-c53a9c40193e4323,libidna-65257e9b12bac238,libutf8_iter-51566bbad89f3a68,libidna_adapter-7c6006dd22e2b475,libicu_properties-82ff42289bb7499c,libicu_properties_data-b217809bf575558a,libicu_normalizer-5635eb673fd734d8,libicu_normalizer_data-ab8997d7cbbb3306,libicu_collections-f0026b89614cd57d,libpotential_utf-1a624fe73bbd467a,libicu_provider-0397860365ebade6,libicu_locale_core-816fe88e71ee8167,libtinystr-a70de79dd32ef62f,liblitemap-cd9b5b2aa04e2018,libwriteable-4f74a67d38fff78e,libzerovec-d945614e18b562f6,libzerotrie-ebf521f2ef5efadc,libyoke-da17f70501a25c31,libstable_deref_trait-63cbf3f3d3f94e56,libzerofrom-9cf902e0d855375e,libsha1-470390a6d99a0bb7,libaws_sdk_ssooidc-1a7be110f00ee8b6,libaws_sdk_sso-3da1dc59bb315843,libaws_sdk_sts-9d996daaddc76278,libaws_smithy_query-4bc08361016128a8,liburlencoding-061758bc6028ea3e,libaws_smithy_xml-dbcb61fcd96762e7,libxmlparser-fad6613a8b481ba6,libregex_lite-89aafaa622c47d82,libaws_runtime-af81e13a9dda29df,libuuid-30756702093851bf,libgetrandom-6841e0dbdb6c146b,libaws_smithy_json-1787cffa21325e74,libaws_smithy_runtime-ecd570cb129eac8a,libfastrand-751bcde24b8aa073,libaws_smithy_observability-4686def8aed6adaa,libaws_smithy_http_client-ef59e38e7fffc6b9,libhyper_rustls-dd987ef029d045e9,libtokio_rustls-f3e670c8f3f351f6,librustls-c4f0dce69651a7fe,libwebpki-887d78fd11fcce78,libaws_lc_rs-770cc9dcacd4ee7d,libaws_lc_sys-f12ffe7bd48e565a,libtower-c5a3e1d9b8e06a1a,libsync_wrapper-6bdfbc29c4269203,libtower_layer-d908dd771b239ecd,libhyper_util-a2344e452f129e6f,libbase64-32787b0325ea6df8,libipnet-61ca7a5e1c2863d4,libhyper-1cbe6d40d02eaccb,libh2-1df814829d99bc09,libatomic_waker-06950c8c08d2b8fa,librustls_native_certs-465b2aa2129aa72f,libopenssl_probe-6b1b371432012237,librustls_pki_types-a1ff9279e609de76,libhyper_rustls-3b7d65793f4664a1,libtokio_rustls-76d4d1ec460ecbce,librustls-1cb857a2d5910ddc,libsct-5bc948e803ccc32d,libwebpki-d2fed76d3bbc2b05,libring-c6624ffecc8b7bfa,libgetrandom-4171ddcf5fa94c89,libuntrusted-b2f816886faf2178,libhyper-541d9261813d08da,libwant-7a6260b9c50f1479,libtry_lock-8fa2f6971035be84,libsocket2-090fb42053c5cefe,libhttparse-8c9b827b8f345444,libtower_service-3fb88d28c2218805,libhttpdate-331798cefc82cc7e,libh2-2aa2badd0ee1b496,libindexmap-f006485b143d2676,libequivalent-6a754676e6af62ae,libhashbrown-25abce2d85979e8d,libaws_types-5200232914c6b16a,libserde_json-647911d2198f34a9,libzmij-ef63f1da73704b4c,libstatic_assertions-f0217ecdd817a834,libchrono-b4cf3aedcd5b3ea3,libiana_time_zone-bcd81aefedc374a6,libthiserror-5e90adc18491a337,libblake2-0618d6d584a373d2,libserde-812851b95e4e1b1c,libserde_core-49c5f0449f9ff544,libaws_sigv4-daecc476747f4965,libform_urlencoded-58b0f0edb59b40d2,libhex-13e08b3b00984ab7,libaws_smithy_http-2c1f608c1af74c00,libpercent_encoding-fa055ecaa1e57cfa,libaws_smithy_eventstream-263775fb8c2b35db,libcrc32fast-77160f4e25d6fc25,libsha2-095ad84fd5bfa493,libcpufeatures-e04321643d03190d,libhmac-cd7a37938e839740,libdigest-55f2c16e3612c500,libsubtle-2ae6a7038b9a0630,libblock_buffer-ceb5bfb4b62e5dc4,libcrypto_common-56b940ef3ee0385e,libgeneric_array-3399f74876fb1fa9,libtypenum-973adb5204d6e560,libaws_credential_types-dec6dc29c59b0de4,libaws_smithy_runtime_api-877f66c8aa7a0b0f,libaws_smithy_async-858e6136401239e4,libfutures_util-eb78ac1c55973e72,libmemchr-5cfa70d22cb32987,libfutures_io-a8805bd12b2ab705,libslab-0582d648e59ab406,libfutures_channel-04b287164a72dbf0,libfutures_task-36f327cfab86eddc,libtracing-955695d27ab45bf4,liblog-f16ce4b64309590f,libtracing_core-d26029c784af5925,libonce_cell-b5bdc597ed9676b3,libzeroize-7f213bea776ca5b6,libaws_smithy_types-f9a6691eb28b6ff6,libryu-1f4f40e4352371e5,libpin_utils-3860774ad9b215b5,libtime-297fa7e7d695d466,libtime_core-031b6ab885a7634b,libnum_conv-4e1233169d5eeba7,libderanged-d0114085ae3b02c5,libpowerfmt-f6019a2766e431f7,libnum_integer-95c76d88c2be62f5,libnum_traits-17bedafaa2a61f51,libtokio_util-e72dff8438ea3e41,libfutures_sink-3971bde37bb30e19,libtokio-4995f77718a2ab9a,libsignal_hook_registry-0370c074c4bef323,liberrno-1d9457f3d77a0a23,libsocket2-050091baf38e5996,libmio-b3d300bcba2dd5a7,libparking_lot-3ffc45ac74faea53,libparking_lot_core-5da3b68e7b565456,liblibc-585253b8e2aa2651,libcfg_if-83060ec5685761ae,libsmallvec-bc3128fdd57228fc,liblock_api-16d46fed645f7bff,libscopeguard-7ec2214574194454,libbytes_utils-8c76400078871503,libeither-40b894c145b6eae5,libhttp_body-4d52896d975fd682,libhttp-59da2a0bfabc2669,libfnv-79e2cbfbe03dcd16,libhttp_body_util-ed5fbd1db1f6d6fc,libfutures_core-1121ff913ed87f93,libhttp_body-8d8f9f8398f09fa7,libhttp-563f2cb150350555,libitoa-5de11b3b23bfe572,libpin_project_lite-0a15d51c77964692,libbytes-2ed9460101f17bbf,libbase64_simd-d78819428296f469,liboutref-a8d151a70d892957,libvsimd-df18ed82e402df6e}.rlib" "<sysroot>/lib/rustlib/x86_64-unknown-linux-gnu/lib/{libstd-*,libpanic_unwind-*,libobject-*,libmemchr-*,libaddr2line-*,libgimli-*,libcfg_if-*,librustc_demangle-*,libstd_detect-*,libhashbrown-*,librustc_std_workspace_alloc-*,libminiz_oxide-*,libadler2-*,libunwind-*,liblibc-*,librustc_std_workspace_core-*,liballoc-*,libcore-*,libcompiler_builtins-*}.rlib" "-Wl,-Bdynamic" "-lgcc_s" "-lutil" "-lrt" "-lpthread" "-lm" "-ldl" "-lc" "-L" "/tmp/rustdoctestIerBUL/rustcvcotJB/raw-dylibs" "-B<sysroot>/lib/rustlib/x86_64-unknown-linux-gnu/bin/gcc-ld" "-fuse-ld=lld" "-Wl,--eh-frame-hdr" "-Wl,-z,noexecstack" "-L" "/opt/rustwide/target/debug/build/aws-lc-sys-d88fa28f4089ddad/out" "-L" "/opt/rustwide/target/debug/build/ring-ed9f6680db824c3c/out" "-L" "<sysroot>/lib/rustlib/x86_64-unknown-linux-gnu/lib" "-o" "/tmp/rustdoctestIerBUL/rust_out" "-Wl,--gc-sections" "-pie" "-Wl,-z,relro,-z,now" "-nodefaultlibs"
[INFO] [stdout]   = note: some arguments are omitted. use `--verbose` to show all linker arguments
[INFO] [stdout]   = note: collect2: fatal error: ld terminated with signal 9 [Killed]
[INFO] [stdout]           compilation terminated.
[INFO] [stdout]           
[INFO] [stdout] 
[INFO] [stdout] error: aborting due to 1 previous error
[INFO] [stdout] 
[INFO] [stdout] Couldn't compile the test.
[INFO] [stdout] ---- src/mock_client.rs - mock_client::MockDurableServiceClient::with_checkpoint_response_with_operations (line 238) stdout ----
[INFO] [stdout] error: linking with `cc` failed: exit status: 1
[INFO] [stdout]   |
[INFO] [stdout]   = note:  "cc" "-m64" "/tmp/rustdoctestRLCuOW/rustcAzq6hi/symbols.o" "<2 object files omitted>" "-Wl,--as-needed" "-Wl,-Bstatic" "/opt/rustwide/target/debug/deps/{libdurable_execution_sdk_testing-61f4529a5a523a03,libaws_sdk_lambda-5b6f79f6188ccee5,libdurable_execution_sdk-c6eed048acfd9885,liblambda_runtime-7cac3e21431050dd,libhttp_serde-19488e5f4b0b0b25,libserde_path_to_error-27ee74d3083bd57a,libasync_stream-17d86ef5fef7654b,libpin_project-c7b48848e7fed083,liblambda_runtime_api_client-11ac8f434de6dfcc,libtracing_subscriber-a51afaca091a1964,libtracing_serde-fde70c956b29c48d,libsharded_slab-bd3e89e1e50b7c87,liblazy_static-3674be3f4245d19b,libmatchers-657b767e2e15aeb8,libthread_local-b4f6fe44d641c0b1,libfutures-de6e887256efe489,libfutures_executor-78273afa9cf5e203,libtokio_stream-29c7ff0d1b64f5b5,libregex-1342197ac76a7579,libregex_automata-e4e8d49138828df4,libaho_corasick-fa94425a423a79cf,libregex_syntax-6d6ee545e2ffad72,libreqwest-ff3c51686ecd8de3,librustls_platform_verifier-ce50285066b3126e,libmime-0188e0814ca7ddbf,libencoding_rs-c7a67ac351c2b19f,libtower_http-c6636ad579988c4f,libbitflags-19bd3a07fb167555,libiri_string-1c2d5ecaae82a205,libaws_config-30a7b5e95788787d,liburl-c53a9c40193e4323,libidna-65257e9b12bac238,libutf8_iter-51566bbad89f3a68,libidna_adapter-7c6006dd22e2b475,libicu_properties-82ff42289bb7499c,libicu_properties_data-b217809bf575558a,libicu_normalizer-5635eb673fd734d8,libicu_normalizer_data-ab8997d7cbbb3306,libicu_collections-f0026b89614cd57d,libpotential_utf-1a624fe73bbd467a,libicu_provider-0397860365ebade6,libicu_locale_core-816fe88e71ee8167,libtinystr-a70de79dd32ef62f,liblitemap-cd9b5b2aa04e2018,libwriteable-4f74a67d38fff78e,libzerovec-d945614e18b562f6,libzerotrie-ebf521f2ef5efadc,libyoke-da17f70501a25c31,libstable_deref_trait-63cbf3f3d3f94e56,libzerofrom-9cf902e0d855375e,libsha1-470390a6d99a0bb7,libaws_sdk_ssooidc-1a7be110f00ee8b6,libaws_sdk_sso-3da1dc59bb315843,libaws_sdk_sts-9d996daaddc76278,libaws_smithy_query-4bc08361016128a8,liburlencoding-061758bc6028ea3e,libaws_smithy_xml-dbcb61fcd96762e7,libxmlparser-fad6613a8b481ba6,libregex_lite-89aafaa622c47d82,libaws_runtime-af81e13a9dda29df,libuuid-30756702093851bf,libgetrandom-6841e0dbdb6c146b,libaws_smithy_json-1787cffa21325e74,libaws_smithy_runtime-ecd570cb129eac8a,libfastrand-751bcde24b8aa073,libaws_smithy_observability-4686def8aed6adaa,libaws_smithy_http_client-ef59e38e7fffc6b9,libhyper_rustls-dd987ef029d045e9,libtokio_rustls-f3e670c8f3f351f6,librustls-c4f0dce69651a7fe,libwebpki-887d78fd11fcce78,libaws_lc_rs-770cc9dcacd4ee7d,libaws_lc_sys-f12ffe7bd48e565a,libtower-c5a3e1d9b8e06a1a,libsync_wrapper-6bdfbc29c4269203,libtower_layer-d908dd771b239ecd,libhyper_util-a2344e452f129e6f,libbase64-32787b0325ea6df8,libipnet-61ca7a5e1c2863d4,libhyper-1cbe6d40d02eaccb,libh2-1df814829d99bc09,libatomic_waker-06950c8c08d2b8fa,librustls_native_certs-465b2aa2129aa72f,libopenssl_probe-6b1b371432012237,librustls_pki_types-a1ff9279e609de76,libhyper_rustls-3b7d65793f4664a1,libtokio_rustls-76d4d1ec460ecbce,librustls-1cb857a2d5910ddc,libsct-5bc948e803ccc32d,libwebpki-d2fed76d3bbc2b05,libring-c6624ffecc8b7bfa,libgetrandom-4171ddcf5fa94c89,libuntrusted-b2f816886faf2178,libhyper-541d9261813d08da,libwant-7a6260b9c50f1479,libtry_lock-8fa2f6971035be84,libsocket2-090fb42053c5cefe,libhttparse-8c9b827b8f345444,libtower_service-3fb88d28c2218805,libhttpdate-331798cefc82cc7e,libh2-2aa2badd0ee1b496,libindexmap-f006485b143d2676,libequivalent-6a754676e6af62ae,libhashbrown-25abce2d85979e8d,libaws_types-5200232914c6b16a,libserde_json-647911d2198f34a9,libzmij-ef63f1da73704b4c,libstatic_assertions-f0217ecdd817a834,libchrono-b4cf3aedcd5b3ea3,libiana_time_zone-bcd81aefedc374a6,libthiserror-5e90adc18491a337,libblake2-0618d6d584a373d2,libserde-812851b95e4e1b1c,libserde_core-49c5f0449f9ff544,libaws_sigv4-daecc476747f4965,libform_urlencoded-58b0f0edb59b40d2,libhex-13e08b3b00984ab7,libaws_smithy_http-2c1f608c1af74c00,libpercent_encoding-fa055ecaa1e57cfa,libaws_smithy_eventstream-263775fb8c2b35db,libcrc32fast-77160f4e25d6fc25,libsha2-095ad84fd5bfa493,libcpufeatures-e04321643d03190d,libhmac-cd7a37938e839740,libdigest-55f2c16e3612c500,libsubtle-2ae6a7038b9a0630,libblock_buffer-ceb5bfb4b62e5dc4,libcrypto_common-56b940ef3ee0385e,libgeneric_array-3399f74876fb1fa9,libtypenum-973adb5204d6e560,libaws_credential_types-dec6dc29c59b0de4,libaws_smithy_runtime_api-877f66c8aa7a0b0f,libaws_smithy_async-858e6136401239e4,libfutures_util-eb78ac1c55973e72,libmemchr-5cfa70d22cb32987,libfutures_io-a8805bd12b2ab705,libslab-0582d648e59ab406,libfutures_channel-04b287164a72dbf0,libfutures_task-36f327cfab86eddc,libtracing-955695d27ab45bf4,liblog-f16ce4b64309590f,libtracing_core-d26029c784af5925,libonce_cell-b5bdc597ed9676b3,libzeroize-7f213bea776ca5b6,libaws_smithy_types-f9a6691eb28b6ff6,libryu-1f4f40e4352371e5,libpin_utils-3860774ad9b215b5,libtime-297fa7e7d695d466,libtime_core-031b6ab885a7634b,libnum_conv-4e1233169d5eeba7,libderanged-d0114085ae3b02c5,libpowerfmt-f6019a2766e431f7,libnum_integer-95c76d88c2be62f5,libnum_traits-17bedafaa2a61f51,libtokio_util-e72dff8438ea3e41,libfutures_sink-3971bde37bb30e19,libtokio-4995f77718a2ab9a,libsignal_hook_registry-0370c074c4bef323,liberrno-1d9457f3d77a0a23,libsocket2-050091baf38e5996,libmio-b3d300bcba2dd5a7,libparking_lot-3ffc45ac74faea53,libparking_lot_core-5da3b68e7b565456,liblibc-585253b8e2aa2651,libcfg_if-83060ec5685761ae,libsmallvec-bc3128fdd57228fc,liblock_api-16d46fed645f7bff,libscopeguard-7ec2214574194454,libbytes_utils-8c76400078871503,libeither-40b894c145b6eae5,libhttp_body-4d52896d975fd682,libhttp-59da2a0bfabc2669,libfnv-79e2cbfbe03dcd16,libhttp_body_util-ed5fbd1db1f6d6fc,libfutures_core-1121ff913ed87f93,libhttp_body-8d8f9f8398f09fa7,libhttp-563f2cb150350555,libitoa-5de11b3b23bfe572,libpin_project_lite-0a15d51c77964692,libbytes-2ed9460101f17bbf,libbase64_simd-d78819428296f469,liboutref-a8d151a70d892957,libvsimd-df18ed82e402df6e}.rlib" "<sysroot>/lib/rustlib/x86_64-unknown-linux-gnu/lib/{libstd-*,libpanic_unwind-*,libobject-*,libmemchr-*,libaddr2line-*,libgimli-*,libcfg_if-*,librustc_demangle-*,libstd_detect-*,libhashbrown-*,librustc_std_workspace_alloc-*,libminiz_oxide-*,libadler2-*,libunwind-*,liblibc-*,librustc_std_workspace_core-*,liballoc-*,libcore-*,libcompiler_builtins-*}.rlib" "-Wl,-Bdynamic" "-lgcc_s" "-lutil" "-lrt" "-lpthread" "-lm" "-ldl" "-lc" "-L" "/tmp/rustdoctestRLCuOW/rustcAzq6hi/raw-dylibs" "-B<sysroot>/lib/rustlib/x86_64-unknown-linux-gnu/bin/gcc-ld" "-fuse-ld=lld" "-Wl,--eh-frame-hdr" "-Wl,-z,noexecstack" "-L" "/opt/rustwide/target/debug/build/aws-lc-sys-d88fa28f4089ddad/out" "-L" "/opt/rustwide/target/debug/build/ring-ed9f6680db824c3c/out" "-L" "<sysroot>/lib/rustlib/x86_64-unknown-linux-gnu/lib" "-o" "/tmp/rustdoctestRLCuOW/rust_out" "-Wl,--gc-sections" "-pie" "-Wl,-z,relro,-z,now" "-nodefaultlibs"
[INFO] [stdout]   = note: some arguments are omitted. use `--verbose` to show all linker arguments
[INFO] [stdout]   = note: collect2: fatal error: ld terminated with signal 9 [Killed]
[INFO] [stdout]           compilation terminated.
[INFO] [stdout]           
[INFO] [stdout] 
[INFO] [stdout] error: aborting due to 1 previous error
[INFO] [stdout] 
[INFO] [stdout] Couldn't compile the test.
[INFO] [stdout] ---- src/mock_client.rs - mock_client::MockDurableServiceClient::with_checkpoint_response (line 191) stdout ----
[INFO] [stdout] error: linking with `cc` failed: exit status: 1
[INFO] [stdout]   |
[INFO] [stdout]   = note:  "cc" "-m64" "/tmp/rustdoctestLGYfcu/rustcfEA2mo/symbols.o" "<2 object files omitted>" "-Wl,--as-needed" "-Wl,-Bstatic" "/opt/rustwide/target/debug/deps/{libdurable_execution_sdk_testing-61f4529a5a523a03,libaws_sdk_lambda-5b6f79f6188ccee5,libdurable_execution_sdk-c6eed048acfd9885,liblambda_runtime-7cac3e21431050dd,libhttp_serde-19488e5f4b0b0b25,libserde_path_to_error-27ee74d3083bd57a,libasync_stream-17d86ef5fef7654b,libpin_project-c7b48848e7fed083,liblambda_runtime_api_client-11ac8f434de6dfcc,libtracing_subscriber-a51afaca091a1964,libtracing_serde-fde70c956b29c48d,libsharded_slab-bd3e89e1e50b7c87,liblazy_static-3674be3f4245d19b,libmatchers-657b767e2e15aeb8,libthread_local-b4f6fe44d641c0b1,libfutures-de6e887256efe489,libfutures_executor-78273afa9cf5e203,libtokio_stream-29c7ff0d1b64f5b5,libregex-1342197ac76a7579,libregex_automata-e4e8d49138828df4,libaho_corasick-fa94425a423a79cf,libregex_syntax-6d6ee545e2ffad72,libreqwest-ff3c51686ecd8de3,librustls_platform_verifier-ce50285066b3126e,libmime-0188e0814ca7ddbf,libencoding_rs-c7a67ac351c2b19f,libtower_http-c6636ad579988c4f,libbitflags-19bd3a07fb167555,libiri_string-1c2d5ecaae82a205,libaws_config-30a7b5e95788787d,liburl-c53a9c40193e4323,libidna-65257e9b12bac238,libutf8_iter-51566bbad89f3a68,libidna_adapter-7c6006dd22e2b475,libicu_properties-82ff42289bb7499c,libicu_properties_data-b217809bf575558a,libicu_normalizer-5635eb673fd734d8,libicu_normalizer_data-ab8997d7cbbb3306,libicu_collections-f0026b89614cd57d,libpotential_utf-1a624fe73bbd467a,libicu_provider-0397860365ebade6,libicu_locale_core-816fe88e71ee8167,libtinystr-a70de79dd32ef62f,liblitemap-cd9b5b2aa04e2018,libwriteable-4f74a67d38fff78e,libzerovec-d945614e18b562f6,libzerotrie-ebf521f2ef5efadc,libyoke-da17f70501a25c31,libstable_deref_trait-63cbf3f3d3f94e56,libzerofrom-9cf902e0d855375e,libsha1-470390a6d99a0bb7,libaws_sdk_ssooidc-1a7be110f00ee8b6,libaws_sdk_sso-3da1dc59bb315843,libaws_sdk_sts-9d996daaddc76278,libaws_smithy_query-4bc08361016128a8,liburlencoding-061758bc6028ea3e,libaws_smithy_xml-dbcb61fcd96762e7,libxmlparser-fad6613a8b481ba6,libregex_lite-89aafaa622c47d82,libaws_runtime-af81e13a9dda29df,libuuid-30756702093851bf,libgetrandom-6841e0dbdb6c146b,libaws_smithy_json-1787cffa21325e74,libaws_smithy_runtime-ecd570cb129eac8a,libfastrand-751bcde24b8aa073,libaws_smithy_observability-4686def8aed6adaa,libaws_smithy_http_client-ef59e38e7fffc6b9,libhyper_rustls-dd987ef029d045e9,libtokio_rustls-f3e670c8f3f351f6,librustls-c4f0dce69651a7fe,libwebpki-887d78fd11fcce78,libaws_lc_rs-770cc9dcacd4ee7d,libaws_lc_sys-f12ffe7bd48e565a,libtower-c5a3e1d9b8e06a1a,libsync_wrapper-6bdfbc29c4269203,libtower_layer-d908dd771b239ecd,libhyper_util-a2344e452f129e6f,libbase64-32787b0325ea6df8,libipnet-61ca7a5e1c2863d4,libhyper-1cbe6d40d02eaccb,libh2-1df814829d99bc09,libatomic_waker-06950c8c08d2b8fa,librustls_native_certs-465b2aa2129aa72f,libopenssl_probe-6b1b371432012237,librustls_pki_types-a1ff9279e609de76,libhyper_rustls-3b7d65793f4664a1,libtokio_rustls-76d4d1ec460ecbce,librustls-1cb857a2d5910ddc,libsct-5bc948e803ccc32d,libwebpki-d2fed76d3bbc2b05,libring-c6624ffecc8b7bfa,libgetrandom-4171ddcf5fa94c89,libuntrusted-b2f816886faf2178,libhyper-541d9261813d08da,libwant-7a6260b9c50f1479,libtry_lock-8fa2f6971035be84,libsocket2-090fb42053c5cefe,libhttparse-8c9b827b8f345444,libtower_service-3fb88d28c2218805,libhttpdate-331798cefc82cc7e,libh2-2aa2badd0ee1b496,libindexmap-f006485b143d2676,libequivalent-6a754676e6af62ae,libhashbrown-25abce2d85979e8d,libaws_types-5200232914c6b16a,libserde_json-647911d2198f34a9,libzmij-ef63f1da73704b4c,libstatic_assertions-f0217ecdd817a834,libchrono-b4cf3aedcd5b3ea3,libiana_time_zone-bcd81aefedc374a6,libthiserror-5e90adc18491a337,libblake2-0618d6d584a373d2,libserde-812851b95e4e1b1c,libserde_core-49c5f0449f9ff544,libaws_sigv4-daecc476747f4965,libform_urlencoded-58b0f0edb59b40d2,libhex-13e08b3b00984ab7,libaws_smithy_http-2c1f608c1af74c00,libpercent_encoding-fa055ecaa1e57cfa,libaws_smithy_eventstream-263775fb8c2b35db,libcrc32fast-77160f4e25d6fc25,libsha2-095ad84fd5bfa493,libcpufeatures-e04321643d03190d,libhmac-cd7a37938e839740,libdigest-55f2c16e3612c500,libsubtle-2ae6a7038b9a0630,libblock_buffer-ceb5bfb4b62e5dc4,libcrypto_common-56b940ef3ee0385e,libgeneric_array-3399f74876fb1fa9,libtypenum-973adb5204d6e560,libaws_credential_types-dec6dc29c59b0de4,libaws_smithy_runtime_api-877f66c8aa7a0b0f,libaws_smithy_async-858e6136401239e4,libfutures_util-eb78ac1c55973e72,libmemchr-5cfa70d22cb32987,libfutures_io-a8805bd12b2ab705,libslab-0582d648e59ab406,libfutures_channel-04b287164a72dbf0,libfutures_task-36f327cfab86eddc,libtracing-955695d27ab45bf4,liblog-f16ce4b64309590f,libtracing_core-d26029c784af5925,libonce_cell-b5bdc597ed9676b3,libzeroize-7f213bea776ca5b6,libaws_smithy_types-f9a6691eb28b6ff6,libryu-1f4f40e4352371e5,libpin_utils-3860774ad9b215b5,libtime-297fa7e7d695d466,libtime_core-031b6ab885a7634b,libnum_conv-4e1233169d5eeba7,libderanged-d0114085ae3b02c5,libpowerfmt-f6019a2766e431f7,libnum_integer-95c76d88c2be62f5,libnum_traits-17bedafaa2a61f51,libtokio_util-e72dff8438ea3e41,libfutures_sink-3971bde37bb30e19,libtokio-4995f77718a2ab9a,libsignal_hook_registry-0370c074c4bef323,liberrno-1d9457f3d77a0a23,libsocket2-050091baf38e5996,libmio-b3d300bcba2dd5a7,libparking_lot-3ffc45ac74faea53,libparking_lot_core-5da3b68e7b565456,liblibc-585253b8e2aa2651,libcfg_if-83060ec5685761ae,libsmallvec-bc3128fdd57228fc,liblock_api-16d46fed645f7bff,libscopeguard-7ec2214574194454,libbytes_utils-8c76400078871503,libeither-40b894c145b6eae5,libhttp_body-4d52896d975fd682,libhttp-59da2a0bfabc2669,libfnv-79e2cbfbe03dcd16,libhttp_body_util-ed5fbd1db1f6d6fc,libfutures_core-1121ff913ed87f93,libhttp_body-8d8f9f8398f09fa7,libhttp-563f2cb150350555,libitoa-5de11b3b23bfe572,libpin_project_lite-0a15d51c77964692,libbytes-2ed9460101f17bbf,libbase64_simd-d78819428296f469,liboutref-a8d151a70d892957,libvsimd-df18ed82e402df6e}.rlib" "<sysroot>/lib/rustlib/x86_64-unknown-linux-gnu/lib/{libstd-*,libpanic_unwind-*,libobject-*,libmemchr-*,libaddr2line-*,libgimli-*,libcfg_if-*,librustc_demangle-*,libstd_detect-*,libhashbrown-*,librustc_std_workspace_alloc-*,libminiz_oxide-*,libadler2-*,libunwind-*,liblibc-*,librustc_std_workspace_core-*,liballoc-*,libcore-*,libcompiler_builtins-*}.rlib" "-Wl,-Bdynamic" "-lgcc_s" "-lutil" "-lrt" "-lpthread" "-lm" "-ldl" "-lc" "-L" "/tmp/rustdoctestLGYfcu/rustcfEA2mo/raw-dylibs" "-B<sysroot>/lib/rustlib/x86_64-unknown-linux-gnu/bin/gcc-ld" "-fuse-ld=lld" "-Wl,--eh-frame-hdr" "-Wl,-z,noexecstack" "-L" "/opt/rustwide/target/debug/build/aws-lc-sys-d88fa28f4089ddad/out" "-L" "/opt/rustwide/target/debug/build/ring-ed9f6680db824c3c/out" "-L" "<sysroot>/lib/rustlib/x86_64-unknown-linux-gnu/lib" "-o" "/tmp/rustdoctestLGYfcu/rust_out" "-Wl,--gc-sections" "-pie" "-Wl,-z,relro,-z,now" "-nodefaultlibs"
[INFO] [stdout]   = note: some arguments are omitted. use `--verbose` to show all linker arguments
[INFO] [stdout]   = note: collect2: fatal error: ld terminated with signal 9 [Killed]
[INFO] [stdout]           compilation terminated.
[INFO] [stdout]           
[INFO] [stdout] 
[INFO] [stdout] error: aborting due to 1 previous error
[INFO] [stdout] 
[INFO] [stdout] Couldn't compile the test.
[INFO] [stdout] 
[INFO] [stdout] failures:
[INFO] [stdout]     src/error.rs - error::TestError (line 18)
[INFO] [stdout]     src/mock_client.rs - mock_client (line 8)
[INFO] [stdout]     src/mock_client.rs - mock_client::CheckpointCall (line 42)
[INFO] [stdout]     src/mock_client.rs - mock_client::MockDurableServiceClient (line 126)
[INFO] [stdout]     src/mock_client.rs - mock_client::MockDurableServiceClient (line 134)
[INFO] [stdout]     src/mock_client.rs - mock_client::MockDurableServiceClient (line 145)
[INFO] [stdout]     src/mock_client.rs - mock_client::MockDurableServiceClient::get_checkpoint_calls (line 303)
[INFO] [stdout]     src/mock_client.rs - mock_client::MockDurableServiceClient::with_checkpoint_response (line 191)
[INFO] [stdout]     src/mock_client.rs - mock_client::MockDurableServiceClient::with_checkpoint_response_with_operations (line 238)
[INFO] [stdout]     src/mock_client.rs - mock_client::MockDurableServiceClient::with_checkpoint_responses (line 215)
[INFO] [stdout]     src/types.rs - types::Invocation (line 162)
[INFO] [stdout] 
[INFO] [stdout] test result: FAILED. 7 passed; 11 failed; 53 ignored; 0 measured; 0 filtered out; finished in 123.40s
[INFO] [stdout] 
[INFO] [stderr] error: doctest failed, to rerun pass `--doc`
[INFO] running `Command { std: "docker" "inspect" "c71a1102da0b589d9bb1cdf04bd9be351d27e695fbb3b628d748c36e6d491984", kill_on_drop: false }`
[INFO] running `Command { std: "docker" "rm" "-f" "c71a1102da0b589d9bb1cdf04bd9be351d27e695fbb3b628d748c36e6d491984", kill_on_drop: false }`
[INFO] [stdout] c71a1102da0b589d9bb1cdf04bd9be351d27e695fbb3b628d748c36e6d491984
