[INFO] fetching crate cfdp-simplified 0.1.0...
[INFO] testing cfdp-simplified-0.1.0 against 1.100.0-beta.1 for beta-1.100-3
[INFO] extracting crate cfdp-simplified 0.1.0 into /workspace/builds/worker-5-tc2/source
[INFO] started tweaking crates.io crate cfdp-simplified 0.1.0
[INFO] removed 0 missing tests
[INFO] finished tweaking crates.io crate cfdp-simplified 0.1.0
[INFO] tweaked toml for crates.io crate cfdp-simplified 0.1.0 written to /workspace/builds/worker-5-tc2/source/Cargo.toml
[INFO] validating manifest of crates.io crate cfdp-simplified 0.1.0 on toolchain 1.100.0-beta.1
[INFO] running `Command { std: CARGO_HOME="/workspace/cargo-home" RUSTUP_HOME="/workspace/rustup-home" "/workspace/cargo-home/bin/cargo" "+1.100.0-beta.1" "metadata" "--manifest-path" "Cargo.toml" "--no-deps", kill_on_drop: false }`
[INFO] crate crates.io crate cfdp-simplified 0.1.0 already has a lockfile, it will not be regenerated
[INFO] running `Command { std: CARGO_HOME="/workspace/cargo-home" RUSTUP_HOME="/workspace/rustup-home" "/workspace/cargo-home/bin/cargo" "+1.100.0-beta.1" "fetch" "--manifest-path" "Cargo.toml", kill_on_drop: false }`
[INFO] running `Command { std: "docker" "create" "-v" "/var/lib/crater-agent-workspace/builds/worker-5-tc2/source:/opt/rustwide/workdir:ro,Z" "-v" "/var/lib/crater-agent-workspace/builds/worker-5-tc2/target:/opt/rustwide/target:rw,Z" "-v" "/var/lib/crater-agent-workspace/cargo-home:/opt/rustwide/cargo-home:ro,Z" "-v" "/var/lib/crater-agent-workspace/rustup-home:/opt/rustwide/rustup-home:ro,Z" "-m" "1610612736" "--network" "none" "ghcr.io/rust-lang/crates-build-env/linux@sha256:77db811e55d90add9212f6832c23229e3de5f1c1f9905e8cb07319ea15df73ac" "sleep" "infinity", kill_on_drop: false }`
[INFO] [stdout] ffcffe116c94ee2fec3c4ef7657be91b7a958c69632b40f38120cd65d0dc2745
[INFO] running `Command { std: "docker" "start" "ffcffe116c94ee2fec3c4ef7657be91b7a958c69632b40f38120cd65d0dc2745", kill_on_drop: false }`
[INFO] running `Command { std: "docker" "inspect" "ffcffe116c94ee2fec3c4ef7657be91b7a958c69632b40f38120cd65d0dc2745", kill_on_drop: false }`
[INFO] running `Command { std: "docker" "exec" "-e" "SOURCE_DIR=/opt/rustwide/workdir" "-e" "CARGO_HOME=/opt/rustwide/cargo-home" "-e" "RUSTUP_HOME=/opt/rustwide/rustup-home" "-e" "CARGO_TARGET_DIR=/opt/rustwide/target" "-w" "/opt/rustwide/workdir" "--user" "0:0" "ffcffe116c94ee2fec3c4ef7657be91b7a958c69632b40f38120cd65d0dc2745" "/opt/rustwide/cargo-home/bin/cargo" "+1.100.0-beta.1" "metadata" "--no-deps" "--format-version=1", kill_on_drop: false }`
[INFO] running `Command { std: "docker" "inspect" "ffcffe116c94ee2fec3c4ef7657be91b7a958c69632b40f38120cd65d0dc2745", kill_on_drop: false }`
[INFO] running `Command { std: "docker" "exec" "-e" "SOURCE_DIR=/opt/rustwide/workdir" "-e" "CARGO_HOME=/opt/rustwide/cargo-home" "-e" "RUSTUP_HOME=/opt/rustwide/rustup-home" "-e" "CARGO_TARGET_DIR=/opt/rustwide/target" "-e" "CARGO_INCREMENTAL=0" "-e" "RUST_BACKTRACE=full" "-e" "RUSTFLAGS=--cap-lints=warn" "-e" "RUSTDOCFLAGS=--cap-lints=warn" "-w" "/opt/rustwide/workdir" "--user" "0:0" "ffcffe116c94ee2fec3c4ef7657be91b7a958c69632b40f38120cd65d0dc2745" "/opt/rustwide/cargo-home/bin/cargo" "+1.100.0-beta.1" "build" "--frozen" "--message-format=json", kill_on_drop: false }`
[INFO] [stderr]    Compiling proc-macro2 v1.0.93
[INFO] [stderr]    Compiling unicode-ident v1.0.16
[INFO] [stderr]    Compiling libc v0.2.169
[INFO] [stderr]    Compiling once_cell v1.20.3
[INFO] [stderr]    Compiling regex-syntax v0.8.5
[INFO] [stderr]    Compiling serde v1.0.217
[INFO] [stderr]    Compiling camino v1.1.9
[INFO] [stderr]    Compiling num-traits v0.2.19
[INFO] [stderr]    Compiling log v0.4.25
[INFO] [stderr]    Compiling clap_builder v4.5.30
[INFO] [stderr]    Compiling fastrand v1.9.0
[INFO] [stderr]    Compiling smallvec v1.14.0
[INFO] [stderr]    Compiling iana-time-zone v0.1.61
[INFO] [stderr]    Compiling tracing-core v0.1.33
[INFO] [stderr]    Compiling thread_local v1.1.8
[INFO] [stderr]    Compiling tracing-log v0.2.0
[INFO] [stderr]    Compiling quote v1.0.38
[INFO] [stderr]    Compiling socket2 v0.5.8
[INFO] [stderr]    Compiling mio v1.0.3
[INFO] [stderr]    Compiling tempfile v3.3.0
[INFO] [stderr]    Compiling syn v2.0.98
[INFO] [stderr]    Compiling chrono v0.4.39
[INFO] [stderr]    Compiling regex-automata v0.4.9
[INFO] [stderr]    Compiling regex v1.11.1
[INFO] [stderr]    Compiling serde_derive v1.0.217
[INFO] [stderr]    Compiling tracing-attributes v0.1.28
[INFO] [stderr]    Compiling thiserror-impl v1.0.69
[INFO] [stderr]    Compiling clap_derive v4.5.28
[INFO] [stderr]    Compiling tokio-macros v2.5.0
[INFO] [stderr]    Compiling async-trait v0.1.86
[INFO] [stderr]    Compiling num-derive v0.4.2
[INFO] [stderr]    Compiling tokio v1.43.0
[INFO] [stderr]    Compiling tracing v0.1.41
[INFO] [stderr]    Compiling thiserror v1.0.69
[INFO] [stderr]    Compiling tracing-subscriber v0.3.19
[INFO] [stderr]    Compiling clap v4.5.30
[INFO] [stderr]    Compiling bit-struct v0.3.2
[INFO] [stderr]    Compiling cfdp-simplified v0.1.0 (/opt/rustwide/workdir)
[INFO] [stderr]     Finished `dev` profile [unoptimized + debuginfo] target(s) in 33.97s
[INFO] running `Command { std: "docker" "inspect" "ffcffe116c94ee2fec3c4ef7657be91b7a958c69632b40f38120cd65d0dc2745", kill_on_drop: false }`
[INFO] running `Command { std: "docker" "exec" "-e" "SOURCE_DIR=/opt/rustwide/workdir" "-e" "CARGO_HOME=/opt/rustwide/cargo-home" "-e" "RUSTUP_HOME=/opt/rustwide/rustup-home" "-e" "CARGO_TARGET_DIR=/opt/rustwide/target" "-e" "CARGO_INCREMENTAL=0" "-e" "RUST_BACKTRACE=full" "-e" "RUSTFLAGS=--cap-lints=warn" "-e" "RUSTDOCFLAGS=--cap-lints=warn" "-w" "/opt/rustwide/workdir" "--user" "0:0" "ffcffe116c94ee2fec3c4ef7657be91b7a958c69632b40f38120cd65d0dc2745" "/opt/rustwide/cargo-home/bin/cargo" "+1.100.0-beta.1" "test" "--frozen" "--no-run" "--message-format=json", kill_on_drop: false }`
[INFO] [stderr]    Compiling semver v1.0.25
[INFO] [stderr]    Compiling libc v0.2.169
[INFO] [stderr]    Compiling zerocopy-derive v0.7.35
[INFO] [stderr]    Compiling syn v1.0.109
[INFO] [stderr]    Compiling byteorder v1.4.3
[INFO] [stderr]    Compiling parking_lot_core v0.9.10
[INFO] [stderr]    Compiling futures-macro v0.3.31
[INFO] [stderr]    Compiling futures-timer v3.0.3
[INFO] [stderr]    Compiling either v1.13.0
[INFO] [stderr]    Compiling itertools v0.10.5
[INFO] [stderr]    Compiling parking_lot v0.12.3
[INFO] [stderr]    Compiling zerocopy v0.7.35
[INFO] [stderr]    Compiling rustc_version v0.4.1
[INFO] [stderr]    Compiling rstest_macros v0.14.0
[INFO] [stderr]    Compiling rstest_reuse v0.5.0
[INFO] [stderr]    Compiling tokio v1.43.0
[INFO] [stderr]    Compiling futures-util v0.3.31
[INFO] [stderr]    Compiling ppv-lite86 v0.2.20
[INFO] [stderr]    Compiling getrandom v0.2.15
[INFO] [stderr]    Compiling rand_core v0.6.4
[INFO] [stderr]    Compiling rand_chacha v0.3.1
[INFO] [stderr]    Compiling rand v0.8.5
[INFO] [stderr]    Compiling cfdp-simplified v0.1.0 (/opt/rustwide/workdir)
[INFO] [stderr]    Compiling futures-executor v0.3.31
[INFO] [stderr]    Compiling futures v0.3.31
[INFO] [stderr]    Compiling rstest v0.15.0
[INFO] [stdout] warning: use of deprecated module `std::u16`: all constants in this module replaced by associated constants on the type
[INFO] [stdout]    --> src/pdu/header.rs:442:15
[INFO] [stdout]     |
[INFO] [stdout] 442 |     use std::{u16, u32};
[INFO] [stdout]     |               ^^^
[INFO] [stdout]     |
[INFO] [stdout]     = note: `#[warn(deprecated)]` on by default
[INFO] [stdout] 
[INFO] [stdout] 
[INFO] [stdout] warning: use of deprecated module `std::u32`: all constants in this module replaced by associated constants on the type
[INFO] [stdout]    --> src/pdu/header.rs:442:20
[INFO] [stdout]     |
[INFO] [stdout] 442 |     use std::{u16, u32};
[INFO] [stdout]     |                    ^^^
[INFO] [stdout] 
[INFO] [stdout] 
[INFO] [stdout] warning: use of deprecated constant `std::u16::MAX`: replaced by the `MAX` associated constant on this type
[INFO] [stdout]    --> src/pdu/header.rs:450:29
[INFO] [stdout]     |
[INFO] [stdout] 450 |         EntityID::from(u16::MAX),
[INFO] [stdout]     |                             ^^^
[INFO] [stdout] 
[INFO] [stdout] 
[INFO] [stdout] warning: use of deprecated constant `std::u32::MAX`: replaced by the `MAX` associated constant on this type
[INFO] [stdout]    --> src/pdu/header.rs:451:38
[INFO] [stdout]     |
[INFO] [stdout] 451 |         TransactionSeqNum::from(u32::MAX),
[INFO] [stdout]     |                                      ^^^
[INFO] [stdout] 
[INFO] [stdout] 
[INFO] [stdout] warning: use of deprecated constant `std::u16::MAX`: replaced by the `MAX` associated constant on this type
[INFO] [stdout]    --> src/pdu/header.rs:452:29
[INFO] [stdout]     |
[INFO] [stdout] 452 |         EntityID::from(u16::MAX)
[INFO] [stdout]     |                             ^^^
[INFO] [stdout] 
[INFO] [stdout] 
[INFO] [stdout] warning: use of deprecated constant `std::u16::MAX`: replaced by the `MAX` associated constant on this type
[INFO] [stdout]    --> src/pdu/header.rs:456:29
[INFO] [stdout]     |
[INFO] [stdout] 456 |         EntityID::from(u16::MAX),
[INFO] [stdout]     |                             ^^^
[INFO] [stdout] 
[INFO] [stdout] 
[INFO] [stdout] warning: use of deprecated constant `std::u32::MAX`: replaced by the `MAX` associated constant on this type
[INFO] [stdout]    --> src/pdu/header.rs:457:38
[INFO] [stdout]     |
[INFO] [stdout] 457 |         TransactionSeqNum::from(u32::MAX),
[INFO] [stdout]     |                                      ^^^
[INFO] [stdout] 
[INFO] [stdout] 
[INFO] [stdout] warning: use of deprecated constant `std::u16::MAX`: replaced by the `MAX` associated constant on this type
[INFO] [stdout]    --> src/pdu/header.rs:458:29
[INFO] [stdout]     |
[INFO] [stdout] 458 |         EntityID::from(u16::MAX)
[INFO] [stdout]     |                             ^^^
[INFO] [stdout] 
[INFO] [stdout] 
[INFO] [stdout] warning: use of deprecated constant `std::u16::MAX`: replaced by the `MAX` associated constant on this type
[INFO] [stdout]    --> src/pdu/header.rs:462:29
[INFO] [stdout]     |
[INFO] [stdout] 462 |         EntityID::from(u16::MAX),
[INFO] [stdout]     |                             ^^^
[INFO] [stdout] 
[INFO] [stdout] 
[INFO] [stdout] warning: use of deprecated constant `std::u32::MAX`: replaced by the `MAX` associated constant on this type
[INFO] [stdout]    --> src/pdu/header.rs:463:38
[INFO] [stdout]     |
[INFO] [stdout] 463 |         TransactionSeqNum::from(u32::MAX),
[INFO] [stdout]     |                                      ^^^
[INFO] [stdout] 
[INFO] [stdout] 
[INFO] [stdout] warning: use of deprecated constant `std::u16::MAX`: replaced by the `MAX` associated constant on this type
[INFO] [stdout]    --> src/pdu/header.rs:464:29
[INFO] [stdout]     |
[INFO] [stdout] 464 |         EntityID::from(u16::MAX)
[INFO] [stdout]     |                             ^^^
[INFO] [stdout] 
[INFO] [stdout] 
[INFO] [stdout] warning: use of deprecated module `std::u16`: all constants in this module replaced by associated constants on the type
[INFO] [stdout]    --> src/pdu/ops.rs:604:14
[INFO] [stdout]     |
[INFO] [stdout] 604 |     use std::u16;
[INFO] [stdout]     |              ^^^
[INFO] [stdout] 
[INFO] [stdout] 
[INFO] [stdout] warning: use of deprecated constant `std::u16::MAX`: replaced by the `MAX` associated constant on this type
[INFO] [stdout]    --> src/pdu/ops.rs:723:68
[INFO] [stdout]     |
[INFO] [stdout] 723 |         #[values(EntityID(0u16), EntityID(18484u16), EntityID(u16::MAX))] _entity: EntityID,
[INFO] [stdout]     |                                                                    ^^^
[INFO] [stdout] 
[INFO] [stdout] 
[INFO] [stderr]     Finished `test` profile [unoptimized + debuginfo] target(s) in 30.85s
[INFO] running `Command { std: "docker" "inspect" "ffcffe116c94ee2fec3c4ef7657be91b7a958c69632b40f38120cd65d0dc2745", kill_on_drop: false }`
[INFO] running `Command { std: "docker" "exec" "-e" "SOURCE_DIR=/opt/rustwide/workdir" "-e" "CARGO_HOME=/opt/rustwide/cargo-home" "-e" "RUSTUP_HOME=/opt/rustwide/rustup-home" "-e" "CARGO_TARGET_DIR=/opt/rustwide/target" "-e" "CARGO_INCREMENTAL=0" "-e" "RUST_BACKTRACE=full" "-e" "RUSTFLAGS=--cap-lints=warn" "-e" "RUSTDOCFLAGS=--cap-lints=warn" "-w" "/opt/rustwide/workdir" "--user" "0:0" "ffcffe116c94ee2fec3c4ef7657be91b7a958c69632b40f38120cd65d0dc2745" "/opt/rustwide/cargo-home/bin/cargo" "+1.100.0-beta.1" "test" "--frozen", kill_on_drop: false }`
[INFO] [stderr] warning: use of deprecated module `std::u16`: all constants in this module replaced by associated constants on the type
[INFO] [stderr]    --> src/pdu/header.rs:442:15
[INFO] [stderr]     |
[INFO] [stderr] 442 |     use std::{u16, u32};
[INFO] [stderr]     |               ^^^
[INFO] [stderr]     |
[INFO] [stderr]     = note: `#[warn(deprecated)]` on by default
[INFO] [stderr] 
[INFO] [stderr] warning: use of deprecated module `std::u32`: all constants in this module replaced by associated constants on the type
[INFO] [stderr]    --> src/pdu/header.rs:442:20
[INFO] [stderr]     |
[INFO] [stderr] 442 |     use std::{u16, u32};
[INFO] [stderr]     |                    ^^^
[INFO] [stderr] 
[INFO] [stderr] warning: use of deprecated constant `std::u16::MAX`: replaced by the `MAX` associated constant on this type
[INFO] [stderr]    --> src/pdu/header.rs:450:29
[INFO] [stderr]     |
[INFO] [stderr] 450 |         EntityID::from(u16::MAX),
[INFO] [stderr]     |                             ^^^
[INFO] [stderr] 
[INFO] [stderr] warning: use of deprecated constant `std::u32::MAX`: replaced by the `MAX` associated constant on this type
[INFO] [stderr]    --> src/pdu/header.rs:451:38
[INFO] [stderr]     |
[INFO] [stderr] 451 |         TransactionSeqNum::from(u32::MAX),
[INFO] [stderr]     |                                      ^^^
[INFO] [stderr] 
[INFO] [stderr] warning: use of deprecated constant `std::u16::MAX`: replaced by the `MAX` associated constant on this type
[INFO] [stderr]    --> src/pdu/header.rs:452:29
[INFO] [stderr]     |
[INFO] [stderr] 452 |         EntityID::from(u16::MAX)
[INFO] [stderr]     |                             ^^^
[INFO] [stderr] 
[INFO] [stderr] warning: use of deprecated constant `std::u16::MAX`: replaced by the `MAX` associated constant on this type
[INFO] [stderr]    --> src/pdu/header.rs:456:29
[INFO] [stderr]     |
[INFO] [stderr] 456 |         EntityID::from(u16::MAX),
[INFO] [stderr]     |                             ^^^
[INFO] [stderr] 
[INFO] [stderr] warning: use of deprecated constant `std::u32::MAX`: replaced by the `MAX` associated constant on this type
[INFO] [stderr]    --> src/pdu/header.rs:457:38
[INFO] [stderr]     |
[INFO] [stderr] 457 |         TransactionSeqNum::from(u32::MAX),
[INFO] [stderr]     |                                      ^^^
[INFO] [stderr] 
[INFO] [stderr] warning: use of deprecated constant `std::u16::MAX`: replaced by the `MAX` associated constant on this type
[INFO] [stderr]    --> src/pdu/header.rs:458:29
[INFO] [stderr]     |
[INFO] [stderr] 458 |         EntityID::from(u16::MAX)
[INFO] [stderr]     |                             ^^^
[INFO] [stderr] 
[INFO] [stderr] warning: use of deprecated constant `std::u16::MAX`: replaced by the `MAX` associated constant on this type
[INFO] [stderr]    --> src/pdu/header.rs:462:29
[INFO] [stderr]     |
[INFO] [stderr] 462 |         EntityID::from(u16::MAX),
[INFO] [stderr]     |                             ^^^
[INFO] [stderr] 
[INFO] [stderr] warning: use of deprecated constant `std::u32::MAX`: replaced by the `MAX` associated constant on this type
[INFO] [stderr]    --> src/pdu/header.rs:463:38
[INFO] [stderr]     |
[INFO] [stderr] 463 |         TransactionSeqNum::from(u32::MAX),
[INFO] [stderr]     |                                      ^^^
[INFO] [stderr] 
[INFO] [stderr] warning: use of deprecated constant `std::u16::MAX`: replaced by the `MAX` associated constant on this type
[INFO] [stderr]    --> src/pdu/header.rs:464:29
[INFO] [stderr]     |
[INFO] [stderr] 464 |         EntityID::from(u16::MAX)
[INFO] [stderr]     |                             ^^^
[INFO] [stderr] 
[INFO] [stderr] warning: use of deprecated module `std::u16`: all constants in this module replaced by associated constants on the type
[INFO] [stderr]    --> src/pdu/ops.rs:604:14
[INFO] [stderr]     |
[INFO] [stderr] 604 |     use std::u16;
[INFO] [stderr]     |              ^^^
[INFO] [stderr] 
[INFO] [stderr] warning: use of deprecated constant `std::u16::MAX`: replaced by the `MAX` associated constant on this type
[INFO] [stderr]    --> src/pdu/ops.rs:723:68
[INFO] [stderr]     |
[INFO] [stderr] 723 |         #[values(EntityID(0u16), EntityID(18484u16), EntityID(u16::MAX))] _entity: EntityID,
[INFO] [stderr]     |                                                                    ^^^
[INFO] [stderr] 
[INFO] [stderr] warning: `cfdp-simplified` (lib test) generated 13 warnings
[INFO] [stderr]     Finished `test` profile [unoptimized + debuginfo] target(s) in 0.23s
[INFO] [stderr]      Running unittests src/lib.rs (/opt/rustwide/target/debug/build/cfdp-simplified/3e81a2c2077dbc9a/out/cfdp_simplified-3e81a2c2077dbc9a)
[INFO] [stdout] 
[INFO] [stdout] running 239 tests
[INFO] [stdout] test daemon::segments::test::test4 ... ok
[INFO] [stdout] test daemon::segments::test::test13 ... ok
[INFO] [stdout] test daemon::segments::test::test7 ... ok
[INFO] [stdout] test daemon::segments::test::test3 ... ok
[INFO] [stdout] test daemon::segments::test::test10 ... ok
[INFO] [stdout] test daemon::segments::test::test12 ... ok
[INFO] [stdout] test daemon::segments::test::test14 ... ok
[INFO] [stdout] test daemon::segments::test::test11 ... ok
[INFO] [stdout] test daemon::segments::test::test1 ... ok
[INFO] [stdout] test daemon::segments::test::test5 ... ok
[INFO] [stdout] test daemon::segments::test::test2 ... ok
[INFO] [stdout] test daemon::test::pdu_to_sender_no_transaction ... ok
[INFO] [stdout] test filestore::test::checksum_cursor::checksum_type_1 ... ok
[INFO] [stdout] test daemon::segments::test::test6 ... ok
[INFO] [stdout] test daemon::segments::test::test8 ... ok
[INFO] [stdout] test filestore::test::checksum_cursor::checksum_type_2 ... ok
[INFO] [stdout] test pdu::header::test::pdu_header::case_1::version_1::pdu_type_1::direction_1::transmission_mode_1::crc_flag_2::large_file_flag_1 ... ok
[INFO] [stdout] test daemon::segments::test::test9 ... ok
[INFO] [stdout] test filestore::test::checksum_file::checksum_type_2 ... ok
[INFO] [stdout] test pdu::header::test::pdu_header::case_1::version_1::pdu_type_1::direction_1::transmission_mode_1::crc_flag_1::large_file_flag_1 ... ok
[INFO] [stdout] test pdu::header::test::pdu_header::case_1::version_1::pdu_type_1::direction_1::transmission_mode_1::crc_flag_1::large_file_flag_2 ... ok
[INFO] [stdout] test pdu::header::test::pdu_header::case_1::version_1::pdu_type_1::direction_1::transmission_mode_2::crc_flag_1::large_file_flag_2 ... ok
[INFO] [stdout] test pdu::header::test::pdu_header::case_1::version_1::pdu_type_1::direction_1::transmission_mode_2::crc_flag_1::large_file_flag_1 ... ok
[INFO] [stdout] test pdu::header::test::pdu_header::case_1::version_1::pdu_type_1::direction_1::transmission_mode_2::crc_flag_2::large_file_flag_1 ... ok
[INFO] [stdout] test filestore::test::create_file ... ok
[INFO] [stdout] test pdu::header::test::pdu_header::case_1::version_1::pdu_type_1::direction_2::transmission_mode_1::crc_flag_1::large_file_flag_1 ... ok
[INFO] [stdout] test pdu::header::test::pdu_header::case_1::version_1::pdu_type_1::direction_2::transmission_mode_1::crc_flag_1::large_file_flag_2 ... ok
[INFO] [stdout] test pdu::header::test::pdu_header::case_1::version_1::pdu_type_1::direction_2::transmission_mode_1::crc_flag_2::large_file_flag_1 ... ok
[INFO] [stdout] test pdu::header::test::pdu_header::case_1::version_1::pdu_type_1::direction_2::transmission_mode_1::crc_flag_2::large_file_flag_2 ... ok
[INFO] [stdout] test pdu::header::test::pdu_header::case_1::version_1::pdu_type_1::direction_2::transmission_mode_2::crc_flag_1::large_file_flag_1 ... ok
[INFO] [stdout] test pdu::header::test::pdu_header::case_1::version_1::pdu_type_1::direction_2::transmission_mode_2::crc_flag_2::large_file_flag_1 ... ok
[INFO] [stdout] test pdu::header::test::pdu_header::case_1::version_1::pdu_type_1::direction_2::transmission_mode_2::crc_flag_1::large_file_flag_2 ... ok
[INFO] [stdout] test filestore::test::create_tmpfile ... ok
[INFO] [stdout] test filestore::test::delete_file ... ok
[INFO] [stdout] test pdu::header::test::pdu_header::case_1::version_1::pdu_type_1::direction_2::transmission_mode_2::crc_flag_2::large_file_flag_2 ... ok
[INFO] [stdout] test pdu::header::test::pdu_header::case_1::version_1::pdu_type_2::direction_1::transmission_mode_1::crc_flag_1::large_file_flag_1 ... ok
[INFO] [stdout] test pdu::header::test::pdu_header::case_1::version_1::pdu_type_2::direction_1::transmission_mode_1::crc_flag_2::large_file_flag_1 ... ok
[INFO] [stdout] test pdu::header::test::pdu_header::case_1::version_1::pdu_type_2::direction_1::transmission_mode_1::crc_flag_1::large_file_flag_2 ... ok
[INFO] [stdout] test pdu::header::test::pdu_header::case_1::version_1::pdu_type_2::direction_1::transmission_mode_1::crc_flag_2::large_file_flag_2 ... ok
[INFO] [stdout] test pdu::header::test::pdu_header::case_1::version_1::pdu_type_2::direction_1::transmission_mode_2::crc_flag_1::large_file_flag_1 ... ok
[INFO] [stdout] test pdu::header::test::pdu_header::case_1::version_1::pdu_type_1::direction_1::transmission_mode_2::crc_flag_2::large_file_flag_2 ... ok
[INFO] [stdout] test pdu::header::test::pdu_header::case_1::version_1::pdu_type_2::direction_1::transmission_mode_2::crc_flag_2::large_file_flag_1 ... ok
[INFO] [stdout] test pdu::header::test::pdu_header::case_1::version_1::pdu_type_2::direction_1::transmission_mode_2::crc_flag_2::large_file_flag_2 ... ok
[INFO] [stdout] test pdu::header::test::pdu_header::case_1::version_1::pdu_type_1::direction_1::transmission_mode_1::crc_flag_2::large_file_flag_2 ... ok
[INFO] [stdout] test pdu::header::test::pdu_header::case_1::version_1::pdu_type_2::direction_1::transmission_mode_2::crc_flag_1::large_file_flag_2 ... ok
[INFO] [stdout] test filestore::test::get_filesize ... ok
[INFO] [stdout] test pdu::header::test::pdu_header::case_1::version_1::pdu_type_2::direction_2::transmission_mode_1::crc_flag_1::large_file_flag_1 ... ok
[INFO] [stdout] test pdu::header::test::pdu_header::case_1::version_1::pdu_type_2::direction_2::transmission_mode_1::crc_flag_1::large_file_flag_2 ... ok
[INFO] [stdout] test pdu::header::test::pdu_header::case_1::version_1::pdu_type_2::direction_2::transmission_mode_1::crc_flag_2::large_file_flag_1 ... ok
[INFO] [stdout] test pdu::header::test::pdu_header::case_1::version_1::pdu_type_2::direction_2::transmission_mode_1::crc_flag_2::large_file_flag_2 ... ok
[INFO] [stdout] test pdu::header::test::pdu_header::case_2::version_1::pdu_type_1::direction_1::transmission_mode_1::crc_flag_2::large_file_flag_1 ... ok
[INFO] [stdout] test pdu::header::test::pdu_header::case_2::version_1::pdu_type_1::direction_1::transmission_mode_1::crc_flag_2::large_file_flag_2 ... ok
[INFO] [stdout] test pdu::header::test::pdu_header::case_2::version_1::pdu_type_1::direction_1::transmission_mode_2::crc_flag_1::large_file_flag_1 ... ok
[INFO] [stdout] test pdu::header::test::pdu_header::case_2::version_1::pdu_type_1::direction_1::transmission_mode_2::crc_flag_1::large_file_flag_2 ... ok
[INFO] [stdout] test pdu::header::test::pdu_header::case_1::version_1::pdu_type_2::direction_2::transmission_mode_2::crc_flag_1::large_file_flag_2 ... ok
[INFO] [stdout] test pdu::header::test::pdu_header::case_1::version_1::pdu_type_2::direction_2::transmission_mode_2::crc_flag_2::large_file_flag_1 ... ok
[INFO] [stdout] test pdu::header::test::pdu_header::case_2::version_1::pdu_type_1::direction_1::transmission_mode_2::crc_flag_2::large_file_flag_2 ... ok
[INFO] [stdout] test pdu::header::test::pdu_header::case_1::version_1::pdu_type_2::direction_2::transmission_mode_2::crc_flag_1::large_file_flag_1 ... ok
[INFO] [stdout] test pdu::header::test::pdu_header::case_2::version_1::pdu_type_1::direction_2::transmission_mode_1::crc_flag_1::large_file_flag_1 ... ok
[INFO] [stdout] test pdu::header::test::pdu_header::case_2::version_1::pdu_type_1::direction_1::transmission_mode_2::crc_flag_2::large_file_flag_1 ... ok
[INFO] [stdout] test pdu::header::test::pdu_header::case_1::version_1::pdu_type_2::direction_2::transmission_mode_2::crc_flag_2::large_file_flag_2 ... ok
[INFO] [stdout] test pdu::header::test::pdu_header::case_2::version_1::pdu_type_1::direction_1::transmission_mode_1::crc_flag_1::large_file_flag_1 ... ok
[INFO] [stdout] test pdu::header::test::pdu_header::case_2::version_1::pdu_type_1::direction_1::transmission_mode_1::crc_flag_1::large_file_flag_2 ... ok
[INFO] [stdout] test filestore::test::checksum_file::checksum_type_1 ... ok
[INFO] [stdout] test pdu::header::test::pdu_header::case_2::version_1::pdu_type_1::direction_2::transmission_mode_1::crc_flag_2::large_file_flag_2 ... ok
[INFO] [stdout] test pdu::header::test::pdu_header::case_2::version_1::pdu_type_1::direction_2::transmission_mode_2::crc_flag_1::large_file_flag_1 ... ok
[INFO] [stdout] test pdu::header::test::pdu_header::case_2::version_1::pdu_type_1::direction_2::transmission_mode_2::crc_flag_2::large_file_flag_2 ... ok
[INFO] [stdout] test pdu::header::test::pdu_header::case_2::version_1::pdu_type_1::direction_2::transmission_mode_2::crc_flag_2::large_file_flag_1 ... ok
[INFO] [stdout] test pdu::header::test::pdu_header::case_2::version_1::pdu_type_1::direction_2::transmission_mode_1::crc_flag_2::large_file_flag_1 ... ok
[INFO] [stdout] test pdu::header::test::pdu_header::case_2::version_1::pdu_type_2::direction_1::transmission_mode_2::crc_flag_2::large_file_flag_1 ... ok
[INFO] [stdout] test pdu::header::test::pdu_header::case_2::version_1::pdu_type_2::direction_1::transmission_mode_1::crc_flag_2::large_file_flag_2 ... ok
[INFO] [stdout] test pdu::header::test::pdu_header::case_2::version_1::pdu_type_2::direction_1::transmission_mode_1::crc_flag_2::large_file_flag_1 ... ok
[INFO] [stdout] test pdu::header::test::pdu_header::case_2::version_1::pdu_type_2::direction_1::transmission_mode_1::crc_flag_1::large_file_flag_2 ... ok
[INFO] [stdout] test pdu::header::test::pdu_header::case_2::version_1::pdu_type_1::direction_2::transmission_mode_1::crc_flag_1::large_file_flag_2 ... ok
[INFO] [stdout] test pdu::header::test::pdu_header::case_2::version_1::pdu_type_1::direction_2::transmission_mode_2::crc_flag_1::large_file_flag_2 ... ok
[INFO] [stdout] test pdu::header::test::pdu_header::case_2::version_1::pdu_type_2::direction_2::transmission_mode_1::crc_flag_2::large_file_flag_1 ... ok
[INFO] [stdout] test pdu::header::test::pdu_header::case_2::version_1::pdu_type_2::direction_1::transmission_mode_2::crc_flag_1::large_file_flag_1 ... ok
[INFO] [stdout] test pdu::header::test::pdu_header::case_2::version_1::pdu_type_2::direction_2::transmission_mode_1::crc_flag_1::large_file_flag_2 ... ok
[INFO] [stdout] test pdu::header::test::pdu_header::case_2::version_1::pdu_type_2::direction_1::transmission_mode_1::crc_flag_1::large_file_flag_1 ... ok
[INFO] [stdout] test pdu::header::test::pdu_header::case_2::version_1::pdu_type_2::direction_1::transmission_mode_2::crc_flag_2::large_file_flag_2 ... ok
[INFO] [stdout] test pdu::header::test::pdu_header::case_2::version_1::pdu_type_2::direction_2::transmission_mode_2::crc_flag_2::large_file_flag_2 ... ok
[INFO] [stdout] test pdu::header::test::pdu_header::case_2::version_1::pdu_type_2::direction_1::transmission_mode_2::crc_flag_1::large_file_flag_2 ... ok
[INFO] [stdout] test pdu::header::test::pdu_header::case_3::version_1::pdu_type_1::direction_1::transmission_mode_1::crc_flag_1::large_file_flag_1 ... ok
[INFO] [stdout] test pdu::header::test::pdu_header::case_3::version_1::pdu_type_1::direction_1::transmission_mode_1::crc_flag_2::large_file_flag_1 ... ok
[INFO] [stdout] test pdu::header::test::pdu_header::case_3::version_1::pdu_type_1::direction_1::transmission_mode_1::crc_flag_2::large_file_flag_2 ... ok
[INFO] [stdout] test pdu::header::test::pdu_header::case_3::version_1::pdu_type_1::direction_1::transmission_mode_2::crc_flag_1::large_file_flag_1 ... ok
[INFO] [stdout] test pdu::header::test::pdu_header::case_3::version_1::pdu_type_1::direction_1::transmission_mode_2::crc_flag_1::large_file_flag_2 ... ok
[INFO] [stdout] test pdu::header::test::pdu_header::case_2::version_1::pdu_type_2::direction_2::transmission_mode_1::crc_flag_1::large_file_flag_1 ... ok
[INFO] [stdout] test pdu::header::test::pdu_header::case_2::version_1::pdu_type_2::direction_2::transmission_mode_2::crc_flag_2::large_file_flag_1 ... ok
[INFO] [stdout] test pdu::header::test::pdu_header::case_3::version_1::pdu_type_1::direction_1::transmission_mode_1::crc_flag_1::large_file_flag_2 ... ok
[INFO] [stdout] test pdu::header::test::pdu_header::case_2::version_1::pdu_type_2::direction_2::transmission_mode_1::crc_flag_2::large_file_flag_2 ... ok
[INFO] [stdout] test pdu::header::test::pdu_header::case_2::version_1::pdu_type_2::direction_2::transmission_mode_2::crc_flag_1::large_file_flag_1 ... ok
[INFO] [stdout] test pdu::header::test::pdu_header::case_2::version_1::pdu_type_2::direction_2::transmission_mode_2::crc_flag_1::large_file_flag_2 ... ok
[INFO] [stdout] test pdu::header::test::pdu_header::case_3::version_1::pdu_type_1::direction_2::transmission_mode_1::crc_flag_1::large_file_flag_1 ... ok
[INFO] [stdout] test pdu::header::test::pdu_header::case_3::version_1::pdu_type_1::direction_1::transmission_mode_2::crc_flag_2::large_file_flag_1 ... ok
[INFO] [stdout] test pdu::header::test::pdu_header::case_3::version_1::pdu_type_1::direction_1::transmission_mode_2::crc_flag_2::large_file_flag_2 ... ok
[INFO] [stdout] test pdu::header::test::pdu_header::case_3::version_1::pdu_type_1::direction_2::transmission_mode_1::crc_flag_1::large_file_flag_2 ... ok
[INFO] [stdout] test pdu::header::test::pdu_header::case_3::version_1::pdu_type_1::direction_2::transmission_mode_2::crc_flag_2::large_file_flag_1 ... ok
[INFO] [stdout] test pdu::header::test::pdu_header::case_3::version_1::pdu_type_2::direction_1::transmission_mode_1::crc_flag_1::large_file_flag_2 ... ok
[INFO] [stdout] test pdu::header::test::pdu_header::case_3::version_1::pdu_type_2::direction_1::transmission_mode_1::crc_flag_2::large_file_flag_1 ... ok
[INFO] [stdout] test pdu::header::test::pdu_header::case_3::version_1::pdu_type_2::direction_1::transmission_mode_2::crc_flag_1::large_file_flag_1 ... ok
[INFO] [stdout] test pdu::header::test::pdu_header::case_3::version_1::pdu_type_1::direction_2::transmission_mode_2::crc_flag_1::large_file_flag_1 ... ok
[INFO] [stdout] test pdu::header::test::pdu_header::case_3::version_1::pdu_type_2::direction_1::transmission_mode_1::crc_flag_2::large_file_flag_2 ... ok
[INFO] [stdout] test pdu::header::test::pdu_header::case_3::version_1::pdu_type_1::direction_2::transmission_mode_2::crc_flag_2::large_file_flag_2 ... ok
[INFO] [stdout] test pdu::header::test::pdu_header::case_3::version_1::pdu_type_1::direction_2::transmission_mode_2::crc_flag_1::large_file_flag_2 ... ok
[INFO] [stdout] test pdu::header::test::pdu_header::case_3::version_1::pdu_type_2::direction_1::transmission_mode_2::crc_flag_1::large_file_flag_2 ... ok
[INFO] [stdout] test pdu::header::test::pdu_header::case_3::version_1::pdu_type_2::direction_1::transmission_mode_1::crc_flag_1::large_file_flag_1 ... ok
[INFO] [stdout] test pdu::header::test::pdu_header::case_3::version_1::pdu_type_2::direction_1::transmission_mode_2::crc_flag_2::large_file_flag_1 ... ok
[INFO] [stdout] test pdu::header::test::pdu_header::case_3::version_1::pdu_type_1::direction_2::transmission_mode_1::crc_flag_2::large_file_flag_1 ... ok
[INFO] [stdout] test pdu::header::test::pdu_header::case_3::version_1::pdu_type_1::direction_2::transmission_mode_1::crc_flag_2::large_file_flag_2 ... ok
[INFO] [stdout] test pdu::header::test::pdu_header::case_3::version_1::pdu_type_2::direction_1::transmission_mode_2::crc_flag_2::large_file_flag_2 ... ok
[INFO] [stdout] test pdu::header::test::pdu_header::case_3::version_1::pdu_type_2::direction_2::transmission_mode_1::crc_flag_1::large_file_flag_1 ... ok
[INFO] [stdout] test pdu::header::test::pdu_header::case_3::version_1::pdu_type_2::direction_2::transmission_mode_1::crc_flag_1::large_file_flag_2 ... ok
[INFO] [stdout] test pdu::header::test::pdu_header::case_3::version_1::pdu_type_2::direction_2::transmission_mode_2::crc_flag_2::large_file_flag_1 ... ok
[INFO] [stdout] test pdu::ops::test::end_of_file_no_error::file_size_1 ... ok
[INFO] [stdout] test pdu::header::test::pdu_header::case_3::version_1::pdu_type_2::direction_2::transmission_mode_2::crc_flag_1::large_file_flag_1 ... ok
[INFO] [stdout] test pdu::header::test::pdu_header::case_3::version_1::pdu_type_2::direction_2::transmission_mode_2::crc_flag_1::large_file_flag_2 ... ok
[INFO] [stdout] test pdu::header::test::pdu_header::case_3::version_1::pdu_type_2::direction_2::transmission_mode_2::crc_flag_2::large_file_flag_2 ... ok
[INFO] [stdout] test pdu::header::test::pdu_header::case_3::version_1::pdu_type_2::direction_2::transmission_mode_1::crc_flag_2::large_file_flag_1 ... ok
[INFO] [stdout] test pdu::header::test::pdu_header::case_3::version_1::pdu_type_2::direction_2::transmission_mode_1::crc_flag_2::large_file_flag_2 ... ok
[INFO] [stdout] test pdu::ops::test::end_of_file_no_error::file_size_2 ... ok
[INFO] [stdout] test pdu::ops::test::end_of_file_with_error::condition_1::file_size_1::_entity_1 ... ok
[INFO] [stdout] test pdu::ops::test::end_of_file_with_error::condition_1::file_size_1::_entity_2 ... ok
[INFO] [stdout] test pdu::ops::test::end_of_file_with_error::condition_2::file_size_2::_entity_2 ... ok
[INFO] [stdout] test pdu::ops::test::end_of_file_with_error::condition_1::file_size_2::_entity_2 ... ok
[INFO] [stdout] test pdu::ops::test::end_of_file_with_error::condition_2::file_size_1::_entity_2 ... ok
[INFO] [stdout] test pdu::ops::test::end_of_file_with_error::condition_1::file_size_2::_entity_3 ... ok
[INFO] [stdout] test pdu::ops::test::end_of_file_with_error::condition_2::file_size_1::_entity_1 ... ok
[INFO] [stdout] test pdu::ops::test::end_of_file_with_error::condition_2::file_size_2::_entity_1 ... ok
[INFO] [stdout] test pdu::ops::test::end_of_file_with_error::condition_2::file_size_2::_entity_3 ... ok
[INFO] [stdout] test pdu::ops::test::end_of_file_with_error::condition_3::file_size_1::_entity_3 ... ok
[INFO] [stdout] test pdu::ops::test::end_of_file_with_error::condition_3::file_size_2::_entity_3 ... ok
[INFO] [stdout] test pdu::ops::test::end_of_file_with_error::condition_4::file_size_1::_entity_1 ... ok
[INFO] [stdout] test pdu::ops::test::end_of_file_with_error::condition_3::file_size_2::_entity_1 ... ok
[INFO] [stdout] test pdu::ops::test::end_of_file_with_error::condition_3::file_size_1::_entity_1 ... ok
[INFO] [stdout] test pdu::ops::test::end_of_file_with_error::condition_4::file_size_1::_entity_2 ... ok
[INFO] [stdout] test pdu::ops::test::end_of_file_with_error::condition_1::file_size_1::_entity_3 ... ok
[INFO] [stdout] test pdu::ops::test::end_of_file_with_error::condition_3::file_size_1::_entity_2 ... ok
[INFO] [stdout] test pdu::ops::test::end_of_file_with_error::condition_2::file_size_1::_entity_3 ... ok
[INFO] [stdout] test pdu::ops::test::end_of_file_with_error::condition_4::file_size_2::_entity_1 ... ok
[INFO] [stdout] test pdu::ops::test::end_of_file_with_error::condition_4::file_size_2::_entity_2 ... ok
[INFO] [stdout] test pdu::ops::test::end_of_file_with_error::condition_4::file_size_2::_entity_3 ... ok
[INFO] [stdout] test pdu::ops::test::end_of_file_with_error::condition_1::file_size_2::_entity_1 ... ok
[INFO] [stdout] test pdu::ops::test::end_of_file_with_error::condition_5::file_size_2::_entity_3 ... ok
[INFO] [stdout] test pdu::ops::test::end_of_file_with_error::condition_5::file_size_1::_entity_2 ... ok
[INFO] [stdout] test pdu::ops::test::end_of_file_with_error::condition_5::file_size_1::_entity_3 ... ok
[INFO] [stdout] test pdu::ops::test::end_of_file_with_error::condition_5::file_size_2::_entity_2 ... ok
[INFO] [stdout] test pdu::ops::test::end_of_file_with_error::condition_4::file_size_1::_entity_3 ... ok
[INFO] [stdout] test pdu::ops::test::end_of_file_with_error::condition_3::file_size_2::_entity_2 ... ok
[INFO] [stdout] test pdu::ops::test::end_of_file_with_error::condition_6::file_size_1::_entity_3 ... ok
[INFO] [stdout] test pdu::ops::test::get_and_increment_entity_id ... ok
[INFO] [stdout] test pdu::ops::test::end_of_file_with_error::condition_5::file_size_1::_entity_1 ... ok
[INFO] [stdout] test pdu::ops::test::get_and_increment_seq_num ... ok
[INFO] [stdout] test pdu::ops::test::increment_entity_id::case_1 ... ok
[INFO] [stdout] test pdu::ops::test::increment_seq_num::case_1 ... ok
[INFO] [stdout] test pdu::ops::test::end_of_file_with_error::condition_5::file_size_2::_entity_1 ... ok
[INFO] [stdout] test pdu::ops::test::metadata_pdu::checksum_type_1::file_size_1 ... ok
[INFO] [stdout] test pdu::ops::test::end_of_file_with_error::condition_6::file_size_2::_entity_3 ... ok
[INFO] [stdout] test pdu::ops::test::metadata_pdu::checksum_type_1::file_size_2 ... ok
[INFO] [stdout] test pdu::ops::test::metadata_pdu::checksum_type_2::file_size_1 ... ok
[INFO] [stdout] test pdu::ops::test::entity_id_encode::id_1 ... ok
[INFO] [stdout] test pdu::ops::test::nak_pdu::case_1::file_size_flag_1 ... ok
[INFO] [stdout] test pdu::ops::test::seq_num_encode::id_1 ... ok
[INFO] [stdout] test pdu::ops::test::metadata_pdu::checksum_type_2::file_size_2 ... ok
[INFO] [stdout] test pdu::ops::test::nak_pdu::case_2::file_size_flag_1 ... ok
[INFO] [stdout] test pdu::ops::test::nak_pdu::case_2::file_size_flag_2 ... ok
[INFO] [stdout] test pdu::test::crc16::case_1 ... ok
[INFO] [stdout] test pdu::ops::test::unsgemented_data::case_1 ... ok
[INFO] [stdout] test pdu::ops::test::unsgemented_data::case_2 ... ok
[INFO] [stdout] test pdu::test::crc16::case_2 ... ok
[INFO] [stdout] test pdu::test::pdu_encoding::case_1::crc_flag_2 ... ok
[INFO] [stdout] test pdu::ops::test::end_of_file_with_error::condition_6::file_size_1::_entity_1 ... ok
[INFO] [stdout] test pdu::test::pdu_encoding::case_1::crc_flag_1 ... ok
[INFO] [stdout] test pdu::ops::test::end_of_file_with_error::condition_6::file_size_2::_entity_2 ... ok
[INFO] [stdout] test pdu::ops::test::end_of_file_with_error::condition_6::file_size_2::_entity_1 ... ok
[INFO] [stdout] test pdu::ops::test::end_of_file_with_error::condition_6::file_size_1::_entity_2 ... ok
[INFO] [stdout] test pdu::ops::test::nak_pdu::case_1::file_size_flag_2 ... ok
[INFO] [stdout] test pdu::test::pdu_encoding::case_2::crc_flag_1 ... ok
[INFO] [stdout] test pdu::test::pdu_encoding::case_2::crc_flag_2 ... ok
[INFO] [stdout] test pdu::test::pdu_len::case_1::file_size_flag_2 ... ok
[INFO] [stdout] test pdu::test::pdu_len::case_2::file_size_flag_2 ... ok
[INFO] [stdout] test pdu::test::pdu_len::case_4::file_size_flag_2 ... ok
[INFO] [stdout] test pdu::test::pdu_len::case_5::file_size_flag_1 ... ok
[INFO] [stdout] test pdu::test::pdu_len::case_5::file_size_flag_2 ... ok
[INFO] [stdout] test pdu::test::pdu_len::case_6::file_size_flag_1 ... ok
[INFO] [stdout] test pdu::test::pdu_len::case_6::file_size_flag_2 ... ok
[INFO] [stdout] test pdu::test::pdu_len::case_8::file_size_flag_2 ... ok
[INFO] [stdout] test transaction::fault_handler::test::fault_action::case_1 ... ok
[INFO] [stdout] test transaction::fault_handler::test::fault_action::case_3 ... ok
[INFO] [stdout] test transaction::fault_handler::test::fault_action::case_4 ... ok
[INFO] [stdout] test transaction::fault_handler::test::fault_error ... ok
[INFO] [stdout] test pdu::test::pdu_len::case_1::file_size_flag_1 ... ok
[INFO] [stdout] test pdu::test::pdu_len::case_3::file_size_flag_1 ... ok
[INFO] [stdout] test pdu::test::pdu_len::case_3::file_size_flag_2 ... ok
[INFO] [stdout] test pdu::test::pdu_len::case_7::file_size_flag_2 ... ok
[INFO] [stdout] test pdu::test::pdu_len::case_2::file_size_flag_1 ... ok
[INFO] [stdout] test pdu::test::pdu_len::case_8::file_size_flag_1 ... ok
[INFO] [stdout] test pdu::test::pdu_len::case_7::file_size_flag_1 ... ok
[INFO] [stdout] test pdu::test::pdu_len::case_4::file_size_flag_1 ... ok
[INFO] [stdout] test transaction::fault_handler::test::fault_action::case_2 ... ok
[INFO] [stdout] test transaction::recv::test::header ... ok
[INFO] [stdout] test transaction::recv::test::pdu_error_ack::operation_1 ... ok
[INFO] [stdout] test transaction::recv::test::nak_split ... ok
[INFO] [stdout] test transaction::recv::test::recv_store_data::transmission_mode_2 ... ok
[INFO] [stdout] test transaction::recv::test::store_filedata ... ok
[INFO] [stdout] test transaction::recv::test::test_if_file_transfer ... ok
[INFO] [stdout] test transaction::recv::test::test_naks::file_size_flag_1 ... ok
[INFO] [stdout] test transaction::recv::test::pdu_error_unack::operation_1 ... ok
[INFO] [stdout] test transaction::recv::test::recv_store_metadata::transmission_mode_1 ... ok
[INFO] [stdout] test transaction::send::test::checksum_cache ... ok
[INFO] [stdout] test transaction::recv::test::recv_store_metadata::transmission_mode_2 ... ok
[INFO] [stdout] test transaction::recv::test::finalize_file ... ok
[INFO] [stdout] test transaction::send::test::pdu_error_ack_send::operation_1 ... ok
[INFO] [stdout] test transaction::send::test::pdu_error_ack_send::operation_2 ... ok
[INFO] [stdout] test transaction::send::test::header ... ok
[INFO] [stdout] test transaction::send::test::pdu_error_send_data::transmission_mode_2 ... ok
[INFO] [stdout] test transaction::send::test::pdu_error_unack_send::operation_1 ... ok
[INFO] [stdout] test transaction::recv::test::test_naks::file_size_flag_2 ... ok
[INFO] [stdout] test transaction::recv::test::recv_store_data::transmission_mode_1 ... ok
[INFO] [stdout] test transaction::send::test::pdu_error_unack_send::operation_3 ... ok
[INFO] [stdout] test transaction::send::test::pdu_error_send_data::transmission_mode_1 ... ok
[INFO] [stdout] test transaction::send::test::recv_nak::total_size_1 ... ok
[INFO] [stdout] test transaction::send::test::pdu_error_unack_send::operation_2 ... ok
[INFO] [stdout] test transaction::send::test::test_if_file_transfer ... ok
[INFO] [stdout] test transaction::test::id ... ok
[INFO] [stdout] test transaction::send::test::send_eof ... ok
[INFO] [stdout] test transaction::send::test::send_filedata ... ok
[INFO] [stdout] test transaction::recv::test::recv_eof_all_data::transmission_mode_1 ... ok
[INFO] [stdout] test transaction::recv::test::recv_eof_all_data::transmission_mode_2 ... ok
[INFO] [stdout] test daemon::segments::test::test_invalid_segment - should panic ... ok
[INFO] [stdout] test transaction::recv::test::delayed_nak ... ok
[INFO] [stdout] test transaction::send::test::recv_nak::total_size_2 ... ok
[INFO] [stdout] test transaction::send::test::send_missing::case_2 ... ok
[INFO] [stdout] test transaction::send::test::send_missing::case_1 ... FAILED
[INFO] [stdout] test daemon::timer::test::timeout_all ... ok
[INFO] [stdout] test daemon::timer::test::timeout ... ok
[INFO] [stdout] test daemon::timer::test::no_timeout ... ok
[INFO] [stdout] test daemon::timer::test::limit ... ok
[INFO] [stdout] test daemon::timer::test::restart_no_fail ... ok
[INFO] [stdout] 
[INFO] [stdout] failures:
[INFO] [stderr] error: test failed, to rerun pass `--lib`
[INFO] [stdout] 
[INFO] [stdout] ---- transaction::send::test::send_missing::case_1 stdout ----
[INFO] [stdout] -------------- TEST START --------------
[INFO] [stdout] 
[INFO] [stdout] thread 'transaction::send::test::send_missing::case_1' (1867) panicked at src/transaction/send.rs:954:18:
[INFO] [stdout] called `Result::unwrap()` on an `Err` value: FileStore(IO(Os { code: 2, kind: NotFound, message: "No such file or directory" }))
[INFO] [stdout] stack backtrace:
[INFO] [stdout]    0:     0x64bccf8b8571 - std[617be2ca0a6fd877]::backtrace_rs::backtrace::libunwind::trace
[INFO] [stdout]                                at /rustc/e3feeb59cd1bdd011a2bfcc0747b55125d9b8527/library/std/src/../../backtrace/src/backtrace/libunwind.rs:117:9
[INFO] [stdout]    1:     0x64bccf8b8571 - std[617be2ca0a6fd877]::backtrace_rs::backtrace::trace_unsynchronized::<std[617be2ca0a6fd877]::sys::backtrace::_print_fmt::{closure#1}>
[INFO] [stdout]                                at /rustc/e3feeb59cd1bdd011a2bfcc0747b55125d9b8527/library/std/src/../../backtrace/src/backtrace/mod.rs:66:14
[INFO] [stdout]    2:     0x64bccf8b8571 - std[617be2ca0a6fd877]::sys::backtrace::_print_fmt
[INFO] [stdout]                                at /rustc/e3feeb59cd1bdd011a2bfcc0747b55125d9b8527/library/std/src/sys/backtrace.rs:74:9
[INFO] [stdout]    3:     0x64bccf8b8571 - <<std[617be2ca0a6fd877]::sys::backtrace::BacktraceLock>::print::DisplayBacktrace as core[a373ad73a504971]::fmt::Display>::fmt
[INFO] [stdout]                                at /rustc/e3feeb59cd1bdd011a2bfcc0747b55125d9b8527/library/std/src/sys/backtrace.rs:44:26
[INFO] [stdout]    4:     0x64bccf8cdf3a - <core[a373ad73a504971]::fmt::rt::Argument>::fmt
[INFO] [stdout]                                at /rustc/e3feeb59cd1bdd011a2bfcc0747b55125d9b8527/library/core/src/fmt/rt.rs:152:76
[INFO] [stdout]    5:     0x64bccf8cdf3a - core[a373ad73a504971]::fmt::write
[INFO] [stdout]    6:     0x64bccf8bcc5c - core[a373ad73a504971]::io::write::default_write_fmt::<alloc[2e1b2a31b91974c5]::vec::Vec<u8>>
[INFO] [stdout]                                at /rustc/e3feeb59cd1bdd011a2bfcc0747b55125d9b8527/library/core/src/io/write.rs:402:11
[INFO] [stdout]    7:     0x64bccf8bcc5c - <alloc[2e1b2a31b91974c5]::vec::Vec<u8> as core[a373ad73a504971]::io::write::Write>::write_fmt
[INFO] [stdout]                                at /rustc/e3feeb59cd1bdd011a2bfcc0747b55125d9b8527/library/core/src/io/write.rs:335:13
[INFO] [stdout]    8:     0x64bccf892946 - <std[617be2ca0a6fd877]::sys::backtrace::BacktraceLock>::print
[INFO] [stdout]                                at /rustc/e3feeb59cd1bdd011a2bfcc0747b55125d9b8527/library/std/src/sys/backtrace.rs:47:9
[INFO] [stdout]    9:     0x64bccf892946 - std[617be2ca0a6fd877]::panicking::default_hook::{closure#0}
[INFO] [stdout]                                at /rustc/e3feeb59cd1bdd011a2bfcc0747b55125d9b8527/library/std/src/panicking.rs:289:27
[INFO] [stdout]   10:     0x64bccf8afa29 - std[617be2ca0a6fd877]::panicking::default_hook
[INFO] [stdout]                                at /rustc/e3feeb59cd1bdd011a2bfcc0747b55125d9b8527/library/std/src/panicking.rs:313:9
[INFO] [stdout]   11:     0x64bccf7ba170 - <alloc[2e1b2a31b91974c5]::boxed::Box<dyn for<'a, 'b> core[a373ad73a504971]::ops::function::Fn<(&'a std[617be2ca0a6fd877]::panic::PanicHookInfo<'b>,), Output = ()> + core[a373ad73a504971]::marker::Sync + core[a373ad73a504971]::marker::Send> as core[a373ad73a504971]::ops::function::Fn<(&std[617be2ca0a6fd877]::panic::PanicHookInfo,)>>::call
[INFO] [stdout]                                at /rustc/e3feeb59cd1bdd011a2bfcc0747b55125d9b8527/library/alloc/src/boxed.rs:2328:9
[INFO] [stdout]   12:     0x64bccf7ba170 - test[aada8e7e76ba119b]::test_main_inner::{closure#0}
[INFO] [stdout]                                at /rustc/e3feeb59cd1bdd011a2bfcc0747b55125d9b8527/library/test/src/lib.rs:137:21
[INFO] [stdout]   13:     0x64bccf8afd52 - <alloc[2e1b2a31b91974c5]::boxed::Box<dyn for<'a, 'b> core[a373ad73a504971]::ops::function::Fn<(&'a std[617be2ca0a6fd877]::panic::PanicHookInfo<'b>,), Output = ()> + core[a373ad73a504971]::marker::Sync + core[a373ad73a504971]::marker::Send> as core[a373ad73a504971]::ops::function::Fn<(&std[617be2ca0a6fd877]::panic::PanicHookInfo,)>>::call
[INFO] [stdout]                                at /rustc/e3feeb59cd1bdd011a2bfcc0747b55125d9b8527/library/alloc/src/boxed.rs:2328:9
[INFO] [stdout]   14:     0x64bccf8afd52 - std[617be2ca0a6fd877]::panicking::panic_with_hook
[INFO] [stdout]                                at /rustc/e3feeb59cd1bdd011a2bfcc0747b55125d9b8527/library/std/src/panicking.rs:819:13
[INFO] [stdout]   15:     0x64bccf8929f2 - std[617be2ca0a6fd877]::panicking::panic_handler::{closure#0}
[INFO] [stdout]                                at /rustc/e3feeb59cd1bdd011a2bfcc0747b55125d9b8527/library/std/src/panicking.rs:685:13
[INFO] [stdout]   16:     0x64bccf88b479 - std[617be2ca0a6fd877]::sys::backtrace::__rust_end_short_backtrace::<std[617be2ca0a6fd877]::panicking::panic_handler::{closure#0}, !>
[INFO] [stdout]                                at /rustc/e3feeb59cd1bdd011a2bfcc0747b55125d9b8527/library/std/src/sys/backtrace.rs:182:18
[INFO] [stdout]   17:     0x64bccf8935fd - __rustc[ea4f61d10b84890b]::rust_begin_unwind
[INFO] [stdout]                                at /rustc/e3feeb59cd1bdd011a2bfcc0747b55125d9b8527/library/std/src/panicking.rs:676:5
[INFO] [stdout]   18:     0x64bccf8ce78c - core[a373ad73a504971]::panicking::panic_fmt
[INFO] [stdout]                                at /rustc/e3feeb59cd1bdd011a2bfcc0747b55125d9b8527/library/core/src/panicking.rs:80:14
[INFO] [stdout]   19:     0x64bccf8ce4b2 - core[a373ad73a504971]::result::unwrap_failed
[INFO] [stdout]                                at /rustc/e3feeb59cd1bdd011a2bfcc0747b55125d9b8527/library/core/src/result.rs:1870:5
[INFO] [stdout]   20:     0x64bccf718e70 - <core[a373ad73a504971]::result::Result<(), cfdp_simplified[1c6aa6fe215f9bcb]::transaction::error::TransactionError>>::unwrap
[INFO] [stdout]                                at /rustc/e3feeb59cd1bdd011a2bfcc0747b55125d9b8527/library/core/src/result.rs:1232:23
[INFO] [stdout]   21:     0x64bccf718e70 - cfdp_simplified[1c6aa6fe215f9bcb]::transaction::send::test::send_missing::{closure#0}::{closure#0}
[INFO] [stdout]                                at /opt/rustwide/workdir/src/transaction/send.rs:954:18
[INFO] [stdout]   22:     0x64bccf6d86e8 - <tokio[290d40eba2c0bc62]::runtime::task::core::Core<cfdp_simplified[1c6aa6fe215f9bcb]::transaction::send::test::send_missing::{closure#0}::{closure#0}, alloc[2e1b2a31b91974c5]::sync::Arc<tokio[290d40eba2c0bc62]::runtime::scheduler::current_thread::Handle>>>::poll::{closure#0}
[INFO] [stdout]                                at /opt/rustwide/cargo-home/registry/src/index.crates.io-1949cf8c6b5b557f/tokio-1.43.0/src/runtime/task/core.rs:331:24
[INFO] [stdout]   23:     0x64bccf6e5f0d - <tokio[290d40eba2c0bc62]::loom::std::unsafe_cell::UnsafeCell<tokio[290d40eba2c0bc62]::runtime::task::core::Stage<cfdp_simplified[1c6aa6fe215f9bcb]::transaction::send::test::send_missing::{closure#0}::{closure#0}>>>::with_mut::<core[a373ad73a504971]::task::poll::Poll<()>, <tokio[290d40eba2c0bc62]::runtime::task::core::Core<cfdp_simplified[1c6aa6fe215f9bcb]::transaction::send::test::send_missing::{closure#0}::{closure#0}, alloc[2e1b2a31b91974c5]::sync::Arc<tokio[290d40eba2c0bc62]::runtime::scheduler::current_thread::Handle>>>::poll::{closure#0}>
[INFO] [stdout]                                at /opt/rustwide/cargo-home/registry/src/index.crates.io-1949cf8c6b5b557f/tokio-1.43.0/src/loom/std/unsafe_cell.rs:16:9
[INFO] [stdout]   24:     0x64bccf6e5f0d - <tokio[290d40eba2c0bc62]::runtime::task::core::Core<cfdp_simplified[1c6aa6fe215f9bcb]::transaction::send::test::send_missing::{closure#0}::{closure#0}, alloc[2e1b2a31b91974c5]::sync::Arc<tokio[290d40eba2c0bc62]::runtime::scheduler::current_thread::Handle>>>::poll
[INFO] [stdout]                                at /opt/rustwide/cargo-home/registry/src/index.crates.io-1949cf8c6b5b557f/tokio-1.43.0/src/runtime/task/core.rs:320:30
[INFO] [stdout]   25:     0x64bccf6c6eda - tokio[290d40eba2c0bc62]::runtime::task::harness::poll_future::<cfdp_simplified[1c6aa6fe215f9bcb]::transaction::send::test::send_missing::{closure#0}::{closure#0}, alloc[2e1b2a31b91974c5]::sync::Arc<tokio[290d40eba2c0bc62]::runtime::scheduler::current_thread::Handle>>::{closure#0}
[INFO] [stdout]                                at /opt/rustwide/cargo-home/registry/src/index.crates.io-1949cf8c6b5b557f/tokio-1.43.0/src/runtime/task/harness.rs:532:30
[INFO] [stdout]   26:     0x64bccf770360 - <core[a373ad73a504971]::panic::unwind_safe::AssertUnwindSafe<tokio[290d40eba2c0bc62]::runtime::task::harness::poll_future<cfdp_simplified[1c6aa6fe215f9bcb]::transaction::send::test::send_missing::{closure#0}::{closure#0}, alloc[2e1b2a31b91974c5]::sync::Arc<tokio[290d40eba2c0bc62]::runtime::scheduler::current_thread::Handle>>::{closure#0}> as core[a373ad73a504971]::ops::function::FnOnce<()>>::call_once
[INFO] [stdout]                                at /rustc/e3feeb59cd1bdd011a2bfcc0747b55125d9b8527/library/core/src/panic/unwind_safe.rs:275:9
[INFO] [stdout]   27:     0x64bccf77850a - std[617be2ca0a6fd877]::panicking::catch_unwind::do_call::<core[a373ad73a504971]::panic::unwind_safe::AssertUnwindSafe<tokio[290d40eba2c0bc62]::runtime::task::harness::poll_future<cfdp_simplified[1c6aa6fe215f9bcb]::transaction::send::test::send_missing::{closure#0}::{closure#0}, alloc[2e1b2a31b91974c5]::sync::Arc<tokio[290d40eba2c0bc62]::runtime::scheduler::current_thread::Handle>>::{closure#0}>, core[a373ad73a504971]::task::poll::Poll<()>>
[INFO] [stdout]                                at /rustc/e3feeb59cd1bdd011a2bfcc0747b55125d9b8527/library/std/src/panicking.rs:573:43
[INFO] [stdout]   28:     0x64bccf77100b - __rust_try
[INFO] [stdout]   29:     0x64bccf7692e8 - std[617be2ca0a6fd877]::panicking::catch_unwind::<core[a373ad73a504971]::task::poll::Poll<()>, core[a373ad73a504971]::panic::unwind_safe::AssertUnwindSafe<tokio[290d40eba2c0bc62]::runtime::task::harness::poll_future<cfdp_simplified[1c6aa6fe215f9bcb]::transaction::send::test::send_missing::{closure#0}::{closure#0}, alloc[2e1b2a31b91974c5]::sync::Arc<tokio[290d40eba2c0bc62]::runtime::scheduler::current_thread::Handle>>::{closure#0}>>
[INFO] [stdout]                                at /rustc/e3feeb59cd1bdd011a2bfcc0747b55125d9b8527/library/std/src/panicking.rs:541:19
[INFO] [stdout]   30:     0x64bccf7692e8 - std[617be2ca0a6fd877]::panic::catch_unwind::<core[a373ad73a504971]::panic::unwind_safe::AssertUnwindSafe<tokio[290d40eba2c0bc62]::runtime::task::harness::poll_future<cfdp_simplified[1c6aa6fe215f9bcb]::transaction::send::test::send_missing::{closure#0}::{closure#0}, alloc[2e1b2a31b91974c5]::sync::Arc<tokio[290d40eba2c0bc62]::runtime::scheduler::current_thread::Handle>>::{closure#0}>, core[a373ad73a504971]::task::poll::Poll<()>>
[INFO] [stdout]                                at /rustc/e3feeb59cd1bdd011a2bfcc0747b55125d9b8527/library/std/src/panic.rs:359:14
[INFO] [stdout]   31:     0x64bccf6c439f - tokio[290d40eba2c0bc62]::runtime::task::harness::poll_future::<cfdp_simplified[1c6aa6fe215f9bcb]::transaction::send::test::send_missing::{closure#0}::{closure#0}, alloc[2e1b2a31b91974c5]::sync::Arc<tokio[290d40eba2c0bc62]::runtime::scheduler::current_thread::Handle>>
[INFO] [stdout]                                at /opt/rustwide/cargo-home/registry/src/index.crates.io-1949cf8c6b5b557f/tokio-1.43.0/src/runtime/task/harness.rs:520:18
[INFO] [stdout]   32:     0x64bccf6d0d60 - <tokio[290d40eba2c0bc62]::runtime::task::harness::Harness<cfdp_simplified[1c6aa6fe215f9bcb]::transaction::send::test::send_missing::{closure#0}::{closure#0}, alloc[2e1b2a31b91974c5]::sync::Arc<tokio[290d40eba2c0bc62]::runtime::scheduler::current_thread::Handle>>>::poll_inner
[INFO] [stdout]                                at /opt/rustwide/cargo-home/registry/src/index.crates.io-1949cf8c6b5b557f/tokio-1.43.0/src/runtime/task/harness.rs:209:27
[INFO] [stdout]   33:     0x64bccf6d1013 - <tokio[290d40eba2c0bc62]::runtime::task::harness::Harness<cfdp_simplified[1c6aa6fe215f9bcb]::transaction::send::test::send_missing::{closure#0}::{closure#0}, alloc[2e1b2a31b91974c5]::sync::Arc<tokio[290d40eba2c0bc62]::runtime::scheduler::current_thread::Handle>>>::poll
[INFO] [stdout]                                at /opt/rustwide/cargo-home/registry/src/index.crates.io-1949cf8c6b5b557f/tokio-1.43.0/src/runtime/task/harness.rs:154:20
[INFO] [stdout]   34:     0x64bccf776fdb - tokio[290d40eba2c0bc62]::runtime::task::raw::poll::<cfdp_simplified[1c6aa6fe215f9bcb]::transaction::send::test::send_missing::{closure#0}::{closure#0}, alloc[2e1b2a31b91974c5]::sync::Arc<tokio[290d40eba2c0bc62]::runtime::scheduler::current_thread::Handle>>
[INFO] [stdout]                                at /opt/rustwide/cargo-home/registry/src/index.crates.io-1949cf8c6b5b557f/tokio-1.43.0/src/runtime/task/raw.rs:271:13
[INFO] [stdout]   35:     0x64bccf825627 - <tokio[290d40eba2c0bc62]::runtime::task::raw::RawTask>::poll
[INFO] [stdout]                                at /opt/rustwide/cargo-home/registry/src/index.crates.io-1949cf8c6b5b557f/tokio-1.43.0/src/runtime/task/raw.rs:201:18
[INFO] [stdout]   36:     0x64bccf711d91 - <tokio[290d40eba2c0bc62]::runtime::task::LocalNotified<alloc[2e1b2a31b91974c5]::sync::Arc<tokio[290d40eba2c0bc62]::runtime::scheduler::current_thread::Handle>>>::run
[INFO] [stdout]                                at /opt/rustwide/cargo-home/registry/src/index.crates.io-1949cf8c6b5b557f/tokio-1.43.0/src/runtime/task/mod.rs:449:13
[INFO] [stdout]   37:     0x64bccf79a8da - <tokio[290d40eba2c0bc62]::runtime::scheduler::current_thread::CoreGuard>::block_on::<core[a373ad73a504971]::pin::Pin<&mut core[a373ad73a504971]::pin::Pin<&mut dyn core[a373ad73a504971]::future::future::Future<Output = ()>>>>::{closure#0}::{closure#1}
[INFO] [stdout]                                at /opt/rustwide/cargo-home/registry/src/index.crates.io-1949cf8c6b5b557f/tokio-1.43.0/src/runtime/scheduler/current_thread/mod.rs:770:30
[INFO] [stdout]   38:     0x64bccf798d25 - tokio[290d40eba2c0bc62]::runtime::coop::with_budget::<(), <tokio[290d40eba2c0bc62]::runtime::scheduler::current_thread::CoreGuard>::block_on<core[a373ad73a504971]::pin::Pin<&mut core[a373ad73a504971]::pin::Pin<&mut dyn core[a373ad73a504971]::future::future::Future<Output = ()>>>>::{closure#0}::{closure#1}>
[INFO] [stdout]                                at /opt/rustwide/cargo-home/registry/src/index.crates.io-1949cf8c6b5b557f/tokio-1.43.0/src/runtime/coop.rs:107:5
[INFO] [stdout]   39:     0x64bccf798d25 - tokio[290d40eba2c0bc62]::runtime::coop::budget::<(), <tokio[290d40eba2c0bc62]::runtime::scheduler::current_thread::CoreGuard>::block_on<core[a373ad73a504971]::pin::Pin<&mut core[a373ad73a504971]::pin::Pin<&mut dyn core[a373ad73a504971]::future::future::Future<Output = ()>>>>::{closure#0}::{closure#1}>
[INFO] [stdout]                                at /opt/rustwide/cargo-home/registry/src/index.crates.io-1949cf8c6b5b557f/tokio-1.43.0/src/runtime/coop.rs:73:5
[INFO] [stdout]   40:     0x64bccf798d25 - <tokio[290d40eba2c0bc62]::runtime::scheduler::current_thread::Context>::run_task::<(), <tokio[290d40eba2c0bc62]::runtime::scheduler::current_thread::CoreGuard>::block_on<core[a373ad73a504971]::pin::Pin<&mut core[a373ad73a504971]::pin::Pin<&mut dyn core[a373ad73a504971]::future::future::Future<Output = ()>>>>::{closure#0}::{closure#1}>::{closure#0}
[INFO] [stdout]                                at /opt/rustwide/cargo-home/registry/src/index.crates.io-1949cf8c6b5b557f/tokio-1.43.0/src/runtime/scheduler/current_thread/mod.rs:364:43
[INFO] [stdout]   41:     0x64bccf7943e6 - <tokio[290d40eba2c0bc62]::runtime::scheduler::current_thread::Context>::enter::<(), <tokio[290d40eba2c0bc62]::runtime::scheduler::current_thread::Context>::run_task<(), <tokio[290d40eba2c0bc62]::runtime::scheduler::current_thread::CoreGuard>::block_on<core[a373ad73a504971]::pin::Pin<&mut core[a373ad73a504971]::pin::Pin<&mut dyn core[a373ad73a504971]::future::future::Future<Output = ()>>>>::{closure#0}::{closure#1}>::{closure#0}>
[INFO] [stdout]                                at /opt/rustwide/cargo-home/registry/src/index.crates.io-1949cf8c6b5b557f/tokio-1.43.0/src/runtime/scheduler/current_thread/mod.rs:428:19
[INFO] [stdout]   42:     0x64bccf7947bc - <tokio[290d40eba2c0bc62]::runtime::scheduler::current_thread::Context>::run_task::<(), <tokio[290d40eba2c0bc62]::runtime::scheduler::current_thread::CoreGuard>::block_on<core[a373ad73a504971]::pin::Pin<&mut core[a373ad73a504971]::pin::Pin<&mut dyn core[a373ad73a504971]::future::future::Future<Output = ()>>>>::{closure#0}::{closure#1}>
[INFO] [stdout]                                at /opt/rustwide/cargo-home/registry/src/index.crates.io-1949cf8c6b5b557f/tokio-1.43.0/src/runtime/scheduler/current_thread/mod.rs:364:28
[INFO] [stdout]   43:     0x64bccf79a36b - <tokio[290d40eba2c0bc62]::runtime::scheduler::current_thread::CoreGuard>::block_on::<core[a373ad73a504971]::pin::Pin<&mut core[a373ad73a504971]::pin::Pin<&mut dyn core[a373ad73a504971]::future::future::Future<Output = ()>>>>::{closure#0}
[INFO] [stdout]                                at /opt/rustwide/cargo-home/registry/src/index.crates.io-1949cf8c6b5b557f/tokio-1.43.0/src/runtime/scheduler/current_thread/mod.rs:769:43
[INFO] [stdout]   44:     0x64bccf798ed4 - <tokio[290d40eba2c0bc62]::runtime::scheduler::current_thread::CoreGuard>::enter::<<tokio[290d40eba2c0bc62]::runtime::scheduler::current_thread::CoreGuard>::block_on<core[a373ad73a504971]::pin::Pin<&mut core[a373ad73a504971]::pin::Pin<&mut dyn core[a373ad73a504971]::future::future::Future<Output = ()>>>>::{closure#0}, core[a373ad73a504971]::option::Option<()>>::{closure#0}
[INFO] [stdout]                                at /opt/rustwide/cargo-home/registry/src/index.crates.io-1949cf8c6b5b557f/tokio-1.43.0/src/runtime/scheduler/current_thread/mod.rs:807:68
[INFO] [stdout]   45:     0x64bccf7a21db - <tokio[290d40eba2c0bc62]::runtime::context::scoped::Scoped<tokio[290d40eba2c0bc62]::runtime::scheduler::Context>>::set::<<tokio[290d40eba2c0bc62]::runtime::scheduler::current_thread::CoreGuard>::enter<<tokio[290d40eba2c0bc62]::runtime::scheduler::current_thread::CoreGuard>::block_on<core[a373ad73a504971]::pin::Pin<&mut core[a373ad73a504971]::pin::Pin<&mut dyn core[a373ad73a504971]::future::future::Future<Output = ()>>>>::{closure#0}, core[a373ad73a504971]::option::Option<()>>::{closure#0}, (alloc[2e1b2a31b91974c5]::boxed::Box<tokio[290d40eba2c0bc62]::runtime::scheduler::current_thread::Core>, core[a373ad73a504971]::option::Option<()>)>
[INFO] [stdout]                                at /opt/rustwide/cargo-home/registry/src/index.crates.io-1949cf8c6b5b557f/tokio-1.43.0/src/runtime/context/scoped.rs:40:9
[INFO] [stdout]   46:     0x64bccf717239 - tokio[290d40eba2c0bc62]::runtime::context::set_scheduler::<(alloc[2e1b2a31b91974c5]::boxed::Box<tokio[290d40eba2c0bc62]::runtime::scheduler::current_thread::Core>, core[a373ad73a504971]::option::Option<()>), <tokio[290d40eba2c0bc62]::runtime::scheduler::current_thread::CoreGuard>::enter<<tokio[290d40eba2c0bc62]::runtime::scheduler::current_thread::CoreGuard>::block_on<core[a373ad73a504971]::pin::Pin<&mut core[a373ad73a504971]::pin::Pin<&mut dyn core[a373ad73a504971]::future::future::Future<Output = ()>>>>::{closure#0}, core[a373ad73a504971]::option::Option<()>>::{closure#0}>::{closure#0}
[INFO] [stdout]                                at /opt/rustwide/cargo-home/registry/src/index.crates.io-1949cf8c6b5b557f/tokio-1.43.0/src/runtime/context.rs:180:38
[INFO] [stdout]   47:     0x64bccf74c85f - <std[617be2ca0a6fd877]::thread::local::LocalKey<tokio[290d40eba2c0bc62]::runtime::context::Context>>::try_with::<tokio[290d40eba2c0bc62]::runtime::context::set_scheduler<(alloc[2e1b2a31b91974c5]::boxed::Box<tokio[290d40eba2c0bc62]::runtime::scheduler::current_thread::Core>, core[a373ad73a504971]::option::Option<()>), <tokio[290d40eba2c0bc62]::runtime::scheduler::current_thread::CoreGuard>::enter<<tokio[290d40eba2c0bc62]::runtime::scheduler::current_thread::CoreGuard>::block_on<core[a373ad73a504971]::pin::Pin<&mut core[a373ad73a504971]::pin::Pin<&mut dyn core[a373ad73a504971]::future::future::Future<Output = ()>>>>::{closure#0}, core[a373ad73a504971]::option::Option<()>>::{closure#0}>::{closure#0}, (alloc[2e1b2a31b91974c5]::boxed::Box<tokio[290d40eba2c0bc62]::runtime::scheduler::current_thread::Core>, core[a373ad73a504971]::option::Option<()>)>
[INFO] [stdout]                                at /rustc/e3feeb59cd1bdd011a2bfcc0747b55125d9b8527/library/std/src/thread/local.rs:463:12
[INFO] [stdout]   48:     0x64bccf74c40e - <std[617be2ca0a6fd877]::thread::local::LocalKey<tokio[290d40eba2c0bc62]::runtime::context::Context>>::with::<tokio[290d40eba2c0bc62]::runtime::context::set_scheduler<(alloc[2e1b2a31b91974c5]::boxed::Box<tokio[290d40eba2c0bc62]::runtime::scheduler::current_thread::Core>, core[a373ad73a504971]::option::Option<()>), <tokio[290d40eba2c0bc62]::runtime::scheduler::current_thread::CoreGuard>::enter<<tokio[290d40eba2c0bc62]::runtime::scheduler::current_thread::CoreGuard>::block_on<core[a373ad73a504971]::pin::Pin<&mut core[a373ad73a504971]::pin::Pin<&mut dyn core[a373ad73a504971]::future::future::Future<Output = ()>>>>::{closure#0}, core[a373ad73a504971]::option::Option<()>>::{closure#0}>::{closure#0}, (alloc[2e1b2a31b91974c5]::boxed::Box<tokio[290d40eba2c0bc62]::runtime::scheduler::current_thread::Core>, core[a373ad73a504971]::option::Option<()>)>
[INFO] [stdout]                                at /rustc/e3feeb59cd1bdd011a2bfcc0747b55125d9b8527/library/std/src/thread/local.rs:427:20
[INFO] [stdout]   49:     0x64bccf715e3d - tokio[290d40eba2c0bc62]::runtime::context::set_scheduler::<(alloc[2e1b2a31b91974c5]::boxed::Box<tokio[290d40eba2c0bc62]::runtime::scheduler::current_thread::Core>, core[a373ad73a504971]::option::Option<()>), <tokio[290d40eba2c0bc62]::runtime::scheduler::current_thread::CoreGuard>::enter<<tokio[290d40eba2c0bc62]::runtime::scheduler::current_thread::CoreGuard>::block_on<core[a373ad73a504971]::pin::Pin<&mut core[a373ad73a504971]::pin::Pin<&mut dyn core[a373ad73a504971]::future::future::Future<Output = ()>>>>::{closure#0}, core[a373ad73a504971]::option::Option<()>>::{closure#0}>
[INFO] [stdout]                                at /opt/rustwide/cargo-home/registry/src/index.crates.io-1949cf8c6b5b557f/tokio-1.43.0/src/runtime/context.rs:180:17
[INFO] [stdout]   50:     0x64bccf797ac0 - <tokio[290d40eba2c0bc62]::runtime::scheduler::current_thread::CoreGuard>::enter::<<tokio[290d40eba2c0bc62]::runtime::scheduler::current_thread::CoreGuard>::block_on<core[a373ad73a504971]::pin::Pin<&mut core[a373ad73a504971]::pin::Pin<&mut dyn core[a373ad73a504971]::future::future::Future<Output = ()>>>>::{closure#0}, core[a373ad73a504971]::option::Option<()>>
[INFO] [stdout]                                at /opt/rustwide/cargo-home/registry/src/index.crates.io-1949cf8c6b5b557f/tokio-1.43.0/src/runtime/scheduler/current_thread/mod.rs:807:27
[INFO] [stdout]   51:     0x64bccf797db6 - <tokio[290d40eba2c0bc62]::runtime::scheduler::current_thread::CoreGuard>::block_on::<core[a373ad73a504971]::pin::Pin<&mut core[a373ad73a504971]::pin::Pin<&mut dyn core[a373ad73a504971]::future::future::Future<Output = ()>>>>
[INFO] [stdout]                                at /opt/rustwide/cargo-home/registry/src/index.crates.io-1949cf8c6b5b557f/tokio-1.43.0/src/runtime/scheduler/current_thread/mod.rs:716:24
[INFO] [stdout]   52:     0x64bccf798843 - <tokio[290d40eba2c0bc62]::runtime::scheduler::current_thread::CurrentThread>::block_on::<core[a373ad73a504971]::pin::Pin<&mut dyn core[a373ad73a504971]::future::future::Future<Output = ()>>>::{closure#0}
[INFO] [stdout]                                at /opt/rustwide/cargo-home/registry/src/index.crates.io-1949cf8c6b5b557f/tokio-1.43.0/src/runtime/scheduler/current_thread/mod.rs:196:33
[INFO] [stdout]   53:     0x64bccf7286d8 - tokio[290d40eba2c0bc62]::runtime::context::runtime::enter_runtime::<<tokio[290d40eba2c0bc62]::runtime::scheduler::current_thread::CurrentThread>::block_on<core[a373ad73a504971]::pin::Pin<&mut dyn core[a373ad73a504971]::future::future::Future<Output = ()>>>::{closure#0}, ()>
[INFO] [stdout]                                at /opt/rustwide/cargo-home/registry/src/index.crates.io-1949cf8c6b5b557f/tokio-1.43.0/src/runtime/context/runtime.rs:65:16
[INFO] [stdout]   54:     0x64bccf793424 - <tokio[290d40eba2c0bc62]::runtime::scheduler::current_thread::CurrentThread>::block_on::<core[a373ad73a504971]::pin::Pin<&mut dyn core[a373ad73a504971]::future::future::Future<Output = ()>>>
[INFO] [stdout]                                at /opt/rustwide/cargo-home/registry/src/index.crates.io-1949cf8c6b5b557f/tokio-1.43.0/src/runtime/scheduler/current_thread/mod.rs:184:9
[INFO] [stdout]   55:     0x64bccf7930af - <tokio[290d40eba2c0bc62]::runtime::runtime::Runtime>::block_on_inner::<core[a373ad73a504971]::pin::Pin<&mut dyn core[a373ad73a504971]::future::future::Future<Output = ()>>>
[INFO] [stdout]                                at /opt/rustwide/cargo-home/registry/src/index.crates.io-1949cf8c6b5b557f/tokio-1.43.0/src/runtime/runtime.rs:368:52
[INFO] [stdout]   56:     0x64bccf7931f6 - <tokio[290d40eba2c0bc62]::runtime::runtime::Runtime>::block_on::<core[a373ad73a504971]::pin::Pin<&mut dyn core[a373ad73a504971]::future::future::Future<Output = ()>>>
[INFO] [stdout]                                at /opt/rustwide/cargo-home/registry/src/index.crates.io-1949cf8c6b5b557f/tokio-1.43.0/src/runtime/runtime.rs:342:18
[INFO] [stdout]   57:     0x64bccf7a0881 - cfdp_simplified[1c6aa6fe215f9bcb]::transaction::send::test::send_missing::case_1
[INFO] [stdout]                                at /opt/rustwide/workdir/src/transaction/send.rs:870:5
[INFO] [stdout]   58:     0x64bccf79df97 - cfdp_simplified[1c6aa6fe215f9bcb]::transaction::send::test::send_missing::case_1::{closure#0}
[INFO] [stdout]                                at /opt/rustwide/workdir/src/transaction/send.rs:870:14
[INFO] [stdout]   59:     0x64bccf73db36 - <cfdp_simplified[1c6aa6fe215f9bcb]::transaction::send::test::send_missing::case_1::{closure#0} as core[a373ad73a504971]::ops::function::FnOnce<()>>::call_once
[INFO] [stdout]                                at /rustc/e3feeb59cd1bdd011a2bfcc0747b55125d9b8527/library/core/src/ops/function.rs:250:5
[INFO] [stdout]   60:     0x64bccf7ad5bb - <fn() -> core[a373ad73a504971]::result::Result<(), alloc[2e1b2a31b91974c5]::string::String> as core[a373ad73a504971]::ops::function::FnOnce<()>>::call_once
[INFO] [stdout]                                at /rustc/e3feeb59cd1bdd011a2bfcc0747b55125d9b8527/library/core/src/ops/function.rs:250:5
[INFO] [stdout]   61:     0x64bccf7ad5bb - test[aada8e7e76ba119b]::__rust_begin_short_backtrace::<core[a373ad73a504971]::result::Result<(), alloc[2e1b2a31b91974c5]::string::String>, fn() -> core[a373ad73a504971]::result::Result<(), alloc[2e1b2a31b91974c5]::string::String>>
[INFO] [stdout]                                at /rustc/e3feeb59cd1bdd011a2bfcc0747b55125d9b8527/library/test/src/lib.rs:701:18
[INFO] [stdout]   62:     0x64bccf7ba795 - test[aada8e7e76ba119b]::run_test_in_process::{closure#0}
[INFO] [stdout]                                at /rustc/e3feeb59cd1bdd011a2bfcc0747b55125d9b8527/library/test/src/lib.rs:724:74
[INFO] [stdout]   63:     0x64bccf7ba795 - <core[a373ad73a504971]::panic::unwind_safe::AssertUnwindSafe<test[aada8e7e76ba119b]::run_test_in_process::{closure#0}> as core[a373ad73a504971]::ops::function::FnOnce<()>>::call_once
[INFO] [stdout]                                at /rustc/e3feeb59cd1bdd011a2bfcc0747b55125d9b8527/library/core/src/panic/unwind_safe.rs:275:9
[INFO] [stdout]   64:     0x64bccf7ba795 - std[617be2ca0a6fd877]::panicking::catch_unwind::do_call::<core[a373ad73a504971]::panic::unwind_safe::AssertUnwindSafe<test[aada8e7e76ba119b]::run_test_in_process::{closure#0}>, core[a373ad73a504971]::result::Result<(), alloc[2e1b2a31b91974c5]::string::String>>
[INFO] [stdout]                                at /rustc/e3feeb59cd1bdd011a2bfcc0747b55125d9b8527/library/std/src/panicking.rs:573:43
[INFO] [stdout]   65:     0x64bccf7ba795 - std[617be2ca0a6fd877]::panicking::catch_unwind::<core[a373ad73a504971]::result::Result<(), alloc[2e1b2a31b91974c5]::string::String>, core[a373ad73a504971]::panic::unwind_safe::AssertUnwindSafe<test[aada8e7e76ba119b]::run_test_in_process::{closure#0}>>
[INFO] [stdout]                                at /rustc/e3feeb59cd1bdd011a2bfcc0747b55125d9b8527/library/std/src/panicking.rs:541:19
[INFO] [stdout]   66:     0x64bccf7ba795 - std[617be2ca0a6fd877]::panic::catch_unwind::<core[a373ad73a504971]::panic::unwind_safe::AssertUnwindSafe<test[aada8e7e76ba119b]::run_test_in_process::{closure#0}>, core[a373ad73a504971]::result::Result<(), alloc[2e1b2a31b91974c5]::string::String>>
[INFO] [stdout]                                at /rustc/e3feeb59cd1bdd011a2bfcc0747b55125d9b8527/library/std/src/panic.rs:359:14
[INFO] [stdout]   67:     0x64bccf7ba795 - test[aada8e7e76ba119b]::run_test_in_process
[INFO] [stdout]                                at /rustc/e3feeb59cd1bdd011a2bfcc0747b55125d9b8527/library/test/src/lib.rs:724:27
[INFO] [stdout]   68:     0x64bccf7ba795 - test[aada8e7e76ba119b]::run_test::{closure#0}
[INFO] [stdout]                                at /rustc/e3feeb59cd1bdd011a2bfcc0747b55125d9b8527/library/test/src/lib.rs:645:43
[INFO] [stdout]   69:     0x64bccf7b4084 - test[aada8e7e76ba119b]::run_test::{closure#1}
[INFO] [stdout]                                at /rustc/e3feeb59cd1bdd011a2bfcc0747b55125d9b8527/library/test/src/lib.rs:675:41
[INFO] [stdout]   70:     0x64bccf7b4084 - std[617be2ca0a6fd877]::sys::backtrace::__rust_begin_short_backtrace::<test[aada8e7e76ba119b]::run_test::{closure#1}, ()>
[INFO] [stdout]                                at /rustc/e3feeb59cd1bdd011a2bfcc0747b55125d9b8527/library/std/src/sys/backtrace.rs:166:18
[INFO] [stdout]   71:     0x64bccf7bd822 - std[617be2ca0a6fd877]::thread::lifecycle::spawn_unchecked::<test[aada8e7e76ba119b]::run_test::{closure#1}, ()>::{closure#1}::{closure#0}
[INFO] [stdout]                                at /rustc/e3feeb59cd1bdd011a2bfcc0747b55125d9b8527/library/std/src/thread/lifecycle.rs:70:13
[INFO] [stdout]   72:     0x64bccf7bd822 - <core[a373ad73a504971]::panic::unwind_safe::AssertUnwindSafe<std[617be2ca0a6fd877]::thread::lifecycle::spawn_unchecked<test[aada8e7e76ba119b]::run_test::{closure#1}, ()>::{closure#1}::{closure#0}> as core[a373ad73a504971]::ops::function::FnOnce<()>>::call_once
[INFO] [stdout]                                at /rustc/e3feeb59cd1bdd011a2bfcc0747b55125d9b8527/library/core/src/panic/unwind_safe.rs:275:9
[INFO] [stdout]   73:     0x64bccf7bd822 - std[617be2ca0a6fd877]::panicking::catch_unwind::do_call::<core[a373ad73a504971]::panic::unwind_safe::AssertUnwindSafe<std[617be2ca0a6fd877]::thread::lifecycle::spawn_unchecked<test[aada8e7e76ba119b]::run_test::{closure#1}, ()>::{closure#1}::{closure#0}>, ()>
[INFO] [stdout]                                at /rustc/e3feeb59cd1bdd011a2bfcc0747b55125d9b8527/library/std/src/panicking.rs:573:43
[INFO] [stdout]   74:     0x64bccf7bd822 - std[617be2ca0a6fd877]::panicking::catch_unwind::<(), core[a373ad73a504971]::panic::unwind_safe::AssertUnwindSafe<std[617be2ca0a6fd877]::thread::lifecycle::spawn_unchecked<test[aada8e7e76ba119b]::run_test::{closure#1}, ()>::{closure#1}::{closure#0}>>
[INFO] [stdout]                                at /rustc/e3feeb59cd1bdd011a2bfcc0747b55125d9b8527/library/std/src/panicking.rs:541:19
[INFO] [stdout]   75:     0x64bccf7bd822 - std[617be2ca0a6fd877]::panic::catch_unwind::<core[a373ad73a504971]::panic::unwind_safe::AssertUnwindSafe<std[617be2ca0a6fd877]::thread::lifecycle::spawn_unchecked<test[aada8e7e76ba119b]::run_test::{closure#1}, ()>::{closure#1}::{closure#0}>, ()>
[INFO] [stdout]                                at /rustc/e3feeb59cd1bdd011a2bfcc0747b55125d9b8527/library/std/src/panic.rs:359:14
[INFO] [stdout]   76:     0x64bccf7bd822 - std[617be2ca0a6fd877]::thread::lifecycle::spawn_unchecked::<test[aada8e7e76ba119b]::run_test::{closure#1}, ()>::{closure#1}
[INFO] [stdout]                                at /rustc/e3feeb59cd1bdd011a2bfcc0747b55125d9b8527/library/std/src/thread/lifecycle.rs:68:26
[INFO] [stdout]   77:     0x64bccf7bd822 - <std[617be2ca0a6fd877]::thread::lifecycle::spawn_unchecked<test[aada8e7e76ba119b]::run_test::{closure#1}, ()>::{closure#1} as core[a373ad73a504971]::ops::function::FnOnce<()>>::call_once::{shim:vtable#0}
[INFO] [stdout]                                at /rustc/e3feeb59cd1bdd011a2bfcc0747b55125d9b8527/library/core/src/ops/function.rs:250:5
[INFO] [stdout]   78:     0x64bccf8b7ccf - <alloc[2e1b2a31b91974c5]::boxed::Box<dyn core[a373ad73a504971]::ops::function::FnOnce<(), Output = ()> + core[a373ad73a504971]::marker::Send> as core[a373ad73a504971]::ops::function::FnOnce<()>>::call_once
[INFO] [stdout]                                at /rustc/e3feeb59cd1bdd011a2bfcc0747b55125d9b8527/library/alloc/src/boxed.rs:2314:9
[INFO] [stdout]   79:     0x64bccf8b7ccf - <std[617be2ca0a6fd877]::sys::thread::unix::Thread>::new::thread_start
[INFO] [stdout]                                at /rustc/e3feeb59cd1bdd011a2bfcc0747b55125d9b8527/library/std/src/sys/thread/unix.rs:127:17
[INFO] [stdout]   80:     0x7a9f3784fdfa - <unknown>
[INFO] [stdout]   81:     0x7a9f378e33d4 - clone
[INFO] [stdout]   82:                0x0 - <unknown>
[INFO] [stdout] 
[INFO] [stdout] thread 'transaction::send::test::send_missing::case_1' (1867) panicked at src/transaction/send.rs:962:72:
[INFO] [stdout] called `Option::unwrap()` on a `None` value
[INFO] [stdout] stack backtrace:
[INFO] [stdout]    0:     0x64bccf8b8571 - std[617be2ca0a6fd877]::backtrace_rs::backtrace::libunwind::trace
[INFO] [stdout]                                at /rustc/e3feeb59cd1bdd011a2bfcc0747b55125d9b8527/library/std/src/../../backtrace/src/backtrace/libunwind.rs:117:9
[INFO] [stdout]    1:     0x64bccf8b8571 - std[617be2ca0a6fd877]::backtrace_rs::backtrace::trace_unsynchronized::<std[617be2ca0a6fd877]::sys::backtrace::_print_fmt::{closure#1}>
[INFO] [stdout]                                at /rustc/e3feeb59cd1bdd011a2bfcc0747b55125d9b8527/library/std/src/../../backtrace/src/backtrace/mod.rs:66:14
[INFO] [stdout]    2:     0x64bccf8b8571 - std[617be2ca0a6fd877]::sys::backtrace::_print_fmt
[INFO] [stdout]                                at /rustc/e3feeb59cd1bdd011a2bfcc0747b55125d9b8527/library/std/src/sys/backtrace.rs:74:9
[INFO] [stdout]    3:     0x64bccf8b8571 - <<std[617be2ca0a6fd877]::sys::backtrace::BacktraceLock>::print::DisplayBacktrace as core[a373ad73a504971]::fmt::Display>::fmt
[INFO] [stdout]                                at /rustc/e3feeb59cd1bdd011a2bfcc0747b55125d9b8527/library/std/src/sys/backtrace.rs:44:26
[INFO] [stdout]    4:     0x64bccf8cdf3a - <core[a373ad73a504971]::fmt::rt::Argument>::fmt
[INFO] [stdout]                                at /rustc/e3feeb59cd1bdd011a2bfcc0747b55125d9b8527/library/core/src/fmt/rt.rs:152:76
[INFO] [stdout]    5:     0x64bccf8cdf3a - core[a373ad73a504971]::fmt::write
[INFO] [stdout]    6:     0x64bccf8bcc5c - core[a373ad73a504971]::io::write::default_write_fmt::<alloc[2e1b2a31b91974c5]::vec::Vec<u8>>
[INFO] [stdout]                                at /rustc/e3feeb59cd1bdd011a2bfcc0747b55125d9b8527/library/core/src/io/write.rs:402:11
[INFO] [stdout]    7:     0x64bccf8bcc5c - <alloc[2e1b2a31b91974c5]::vec::Vec<u8> as core[a373ad73a504971]::io::write::Write>::write_fmt
[INFO] [stdout]                                at /rustc/e3feeb59cd1bdd011a2bfcc0747b55125d9b8527/library/core/src/io/write.rs:335:13
[INFO] [stdout]    8:     0x64bccf892946 - <std[617be2ca0a6fd877]::sys::backtrace::BacktraceLock>::print
[INFO] [stdout]                                at /rustc/e3feeb59cd1bdd011a2bfcc0747b55125d9b8527/library/std/src/sys/backtrace.rs:47:9
[INFO] [stdout]    9:     0x64bccf892946 - std[617be2ca0a6fd877]::panicking::default_hook::{closure#0}
[INFO] [stdout]                                at /rustc/e3feeb59cd1bdd011a2bfcc0747b55125d9b8527/library/std/src/panicking.rs:289:27
[INFO] [stdout]   10:     0x64bccf8afa29 - std[617be2ca0a6fd877]::panicking::default_hook
[INFO] [stdout]                                at /rustc/e3feeb59cd1bdd011a2bfcc0747b55125d9b8527/library/std/src/panicking.rs:313:9
[INFO] [stdout]   11:     0x64bccf7ba170 - <alloc[2e1b2a31b91974c5]::boxed::Box<dyn for<'a, 'b> core[a373ad73a504971]::ops::function::Fn<(&'a std[617be2ca0a6fd877]::panic::PanicHookInfo<'b>,), Output = ()> + core[a373ad73a504971]::marker::Sync + core[a373ad73a504971]::marker::Send> as core[a373ad73a504971]::ops::function::Fn<(&std[617be2ca0a6fd877]::panic::PanicHookInfo,)>>::call
[INFO] [stdout]                                at /rustc/e3feeb59cd1bdd011a2bfcc0747b55125d9b8527/library/alloc/src/boxed.rs:2328:9
[INFO] [stdout]   12:     0x64bccf7ba170 - test[aada8e7e76ba119b]::test_main_inner::{closure#0}
[INFO] [stdout]                                at /rustc/e3feeb59cd1bdd011a2bfcc0747b55125d9b8527/library/test/src/lib.rs:137:21
[INFO] [stdout]   13:     0x64bccf8afd52 - <alloc[2e1b2a31b91974c5]::boxed::Box<dyn for<'a, 'b> core[a373ad73a504971]::ops::function::Fn<(&'a std[617be2ca0a6fd877]::panic::PanicHookInfo<'b>,), Output = ()> + core[a373ad73a504971]::marker::Sync + core[a373ad73a504971]::marker::Send> as core[a373ad73a504971]::ops::function::Fn<(&std[617be2ca0a6fd877]::panic::PanicHookInfo,)>>::call
[INFO] [stdout]                                at /rustc/e3feeb59cd1bdd011a2bfcc0747b55125d9b8527/library/alloc/src/boxed.rs:2328:9
[INFO] [stdout]   14:     0x64bccf8afd52 - std[617be2ca0a6fd877]::panicking::panic_with_hook
[INFO] [stdout]                                at /rustc/e3feeb59cd1bdd011a2bfcc0747b55125d9b8527/library/std/src/panicking.rs:819:13
[INFO] [stdout]   15:     0x64bccf892a24 - std[617be2ca0a6fd877]::panicking::panic_handler::{closure#0}
[INFO] [stdout]                                at /rustc/e3feeb59cd1bdd011a2bfcc0747b55125d9b8527/library/std/src/panicking.rs:678:13
[INFO] [stdout]   16:     0x64bccf88b479 - std[617be2ca0a6fd877]::sys::backtrace::__rust_end_short_backtrace::<std[617be2ca0a6fd877]::panicking::panic_handler::{closure#0}, !>
[INFO] [stdout]                                at /rustc/e3feeb59cd1bdd011a2bfcc0747b55125d9b8527/library/std/src/sys/backtrace.rs:182:18
[INFO] [stdout]   17:     0x64bccf8935fd - __rustc[ea4f61d10b84890b]::rust_begin_unwind
[INFO] [stdout]                                at /rustc/e3feeb59cd1bdd011a2bfcc0747b55125d9b8527/library/std/src/panicking.rs:676:5
[INFO] [stdout]   18:     0x64bccf8ce78c - core[a373ad73a504971]::panicking::panic_fmt
[INFO] [stdout]                                at /rustc/e3feeb59cd1bdd011a2bfcc0747b55125d9b8527/library/core/src/panicking.rs:80:14
[INFO] [stdout]   19:     0x64bccf8ce752 - core[a373ad73a504971]::panicking::panic
[INFO] [stdout]                                at /rustc/e3feeb59cd1bdd011a2bfcc0747b55125d9b8527/library/core/src/panicking.rs:150:5
[INFO] [stdout]   20:     0x64bccf8ce459 - core[a373ad73a504971]::option::unwrap_failed
[INFO] [stdout]                                at /rustc/e3feeb59cd1bdd011a2bfcc0747b55125d9b8527/library/core/src/option.rs:2253:5
[INFO] [stdout]   21:     0x64bccf71d522 - <core[a373ad73a504971]::option::Option<(cfdp_simplified[1c6aa6fe215f9bcb]::pdu::ops::EntityID, cfdp_simplified[1c6aa6fe215f9bcb]::pdu::PDU)>>::unwrap
[INFO] [stdout]                                at /rustc/e3feeb59cd1bdd011a2bfcc0747b55125d9b8527/library/core/src/option.rs:1016:21
[INFO] [stdout]   22:     0x64bccf71d522 - cfdp_simplified[1c6aa6fe215f9bcb]::transaction::send::test::send_missing::{closure#0}
[INFO] [stdout]                                at /opt/rustwide/workdir/src/transaction/send.rs:962:72
[INFO] [stdout]   23:     0x64bccf79e1dd - cfdp_simplified[1c6aa6fe215f9bcb]::transaction::send::test::send_missing::case_1::{closure#0}
[INFO] [stdout]                                at /opt/rustwide/workdir/src/transaction/send.rs:870:5
[INFO] [stdout]   24:     0x64bccf764a02 - <core[a373ad73a504971]::pin::Pin<&mut dyn core[a373ad73a504971]::future::future::Future<Output = ()>> as core[a373ad73a504971]::future::future::Future>::poll
[INFO] [stdout]                                at /rustc/e3feeb59cd1bdd011a2bfcc0747b55125d9b8527/library/core/src/future/future.rs:133:9
[INFO] [stdout]   25:     0x64bccf764a7d - <core[a373ad73a504971]::pin::Pin<&mut core[a373ad73a504971]::pin::Pin<&mut dyn core[a373ad73a504971]::future::future::Future<Output = ()>>> as core[a373ad73a504971]::future::future::Future>::poll
[INFO] [stdout]                                at /rustc/e3feeb59cd1bdd011a2bfcc0747b55125d9b8527/library/core/src/future/future.rs:133:9
[INFO] [stdout]   26:     0x64bccf79a94d - <tokio[290d40eba2c0bc62]::runtime::scheduler::current_thread::CoreGuard>::block_on::<core[a373ad73a504971]::pin::Pin<&mut core[a373ad73a504971]::pin::Pin<&mut dyn core[a373ad73a504971]::future::future::Future<Output = ()>>>>::{closure#0}::{closure#0}::{closure#0}
[INFO] [stdout]                                at /opt/rustwide/cargo-home/registry/src/index.crates.io-1949cf8c6b5b557f/tokio-1.43.0/src/runtime/scheduler/current_thread/mod.rs:729:73
[INFO] [stdout]   27:     0x64bccf79a875 - tokio[290d40eba2c0bc62]::runtime::coop::with_budget::<core[a373ad73a504971]::task::poll::Poll<()>, <tokio[290d40eba2c0bc62]::runtime::scheduler::current_thread::CoreGuard>::block_on<core[a373ad73a504971]::pin::Pin<&mut core[a373ad73a504971]::pin::Pin<&mut dyn core[a373ad73a504971]::future::future::Future<Output = ()>>>>::{closure#0}::{closure#0}::{closure#0}>
[INFO] [stdout]                                at /opt/rustwide/cargo-home/registry/src/index.crates.io-1949cf8c6b5b557f/tokio-1.43.0/src/runtime/coop.rs:107:5
[INFO] [stdout]   28:     0x64bccf79a875 - tokio[290d40eba2c0bc62]::runtime::coop::budget::<core[a373ad73a504971]::task::poll::Poll<()>, <tokio[290d40eba2c0bc62]::runtime::scheduler::current_thread::CoreGuard>::block_on<core[a373ad73a504971]::pin::Pin<&mut core[a373ad73a504971]::pin::Pin<&mut dyn core[a373ad73a504971]::future::future::Future<Output = ()>>>>::{closure#0}::{closure#0}::{closure#0}>
[INFO] [stdout]                                at /opt/rustwide/cargo-home/registry/src/index.crates.io-1949cf8c6b5b557f/tokio-1.43.0/src/runtime/coop.rs:73:5
[INFO] [stdout]   29:     0x64bccf79a875 - <tokio[290d40eba2c0bc62]::runtime::scheduler::current_thread::CoreGuard>::block_on::<core[a373ad73a504971]::pin::Pin<&mut core[a373ad73a504971]::pin::Pin<&mut dyn core[a373ad73a504971]::future::future::Future<Output = ()>>>>::{closure#0}::{closure#0}
[INFO] [stdout]                                at /opt/rustwide/cargo-home/registry/src/index.crates.io-1949cf8c6b5b557f/tokio-1.43.0/src/runtime/scheduler/current_thread/mod.rs:729:25
[INFO] [stdout]   30:     0x64bccf793e22 - <tokio[290d40eba2c0bc62]::runtime::scheduler::current_thread::Context>::enter::<core[a373ad73a504971]::task::poll::Poll<()>, <tokio[290d40eba2c0bc62]::runtime::scheduler::current_thread::CoreGuard>::block_on<core[a373ad73a504971]::pin::Pin<&mut core[a373ad73a504971]::pin::Pin<&mut dyn core[a373ad73a504971]::future::future::Future<Output = ()>>>>::{closure#0}::{closure#0}>
[INFO] [stdout]                                at /opt/rustwide/cargo-home/registry/src/index.crates.io-1949cf8c6b5b557f/tokio-1.43.0/src/runtime/scheduler/current_thread/mod.rs:428:19
[INFO] [stdout]   31:     0x64bccf799bdd - <tokio[290d40eba2c0bc62]::runtime::scheduler::current_thread::CoreGuard>::block_on::<core[a373ad73a504971]::pin::Pin<&mut core[a373ad73a504971]::pin::Pin<&mut dyn core[a373ad73a504971]::future::future::Future<Output = ()>>>>::{closure#0}
[INFO] [stdout]                                at /opt/rustwide/cargo-home/registry/src/index.crates.io-1949cf8c6b5b557f/tokio-1.43.0/src/runtime/scheduler/current_thread/mod.rs:728:44
[INFO] [stdout]   32:     0x64bccf798ed4 - <tokio[290d40eba2c0bc62]::runtime::scheduler::current_thread::CoreGuard>::enter::<<tokio[290d40eba2c0bc62]::runtime::scheduler::current_thread::CoreGuard>::block_on<core[a373ad73a504971]::pin::Pin<&mut core[a373ad73a504971]::pin::Pin<&mut dyn core[a373ad73a504971]::future::future::Future<Output = ()>>>>::{closure#0}, core[a373ad73a504971]::option::Option<()>>::{closure#0}
[INFO] [stdout]                                at /opt/rustwide/cargo-home/registry/src/index.crates.io-1949cf8c6b5b557f/tokio-1.43.0/src/runtime/scheduler/current_thread/mod.rs:807:68
[INFO] [stdout]   33:     0x64bccf7a21db - <tokio[290d40eba2c0bc62]::runtime::context::scoped::Scoped<tokio[290d40eba2c0bc62]::runtime::scheduler::Context>>::set::<<tokio[290d40eba2c0bc62]::runtime::scheduler::current_thread::CoreGuard>::enter<<tokio[290d40eba2c0bc62]::runtime::scheduler::current_thread::CoreGuard>::block_on<core[a373ad73a504971]::pin::Pin<&mut core[a373ad73a504971]::pin::Pin<&mut dyn core[a373ad73a504971]::future::future::Future<Output = ()>>>>::{closure#0}, core[a373ad73a504971]::option::Option<()>>::{closure#0}, (alloc[2e1b2a31b91974c5]::boxed::Box<tokio[290d40eba2c0bc62]::runtime::scheduler::current_thread::Core>, core[a373ad73a504971]::option::Option<()>)>
[INFO] [stdout]                                at /opt/rustwide/cargo-home/registry/src/index.crates.io-1949cf8c6b5b557f/tokio-1.43.0/src/runtime/context/scoped.rs:40:9
[INFO] [stdout]   34:     0x64bccf717239 - tokio[290d40eba2c0bc62]::runtime::context::set_scheduler::<(alloc[2e1b2a31b91974c5]::boxed::Box<tokio[290d40eba2c0bc62]::runtime::scheduler::current_thread::Core>, core[a373ad73a504971]::option::Option<()>), <tokio[290d40eba2c0bc62]::runtime::scheduler::current_thread::CoreGuard>::enter<<tokio[290d40eba2c0bc62]::runtime::scheduler::current_thread::CoreGuard>::block_on<core[a373ad73a504971]::pin::Pin<&mut core[a373ad73a504971]::pin::Pin<&mut dyn core[a373ad73a504971]::future::future::Future<Output = ()>>>>::{closure#0}, core[a373ad73a504971]::option::Option<()>>::{closure#0}>::{closure#0}
[INFO] [stdout]                                at /opt/rustwide/cargo-home/registry/src/index.crates.io-1949cf8c6b5b557f/tokio-1.43.0/src/runtime/context.rs:180:38
[INFO] [stdout]   35:     0x64bccf74c85f - <std[617be2ca0a6fd877]::thread::local::LocalKey<tokio[290d40eba2c0bc62]::runtime::context::Context>>::try_with::<tokio[290d40eba2c0bc62]::runtime::context::set_scheduler<(alloc[2e1b2a31b91974c5]::boxed::Box<tokio[290d40eba2c0bc62]::runtime::scheduler::current_thread::Core>, core[a373ad73a504971]::option::Option<()>), <tokio[290d40eba2c0bc62]::runtime::scheduler::current_thread::CoreGuard>::enter<<tokio[290d40eba2c0bc62]::runtime::scheduler::current_thread::CoreGuard>::block_on<core[a373ad73a504971]::pin::Pin<&mut core[a373ad73a504971]::pin::Pin<&mut dyn core[a373ad73a504971]::future::future::Future<Output = ()>>>>::{closure#0}, core[a373ad73a504971]::option::Option<()>>::{closure#0}>::{closure#0}, (alloc[2e1b2a31b91974c5]::boxed::Box<tokio[290d40eba2c0bc62]::runtime::scheduler::current_thread::Core>, core[a373ad73a504971]::option::Option<()>)>
[INFO] [stdout]                                at /rustc/e3feeb59cd1bdd011a2bfcc0747b55125d9b8527/library/std/src/thread/local.rs:463:12
[INFO] [stdout]   36:     0x64bccf74c40e - <std[617be2ca0a6fd877]::thread::local::LocalKey<tokio[290d40eba2c0bc62]::runtime::context::Context>>::with::<tokio[290d40eba2c0bc62]::runtime::context::set_scheduler<(alloc[2e1b2a31b91974c5]::boxed::Box<tokio[290d40eba2c0bc62]::runtime::scheduler::current_thread::Core>, core[a373ad73a504971]::option::Option<()>), <tokio[290d40eba2c0bc62]::runtime::scheduler::current_thread::CoreGuard>::enter<<tokio[290d40eba2c0bc62]::runtime::scheduler::current_thread::CoreGuard>::block_on<core[a373ad73a504971]::pin::Pin<&mut core[a373ad73a504971]::pin::Pin<&mut dyn core[a373ad73a504971]::future::future::Future<Output = ()>>>>::{closure#0}, core[a373ad73a504971]::option::Option<()>>::{closure#0}>::{closure#0}, (alloc[2e1b2a31b91974c5]::boxed::Box<tokio[290d40eba2c0bc62]::runtime::scheduler::current_thread::Core>, core[a373ad73a504971]::option::Option<()>)>
[INFO] [stdout]                                at /rustc/e3feeb59cd1bdd011a2bfcc0747b55125d9b8527/library/std/src/thread/local.rs:427:20
[INFO] [stdout]   37:     0x64bccf715e3d - tokio[290d40eba2c0bc62]::runtime::context::set_scheduler::<(alloc[2e1b2a31b91974c5]::boxed::Box<tokio[290d40eba2c0bc62]::runtime::scheduler::current_thread::Core>, core[a373ad73a504971]::option::Option<()>), <tokio[290d40eba2c0bc62]::runtime::scheduler::current_thread::CoreGuard>::enter<<tokio[290d40eba2c0bc62]::runtime::scheduler::current_thread::CoreGuard>::block_on<core[a373ad73a504971]::pin::Pin<&mut core[a373ad73a504971]::pin::Pin<&mut dyn core[a373ad73a504971]::future::future::Future<Output = ()>>>>::{closure#0}, core[a373ad73a504971]::option::Option<()>>::{closure#0}>
[INFO] [stdout]                                at /opt/rustwide/cargo-home/registry/src/index.crates.io-1949cf8c6b5b557f/tokio-1.43.0/src/runtime/context.rs:180:17
[INFO] [stdout]   38:     0x64bccf797ac0 - <tokio[290d40eba2c0bc62]::runtime::scheduler::current_thread::CoreGuard>::enter::<<tokio[290d40eba2c0bc62]::runtime::scheduler::current_thread::CoreGuard>::block_on<core[a373ad73a504971]::pin::Pin<&mut core[a373ad73a504971]::pin::Pin<&mut dyn core[a373ad73a504971]::future::future::Future<Output = ()>>>>::{closure#0}, core[a373ad73a504971]::option::Option<()>>
[INFO] [stdout]                                at /opt/rustwide/cargo-home/registry/src/index.crates.io-1949cf8c6b5b557f/tokio-1.43.0/src/runtime/scheduler/current_thread/mod.rs:807:27
[INFO] [stdout]   39:     0x64bccf797db6 - <tokio[290d40eba2c0bc62]::runtime::scheduler::current_thread::CoreGuard>::block_on::<core[a373ad73a504971]::pin::Pin<&mut core[a373ad73a504971]::pin::Pin<&mut dyn core[a373ad73a504971]::future::future::Future<Output = ()>>>>
[INFO] [stdout]                                at /opt/rustwide/cargo-home/registry/src/index.crates.io-1949cf8c6b5b557f/tokio-1.43.0/src/runtime/scheduler/current_thread/mod.rs:716:24
[INFO] [stdout]   40:     0x64bccf798843 - <tokio[290d40eba2c0bc62]::runtime::scheduler::current_thread::CurrentThread>::block_on::<core[a373ad73a504971]::pin::Pin<&mut dyn core[a373ad73a504971]::future::future::Future<Output = ()>>>::{closure#0}
[INFO] [stdout]                                at /opt/rustwide/cargo-home/registry/src/index.crates.io-1949cf8c6b5b557f/tokio-1.43.0/src/runtime/scheduler/current_thread/mod.rs:196:33
[INFO] [stdout]   41:     0x64bccf7286d8 - tokio[290d40eba2c0bc62]::runtime::context::runtime::enter_runtime::<<tokio[290d40eba2c0bc62]::runtime::scheduler::current_thread::CurrentThread>::block_on<core[a373ad73a504971]::pin::Pin<&mut dyn core[a373ad73a504971]::future::future::Future<Output = ()>>>::{closure#0}, ()>
[INFO] [stdout]                                at /opt/rustwide/cargo-home/registry/src/index.crates.io-1949cf8c6b5b557f/tokio-1.43.0/src/runtime/context/runtime.rs:65:16
[INFO] [stdout]   42:     0x64bccf793424 - <tokio[290d40eba2c0bc62]::runtime::scheduler::current_thread::CurrentThread>::block_on::<core[a373ad73a504971]::pin::Pin<&mut dyn core[a373ad73a504971]::future::future::Future<Output = ()>>>
[INFO] [stdout]                                at /opt/rustwide/cargo-home/registry/src/index.crates.io-1949cf8c6b5b557f/tokio-1.43.0/src/runtime/scheduler/current_thread/mod.rs:184:9
[INFO] [stdout]   43:     0x64bccf7930af - <tokio[290d40eba2c0bc62]::runtime::runtime::Runtime>::block_on_inner::<core[a373ad73a504971]::pin::Pin<&mut dyn core[a373ad73a504971]::future::future::Future<Output = ()>>>
[INFO] [stdout]                                at /opt/rustwide/cargo-home/registry/src/index.crates.io-1949cf8c6b5b557f/tokio-1.43.0/src/runtime/runtime.rs:368:52
[INFO] [stdout]   44:     0x64bccf7931f6 - <tokio[290d40eba2c0bc62]::runtime::runtime::Runtime>::block_on::<core[a373ad73a504971]::pin::Pin<&mut dyn core[a373ad73a504971]::future::future::Future<Output = ()>>>
[INFO] [stdout]                                at /opt/rustwide/cargo-home/registry/src/index.crates.io-1949cf8c6b5b557f/tokio-1.43.0/src/runtime/runtime.rs:342:18
[INFO] [stdout]   45:     0x64bccf7a0881 - cfdp_simplified[1c6aa6fe215f9bcb]::transaction::send::test::send_missing::case_1
[INFO] [stdout]                                at /opt/rustwide/workdir/src/transaction/send.rs:870:5
[INFO] [stdout]   46:     0x64bccf79df97 - cfdp_simplified[1c6aa6fe215f9bcb]::transaction::send::test::send_missing::case_1::{closure#0}
[INFO] [stdout]                                at /opt/rustwide/workdir/src/transaction/send.rs:870:14
[INFO] [stdout]   47:     0x64bccf73db36 - <cfdp_simplified[1c6aa6fe215f9bcb]::transaction::send::test::send_missing::case_1::{closure#0} as core[a373ad73a504971]::ops::function::FnOnce<()>>::call_once
[INFO] [stdout]                                at /rustc/e3feeb59cd1bdd011a2bfcc0747b55125d9b8527/library/core/src/ops/function.rs:250:5
[INFO] [stdout]   48:     0x64bccf7ad5bb - <fn() -> core[a373ad73a504971]::result::Result<(), alloc[2e1b2a31b91974c5]::string::String> as core[a373ad73a504971]::ops::function::FnOnce<()>>::call_once
[INFO] [stdout]                                at /rustc/e3feeb59cd1bdd011a2bfcc0747b55125d9b8527/library/core/src/ops/function.rs:250:5
[INFO] [stdout]   49:     0x64bccf7ad5bb - test[aada8e7e76ba119b]::__rust_begin_short_backtrace::<core[a373ad73a504971]::result::Result<(), alloc[2e1b2a31b91974c5]::string::String>, fn() -> core[a373ad73a504971]::result::Result<(), alloc[2e1b2a31b91974c5]::string::String>>
[INFO] [stdout]                                at /rustc/e3feeb59cd1bdd011a2bfcc0747b55125d9b8527/library/test/src/lib.rs:701:18
[INFO] [stdout]   50:     0x64bccf7ba795 - test[aada8e7e76ba119b]::run_test_in_process::{closure#0}
[INFO] [stdout]                                at /rustc/e3feeb59cd1bdd011a2bfcc0747b55125d9b8527/library/test/src/lib.rs:724:74
[INFO] [stdout]   51:     0x64bccf7ba795 - <core[a373ad73a504971]::panic::unwind_safe::AssertUnwindSafe<test[aada8e7e76ba119b]::run_test_in_process::{closure#0}> as core[a373ad73a504971]::ops::function::FnOnce<()>>::call_once
[INFO] [stdout]                                at /rustc/e3feeb59cd1bdd011a2bfcc0747b55125d9b8527/library/core/src/panic/unwind_safe.rs:275:9
[INFO] [stdout]   52:     0x64bccf7ba795 - std[617be2ca0a6fd877]::panicking::catch_unwind::do_call::<core[a373ad73a504971]::panic::unwind_safe::AssertUnwindSafe<test[aada8e7e76ba119b]::run_test_in_process::{closure#0}>, core[a373ad73a504971]::result::Result<(), alloc[2e1b2a31b91974c5]::string::String>>
[INFO] [stdout]                                at /rustc/e3feeb59cd1bdd011a2bfcc0747b55125d9b8527/library/std/src/panicking.rs:573:43
[INFO] [stdout]   53:     0x64bccf7ba795 - std[617be2ca0a6fd877]::panicking::catch_unwind::<core[a373ad73a504971]::result::Result<(), alloc[2e1b2a31b91974c5]::string::String>, core[a373ad73a504971]::panic::unwind_safe::AssertUnwindSafe<test[aada8e7e76ba119b]::run_test_in_process::{closure#0}>>
[INFO] [stdout]                                at /rustc/e3feeb59cd1bdd011a2bfcc0747b55125d9b8527/library/std/src/panicking.rs:541:19
[INFO] [stdout]   54:     0x64bccf7ba795 - std[617be2ca0a6fd877]::panic::catch_unwind::<core[a373ad73a504971]::panic::unwind_safe::AssertUnwindSafe<test[aada8e7e76ba119b]::run_test_in_process::{closure#0}>, core[a373ad73a504971]::result::Result<(), alloc[2e1b2a31b91974c5]::string::String>>
[INFO] [stdout]                                at /rustc/e3feeb59cd1bdd011a2bfcc0747b55125d9b8527/library/std/src/panic.rs:359:14
[INFO] [stdout]   55:     0x64bccf7ba795 - test[aada8e7e76ba119b]::run_test_in_process
[INFO] [stdout]                                at /rustc/e3feeb59cd1bdd011a2bfcc0747b55125d9b8527/library/test/src/lib.rs:724:27
[INFO] [stdout]   56:     0x64bccf7ba795 - test[aada8e7e76ba119b]::run_test::{closure#0}
[INFO] [stdout]                                at /rustc/e3feeb59cd1bdd011a2bfcc0747b55125d9b8527/library/test/src/lib.rs:645:43
[INFO] [stdout]   57:     0x64bccf7b4084 - test[aada8e7e76ba119b]::run_test::{closure#1}
[INFO] [stdout]                                at /rustc/e3feeb59cd1bdd011a2bfcc0747b55125d9b8527/library/test/src/lib.rs:675:41
[INFO] [stdout]   58:     0x64bccf7b4084 - std[617be2ca0a6fd877]::sys::backtrace::__rust_begin_short_backtrace::<test[aada8e7e76ba119b]::run_test::{closure#1}, ()>
[INFO] [stdout]                                at /rustc/e3feeb59cd1bdd011a2bfcc0747b55125d9b8527/library/std/src/sys/backtrace.rs:166:18
[INFO] [stdout]   59:     0x64bccf7bd822 - std[617be2ca0a6fd877]::thread::lifecycle::spawn_unchecked::<test[aada8e7e76ba119b]::run_test::{closure#1}, ()>::{closure#1}::{closure#0}
[INFO] [stdout]                                at /rustc/e3feeb59cd1bdd011a2bfcc0747b55125d9b8527/library/std/src/thread/lifecycle.rs:70:13
[INFO] [stdout]   60:     0x64bccf7bd822 - <core[a373ad73a504971]::panic::unwind_safe::AssertUnwindSafe<std[617be2ca0a6fd877]::thread::lifecycle::spawn_unchecked<test[aada8e7e76ba119b]::run_test::{closure#1}, ()>::{closure#1}::{closure#0}> as core[a373ad73a504971]::ops::function::FnOnce<()>>::call_once
[INFO] [stdout]                                at /rustc/e3feeb59cd1bdd011a2bfcc0747b55125d9b8527/library/core/src/panic/unwind_safe.rs:275:9
[INFO] [stdout]   61:     0x64bccf7bd822 - std[617be2ca0a6fd877]::panicking::catch_unwind::do_call::<core[a373ad73a504971]::panic::unwind_safe::AssertUnwindSafe<std[617be2ca0a6fd877]::thread::lifecycle::spawn_unchecked<test[aada8e7e76ba119b]::run_test::{closure#1}, ()>::{closure#1}::{closure#0}>, ()>
[INFO] [stdout]                                at /rustc/e3feeb59cd1bdd011a2bfcc0747b55125d9b8527/library/std/src/panicking.rs:573:43
[INFO] [stdout]   62:     0x64bccf7bd822 - std[617be2ca0a6fd877]::panicking::catch_unwind::<(), core[a373ad73a504971]::panic::unwind_safe::AssertUnwindSafe<std[617be2ca0a6fd877]::thread::lifecycle::spawn_unchecked<test[aada8e7e76ba119b]::run_test::{closure#1}, ()>::{closure#1}::{closure#0}>>
[INFO] [stdout]                                at /rustc/e3feeb59cd1bdd011a2bfcc0747b55125d9b8527/library/std/src/panicking.rs:541:19
[INFO] [stdout]   63:     0x64bccf7bd822 - std[617be2ca0a6fd877]::panic::catch_unwind::<core[a373ad73a504971]::panic::unwind_safe::AssertUnwindSafe<std[617be2ca0a6fd877]::thread::lifecycle::spawn_unchecked<test[aada8e7e76ba119b]::run_test::{closure#1}, ()>::{closure#1}::{closure#0}>, ()>
[INFO] [stdout]                                at /rustc/e3feeb59cd1bdd011a2bfcc0747b55125d9b8527/library/std/src/panic.rs:359:14
[INFO] [stdout]   64:     0x64bccf7bd822 - std[617be2ca0a6fd877]::thread::lifecycle::spawn_unchecked::<test[aada8e7e76ba119b]::run_test::{closure#1}, ()>::{closure#1}
[INFO] [stdout]                                at /rustc/e3feeb59cd1bdd011a2bfcc0747b55125d9b8527/library/std/src/thread/lifecycle.rs:68:26
[INFO] [stdout]   65:     0x64bccf7bd822 - <std[617be2ca0a6fd877]::thread::lifecycle::spawn_unchecked<test[aada8e7e76ba119b]::run_test::{closure#1}, ()>::{closure#1} as core[a373ad73a504971]::ops::function::FnOnce<()>>::call_once::{shim:vtable#0}
[INFO] [stdout]                                at /rustc/e3feeb59cd1bdd011a2bfcc0747b55125d9b8527/library/core/src/ops/function.rs:250:5
[INFO] [stdout]   66:     0x64bccf8b7ccf - <alloc[2e1b2a31b91974c5]::boxed::Box<dyn core[a373ad73a504971]::ops::function::FnOnce<(), Output = ()> + core[a373ad73a504971]::marker::Send> as core[a373ad73a504971]::ops::function::FnOnce<()>>::call_once
[INFO] [stdout]                                at /rustc/e3feeb59cd1bdd011a2bfcc0747b55125d9b8527/library/alloc/src/boxed.rs:2314:9
[INFO] [stdout]   67:     0x64bccf8b7ccf - <std[617be2ca0a6fd877]::sys::thread::unix::Thread>::new::thread_start
[INFO] [stdout]                                at /rustc/e3feeb59cd1bdd011a2bfcc0747b55125d9b8527/library/std/src/sys/thread/unix.rs:127:17
[INFO] [stdout]   68:     0x7a9f3784fdfa - <unknown>
[INFO] [stdout]   69:     0x7a9f378e33d4 - clone
[INFO] [stdout]   70:                0x0 - <unknown>
[INFO] [stdout] 
[INFO] [stdout] 
[INFO] [stdout] failures:
[INFO] [stdout]     transaction::send::test::send_missing::case_1
[INFO] [stdout] 
[INFO] [stdout] test result: FAILED. 238 passed; 1 failed; 0 ignored; 0 measured; 0 filtered out; finished in 3.70s
[INFO] [stdout] 
[INFO] running `Command { std: "docker" "inspect" "ffcffe116c94ee2fec3c4ef7657be91b7a958c69632b40f38120cd65d0dc2745", kill_on_drop: false }`
[INFO] running `Command { std: "docker" "rm" "-f" "ffcffe116c94ee2fec3c4ef7657be91b7a958c69632b40f38120cd65d0dc2745", kill_on_drop: false }`
[INFO] [stdout] ffcffe116c94ee2fec3c4ef7657be91b7a958c69632b40f38120cd65d0dc2745
