[INFO] cloning repository https://github.com/xshadowlegendx/nats-flux
[INFO] running `Command { std: "git" "-c" "credential.helper=" "-c" "credential.helper=/workspace/cargo-home/bin/git-credential-null" "clone" "--bare" "https://github.com/xshadowlegendx/nats-flux" "/workspace/cache/git-repos/https%3A%2F%2Fgithub.com%2Fxshadowlegendx%2Fnats-flux", kill_on_drop: false }`
[INFO] [stderr] Cloning into bare repository '/workspace/cache/git-repos/https%3A%2F%2Fgithub.com%2Fxshadowlegendx%2Fnats-flux'...
[INFO] running `Command { std: "git" "rev-parse" "HEAD", kill_on_drop: false }`
[INFO] [stdout] b5e226a2d015ee7c22472279b8a09de374925265
[INFO] testing xshadowlegendx/nats-flux against 1.99.0-beta.8 for beta-1.100-3
[INFO] running `Command { std: "git" "clone" "/workspace/cache/git-repos/https%3A%2F%2Fgithub.com%2Fxshadowlegendx%2Fnats-flux" "/workspace/builds/worker-5-tc1/source", kill_on_drop: false }`
[INFO] [stderr] Cloning into '/workspace/builds/worker-5-tc1/source'...
[INFO] [stderr] done.
[INFO] started tweaking git repo https://github.com/xshadowlegendx/nats-flux
[INFO] finished tweaking git repo https://github.com/xshadowlegendx/nats-flux
[INFO] tweaked toml for git repo https://github.com/xshadowlegendx/nats-flux written to /workspace/builds/worker-5-tc1/source/Cargo.toml
[INFO] validating manifest of git repo https://github.com/xshadowlegendx/nats-flux on toolchain 1.99.0-beta.8
[INFO] running `Command { std: CARGO_HOME="/workspace/cargo-home" RUSTUP_HOME="/workspace/rustup-home" "/workspace/cargo-home/bin/cargo" "+1.99.0-beta.8" "metadata" "--manifest-path" "Cargo.toml" "--no-deps", kill_on_drop: false }`
[INFO] crate git repo https://github.com/xshadowlegendx/nats-flux already has a lockfile, it will not be regenerated
[INFO] running `Command { std: CARGO_HOME="/workspace/cargo-home" RUSTUP_HOME="/workspace/rustup-home" "/workspace/cargo-home/bin/cargo" "+1.99.0-beta.8" "fetch" "--manifest-path" "Cargo.toml", kill_on_drop: false }`
[INFO] [stderr]     Updating crates.io index
[INFO] [stderr]  Downloading crates ...
[INFO] [stderr]   Downloaded tracing-serde v0.2.0
[INFO] [stderr]   Downloaded web-time v1.1.0
[INFO] [stderr]   Downloaded futures-sink v0.3.32
[INFO] [stderr]   Downloaded futures-core v0.3.32
[INFO] [stderr]   Downloaded wit-bindgen-rust-macro v0.51.0
[INFO] [stderr]   Downloaded futures-task v0.3.32
[INFO] [stderr]   Downloaded ipnet v2.12.0
[INFO] [stderr]   Downloaded serde_repr v0.1.20
[INFO] [stderr]   Downloaded futures-io v0.3.32
[INFO] [stderr]   Downloaded futures-macro v0.3.32
[INFO] [stderr]   Downloaded salvo_macros v0.89.3
[INFO] [stderr]   Downloaded rustc-hash v2.1.1
[INFO] [stderr]   Downloaded lru-slab v0.1.2
[INFO] [stderr]   Downloaded h3-datagram v0.0.2
[INFO] [stderr]   Downloaded cpufeatures v0.3.0
[INFO] [stderr]   Downloaded multimap v0.10.1
[INFO] [stderr]   Downloaded webpki-roots v0.26.11
[INFO] [stderr]   Downloaded ulid v1.2.1
[INFO] [stderr]   Downloaded rand_core v0.9.5
[INFO] [stderr]   Downloaded wasm-bindgen-shared v0.2.114
[INFO] [stderr]   Downloaded wasm-bindgen-macro v0.2.114
[INFO] [stderr]   Downloaded id-arena v2.3.0
[INFO] [stderr]   Downloaded leb128fmt v0.1.0
[INFO] [stderr]   Downloaded zstd-safe v7.2.4
[INFO] [stderr]   Downloaded jobserver v0.1.34
[INFO] [stderr]   Downloaded salvo-serde-util v0.89.3
[INFO] [stderr]   Downloaded h3-quinn v0.0.10
[INFO] [stderr]   Downloaded futures-executor v0.3.32
[INFO] [stderr]   Downloaded headers-core v0.3.0
[INFO] [stderr]   Downloaded rust-embed-utils v8.11.0
[INFO] [stderr]   Downloaded rusticata-macros v4.1.0
[INFO] [stderr]   Downloaded nuid v0.5.0
[INFO] [stderr]   Downloaded thiserror v2.0.18
[INFO] [stderr]   Downloaded thiserror-impl v2.0.18
[INFO] [stderr]   Downloaded tokio-macros v2.6.1
[INFO] [stderr]   Downloaded foldhash v0.1.5
[INFO] [stderr]   Downloaded wasm-metadata v0.244.0
[INFO] [stderr]   Downloaded rand_chacha v0.9.0
[INFO] [stderr]   Downloaded tokio-tungstenite v0.29.0
[INFO] [stderr]   Downloaded find-msvc-tools v0.1.9
[INFO] [stderr]   Downloaded tokio-rustls v0.26.4
[INFO] [stderr]   Downloaded cmake v0.1.57
[INFO] [stderr]   Downloaded rand_core v0.10.0
[INFO] [stderr]   Downloaded toml_parser v1.1.0+spec-1.1.0
[INFO] [stderr]   Downloaded toml_datetime v1.1.0+spec-1.1.0
[INFO] [stderr]   Downloaded salvo-http3 v0.7.0
[INFO] [stderr]   Downloaded quinn-udp v0.5.14
[INFO] [stderr]   Downloaded chacha20 v0.10.0
[INFO] [stderr]   Downloaded pin-project-internal v1.1.11
[INFO] [stderr]   Downloaded multer v3.1.0
[INFO] [stderr]   Downloaded enumflags2_derive v0.7.12
[INFO] [stderr]   Downloaded time-core v0.1.8
[INFO] [stderr]   Downloaded num-conv v0.2.1
[INFO] [stderr]   Downloaded content_inspector v0.2.4
[INFO] [stderr]   Downloaded alloc-stdlib v0.2.2
[INFO] [stderr]   Downloaded etag v4.0.0
[INFO] [stderr]   Downloaded str-buf v3.0.3
[INFO] [stderr]   Downloaded rustls-platform-verifier-android v0.1.1
[INFO] [stderr]   Downloaded jni-sys v0.4.1
[INFO] [stderr]   Downloaded jni-sys-macros v0.4.1
[INFO] [stderr]   Downloaded cesu8 v1.1.0
[INFO] [stderr]   Downloaded getset v0.1.6
[INFO] [stderr]   Downloaded derive_builder_macro v0.20.2
[INFO] [stderr]   Downloaded darling_macro v0.20.11
[INFO] [stderr]   Downloaded rend v0.4.2
[INFO] [stderr]   Downloaded bytecheck v0.6.12
[INFO] [stderr]   Downloaded ptr_meta v0.1.4
[INFO] [stderr]   Downloaded ptr_meta_derive v0.1.4
[INFO] [stderr]   Downloaded bytecheck_derive v0.6.12
[INFO] [stderr]   Downloaded asn1-rs-derive v0.6.0
[INFO] [stderr]   Downloaded serde_nanos v0.1.4
[INFO] [stderr]   Downloaded openssl-probe v0.1.6
[INFO] [stderr]   Downloaded nkeys v0.4.5
[INFO] [stderr]   Downloaded base64ct v1.8.3
[INFO] [stderr]   Downloaded wasm-bindgen v0.2.114
[INFO] [stderr]   Downloaded salvo v0.89.3
[INFO] [stderr]   Downloaded salvo_extra v0.89.3
[INFO] [stderr]   Downloaded wit-bindgen-rust v0.51.0
[INFO] [stderr]   Downloaded bitflags v2.11.0
[INFO] [stderr]   Downloaded wit-bindgen-core v0.51.0
[INFO] [stderr]   Downloaded futures-channel v0.3.32
[INFO] [stderr]   Downloaded zstd v0.13.3
[INFO] [stderr]   Downloaded rustls-pki-types v1.14.0
[INFO] [stderr]   Downloaded getrandom v0.4.2
[INFO] [stderr]   Downloaded xml v1.2.1
[INFO] [stderr]   Downloaded tinyvec v1.11.0
[INFO] [stderr]   Downloaded pin-project v1.1.11
[INFO] [stderr]   Downloaded mime-infer v4.0.1
[INFO] [stderr]   Downloaded simd-adler32 v0.3.8
[INFO] [stderr]   Downloaded enumflags2 v0.7.12
[INFO] [stderr]   Downloaded time-macros v0.2.27
[INFO] [stderr]   Downloaded ghash v0.5.1
[INFO] [stderr]   Downloaded polyval v0.6.2
[INFO] [stderr]   Downloaded universal-hash v0.5.1
[INFO] [stderr]   Downloaded ctr v0.9.2
[INFO] [stderr]   Downloaded cipher v0.4.4
[INFO] [stderr]   Downloaded inout v0.1.4
[INFO] [stderr]   Downloaded alloc-no-stdlib v2.0.4
[INFO] [stderr]   Downloaded wasm-bindgen-futures v0.4.64
[INFO] [stderr]   Downloaded security-framework-sys v2.17.0
[INFO] [stderr]   Downloaded core-foundation v0.10.1
[INFO] [stderr]   Downloaded schannel v0.1.29
[INFO] [stderr]   Downloaded jni-sys v0.3.1
[INFO] [stderr]   Downloaded local-ip-address v0.6.10
[INFO] [stderr]   Downloaded neli-proc-macros v0.2.2
[INFO] [stderr]   Downloaded derive_builder_core v0.20.2
[INFO] [stderr]   Downloaded salvo-otel v0.89.3
[INFO] [stderr]   Downloaded opentelemetry-http v0.31.0
[INFO] [stderr]   Downloaded seahash v4.1.0
[INFO] [stderr]   Downloaded rkyv_derive v0.7.46
[INFO] [stderr]   Downloaded rust-embed-impl v8.11.0
[INFO] [stderr]   Downloaded oid-registry v0.8.1
[INFO] [stderr]   Downloaded asn1-rs-impl v0.2.0
[INFO] [stderr]   Downloaded data-encoding v2.10.0
[INFO] [stderr]   Downloaded tokio-stream v0.1.18
[INFO] [stderr]   Downloaded opentelemetry-otlp v0.31.1
[INFO] [stderr]   Downloaded prost v0.14.3
[INFO] [stderr]   Downloaded rustls-native-certs v0.7.3
[INFO] [stderr]   Downloaded rustls-pemfile v2.2.0
[INFO] [stderr]   Downloaded wasm-bindgen-macro-support v0.2.114
[INFO] [stderr]   Downloaded js-sys v0.3.91
[INFO] [stderr]   Downloaded socket2 v0.6.3
[INFO] [stderr]   Downloaded bytes v1.11.1
[INFO] [stderr]   Downloaded wit-bindgen v0.51.0
[INFO] [stderr]   Downloaded anyhow v1.0.102
[INFO] [stderr]   Downloaded toml_edit v0.25.8+spec-1.1.0
[INFO] [stderr]   Downloaded futures v0.3.32
[INFO] [stderr]   Downloaded crc32fast v1.5.0
[INFO] [stderr]   Downloaded cookie v0.18.1
[INFO] [stderr]   Downloaded salvo-proxy v0.89.3
[INFO] [stderr]   Downloaded rustls-native-certs v0.8.3
[INFO] [stderr]   Downloaded derive_builder v0.20.2
[INFO] [stderr]   Downloaded darling v0.20.11
[INFO] [stderr]   Downloaded ahash v0.7.8
[INFO] [stderr]   Downloaded borsh-derive v1.6.1
[INFO] [stderr]   Downloaded salvo-acme v0.89.3
[INFO] [stderr]   Downloaded bumpalo v3.20.2
[INFO] [stderr]   Downloaded rand v0.9.2
[INFO] [stderr]   Downloaded indexmap v2.13.0
[INFO] [stderr]   Downloaded wasm-encoder v0.244.0
[INFO] [stderr]   Downloaded zerocopy-derive v0.8.47
[INFO] [stderr]   Downloaded tungstenite v0.29.0
[INFO] [stderr]   Downloaded cc v1.2.57
[INFO] [stderr]   Downloaded rustls-webpki v0.103.10
[INFO] [stderr]   Downloaded serde-xml-rs v0.8.2
[INFO] [stderr]   Downloaded quinn v0.11.9
[INFO] [stderr]   Downloaded rand v0.10.0
[INFO] [stderr]   Downloaded hyper-util v0.1.20
[INFO] [stderr]   Downloaded headers v0.4.1
[INFO] [stderr]   Downloaded chardetng v0.1.17
[INFO] [stderr]   Downloaded wasm-streams v0.5.0
[INFO] [stderr]   Downloaded rustls-platform-verifier v0.6.2
[INFO] [stderr]   Downloaded hyper-rustls v0.27.7
[INFO] [stderr]   Downloaded neli v0.7.4
[INFO] [stderr]   Downloaded darling_core v0.20.11
[INFO] [stderr]   Downloaded uuid v1.22.0
[INFO] [stderr]   Downloaded serde_norway v0.9.42
[INFO] [stderr]   Downloaded iana-time-zone v0.1.65
[INFO] [stderr]   Downloaded tonic v0.14.5
[INFO] [stderr]   Downloaded tokio-websockets v0.10.1
[INFO] [stderr]   Downloaded security-framework v2.11.1
[INFO] [stderr]   Downloaded opentelemetry v0.31.0
[INFO] [stderr]   Downloaded wasip2 v1.0.2+wasi-0.2.9
[INFO] [stderr]   Downloaded wasip3 v0.4.0+wasi-0.3.0-rc-2026-01-06
[INFO] [stderr]   Downloaded h3 v0.0.8
[INFO] [stderr]   Downloaded flate2 v1.1.9
[INFO] [stderr]   Downloaded security-framework v3.7.0
[INFO] [stderr]   Downloaded opentelemetry-semantic-conventions v0.31.0
[INFO] [stderr]   Downloaded unsafe-libyaml-norway v0.2.15
[INFO] [stderr]   Downloaded salvo-oapi-macros v0.89.3
[INFO] [stderr]   Downloaded inventory v0.3.22
[INFO] [stderr]   Downloaded compact_str v0.9.0
[INFO] [stderr]   Downloaded x509-parser v0.18.1
[INFO] [stderr]   Downloaded asn1-rs v0.7.1
[INFO] [stderr]   Downloaded der-parser v10.0.0
[INFO] [stderr]   Downloaded ed25519-dalek v2.2.0
[INFO] [stderr]   Downloaded serde_json v1.0.149
[INFO] [stderr]   Downloaded tracing-opentelemetry v0.32.1
[INFO] [stderr]   Downloaded tokio-util v0.7.18
[INFO] [stderr]   Downloaded borsh v1.6.1
[INFO] [stderr]   Downloaded tracing-subscriber v0.3.23
[INFO] [stderr]   Downloaded wit-parser v0.244.0
[INFO] [stderr]   Downloaded futures-util v0.3.32
[INFO] [stderr]   Downloaded winnow v1.0.0
[INFO] [stderr]   Downloaded jni v0.21.1
[INFO] [stderr]   Downloaded combine v4.6.7
[INFO] [stderr]   Downloaded rkyv v0.7.46
[INFO] [stderr]   Downloaded webpki-roots v1.0.6
[INFO] [stderr]   Downloaded signatory v0.27.1
[INFO] [stderr]   Downloaded salvo_core v0.89.3
[INFO] [stderr]   Downloaded aes v0.8.4
[INFO] [stderr]   Downloaded aws-lc-rs v1.16.2
[INFO] [stderr]   Downloaded quinn-proto v0.11.14
[INFO] [stderr]   Downloaded aes-gcm v0.10.3
[INFO] [stderr]   Downloaded reqwest v0.13.2
[INFO] [stderr]   Downloaded tower-http v0.6.8
[INFO] [stderr]   Downloaded iri-string v0.7.11
[INFO] [stderr]   Downloaded reqwest v0.12.28
[INFO] [stderr]   Downloaded wit-component v0.244.0
[INFO] [stderr]   Downloaded wasmparser v0.244.0
[INFO] [stderr]   Downloaded zerocopy v0.8.47
[INFO] [stderr]   Downloaded h2 v0.4.13
[INFO] [stderr]   Downloaded webpki-root-certs v1.0.6
[INFO] [stderr]   Downloaded rust_decimal v1.40.0
[INFO] [stderr]   Downloaded chrono v0.4.44
[INFO] [stderr]   Downloaded tonic-prost v0.14.5
[INFO] [stderr]   Downloaded rustls-webpki v0.102.8
[INFO] [stderr]   Downloaded portable-atomic v1.13.1
[INFO] [stderr]   Downloaded prost-derive v0.14.3
[INFO] [stderr]   Downloaded tryhard v0.5.2
[INFO] [stderr]   Downloaded brotli-decompressor v5.0.0
[INFO] [stderr]   Downloaded yasna v0.5.2
[INFO] [stderr]   Downloaded opentelemetry-proto v0.31.0
[INFO] [stderr]   Downloaded time v0.3.47
[INFO] [stderr]   Downloaded rcgen v0.14.7
[INFO] [stderr]   Downloaded rustls v0.23.37
[INFO] [stderr]   Downloaded opentelemetry_sdk v0.31.0
[INFO] [stderr]   Downloaded web-sys v0.3.91
[INFO] [stderr]   Downloaded async-nats v0.46.0
[INFO] [stderr]   Downloaded zstd-sys v2.0.16+zstd.1.5.7
[INFO] [stderr]   Downloaded tokio v1.50.0
[INFO] [stderr]   Downloaded libc v0.2.183
[INFO] [stderr]   Downloaded brotli v8.0.2
[INFO] [stderr]   Downloaded rust-embed v8.11.0
[INFO] [stderr]   Downloaded salvo-oapi v0.89.3
[INFO] [stderr]   Downloaded encoding_rs v0.8.35
[INFO] [stderr]   Downloaded aws-lc-sys v0.39.0
[INFO] running `Command { std: "docker" "create" "-v" "/var/lib/crater-agent-workspace/builds/worker-5-tc1/source:/opt/rustwide/workdir:ro,Z" "-v" "/var/lib/crater-agent-workspace/builds/worker-5-tc1/target:/opt/rustwide/target:rw,Z" "-v" "/var/lib/crater-agent-workspace/cargo-home:/opt/rustwide/cargo-home:ro,Z" "-v" "/var/lib/crater-agent-workspace/rustup-home:/opt/rustwide/rustup-home:ro,Z" "-m" "1610612736" "--network" "none" "ghcr.io/rust-lang/crates-build-env/linux@sha256:77db811e55d90add9212f6832c23229e3de5f1c1f9905e8cb07319ea15df73ac" "sleep" "infinity", kill_on_drop: false }`
[INFO] [stdout] 38ade85afe1e1d90bd0805ead3301317088304f30ad2c904928caafa734bc3d0
[INFO] running `Command { std: "docker" "start" "38ade85afe1e1d90bd0805ead3301317088304f30ad2c904928caafa734bc3d0", kill_on_drop: false }`
[INFO] running `Command { std: "docker" "inspect" "38ade85afe1e1d90bd0805ead3301317088304f30ad2c904928caafa734bc3d0", kill_on_drop: false }`
[INFO] running `Command { std: "docker" "exec" "-e" "SOURCE_DIR=/opt/rustwide/workdir" "-e" "CARGO_HOME=/opt/rustwide/cargo-home" "-e" "RUSTUP_HOME=/opt/rustwide/rustup-home" "-e" "CARGO_TARGET_DIR=/opt/rustwide/target" "-w" "/opt/rustwide/workdir" "--user" "0:0" "38ade85afe1e1d90bd0805ead3301317088304f30ad2c904928caafa734bc3d0" "/opt/rustwide/cargo-home/bin/cargo" "+1.99.0-beta.8" "metadata" "--no-deps" "--format-version=1", kill_on_drop: false }`
[INFO] running `Command { std: "docker" "inspect" "38ade85afe1e1d90bd0805ead3301317088304f30ad2c904928caafa734bc3d0", kill_on_drop: false }`
[INFO] running `Command { std: "docker" "exec" "-e" "SOURCE_DIR=/opt/rustwide/workdir" "-e" "CARGO_HOME=/opt/rustwide/cargo-home" "-e" "RUSTUP_HOME=/opt/rustwide/rustup-home" "-e" "CARGO_TARGET_DIR=/opt/rustwide/target" "-e" "CARGO_INCREMENTAL=0" "-e" "RUST_BACKTRACE=full" "-e" "RUSTFLAGS=--cap-lints=warn" "-e" "RUSTDOCFLAGS=--cap-lints=warn" "-w" "/opt/rustwide/workdir" "--user" "0:0" "38ade85afe1e1d90bd0805ead3301317088304f30ad2c904928caafa734bc3d0" "/opt/rustwide/cargo-home/bin/cargo" "+1.99.0-beta.8" "build" "--frozen" "--message-format=json", kill_on_drop: false }`
[INFO] [stderr]    Compiling proc-macro2 v1.0.106
[INFO] [stderr]    Compiling unicode-ident v1.0.24
[INFO] [stderr]    Compiling quote v1.0.45
[INFO] [stderr]    Compiling libc v0.2.183
[INFO] [stderr]    Compiling cfg-if v1.0.4
[INFO] [stderr]    Compiling serde_core v1.0.228
[INFO] [stderr]    Compiling version_check v0.9.5
[INFO] [stderr]    Compiling serde v1.0.228
[INFO] [stderr]    Compiling typenum v1.19.0
[INFO] [stderr]    Compiling pin-project-lite v0.2.17
[INFO] [stderr]    Compiling itoa v1.0.18
[INFO] [stderr]    Compiling futures-core v0.3.32
[INFO] [stderr]    Compiling once_cell v1.21.4
[INFO] [stderr]    Compiling subtle v2.6.1
[INFO] [stderr]    Compiling memchr v2.8.0
[INFO] [stderr]    Compiling generic-array v0.14.7
[INFO] [stderr]    Compiling futures-sink v0.3.32
[INFO] [stderr]    Compiling tracing-core v0.1.36
[INFO] [stderr]    Compiling zerocopy v0.8.47
[INFO] [stderr]    Compiling cpufeatures v0.2.17
[INFO] [stderr]    Compiling stable_deref_trait v1.2.1
[INFO] [stderr]    Compiling find-msvc-tools v0.1.9
[INFO] [stderr]    Compiling shlex v1.3.0
[INFO] [stderr]    Compiling slab v0.4.12
[INFO] [stderr]    Compiling syn v2.0.117
[INFO] [stderr]    Compiling smallvec v1.15.1
[INFO] [stderr]    Compiling equivalent v1.0.2
[INFO] [stderr]    Compiling futures-task v0.3.32
[INFO] [stderr]    Compiling hashbrown v0.16.1
[INFO] [stderr]    Compiling percent-encoding v2.3.2
[INFO] [stderr]    Compiling futures-io v0.3.32
[INFO] [stderr]    Compiling base64 v0.22.1
[INFO] [stderr]    Compiling log v0.4.29
[INFO] [stderr]    Compiling getrandom v0.2.17
[INFO] [stderr]    Compiling mio v1.1.1
[INFO] [stderr]    Compiling rand_core v0.6.4
[INFO] [stderr]    Compiling socket2 v0.6.3
[INFO] [stderr]    Compiling block-buffer v0.10.4
[INFO] [stderr]    Compiling crypto-common v0.1.7
[INFO] [stderr]    Compiling jobserver v0.1.34
[INFO] [stderr]    Compiling writeable v0.6.2
[INFO] [stderr]    Compiling digest v0.10.7
[INFO] [stderr]    Compiling thiserror v2.0.18
[INFO] [stderr]    Compiling cc v1.2.57
[INFO] [stderr]    Compiling litemap v0.8.1
[INFO] [stderr]    Compiling zeroize v1.8.2
[INFO] [stderr]    Compiling httparse v1.10.1
[INFO] [stderr]    Compiling regex-syntax v0.8.10
[INFO] [stderr]    Compiling icu_properties_data v2.1.2
[INFO] [stderr]    Compiling icu_normalizer_data v2.1.1
[INFO] [stderr]    Compiling getrandom v0.3.4
[INFO] [stderr]    Compiling tower-service v0.3.3
[INFO] [stderr]    Compiling sync_wrapper v1.0.2
[INFO] [stderr]    Compiling futures-channel v0.3.32
[INFO] [stderr]    Compiling rand_core v0.9.5
[INFO] [stderr]    Compiling sha2 v0.10.9
[INFO] [stderr]    Compiling form_urlencoded v1.2.2
[INFO] [stderr]    Compiling aho-corasick v1.1.4
[INFO] [stderr]    Compiling tower-layer v0.3.3
[INFO] [stderr]    Compiling fnv v1.0.7
[INFO] [stderr]    Compiling indexmap v2.13.0
[INFO] [stderr]    Compiling try-lock v0.2.5
[INFO] [stderr]    Compiling pkg-config v0.3.32
[INFO] [stderr]    Compiling httpdate v1.0.3
[INFO] [stderr]    Compiling atomic-waker v1.1.2
[INFO] [stderr]    Compiling zmij v1.0.21
[INFO] [stderr]    Compiling bitflags v2.11.0
[INFO] [stderr]    Compiling ryu v1.0.23
[INFO] [stderr]    Compiling utf8_iter v1.0.4
[INFO] [stderr]    Compiling want v0.3.1
[INFO] [stderr]    Compiling zstd-sys v2.0.16+zstd.1.5.7
[INFO] [stderr]    Compiling rustls-pki-types v1.14.0
[INFO] [stderr]    Compiling inout v0.1.4
[INFO] [stderr]    Compiling serde_json v1.0.149
[INFO] [stderr]    Compiling winnow v1.0.0
[INFO] [stderr]    Compiling cipher v0.4.4
[INFO] [stderr]    Compiling regex-automata v0.4.14
[INFO] [stderr]    Compiling synstructure v0.13.2
[INFO] [stderr]    Compiling toml_parser v1.1.0+spec-1.1.0
[INFO] [stderr]    Compiling universal-hash v0.5.1
[INFO] [stderr]    Compiling ppv-lite86 v0.2.21
[INFO] [stderr]    Compiling toml_datetime v1.1.0+spec-1.1.0
[INFO] [stderr]    Compiling num-conv v0.2.1
[INFO] [stderr]    Compiling rand_core v0.10.0
[INFO] [stderr]    Compiling rand_chacha v0.3.1
[INFO] [stderr]    Compiling rand_chacha v0.9.0
[INFO] [stderr]    Compiling time-core v0.1.8
[INFO] [stderr]    Compiling getrandom v0.4.2
[INFO] [stderr]    Compiling rand v0.8.5
[INFO] [stderr]    Compiling rand v0.9.2
[INFO] [stderr]    Compiling anyhow v1.0.102
[INFO] [stderr]    Compiling ipnet v2.12.0
[INFO] [stderr]    Compiling toml_edit v0.25.8+spec-1.1.0
[INFO] [stderr]    Compiling serde_derive v1.0.228
[INFO] [stderr]    Compiling tokio-macros v2.6.1
[INFO] [stderr]    Compiling zerofrom-derive v0.1.6
[INFO] [stderr]    Compiling tracing-attributes v0.1.31
[INFO] [stderr]    Compiling yoke-derive v0.8.1
[INFO] [stderr]    Compiling zerovec-derive v0.11.2
[INFO] [stderr]    Compiling displaydoc v0.2.5
[INFO] [stderr]    Compiling futures-macro v0.3.32
[INFO] [stderr]    Compiling thiserror-impl v2.0.18
[INFO] [stderr]    Compiling zerofrom v0.1.6
[INFO] [stderr]    Compiling yoke v0.8.1
[INFO] [stderr]    Compiling tracing v0.1.44
[INFO] [stderr]    Compiling zerotrie v0.2.3
[INFO] [stderr]    Compiling pin-project-internal v1.1.11
[INFO] [stderr]    Compiling zerovec v0.11.5
[INFO] [stderr]    Compiling async-trait v0.1.89
[INFO] [stderr]    Compiling futures-util v0.3.32
[INFO] [stderr]    Compiling time-macros v0.2.27
[INFO] [stderr]    Compiling tinystr v0.8.2
[INFO] [stderr]    Compiling icu_locale_core v2.1.1
[INFO] [stderr]    Compiling potential_utf v0.1.4
[INFO] [stderr]    Compiling icu_collections v2.1.1
[INFO] [stderr]    Compiling pin-project v1.1.11
[INFO] [stderr]    Compiling polyval v0.6.2
[INFO] [stderr]    Compiling deranged v0.5.8
[INFO] [stderr]    Compiling bytes v1.11.1
[INFO] [stderr]    Compiling icu_provider v2.1.1
[INFO] [stderr]    Compiling serde_urlencoded v0.7.1
[INFO] [stderr]    Compiling icu_properties v2.1.2
[INFO] [stderr]    Compiling icu_normalizer v2.1.1
[INFO] [stderr]    Compiling tokio v1.50.0
[INFO] [stderr]    Compiling http v1.4.0
[INFO] [stderr]    Compiling ring v0.17.14
[INFO] [stderr]    Compiling parking_lot_core v0.9.12
[INFO] [stderr]    Compiling http-body v1.0.1
[INFO] [stderr]    Compiling http-body-util v0.1.3
[INFO] [stderr]    Compiling unicase v2.9.0
[INFO] [stderr]    Compiling idna_adapter v1.2.1
[INFO] [stderr]    Compiling idna v1.1.0
[INFO] [stderr]    Compiling zstd-safe v7.2.4
[INFO] [stderr]    Compiling alloc-no-stdlib v2.0.4
[INFO] [stderr]    Compiling crc32fast v1.5.0
[INFO] [stderr]    Compiling mime v0.3.17
[INFO] [stderr]    Compiling rustix v1.1.4
[INFO] [stderr]    Compiling regex v1.12.3
[INFO] [stderr]    Compiling url v2.5.8
[INFO] [stderr]    Compiling alloc-stdlib v0.2.2
[INFO] [stderr]    Compiling mime-infer v4.0.1
[INFO] [stderr]    Compiling time v0.3.47
[INFO] [stderr]    Compiling ghash v0.5.1
[INFO] [stderr]    Compiling opentelemetry v0.31.0
[INFO] [stderr]    Compiling proc-macro-crate v3.5.0
[INFO] [stderr]    Compiling salvo-serde-util v0.89.3
[INFO] [stderr]    Compiling ctr v0.9.2
[INFO] [stderr]    Compiling aes v0.8.4
[INFO] [stderr]    Compiling aead v0.5.2
[INFO] [stderr]    Compiling cookie v0.18.1
[INFO] [stderr]    Compiling multer v3.1.0
[INFO] [stderr]    Compiling encoding_rs v0.8.35
[INFO] [stderr]    Compiling same-file v1.0.6
[INFO] [stderr]    Compiling autocfg v1.5.0
[INFO] [stderr]    Compiling simd-adler32 v0.3.8
[INFO] [stderr]    Compiling linux-raw-sys v0.12.1
[INFO] [stderr]    Compiling untrusted v0.9.0
[INFO] [stderr]    Compiling adler2 v2.0.1
[INFO] [stderr]    Compiling base64ct v1.8.3
[INFO] [stderr]    Compiling cpufeatures v0.3.0
[INFO] [stderr]    Compiling semver v1.0.27
[INFO] [stderr]    Compiling pem-rfc7468 v0.7.0
[INFO] [stderr]    Compiling rustc_version v0.4.1
[INFO] [stderr]    Compiling chacha20 v0.10.0
[INFO] [stderr]    Compiling miniz_oxide v0.8.9
[INFO] [stderr]    Compiling num-traits v0.2.19
[INFO] [stderr]    Compiling lock_api v0.4.14
[INFO] [stderr]    Compiling aes-gcm v0.10.3
[INFO] [stderr]    Compiling walkdir v2.5.0
[INFO] [stderr]    Compiling tokio-util v0.7.18
[INFO] [stderr]    Compiling tokio-stream v0.1.18
[INFO] [stderr]    Compiling brotli-decompressor v5.0.0
[INFO] [stderr]    Compiling headers-core v0.3.0
[INFO] [stderr]    Compiling enumflags2_derive v0.7.12
[INFO] [stderr]    Compiling sha1 v0.10.6
[INFO] [stderr]    Compiling h2 v0.4.13
[INFO] [stderr]    Compiling tower v0.5.3
[INFO] [stderr]    Compiling hmac v0.12.1
[INFO] [stderr]    Compiling fastrand v2.3.0
[INFO] [stderr]    Compiling rustversion v1.0.22
[INFO] [stderr]    Compiling spin v0.9.8
[INFO] [stderr]    Compiling xml v1.2.1
[INFO] [stderr]    Compiling either v1.15.0
[INFO] [stderr]    Compiling iri-string v0.7.11
[INFO] [stderr]    Compiling itertools v0.14.0
[INFO] [stderr]    Compiling brotli v8.0.2
[INFO] [stderr]    Compiling serde-xml-rs v0.8.2
[INFO] [stderr]    Compiling der v0.7.10
[INFO] [stderr]    Compiling tempfile v3.27.0
[INFO] [stderr]    Compiling tower-http v0.6.8
[INFO] [stderr]    Compiling enumflags2 v0.7.12
[INFO] [stderr]    Compiling headers v0.4.1
[INFO] [stderr]    Compiling flate2 v1.1.9
[INFO] [stderr]    Compiling parking_lot v0.12.5
[INFO] [stderr]    Compiling zstd v0.13.3
[INFO] [stderr]    Compiling hyper v1.8.1
[INFO] [stderr]    Compiling chardetng v0.1.17
[INFO] [stderr]    Compiling rand v0.10.0
[INFO] [stderr]    Compiling curve25519-dalek v4.1.3
[INFO] [stderr]    Compiling salvo_macros v0.89.3
[INFO] [stderr]    Compiling multimap v0.10.1
[INFO] [stderr]    Compiling signature v2.2.0
[INFO] [stderr]    Compiling content_inspector v0.2.4
[INFO] [stderr]    Compiling proc-macro2-diagnostics v0.10.1
[INFO] [stderr]    Compiling rustls v0.23.37
[INFO] [stderr]    Compiling rust-embed-utils v8.11.0
[INFO] [stderr]    Compiling spki v0.7.3
[INFO] [stderr]    Compiling hyper-util v0.1.20
[INFO] [stderr]    Compiling prost-derive v0.14.3
[INFO] [stderr]    Compiling rustls-webpki v0.103.10
[INFO] [stderr]    Compiling curve25519-dalek-derive v0.1.1
[INFO] [stderr]    Compiling yansi v1.0.1
[INFO] [stderr]    Compiling rust_decimal v1.40.0
[INFO] [stderr]    Compiling castaway v0.2.4
[INFO] [stderr]    Compiling pkcs8 v0.10.2
[INFO] [stderr]    Compiling rust-embed-impl v8.11.0
[INFO] [stderr]    Compiling ed25519 v2.2.3
[INFO] [stderr]    Compiling tonic v0.14.5
[INFO] [stderr]    Compiling salvo_core v0.89.3
[INFO] [stderr]    Compiling reqwest v0.12.28
[INFO] [stderr]    Compiling futures-executor v0.3.32
[INFO] [stderr]    Compiling tungstenite v0.29.0
[INFO] [stderr]    Compiling prost v0.14.3
[INFO] [stderr]    Compiling ulid v1.2.1
[INFO] [stderr]    Compiling webpki-roots v1.0.6
[INFO] [stderr]    Compiling thiserror v1.0.69
[INFO] [stderr]    Compiling str-buf v3.0.3
[INFO] [stderr]    Compiling arrayvec v0.7.6
[INFO] [stderr]    Compiling iana-time-zone v0.1.65
[INFO] [stderr]    Compiling xxhash-rust v0.8.15
[INFO] [stderr]    Compiling unsafe-libyaml-norway v0.2.15
[INFO] [stderr]    Compiling portable-atomic v1.13.1
[INFO] [stderr]    Compiling etag v4.0.0
[INFO] [stderr]    Compiling tonic-prost v0.14.5
[INFO] [stderr]    Compiling chrono v0.4.44
[INFO] [stderr]    Compiling compact_str v0.9.0
[INFO] [stderr]    Compiling tokio-tungstenite v0.29.0
[INFO] [stderr]    Compiling webpki-roots v0.26.11
[INFO] [stderr]    Compiling opentelemetry_sdk v0.31.0
[INFO] [stderr]    Compiling opentelemetry-http v0.31.0
[INFO] [stderr]    Compiling serde_norway v0.9.42
[INFO] [stderr]    Compiling rust-embed v8.11.0
[INFO] [stderr]    Compiling ed25519-dalek v2.2.0
[INFO] [stderr]    Compiling signatory v0.27.1
[INFO] [stderr]    Compiling salvo-oapi-macros v0.89.3
[INFO] [stderr]    Compiling tracing-serde v0.2.0
[INFO] [stderr]    Compiling matchers v0.2.0
[INFO] [stderr]    Compiling thiserror-impl v1.0.69
[INFO] [stderr]    Compiling rustls-pemfile v2.2.0
[INFO] [stderr]    Compiling tracing-log v0.2.0
[INFO] [stderr]    Compiling tokio-rustls v0.26.4
[INFO] [stderr]    Compiling thread_local v1.1.9
[INFO] [stderr]    Compiling openssl-probe v0.1.6
[INFO] [stderr]    Compiling inventory v0.3.22
[INFO] [stderr]    Compiling opentelemetry-semantic-conventions v0.31.0
[INFO] [stderr]    Compiling uuid v1.22.0
[INFO] [stderr]    Compiling nu-ansi-term v0.50.3
[INFO] [stderr]    Compiling data-encoding v2.10.0
[INFO] [stderr]    Compiling tracing-subscriber v0.3.23
[INFO] [stderr]    Compiling opentelemetry-proto v0.31.0
[INFO] [stderr]    Compiling salvo-otel v0.89.3
[INFO] [stderr]    Compiling salvo_extra v0.89.3
[INFO] [stderr]    Compiling nkeys v0.4.5
[INFO] [stderr]    Compiling rustls-native-certs v0.7.3
[INFO] [stderr]    Compiling tokio-websockets v0.10.1
[INFO] [stderr]    Compiling tryhard v0.5.2
[INFO] [stderr]    Compiling rustls-webpki v0.102.8
[INFO] [stderr]    Compiling serde_nanos v0.1.4
[INFO] [stderr]    Compiling nuid v0.5.0
[INFO] [stderr]    Compiling serde_repr v0.1.20
[INFO] [stderr]    Compiling tracing-opentelemetry v0.32.1
[INFO] [stderr]    Compiling opentelemetry-otlp v0.31.1
[INFO] [stderr]    Compiling async-nats v0.46.0
[INFO] [stderr]    Compiling salvo-oapi v0.89.3
[INFO] [stderr]    Compiling salvo v0.89.3
[INFO] [stderr]    Compiling nats-flux v0.1.5 (/opt/rustwide/workdir)
[INFO] [stderr]     Finished `dev` profile [unoptimized + debuginfo] target(s) in 4m 07s
[INFO] running `Command { std: "docker" "inspect" "38ade85afe1e1d90bd0805ead3301317088304f30ad2c904928caafa734bc3d0", kill_on_drop: false }`
[INFO] running `Command { std: "docker" "exec" "-e" "SOURCE_DIR=/opt/rustwide/workdir" "-e" "CARGO_HOME=/opt/rustwide/cargo-home" "-e" "RUSTUP_HOME=/opt/rustwide/rustup-home" "-e" "CARGO_TARGET_DIR=/opt/rustwide/target" "-e" "CARGO_INCREMENTAL=0" "-e" "RUST_BACKTRACE=full" "-e" "RUSTFLAGS=--cap-lints=warn" "-e" "RUSTDOCFLAGS=--cap-lints=warn" "-w" "/opt/rustwide/workdir" "--user" "0:0" "38ade85afe1e1d90bd0805ead3301317088304f30ad2c904928caafa734bc3d0" "/opt/rustwide/cargo-home/bin/cargo" "+1.99.0-beta.8" "test" "--frozen" "--no-run" "--message-format=json", kill_on_drop: false }`
[INFO] [stderr]    Compiling nats-flux v0.1.5 (/opt/rustwide/workdir)
[INFO] [stderr]     Finished `test` profile [unoptimized + debuginfo] target(s) in 5.00s
[INFO] running `Command { std: "docker" "inspect" "38ade85afe1e1d90bd0805ead3301317088304f30ad2c904928caafa734bc3d0", kill_on_drop: false }`
[INFO] running `Command { std: "docker" "exec" "-e" "SOURCE_DIR=/opt/rustwide/workdir" "-e" "CARGO_HOME=/opt/rustwide/cargo-home" "-e" "RUSTUP_HOME=/opt/rustwide/rustup-home" "-e" "CARGO_TARGET_DIR=/opt/rustwide/target" "-e" "CARGO_INCREMENTAL=0" "-e" "RUST_BACKTRACE=full" "-e" "RUSTFLAGS=--cap-lints=warn" "-e" "RUSTDOCFLAGS=--cap-lints=warn" "-w" "/opt/rustwide/workdir" "--user" "0:0" "38ade85afe1e1d90bd0805ead3301317088304f30ad2c904928caafa734bc3d0" "/opt/rustwide/cargo-home/bin/cargo" "+1.99.0-beta.8" "test" "--frozen", kill_on_drop: false }`
[INFO] [stderr]     Finished `test` profile [unoptimized + debuginfo] target(s) in 0.60s
[INFO] [stderr]      Running unittests src/main.rs (/opt/rustwide/target/debug/deps/nats_flux-3af034554c543bf0)
[INFO] [stdout] 
[INFO] [stdout] running 2 tests
[INFO] [stdout] test tests::test_save_message_dedup ... FAILED
[INFO] [stdout] test tests::test_save_message_to_nats ... FAILED
[INFO] [stdout] 
[INFO] [stdout] failures:
[INFO] [stdout] 
[INFO] [stdout] ---- tests::test_save_message_dedup stdout ----
[INFO] [stdout] 
[INFO] [stdout] thread 'tests::test_save_message_dedup' (4034) panicked at src/main.rs:164:14:
[INFO] [stdout] failed to connect to nats: Error { kind: Io, source: Some(Os { code: 111, kind: ConnectionRefused, message: "Connection refused" }) }
[INFO] [stdout] stack backtrace:
[INFO] [stdout]    0:     0x5657888847d1 - std[70759c8f55707aa4]::backtrace_rs::backtrace::libunwind::trace
[INFO] [stdout]                                at /rustc/dfb0accb7f508ae8be965d8629557221c889dd98/library/std/src/../../backtrace/src/backtrace/libunwind.rs:117:9
[INFO] [stdout]    1:     0x5657888847d1 - std[70759c8f55707aa4]::backtrace_rs::backtrace::trace_unsynchronized::<std[70759c8f55707aa4]::sys::backtrace::_print_fmt::{closure#1}>
[INFO] [stdout]                                at /rustc/dfb0accb7f508ae8be965d8629557221c889dd98/library/std/src/../../backtrace/src/backtrace/mod.rs:66:14
[INFO] [stdout]    2:     0x5657888847d1 - std[70759c8f55707aa4]::sys::backtrace::_print_fmt
[INFO] [stdout]                                at /rustc/dfb0accb7f508ae8be965d8629557221c889dd98/library/std/src/sys/backtrace.rs:74:9
[INFO] [stdout]    3:     0x5657888847d1 - <<std[70759c8f55707aa4]::sys::backtrace::BacktraceLock>::print::DisplayBacktrace as core[df12db4294e9bfd3]::fmt::Display>::fmt
[INFO] [stdout]                                at /rustc/dfb0accb7f508ae8be965d8629557221c889dd98/library/std/src/sys/backtrace.rs:44:26
[INFO] [stdout]    4:     0x56578889ceea - <core[df12db4294e9bfd3]::fmt::rt::Argument>::fmt
[INFO] [stdout]                                at /rustc/dfb0accb7f508ae8be965d8629557221c889dd98/library/core/src/fmt/rt.rs:152:76
[INFO] [stdout]    5:     0x56578889ceea - core[df12db4294e9bfd3]::fmt::write
[INFO] [stdout]    6:     0x56578888974c - core[df12db4294e9bfd3]::io::write::default_write_fmt::<alloc[2182bb758b4b3781]::vec::Vec<u8>>
[INFO] [stdout]                                at /rustc/dfb0accb7f508ae8be965d8629557221c889dd98/library/core/src/io/write.rs:402:11
[INFO] [stdout]    7:     0x56578888974c - <alloc[2182bb758b4b3781]::vec::Vec<u8> as core[df12db4294e9bfd3]::io::write::Write>::write_fmt
[INFO] [stdout]                                at /rustc/dfb0accb7f508ae8be965d8629557221c889dd98/library/core/src/io/write.rs:335:13
[INFO] [stdout]    8:     0x56578885f1f6 - <std[70759c8f55707aa4]::sys::backtrace::BacktraceLock>::print
[INFO] [stdout]                                at /rustc/dfb0accb7f508ae8be965d8629557221c889dd98/library/std/src/sys/backtrace.rs:47:9
[INFO] [stdout]    9:     0x56578885f1f6 - std[70759c8f55707aa4]::panicking::default_hook::{closure#0}
[INFO] [stdout]                                at /rustc/dfb0accb7f508ae8be965d8629557221c889dd98/library/std/src/panicking.rs:292:27
[INFO] [stdout]   10:     0x56578887c199 - std[70759c8f55707aa4]::panicking::default_hook
[INFO] [stdout]                                at /rustc/dfb0accb7f508ae8be965d8629557221c889dd98/library/std/src/panicking.rs:316:9
[INFO] [stdout]   11:     0x565788129df0 - <alloc[2182bb758b4b3781]::boxed::Box<dyn for<'a, 'b> core[df12db4294e9bfd3]::ops::function::Fn<(&'a std[70759c8f55707aa4]::panic::PanicHookInfo<'b>,), Output = ()> + core[df12db4294e9bfd3]::marker::Send + core[df12db4294e9bfd3]::marker::Sync> as core[df12db4294e9bfd3]::ops::function::Fn<(&std[70759c8f55707aa4]::panic::PanicHookInfo,)>>::call
[INFO] [stdout]                                at /rustc/dfb0accb7f508ae8be965d8629557221c889dd98/library/alloc/src/boxed.rs:2334:9
[INFO] [stdout]   12:     0x565788129df0 - test[9d35eded1c95d3be]::test_main_inner::<test[9d35eded1c95d3be]::test_main_static::{closure#0}>::{closure#0}
[INFO] [stdout]                                at /rustc/dfb0accb7f508ae8be965d8629557221c889dd98/library/test/src/lib.rs:155:21
[INFO] [stdout]   13:     0x56578887c4c2 - <alloc[2182bb758b4b3781]::boxed::Box<dyn for<'a, 'b> core[df12db4294e9bfd3]::ops::function::Fn<(&'a std[70759c8f55707aa4]::panic::PanicHookInfo<'b>,), Output = ()> + core[df12db4294e9bfd3]::marker::Send + core[df12db4294e9bfd3]::marker::Sync> as core[df12db4294e9bfd3]::ops::function::Fn<(&std[70759c8f55707aa4]::panic::PanicHookInfo,)>>::call
[INFO] [stdout]                                at /rustc/dfb0accb7f508ae8be965d8629557221c889dd98/library/alloc/src/boxed.rs:2334:9
[INFO] [stdout]   14:     0x56578887c4c2 - std[70759c8f55707aa4]::panicking::panic_with_hook
[INFO] [stdout]                                at /rustc/dfb0accb7f508ae8be965d8629557221c889dd98/library/std/src/panicking.rs:823:13
[INFO] [stdout]   15:     0x56578885f2a2 - std[70759c8f55707aa4]::panicking::panic_handler::{closure#0}
[INFO] [stdout]                                at /rustc/dfb0accb7f508ae8be965d8629557221c889dd98/library/std/src/panicking.rs:688:13
[INFO] [stdout]   16:     0x565788857df9 - std[70759c8f55707aa4]::sys::backtrace::__rust_end_short_backtrace::<std[70759c8f55707aa4]::panicking::panic_handler::{closure#0}, !>
[INFO] [stdout]                                at /rustc/dfb0accb7f508ae8be965d8629557221c889dd98/library/std/src/sys/backtrace.rs:182:18
[INFO] [stdout]   17:     0x56578886008d - __rustc[8fa7c3cbc660c2b3]::rust_begin_unwind
[INFO] [stdout]                                at /rustc/dfb0accb7f508ae8be965d8629557221c889dd98/library/std/src/panicking.rs:679:5
[INFO] [stdout]   18:     0x56578889d7bc - core[df12db4294e9bfd3]::panicking::panic_fmt
[INFO] [stdout]                                at /rustc/dfb0accb7f508ae8be965d8629557221c889dd98/library/core/src/panicking.rs:80:14
[INFO] [stdout]   19:     0x56578889d4e2 - core[df12db4294e9bfd3]::result::unwrap_failed
[INFO] [stdout]                                at /rustc/dfb0accb7f508ae8be965d8629557221c889dd98/library/core/src/result.rs:1871:5
[INFO] [stdout]   20:     0x565787c4fedc - <core[df12db4294e9bfd3]::result::Result<async_nats[a1e5ecae544d7ae1]::client::Client, async_nats[a1e5ecae544d7ae1]::error::Error<async_nats[a1e5ecae544d7ae1]::ConnectErrorKind>>>::expect
[INFO] [stdout]                                at /rustc/dfb0accb7f508ae8be965d8629557221c889dd98/library/core/src/result.rs:1184:23
[INFO] [stdout]   21:     0x565787cd518a - nats_flux[df5389aaf26f9850]::tests::setup::{closure#0}
[INFO] [stdout]                                at /opt/rustwide/workdir/src/main.rs:164:14
[INFO] [stdout]   22:     0x565787cd5593 - nats_flux[df5389aaf26f9850]::tests::test_save_message_dedup::{closure#0}
[INFO] [stdout]                                at /opt/rustwide/workdir/src/main.rs:234:14
[INFO] [stdout]   23:     0x565787d01392 - <core[df12db4294e9bfd3]::pin::Pin<&mut dyn core[df12db4294e9bfd3]::future::future::Future<Output = ()>> as core[df12db4294e9bfd3]::future::future::Future>::poll
[INFO] [stdout]                                at /rustc/dfb0accb7f508ae8be965d8629557221c889dd98/library/core/src/future/future.rs:133:9
[INFO] [stdout]   24:     0x565787d0140d - <core[df12db4294e9bfd3]::pin::Pin<&mut core[df12db4294e9bfd3]::pin::Pin<&mut dyn core[df12db4294e9bfd3]::future::future::Future<Output = ()>>> as core[df12db4294e9bfd3]::future::future::Future>::poll
[INFO] [stdout]                                at /rustc/dfb0accb7f508ae8be965d8629557221c889dd98/library/core/src/future/future.rs:133:9
[INFO] [stdout]   25:     0x565787ce8d3d - <tokio[95ccfaef279f2537]::runtime::scheduler::current_thread::CoreGuard>::block_on::<core[df12db4294e9bfd3]::pin::Pin<&mut core[df12db4294e9bfd3]::pin::Pin<&mut dyn core[df12db4294e9bfd3]::future::future::Future<Output = ()>>>>::{closure#0}::{closure#0}::{closure#0}
[INFO] [stdout]                                at /opt/rustwide/cargo-home/registry/src/index.crates.io-1949cf8c6b5b557f/tokio-1.50.0/src/runtime/scheduler/current_thread/mod.rs:769:70
[INFO] [stdout]   26:     0x565787ce8c65 - tokio[95ccfaef279f2537]::task::coop::with_budget::<core[df12db4294e9bfd3]::task::poll::Poll<()>, <tokio[95ccfaef279f2537]::runtime::scheduler::current_thread::CoreGuard>::block_on<core[df12db4294e9bfd3]::pin::Pin<&mut core[df12db4294e9bfd3]::pin::Pin<&mut dyn core[df12db4294e9bfd3]::future::future::Future<Output = ()>>>>::{closure#0}::{closure#0}::{closure#0}>
[INFO] [stdout]                                at /opt/rustwide/cargo-home/registry/src/index.crates.io-1949cf8c6b5b557f/tokio-1.50.0/src/task/coop/mod.rs:167:5
[INFO] [stdout]   27:     0x565787ce8c65 - tokio[95ccfaef279f2537]::task::coop::budget::<core[df12db4294e9bfd3]::task::poll::Poll<()>, <tokio[95ccfaef279f2537]::runtime::scheduler::current_thread::CoreGuard>::block_on<core[df12db4294e9bfd3]::pin::Pin<&mut core[df12db4294e9bfd3]::pin::Pin<&mut dyn core[df12db4294e9bfd3]::future::future::Future<Output = ()>>>>::{closure#0}::{closure#0}::{closure#0}>
[INFO] [stdout]                                at /opt/rustwide/cargo-home/registry/src/index.crates.io-1949cf8c6b5b557f/tokio-1.50.0/src/task/coop/mod.rs:133:5
[INFO] [stdout]   28:     0x565787ce8c65 - <tokio[95ccfaef279f2537]::runtime::scheduler::current_thread::CoreGuard>::block_on::<core[df12db4294e9bfd3]::pin::Pin<&mut core[df12db4294e9bfd3]::pin::Pin<&mut dyn core[df12db4294e9bfd3]::future::future::Future<Output = ()>>>>::{closure#0}::{closure#0}
[INFO] [stdout]                                at /opt/rustwide/cargo-home/registry/src/index.crates.io-1949cf8c6b5b557f/tokio-1.50.0/src/runtime/scheduler/current_thread/mod.rs:769:25
[INFO] [stdout]   29:     0x565787cdea02 - <tokio[95ccfaef279f2537]::runtime::scheduler::current_thread::Context>::enter::<core[df12db4294e9bfd3]::task::poll::Poll<()>, <tokio[95ccfaef279f2537]::runtime::scheduler::current_thread::CoreGuard>::block_on<core[df12db4294e9bfd3]::pin::Pin<&mut core[df12db4294e9bfd3]::pin::Pin<&mut dyn core[df12db4294e9bfd3]::future::future::Future<Output = ()>>>>::{closure#0}::{closure#0}>
[INFO] [stdout]                                at /opt/rustwide/cargo-home/registry/src/index.crates.io-1949cf8c6b5b557f/tokio-1.50.0/src/runtime/scheduler/current_thread/mod.rs:446:19
[INFO] [stdout]   30:     0x565787ce7ced - <tokio[95ccfaef279f2537]::runtime::scheduler::current_thread::CoreGuard>::block_on::<core[df12db4294e9bfd3]::pin::Pin<&mut core[df12db4294e9bfd3]::pin::Pin<&mut dyn core[df12db4294e9bfd3]::future::future::Future<Output = ()>>>>::{closure#0}
[INFO] [stdout]                                at /opt/rustwide/cargo-home/registry/src/index.crates.io-1949cf8c6b5b557f/tokio-1.50.0/src/runtime/scheduler/current_thread/mod.rs:768:44
[INFO] [stdout]   31:     0x565787ce6f84 - <tokio[95ccfaef279f2537]::runtime::scheduler::current_thread::CoreGuard>::enter::<<tokio[95ccfaef279f2537]::runtime::scheduler::current_thread::CoreGuard>::block_on<core[df12db4294e9bfd3]::pin::Pin<&mut core[df12db4294e9bfd3]::pin::Pin<&mut dyn core[df12db4294e9bfd3]::future::future::Future<Output = ()>>>>::{closure#0}, core[df12db4294e9bfd3]::option::Option<()>>::{closure#0}
[INFO] [stdout]                                at /opt/rustwide/cargo-home/registry/src/index.crates.io-1949cf8c6b5b557f/tokio-1.50.0/src/runtime/scheduler/current_thread/mod.rs:856:68
[INFO] [stdout]   32:     0x565787c56a0b - <tokio[95ccfaef279f2537]::runtime::context::scoped::Scoped<tokio[95ccfaef279f2537]::runtime::scheduler::Context>>::set::<<tokio[95ccfaef279f2537]::runtime::scheduler::current_thread::CoreGuard>::enter<<tokio[95ccfaef279f2537]::runtime::scheduler::current_thread::CoreGuard>::block_on<core[df12db4294e9bfd3]::pin::Pin<&mut core[df12db4294e9bfd3]::pin::Pin<&mut dyn core[df12db4294e9bfd3]::future::future::Future<Output = ()>>>>::{closure#0}, core[df12db4294e9bfd3]::option::Option<()>>::{closure#0}, (alloc[2182bb758b4b3781]::boxed::Box<tokio[95ccfaef279f2537]::runtime::scheduler::current_thread::Core>, core[df12db4294e9bfd3]::option::Option<()>)>
[INFO] [stdout]                                at /opt/rustwide/cargo-home/registry/src/index.crates.io-1949cf8c6b5b557f/tokio-1.50.0/src/runtime/context/scoped.rs:40:9
[INFO] [stdout]   33:     0x565787cd4099 - tokio[95ccfaef279f2537]::runtime::context::set_scheduler::<(alloc[2182bb758b4b3781]::boxed::Box<tokio[95ccfaef279f2537]::runtime::scheduler::current_thread::Core>, core[df12db4294e9bfd3]::option::Option<()>), <tokio[95ccfaef279f2537]::runtime::scheduler::current_thread::CoreGuard>::enter<<tokio[95ccfaef279f2537]::runtime::scheduler::current_thread::CoreGuard>::block_on<core[df12db4294e9bfd3]::pin::Pin<&mut core[df12db4294e9bfd3]::pin::Pin<&mut dyn core[df12db4294e9bfd3]::future::future::Future<Output = ()>>>>::{closure#0}, core[df12db4294e9bfd3]::option::Option<()>>::{closure#0}>::{closure#0}
[INFO] [stdout]                                at /opt/rustwide/cargo-home/registry/src/index.crates.io-1949cf8c6b5b557f/tokio-1.50.0/src/runtime/context.rs:176:38
[INFO] [stdout]   34:     0x565787ce038f - <std[70759c8f55707aa4]::thread::local::LocalKey<tokio[95ccfaef279f2537]::runtime::context::Context>>::try_with::<tokio[95ccfaef279f2537]::runtime::context::set_scheduler<(alloc[2182bb758b4b3781]::boxed::Box<tokio[95ccfaef279f2537]::runtime::scheduler::current_thread::Core>, core[df12db4294e9bfd3]::option::Option<()>), <tokio[95ccfaef279f2537]::runtime::scheduler::current_thread::CoreGuard>::enter<<tokio[95ccfaef279f2537]::runtime::scheduler::current_thread::CoreGuard>::block_on<core[df12db4294e9bfd3]::pin::Pin<&mut core[df12db4294e9bfd3]::pin::Pin<&mut dyn core[df12db4294e9bfd3]::future::future::Future<Output = ()>>>>::{closure#0}, core[df12db4294e9bfd3]::option::Option<()>>::{closure#0}>::{closure#0}, (alloc[2182bb758b4b3781]::boxed::Box<tokio[95ccfaef279f2537]::runtime::scheduler::current_thread::Core>, core[df12db4294e9bfd3]::option::Option<()>)>
[INFO] [stdout]                                at /rustc/dfb0accb7f508ae8be965d8629557221c889dd98/library/std/src/thread/local.rs:463:12
[INFO] [stdout]   35:     0x565787cdff3e - <std[70759c8f55707aa4]::thread::local::LocalKey<tokio[95ccfaef279f2537]::runtime::context::Context>>::with::<tokio[95ccfaef279f2537]::runtime::context::set_scheduler<(alloc[2182bb758b4b3781]::boxed::Box<tokio[95ccfaef279f2537]::runtime::scheduler::current_thread::Core>, core[df12db4294e9bfd3]::option::Option<()>), <tokio[95ccfaef279f2537]::runtime::scheduler::current_thread::CoreGuard>::enter<<tokio[95ccfaef279f2537]::runtime::scheduler::current_thread::CoreGuard>::block_on<core[df12db4294e9bfd3]::pin::Pin<&mut core[df12db4294e9bfd3]::pin::Pin<&mut dyn core[df12db4294e9bfd3]::future::future::Future<Output = ()>>>>::{closure#0}, core[df12db4294e9bfd3]::option::Option<()>>::{closure#0}>::{closure#0}, (alloc[2182bb758b4b3781]::boxed::Box<tokio[95ccfaef279f2537]::runtime::scheduler::current_thread::Core>, core[df12db4294e9bfd3]::option::Option<()>)>
[INFO] [stdout]                                at /rustc/dfb0accb7f508ae8be965d8629557221c889dd98/library/std/src/thread/local.rs:427:20
[INFO] [stdout]   36:     0x565787cd020d - tokio[95ccfaef279f2537]::runtime::context::set_scheduler::<(alloc[2182bb758b4b3781]::boxed::Box<tokio[95ccfaef279f2537]::runtime::scheduler::current_thread::Core>, core[df12db4294e9bfd3]::option::Option<()>), <tokio[95ccfaef279f2537]::runtime::scheduler::current_thread::CoreGuard>::enter<<tokio[95ccfaef279f2537]::runtime::scheduler::current_thread::CoreGuard>::block_on<core[df12db4294e9bfd3]::pin::Pin<&mut core[df12db4294e9bfd3]::pin::Pin<&mut dyn core[df12db4294e9bfd3]::future::future::Future<Output = ()>>>>::{closure#0}, core[df12db4294e9bfd3]::option::Option<()>>::{closure#0}>
[INFO] [stdout]                                at /opt/rustwide/cargo-home/registry/src/index.crates.io-1949cf8c6b5b557f/tokio-1.50.0/src/runtime/context.rs:176:17
[INFO] [stdout]   37:     0x565787ce3140 - <tokio[95ccfaef279f2537]::runtime::scheduler::current_thread::CoreGuard>::enter::<<tokio[95ccfaef279f2537]::runtime::scheduler::current_thread::CoreGuard>::block_on<core[df12db4294e9bfd3]::pin::Pin<&mut core[df12db4294e9bfd3]::pin::Pin<&mut dyn core[df12db4294e9bfd3]::future::future::Future<Output = ()>>>>::{closure#0}, core[df12db4294e9bfd3]::option::Option<()>>
[INFO] [stdout]                                at /opt/rustwide/cargo-home/registry/src/index.crates.io-1949cf8c6b5b557f/tokio-1.50.0/src/runtime/scheduler/current_thread/mod.rs:856:27
[INFO] [stdout]   38:     0x565787ce3436 - <tokio[95ccfaef279f2537]::runtime::scheduler::current_thread::CoreGuard>::block_on::<core[df12db4294e9bfd3]::pin::Pin<&mut core[df12db4294e9bfd3]::pin::Pin<&mut dyn core[df12db4294e9bfd3]::future::future::Future<Output = ()>>>>
[INFO] [stdout]                                at /opt/rustwide/cargo-home/registry/src/index.crates.io-1949cf8c6b5b557f/tokio-1.50.0/src/runtime/scheduler/current_thread/mod.rs:756:24
[INFO] [stdout]   39:     0x565787ce6a90 - <tokio[95ccfaef279f2537]::runtime::scheduler::current_thread::CurrentThread>::block_on::<core[df12db4294e9bfd3]::pin::Pin<&mut dyn core[df12db4294e9bfd3]::future::future::Future<Output = ()>>>::{closure#0}
[INFO] [stdout]                                at /opt/rustwide/cargo-home/registry/src/index.crates.io-1949cf8c6b5b557f/tokio-1.50.0/src/runtime/scheduler/current_thread/mod.rs:200:33
[INFO] [stdout]   40:     0x565787c59608 - tokio[95ccfaef279f2537]::runtime::context::runtime::enter_runtime::<<tokio[95ccfaef279f2537]::runtime::scheduler::current_thread::CurrentThread>::block_on<core[df12db4294e9bfd3]::pin::Pin<&mut dyn core[df12db4294e9bfd3]::future::future::Future<Output = ()>>>::{closure#0}, ()>
[INFO] [stdout]                                at /opt/rustwide/cargo-home/registry/src/index.crates.io-1949cf8c6b5b557f/tokio-1.50.0/src/runtime/context/runtime.rs:65:16
[INFO] [stdout]   41:     0x565787cde5c4 - <tokio[95ccfaef279f2537]::runtime::scheduler::current_thread::CurrentThread>::block_on::<core[df12db4294e9bfd3]::pin::Pin<&mut dyn core[df12db4294e9bfd3]::future::future::Future<Output = ()>>>
[INFO] [stdout]                                at /opt/rustwide/cargo-home/registry/src/index.crates.io-1949cf8c6b5b557f/tokio-1.50.0/src/runtime/scheduler/current_thread/mod.rs:188:9
[INFO] [stdout]   42:     0x565787c70b0f - <tokio[95ccfaef279f2537]::runtime::runtime::Runtime>::block_on_inner::<core[df12db4294e9bfd3]::pin::Pin<&mut dyn core[df12db4294e9bfd3]::future::future::Future<Output = ()>>>
[INFO] [stdout]                                at /opt/rustwide/cargo-home/registry/src/index.crates.io-1949cf8c6b5b557f/tokio-1.50.0/src/runtime/runtime.rs:371:52
[INFO] [stdout]   43:     0x565787c70c5b - <tokio[95ccfaef279f2537]::runtime::runtime::Runtime>::block_on::<core[df12db4294e9bfd3]::pin::Pin<&mut dyn core[df12db4294e9bfd3]::future::future::Future<Output = ()>>>
[INFO] [stdout]                                at /opt/rustwide/cargo-home/registry/src/index.crates.io-1949cf8c6b5b557f/tokio-1.50.0/src/runtime/runtime.rs:345:18
[INFO] [stdout]   44:     0x565787cdbda2 - nats_flux[df5389aaf26f9850]::tests::test_save_message_dedup
[INFO] [stdout]                                at /opt/rustwide/workdir/src/main.rs:267:19
[INFO] [stdout]   45:     0x565787cd4ea7 - nats_flux[df5389aaf26f9850]::tests::test_save_message_dedup::{closure#0}
[INFO] [stdout]                                at /opt/rustwide/workdir/src/main.rs:232:39
[INFO] [stdout]   46:     0x565787c255f6 - <nats_flux[df5389aaf26f9850]::tests::test_save_message_dedup::{closure#0} as core[df12db4294e9bfd3]::ops::function::FnOnce<()>>::call_once
[INFO] [stdout]                                at /rustc/dfb0accb7f508ae8be965d8629557221c889dd98/library/core/src/ops/function.rs:250:5
[INFO] [stdout]   47:     0x56578811d0db - <fn() -> core[df12db4294e9bfd3]::result::Result<(), alloc[2182bb758b4b3781]::string::String> as core[df12db4294e9bfd3]::ops::function::FnOnce<()>>::call_once
[INFO] [stdout]                                at /rustc/dfb0accb7f508ae8be965d8629557221c889dd98/library/core/src/ops/function.rs:250:5
[INFO] [stdout]   48:     0x56578811d0db - test[9d35eded1c95d3be]::__rust_begin_short_backtrace::<core[df12db4294e9bfd3]::result::Result<(), alloc[2182bb758b4b3781]::string::String>, fn() -> core[df12db4294e9bfd3]::result::Result<(), alloc[2182bb758b4b3781]::string::String>>
[INFO] [stdout]                                at /rustc/dfb0accb7f508ae8be965d8629557221c889dd98/library/test/src/lib.rs:733:18
[INFO] [stdout]   49:     0x56578812a745 - test[9d35eded1c95d3be]::run_test_in_process::{closure#0}
[INFO] [stdout]                                at /rustc/dfb0accb7f508ae8be965d8629557221c889dd98/library/test/src/lib.rs:756:74
[INFO] [stdout]   50:     0x56578812a745 - <core[df12db4294e9bfd3]::panic::unwind_safe::AssertUnwindSafe<test[9d35eded1c95d3be]::run_test_in_process::{closure#0}> as core[df12db4294e9bfd3]::ops::function::FnOnce<()>>::call_once
[INFO] [stdout]                                at /rustc/dfb0accb7f508ae8be965d8629557221c889dd98/library/core/src/panic/unwind_safe.rs:275:9
[INFO] [stdout]   51:     0x56578812a745 - std[70759c8f55707aa4]::panicking::catch_unwind::do_call::<core[df12db4294e9bfd3]::panic::unwind_safe::AssertUnwindSafe<test[9d35eded1c95d3be]::run_test_in_process::{closure#0}>, core[df12db4294e9bfd3]::result::Result<(), alloc[2182bb758b4b3781]::string::String>>
[INFO] [stdout]                                at /rustc/dfb0accb7f508ae8be965d8629557221c889dd98/library/std/src/panicking.rs:576:43
[INFO] [stdout]   52:     0x56578812a745 - std[70759c8f55707aa4]::panicking::catch_unwind::<core[df12db4294e9bfd3]::result::Result<(), alloc[2182bb758b4b3781]::string::String>, core[df12db4294e9bfd3]::panic::unwind_safe::AssertUnwindSafe<test[9d35eded1c95d3be]::run_test_in_process::{closure#0}>>
[INFO] [stdout]                                at /rustc/dfb0accb7f508ae8be965d8629557221c889dd98/library/std/src/panicking.rs:544:19
[INFO] [stdout]   53:     0x56578812a745 - std[70759c8f55707aa4]::panic::catch_unwind::<core[df12db4294e9bfd3]::panic::unwind_safe::AssertUnwindSafe<test[9d35eded1c95d3be]::run_test_in_process::{closure#0}>, core[df12db4294e9bfd3]::result::Result<(), alloc[2182bb758b4b3781]::string::String>>
[INFO] [stdout]                                at /rustc/dfb0accb7f508ae8be965d8629557221c889dd98/library/std/src/panic.rs:359:14
[INFO] [stdout]   54:     0x56578812a745 - test[9d35eded1c95d3be]::run_test_in_process
[INFO] [stdout]                                at /rustc/dfb0accb7f508ae8be965d8629557221c889dd98/library/test/src/lib.rs:756:27
[INFO] [stdout]   55:     0x56578812a745 - test[9d35eded1c95d3be]::run_test::{closure#0}
[INFO] [stdout]                                at /rustc/dfb0accb7f508ae8be965d8629557221c889dd98/library/test/src/lib.rs:677:43
[INFO] [stdout]   56:     0x565788124004 - test[9d35eded1c95d3be]::run_test::{closure#1}
[INFO] [stdout]                                at /rustc/dfb0accb7f508ae8be965d8629557221c889dd98/library/test/src/lib.rs:707:41
[INFO] [stdout]   57:     0x565788124004 - std[70759c8f55707aa4]::sys::backtrace::__rust_begin_short_backtrace::<test[9d35eded1c95d3be]::run_test::{closure#1}, ()>
[INFO] [stdout]                                at /rustc/dfb0accb7f508ae8be965d8629557221c889dd98/library/std/src/sys/backtrace.rs:166:18
[INFO] [stdout]   58:     0x56578812d8a2 - std[70759c8f55707aa4]::thread::lifecycle::spawn_unchecked::<test[9d35eded1c95d3be]::run_test::{closure#1}, ()>::{closure#1}::{closure#0}
[INFO] [stdout]                                at /rustc/dfb0accb7f508ae8be965d8629557221c889dd98/library/std/src/thread/lifecycle.rs:70:13
[INFO] [stdout]   59:     0x56578812d8a2 - <core[df12db4294e9bfd3]::panic::unwind_safe::AssertUnwindSafe<std[70759c8f55707aa4]::thread::lifecycle::spawn_unchecked<test[9d35eded1c95d3be]::run_test::{closure#1}, ()>::{closure#1}::{closure#0}> as core[df12db4294e9bfd3]::ops::function::FnOnce<()>>::call_once
[INFO] [stdout]                                at /rustc/dfb0accb7f508ae8be965d8629557221c889dd98/library/core/src/panic/unwind_safe.rs:275:9
[INFO] [stdout]   60:     0x56578812d8a2 - std[70759c8f55707aa4]::panicking::catch_unwind::do_call::<core[df12db4294e9bfd3]::panic::unwind_safe::AssertUnwindSafe<std[70759c8f55707aa4]::thread::lifecycle::spawn_unchecked<test[9d35eded1c95d3be]::run_test::{closure#1}, ()>::{closure#1}::{closure#0}>, ()>
[INFO] [stdout]                                at /rustc/dfb0accb7f508ae8be965d8629557221c889dd98/library/std/src/panicking.rs:576:43
[INFO] [stdout]   61:     0x56578812d8a2 - std[70759c8f55707aa4]::panicking::catch_unwind::<(), core[df12db4294e9bfd3]::panic::unwind_safe::AssertUnwindSafe<std[70759c8f55707aa4]::thread::lifecycle::spawn_unchecked<test[9d35eded1c95d3be]::run_test::{closure#1}, ()>::{closure#1}::{closure#0}>>
[INFO] [stdout]                                at /rustc/dfb0accb7f508ae8be965d8629557221c889dd98/library/std/src/panicking.rs:544:19
[INFO] [stdout]   62:     0x56578812d8a2 - std[70759c8f55707aa4]::panic::catch_unwind::<core[df12db4294e9bfd3]::panic::unwind_safe::AssertUnwindSafe<std[70759c8f55707aa4]::thread::lifecycle::spawn_unchecked<test[9d35eded1c95d3be]::run_test::{closure#1}, ()>::{closure#1}::{closure#0}>, ()>
[INFO] [stdout]                                at /rustc/dfb0accb7f508ae8be965d8629557221c889dd98/library/std/src/panic.rs:359:14
[INFO] [stdout]   63:     0x56578812d8a2 - std[70759c8f55707aa4]::thread::lifecycle::spawn_unchecked::<test[9d35eded1c95d3be]::run_test::{closure#1}, ()>::{closure#1}
[INFO] [stdout]                                at /rustc/dfb0accb7f508ae8be965d8629557221c889dd98/library/std/src/thread/lifecycle.rs:68:26
[INFO] [stdout]   64:     0x56578812d8a2 - <std[70759c8f55707aa4]::thread::lifecycle::spawn_unchecked<test[9d35eded1c95d3be]::run_test::{closure#1}, ()>::{closure#1} as core[df12db4294e9bfd3]::ops::function::FnOnce<()>>::call_once::{shim:vtable#0}
[INFO] [stdout]                                at /rustc/dfb0accb7f508ae8be965d8629557221c889dd98/library/core/src/ops/function.rs:250:5
[INFO] [stdout]   65:     0x565788883cf9 - <alloc[2182bb758b4b3781]::boxed::Box<dyn core[df12db4294e9bfd3]::ops::function::FnOnce<(), Output = ()> + core[df12db4294e9bfd3]::marker::Send> as core[df12db4294e9bfd3]::ops::function::FnOnce<()>>::call_once
[INFO] [stdout]                                at /rustc/dfb0accb7f508ae8be965d8629557221c889dd98/library/alloc/src/boxed.rs:2320:9
[INFO] [stdout]   66:     0x565788883cf9 - <std[70759c8f55707aa4]::sys::thread::unix::Thread>::new::thread_start
[INFO] [stdout]                                at /rustc/dfb0accb7f508ae8be965d8629557221c889dd98/library/std/src/sys/thread/unix.rs:123:17
[INFO] [stdout]   67:     0x7c1649a9adfa - <unknown>
[INFO] [stdout]   68:     0x7c1649b2e3d4 - clone
[INFO] [stdout]   69:                0x0 - <unknown>
[INFO] [stdout] 
[INFO] [stdout] ---- tests::test_save_message_to_nats stdout ----
[INFO] [stdout] 
[INFO] [stdout] thread 'tests::test_save_message_to_nats' (4035) panicked at src/main.rs:164:14:
[INFO] [stdout] failed to connect to nats: Error { kind: Io, source: Some(Os { code: 111, kind: ConnectionRefused, message: "Connection refused" }) }
[INFO] [stdout] stack backtrace:
[INFO] [stdout]    0:     0x5657888847d1 - std[70759c8f55707aa4]::backtrace_rs::backtrace::libunwind::trace
[INFO] [stdout]                                at /rustc/dfb0accb7f508ae8be965d8629557221c889dd98/library/std/src/../../backtrace/src/backtrace/libunwind.rs:117:9
[INFO] [stdout]    1:     0x5657888847d1 - std[70759c8f55707aa4]::backtrace_rs::backtrace::trace_unsynchronized::<std[70759c8f55707aa4]::sys::backtrace::_print_fmt::{closure#1}>
[INFO] [stdout]                                at /rustc/dfb0accb7f508ae8be965d8629557221c889dd98/library/std/src/../../backtrace/src/backtrace/mod.rs:66:14
[INFO] [stdout]    2:     0x5657888847d1 - std[70759c8f55707aa4]::sys::backtrace::_print_fmt
[INFO] [stdout]                                at /rustc/dfb0accb7f508ae8be965d8629557221c889dd98/library/std/src/sys/backtrace.rs:74:9
[INFO] [stdout]    3:     0x5657888847d1 - <<std[70759c8f55707aa4]::sys::backtrace::BacktraceLock>::print::DisplayBacktrace as core[df12db4294e9bfd3]::fmt::Display>::fmt
[INFO] [stdout]                                at /rustc/dfb0accb7f508ae8be965d8629557221c889dd98/library/std/src/sys/backtrace.rs:44:26
[INFO] [stdout]    4:     0x56578889ceea - <core[df12db4294e9bfd3]::fmt::rt::Argument>::fmt
[INFO] [stdout]                                at /rustc/dfb0accb7f508ae8be965d8629557221c889dd98/library/core/src/fmt/rt.rs:152:76
[INFO] [stdout]    5:     0x56578889ceea - core[df12db4294e9bfd3]::fmt::write
[INFO] [stdout]    6:     0x56578888974c - core[df12db4294e9bfd3]::io::write::default_write_fmt::<alloc[2182bb758b4b3781]::vec::Vec<u8>>
[INFO] [stdout]                                at /rustc/dfb0accb7f508ae8be965d8629557221c889dd98/library/core/src/io/write.rs:402:11
[INFO] [stdout]    7:     0x56578888974c - <alloc[2182bb758b4b3781]::vec::Vec<u8> as core[df12db4294e9bfd3]::io::write::Write>::write_fmt
[INFO] [stdout]                                at /rustc/dfb0accb7f508ae8be965d8629557221c889dd98/library/core/src/io/write.rs:335:13
[INFO] [stdout]    8:     0x56578885f1f6 - <std[70759c8f55707aa4]::sys::backtrace::BacktraceLock>::print
[INFO] [stdout]                                at /rustc/dfb0accb7f508ae8be965d8629557221c889dd98/library/std/src/sys/backtrace.rs:47:9
[INFO] [stdout]    9:     0x56578885f1f6 - std[70759c8f55707aa4]::panicking::default_hook::{closure#0}
[INFO] [stdout]                                at /rustc/dfb0accb7f508ae8be965d8629557221c889dd98/library/std/src/panicking.rs:292:27
[INFO] [stdout]   10:     0x56578887c199 - std[70759c8f55707aa4]::panicking::default_hook
[INFO] [stdout]                                at /rustc/dfb0accb7f508ae8be965d8629557221c889dd98/library/std/src/panicking.rs:316:9
[INFO] [stdout]   11:     0x565788129df0 - <alloc[2182bb758b4b3781]::boxed::Box<dyn for<'a, 'b> core[df12db4294e9bfd3]::ops::function::Fn<(&'a std[70759c8f55707aa4]::panic::PanicHookInfo<'b>,), Output = ()> + core[df12db4294e9bfd3]::marker::Send + core[df12db4294e9bfd3]::marker::Sync> as core[df12db4294e9bfd3]::ops::function::Fn<(&std[70759c8f55707aa4]::panic::PanicHookInfo,)>>::call
[INFO] [stdout]                                at /rustc/dfb0accb7f508ae8be965d8629557221c889dd98/library/alloc/src/boxed.rs:2334:9
[INFO] [stdout]   12:     0x565788129df0 - test[9d35eded1c95d3be]::test_main_inner::<test[9d35eded1c95d3be]::test_main_static::{closure#0}>::{closure#0}
[INFO] [stdout]                                at /rustc/dfb0accb7f508ae8be965d8629557221c889dd98/library/test/src/lib.rs:155:21
[INFO] [stdout]   13:     0x56578887c4c2 - <alloc[2182bb758b4b3781]::boxed::Box<dyn for<'a, 'b> core[df12db4294e9bfd3]::ops::function::Fn<(&'a std[70759c8f55707aa4]::panic::PanicHookInfo<'b>,), Output = ()> + core[df12db4294e9bfd3]::marker::Send + core[df12db4294e9bfd3]::marker::Sync> as core[df12db4294e9bfd3]::ops::function::Fn<(&std[70759c8f55707aa4]::panic::PanicHookInfo,)>>::call
[INFO] [stdout]                                at /rustc/dfb0accb7f508ae8be965d8629557221c889dd98/library/alloc/src/boxed.rs:2334:9
[INFO] [stdout]   14:     0x56578887c4c2 - std[70759c8f55707aa4]::panicking::panic_with_hook
[INFO] [stdout]                                at /rustc/dfb0accb7f508ae8be965d8629557221c889dd98/library/std/src/panicking.rs:823:13
[INFO] [stdout]   15:     0x56578885f2a2 - std[70759c8f55707aa4]::panicking::panic_handler::{closure#0}
[INFO] [stdout]                                at /rustc/dfb0accb7f508ae8be965d8629557221c889dd98/library/std/src/panicking.rs:688:13
[INFO] [stdout]   16:     0x565788857df9 - std[70759c8f55707aa4]::sys::backtrace::__rust_end_short_backtrace::<std[70759c8f55707aa4]::panicking::panic_handler::{closure#0}, !>
[INFO] [stdout]                                at /rustc/dfb0accb7f508ae8be965d8629557221c889dd98/library/std/src/sys/backtrace.rs:182:18
[INFO] [stdout]   17:     0x56578886008d - __rustc[8fa7c3cbc660c2b3]::rust_begin_unwind
[INFO] [stdout]                                at /rustc/dfb0accb7f508ae8be965d8629557221c889dd98/library/std/src/panicking.rs:679:5
[INFO] [stdout]   18:     0x56578889d7bc - core[df12db4294e9bfd3]::panicking::panic_fmt
[INFO] [stdout]                                at /rustc/dfb0accb7f508ae8be965d8629557221c889dd98/library/core/src/panicking.rs:80:14
[INFO] [stdout]   19:     0x56578889d4e2 - core[df12db4294e9bfd3]::result::unwrap_failed
[INFO] [stdout]                                at /rustc/dfb0accb7f508ae8be965d8629557221c889dd98/library/core/src/result.rs:1871:5
[INFO] [stdout]   20:     0x565787c4fedc - <core[df12db4294e9bfd3]::result::Result<async_nats[a1e5ecae544d7ae1]::client::Client, async_nats[a1e5ecae544d7ae1]::error::Error<async_nats[a1e5ecae544d7ae1]::ConnectErrorKind>>>::expect
[INFO] [stdout]                                at /rustc/dfb0accb7f508ae8be965d8629557221c889dd98/library/core/src/result.rs:1184:23
[INFO] [stdout]   21:     0x565787cd518a - nats_flux[df5389aaf26f9850]::tests::setup::{closure#0}
[INFO] [stdout]                                at /opt/rustwide/workdir/src/main.rs:164:14
[INFO] [stdout]   22:     0x565787cd710c - nats_flux[df5389aaf26f9850]::tests::test_save_message_to_nats::{closure#0}
[INFO] [stdout]                                at /opt/rustwide/workdir/src/main.rs:194:14
[INFO] [stdout]   23:     0x565787d01392 - <core[df12db4294e9bfd3]::pin::Pin<&mut dyn core[df12db4294e9bfd3]::future::future::Future<Output = ()>> as core[df12db4294e9bfd3]::future::future::Future>::poll
[INFO] [stdout]                                at /rustc/dfb0accb7f508ae8be965d8629557221c889dd98/library/core/src/future/future.rs:133:9
[INFO] [stdout]   24:     0x565787d0140d - <core[df12db4294e9bfd3]::pin::Pin<&mut core[df12db4294e9bfd3]::pin::Pin<&mut dyn core[df12db4294e9bfd3]::future::future::Future<Output = ()>>> as core[df12db4294e9bfd3]::future::future::Future>::poll
[INFO] [stdout]                                at /rustc/dfb0accb7f508ae8be965d8629557221c889dd98/library/core/src/future/future.rs:133:9
[INFO] [stdout]   25:     0x565787ce8d3d - <tokio[95ccfaef279f2537]::runtime::scheduler::current_thread::CoreGuard>::block_on::<core[df12db4294e9bfd3]::pin::Pin<&mut core[df12db4294e9bfd3]::pin::Pin<&mut dyn core[df12db4294e9bfd3]::future::future::Future<Output = ()>>>>::{closure#0}::{closure#0}::{closure#0}
[INFO] [stdout]                                at /opt/rustwide/cargo-home/registry/src/index.crates.io-1949cf8c6b5b557f/tokio-1.50.0/src/runtime/scheduler/current_thread/mod.rs:769:70
[INFO] [stdout]   26:     0x565787ce8c65 - tokio[95ccfaef279f2537]::task::coop::with_budget::<core[df12db4294e9bfd3]::task::poll::Poll<()>, <tokio[95ccfaef279f2537]::runtime::scheduler::current_thread::CoreGuard>::block_on<core[df12db4294e9bfd3]::pin::Pin<&mut core[df12db4294e9bfd3]::pin::Pin<&mut dyn core[df12db4294e9bfd3]::future::future::Future<Output = ()>>>>::{closure#0}::{closure#0}::{closure#0}>
[INFO] [stdout]                                at /opt/rustwide/cargo-home/registry/src/index.crates.io-1949cf8c6b5b557f/tokio-1.50.0/src/task/coop/mod.rs:167:5
[INFO] [stdout]   27:     0x565787ce8c65 - tokio[95ccfaef279f2537]::task::coop::budget::<core[df12db4294e9bfd3]::task::poll::Poll<()>, <tokio[95ccfaef279f2537]::runtime::scheduler::current_thread::CoreGuard>::block_on<core[df12db4294e9bfd3]::pin::Pin<&mut core[df12db4294e9bfd3]::pin::Pin<&mut dyn core[df12db4294e9bfd3]::future::future::Future<Output = ()>>>>::{closure#0}::{closure#0}::{closure#0}>
[INFO] [stdout]                                at /opt/rustwide/cargo-home/registry/src/index.crates.io-1949cf8c6b5b557f/tokio-1.50.0/src/task/coop/mod.rs:133:5
[INFO] [stdout]   28:     0x565787ce8c65 - <tokio[95ccfaef279f2537]::runtime::scheduler::current_thread::CoreGuard>::block_on::<core[df12db4294e9bfd3]::pin::Pin<&mut core[df12db4294e9bfd3]::pin::Pin<&mut dyn core[df12db4294e9bfd3]::future::future::Future<Output = ()>>>>::{closure#0}::{closure#0}
[INFO] [stdout]                                at /opt/rustwide/cargo-home/registry/src/index.crates.io-1949cf8c6b5b557f/tokio-1.50.0/src/runtime/scheduler/current_thread/mod.rs:769:25
[INFO] [stdout]   29:     0x565787cdea02 - <tokio[95ccfaef279f2537]::runtime::scheduler::current_thread::Context>::enter::<core[df12db4294e9bfd3]::task::poll::Poll<()>, <tokio[95ccfaef279f2537]::runtime::scheduler::current_thread::CoreGuard>::block_on<core[df12db4294e9bfd3]::pin::Pin<&mut core[df12db4294e9bfd3]::pin::Pin<&mut dyn core[df12db4294e9bfd3]::future::future::Future<Output = ()>>>>::{closure#0}::{closure#0}>
[INFO] [stdout]                                at /opt/rustwide/cargo-home/registry/src/index.crates.io-1949cf8c6b5b557f/tokio-1.50.0/src/runtime/scheduler/current_thread/mod.rs:446:19
[INFO] [stdout]   30:     0x565787ce7ced - <tokio[95ccfaef279f2537]::runtime::scheduler::current_thread::CoreGuard>::block_on::<core[df12db4294e9bfd3]::pin::Pin<&mut core[df12db4294e9bfd3]::pin::Pin<&mut dyn core[df12db4294e9bfd3]::future::future::Future<Output = ()>>>>::{closure#0}
[INFO] [stdout]                                at /opt/rustwide/cargo-home/registry/src/index.crates.io-1949cf8c6b5b557f/tokio-1.50.0/src/runtime/scheduler/current_thread/mod.rs:768:44
[INFO] [stdout]   31:     0x565787ce6f84 - <tokio[95ccfaef279f2537]::runtime::scheduler::current_thread::CoreGuard>::enter::<<tokio[95ccfaef279f2537]::runtime::scheduler::current_thread::CoreGuard>::block_on<core[df12db4294e9bfd3]::pin::Pin<&mut core[df12db4294e9bfd3]::pin::Pin<&mut dyn core[df12db4294e9bfd3]::future::future::Future<Output = ()>>>>::{closure#0}, core[df12db4294e9bfd3]::option::Option<()>>::{closure#0}
[INFO] [stdout]                                at /opt/rustwide/cargo-home/registry/src/index.crates.io-1949cf8c6b5b557f/tokio-1.50.0/src/runtime/scheduler/current_thread/mod.rs:856:68
[INFO] [stdout]   32:     0x565787c56a0b - <tokio[95ccfaef279f2537]::runtime::context::scoped::Scoped<tokio[95ccfaef279f2537]::runtime::scheduler::Context>>::set::<<tokio[95ccfaef279f2537]::runtime::scheduler::current_thread::CoreGuard>::enter<<tokio[95ccfaef279f2537]::runtime::scheduler::current_thread::CoreGuard>::block_on<core[df12db4294e9bfd3]::pin::Pin<&mut core[df12db4294e9bfd3]::pin::Pin<&mut dyn core[df12db4294e9bfd3]::future::future::Future<Output = ()>>>>::{closure#0}, core[df12db4294e9bfd3]::option::Option<()>>::{closure#0}, (alloc[2182bb758b4b3781]::boxed::Box<tokio[95ccfaef279f2537]::runtime::scheduler::current_thread::Core>, core[df12db4294e9bfd3]::option::Option<()>)>
[INFO] [stdout]                                at /opt/rustwide/cargo-home/registry/src/index.crates.io-1949cf8c6b5b557f/tokio-1.50.0/src/runtime/context/scoped.rs:40:9
[INFO] [stdout]   33:     0x565787cd4099 - tokio[95ccfaef279f2537]::runtime::context::set_scheduler::<(alloc[2182bb758b4b3781]::boxed::Box<tokio[95ccfaef279f2537]::runtime::scheduler::current_thread::Core>, core[df12db4294e9bfd3]::option::Option<()>), <tokio[95ccfaef279f2537]::runtime::scheduler::current_thread::CoreGuard>::enter<<tokio[95ccfaef279f2537]::runtime::scheduler::current_thread::CoreGuard>::block_on<core[df12db4294e9bfd3]::pin::Pin<&mut core[df12db4294e9bfd3]::pin::Pin<&mut dyn core[df12db4294e9bfd3]::future::future::Future<Output = ()>>>>::{closure#0}, core[df12db4294e9bfd3]::option::Option<()>>::{closure#0}>::{closure#0}
[INFO] [stdout]                                at /opt/rustwide/cargo-home/registry/src/index.crates.io-1949cf8c6b5b557f/tokio-1.50.0/src/runtime/context.rs:176:38
[INFO] [stdout]   34:     0x565787ce038f - <std[70759c8f55707aa4]::thread::local::LocalKey<tokio[95ccfaef279f2537]::runtime::context::Context>>::try_with::<tokio[95ccfaef279f2537]::runtime::context::set_scheduler<(alloc[2182bb758b4b3781]::boxed::Box<tokio[95ccfaef279f2537]::runtime::scheduler::current_thread::Core>, core[df12db4294e9bfd3]::option::Option<()>), <tokio[95ccfaef279f2537]::runtime::scheduler::current_thread::CoreGuard>::enter<<tokio[95ccfaef279f2537]::runtime::scheduler::current_thread::CoreGuard>::block_on<core[df12db4294e9bfd3]::pin::Pin<&mut core[df12db4294e9bfd3]::pin::Pin<&mut dyn core[df12db4294e9bfd3]::future::future::Future<Output = ()>>>>::{closure#0}, core[df12db4294e9bfd3]::option::Option<()>>::{closure#0}>::{closure#0}, (alloc[2182bb758b4b3781]::boxed::Box<tokio[95ccfaef279f2537]::runtime::scheduler::current_thread::Core>, core[df12db4294e9bfd3]::option::Option<()>)>
[INFO] [stdout]                                at /rustc/dfb0accb7f508ae8be965d8629557221c889dd98/library/std/src/thread/local.rs:463:12
[INFO] [stdout]   35:     0x565787cdff3e - <std[70759c8f55707aa4]::thread::local::LocalKey<tokio[95ccfaef279f2537]::runtime::context::Context>>::with::<tokio[95ccfaef279f2537]::runtime::context::set_scheduler<(alloc[2182bb758b4b3781]::boxed::Box<tokio[95ccfaef279f2537]::runtime::scheduler::current_thread::Core>, core[df12db4294e9bfd3]::option::Option<()>), <tokio[95ccfaef279f2537]::runtime::scheduler::current_thread::CoreGuard>::enter<<tokio[95ccfaef279f2537]::runtime::scheduler::current_thread::CoreGuard>::block_on<core[df12db4294e9bfd3]::pin::Pin<&mut core[df12db4294e9bfd3]::pin::Pin<&mut dyn core[df12db4294e9bfd3]::future::future::Future<Output = ()>>>>::{closure#0}, core[df12db4294e9bfd3]::option::Option<()>>::{closure#0}>::{closure#0}, (alloc[2182bb758b4b3781]::boxed::Box<tokio[95ccfaef279f2537]::runtime::scheduler::current_thread::Core>, core[df12db4294e9bfd3]::option::Option<()>)>
[INFO] [stdout]                                at /rustc/dfb0accb7f508ae8be965d8629557221c889dd98/library/std/src/thread/local.rs:427:20
[INFO] [stdout]   36:     0x565787cd020d - tokio[95ccfaef279f2537]::runtime::context::set_scheduler::<(alloc[2182bb758b4b3781]::boxed::Box<tokio[95ccfaef279f2537]::runtime::scheduler::current_thread::Core>, core[df12db4294e9bfd3]::option::Option<()>), <tokio[95ccfaef279f2537]::runtime::scheduler::current_thread::CoreGuard>::enter<<tokio[95ccfaef279f2537]::runtime::scheduler::current_thread::CoreGuard>::block_on<core[df12db4294e9bfd3]::pin::Pin<&mut core[df12db4294e9bfd3]::pin::Pin<&mut dyn core[df12db4294e9bfd3]::future::future::Future<Output = ()>>>>::{closure#0}, core[df12db4294e9bfd3]::option::Option<()>>::{closure#0}>
[INFO] [stdout]                                at /opt/rustwide/cargo-home/registry/src/index.crates.io-1949cf8c6b5b557f/tokio-1.50.0/src/runtime/context.rs:176:17
[INFO] [stdout]   37:     0x565787ce3140 - <tokio[95ccfaef279f2537]::runtime::scheduler::current_thread::CoreGuard>::enter::<<tokio[95ccfaef279f2537]::runtime::scheduler::current_thread::CoreGuard>::block_on<core[df12db4294e9bfd3]::pin::Pin<&mut core[df12db4294e9bfd3]::pin::Pin<&mut dyn core[df12db4294e9bfd3]::future::future::Future<Output = ()>>>>::{closure#0}, core[df12db4294e9bfd3]::option::Option<()>>
[INFO] [stdout]                                at /opt/rustwide/cargo-home/registry/src/index.crates.io-1949cf8c6b5b557f/tokio-1.50.0/src/runtime/scheduler/current_thread/mod.rs:856:27
[INFO] [stdout]   38:     0x565787ce3436 - <tokio[95ccfaef279f2537]::runtime::scheduler::current_thread::CoreGuard>::block_on::<core[df12db4294e9bfd3]::pin::Pin<&mut core[df12db4294e9bfd3]::pin::Pin<&mut dyn core[df12db4294e9bfd3]::future::future::Future<Output = ()>>>>
[INFO] [stdout]                                at /opt/rustwide/cargo-home/registry/src/index.crates.io-1949cf8c6b5b557f/tokio-1.50.0/src/runtime/scheduler/current_thread/mod.rs:756:24
[INFO] [stdout]   39:     0x565787ce6a90 - <tokio[95ccfaef279f2537]::runtime::scheduler::current_thread::CurrentThread>::block_on::<core[df12db4294e9bfd3]::pin::Pin<&mut dyn core[df12db4294e9bfd3]::future::future::Future<Output = ()>>>::{closure#0}
[INFO] [stdout]                                at /opt/rustwide/cargo-home/registry/src/index.crates.io-1949cf8c6b5b557f/tokio-1.50.0/src/runtime/scheduler/current_thread/mod.rs:200:33
[INFO] [stdout]   40:     0x565787c59608 - tokio[95ccfaef279f2537]::runtime::context::runtime::enter_runtime::<<tokio[95ccfaef279f2537]::runtime::scheduler::current_thread::CurrentThread>::block_on<core[df12db4294e9bfd3]::pin::Pin<&mut dyn core[df12db4294e9bfd3]::future::future::Future<Output = ()>>>::{closure#0}, ()>
[INFO] [stdout]                                at /opt/rustwide/cargo-home/registry/src/index.crates.io-1949cf8c6b5b557f/tokio-1.50.0/src/runtime/context/runtime.rs:65:16
[INFO] [stdout]   41:     0x565787cde5c4 - <tokio[95ccfaef279f2537]::runtime::scheduler::current_thread::CurrentThread>::block_on::<core[df12db4294e9bfd3]::pin::Pin<&mut dyn core[df12db4294e9bfd3]::future::future::Future<Output = ()>>>
[INFO] [stdout]                                at /opt/rustwide/cargo-home/registry/src/index.crates.io-1949cf8c6b5b557f/tokio-1.50.0/src/runtime/scheduler/current_thread/mod.rs:188:9
[INFO] [stdout]   42:     0x565787c70b0f - <tokio[95ccfaef279f2537]::runtime::runtime::Runtime>::block_on_inner::<core[df12db4294e9bfd3]::pin::Pin<&mut dyn core[df12db4294e9bfd3]::future::future::Future<Output = ()>>>
[INFO] [stdout]                                at /opt/rustwide/cargo-home/registry/src/index.crates.io-1949cf8c6b5b557f/tokio-1.50.0/src/runtime/runtime.rs:371:52
[INFO] [stdout]   43:     0x565787c70c5b - <tokio[95ccfaef279f2537]::runtime::runtime::Runtime>::block_on::<core[df12db4294e9bfd3]::pin::Pin<&mut dyn core[df12db4294e9bfd3]::future::future::Future<Output = ()>>>
[INFO] [stdout]                                at /opt/rustwide/cargo-home/registry/src/index.crates.io-1949cf8c6b5b557f/tokio-1.50.0/src/runtime/runtime.rs:345:18
[INFO] [stdout]   44:     0x565787cdbfb2 - nats_flux[df5389aaf26f9850]::tests::test_save_message_to_nats
[INFO] [stdout]                                at /opt/rustwide/workdir/src/main.rs:228:19
[INFO] [stdout]   45:     0x565787cd4ed7 - nats_flux[df5389aaf26f9850]::tests::test_save_message_to_nats::{closure#0}
[INFO] [stdout]                                at /opt/rustwide/workdir/src/main.rs:192:41
[INFO] [stdout]   46:     0x565787c25616 - <nats_flux[df5389aaf26f9850]::tests::test_save_message_to_nats::{closure#0} as core[df12db4294e9bfd3]::ops::function::FnOnce<()>>::call_once
[INFO] [stdout]                                at /rustc/dfb0accb7f508ae8be965d8629557221c889dd98/library/core/src/ops/function.rs:250:5
[INFO] [stdout]   47:     0x56578811d0db - <fn() -> core[df12db4294e9bfd3]::result::Result<(), alloc[2182bb758b4b3781]::string::String> as core[df12db4294e9bfd3]::ops::function::FnOnce<()>>::call_once
[INFO] [stdout]                                at /rustc/dfb0accb7f508ae8be965d8629557221c889dd98/library/core/src/ops/function.rs:250:5
[INFO] [stdout]   48:     0x56578811d0db - test[9d35eded1c95d3be]::__rust_begin_short_backtrace::<core[df12db4294e9bfd3]::result::Result<(), alloc[2182bb758b4b3781]::string::String>, fn() -> core[df12db4294e9bfd3]::result::Result<(), alloc[2182bb758b4b3781]::string::String>>
[INFO] [stdout]                                at /rustc/dfb0accb7f508ae8be965d8629557221c889dd98/library/test/src/lib.rs:733:18
[INFO] [stdout]   49:     0x56578812a745 - test[9d35eded1c95d3be]::run_test_in_process::{closure#0}
[INFO] [stdout]                                at /rustc/dfb0accb7f508ae8be965d8629557221c889dd98/library/test/src/lib.rs:756:74
[INFO] [stdout]   50:     0x56578812a745 - <core[df12db4294e9bfd3]::panic::unwind_safe::AssertUnwindSafe<test[9d35eded1c95d3be]::run_test_in_process::{closure#0}> as core[df12db4294e9bfd3]::ops::function::FnOnce<()>>::call_once
[INFO] [stdout]                                at /rustc/dfb0accb7f508ae8be965d8629557221c889dd98/library/core/src/panic/unwind_safe.rs:275:9
[INFO] [stdout]   51:     0x56578812a745 - std[70759c8f55707aa4]::panicking::catch_unwind::do_call::<core[df12db4294e9bfd3]::panic::unwind_safe::AssertUnwindSafe<test[9d35eded1c95d3be]::run_test_in_process::{closure#0}>, core[df12db4294e9bfd3]::result::Result<(), alloc[2182bb758b4b3781]::string::String>>
[INFO] [stdout]                                at /rustc/dfb0accb7f508ae8be965d8629557221c889dd98/library/std/src/panicking.rs:576:43
[INFO] [stdout]   52:     0x56578812a745 - std[70759c8f55707aa4]::panicking::catch_unwind::<core[df12db4294e9bfd3]::result::Result<(), alloc[2182bb758b4b3781]::string::String>, core[df12db4294e9bfd3]::panic::unwind_safe::AssertUnwindSafe<test[9d35eded1c95d3be]::run_test_in_process::{closure#0}>>
[INFO] [stdout]                                at /rustc/dfb0accb7f508ae8be965d8629557221c889dd98/library/std/src/panicking.rs:544:19
[INFO] [stdout]   53:     0x56578812a745 - std[70759c8f55707aa4]::panic::catch_unwind::<core[df12db4294e9bfd3]::panic::unwind_safe::AssertUnwindSafe<test[9d35eded1c95d3be]::run_test_in_process::{closure#0}>, core[df12db4294e9bfd3]::result::Result<(), alloc[2182bb758b4b3781]::string::String>>
[INFO] [stdout]                                at /rustc/dfb0accb7f508ae8be965d8629557221c889dd98/library/std/src/panic.rs:359:14
[INFO] [stdout]   54:     0x56578812a745 - test[9d35eded1c95d3be]::run_test_in_process
[INFO] [stdout]                                at /rustc/dfb0accb7f508ae8be965d8629557221c889dd98/library/test/src/lib.rs:756:27
[INFO] [stdout]   55:     0x56578812a745 - test[9d35eded1c95d3be]::run_test::{closure#0}
[INFO] [stdout]                                at /rustc/dfb0accb7f508ae8be965d8629557221c889dd98/library/test/src/lib.rs:677:43
[INFO] [stdout]   56:     0x565788124004 - test[9d35eded1c95d3be]::run_test::{closure#1}
[INFO] [stdout]                                at /rustc/dfb0accb7f508ae8be965d8629557221c889dd98/library/test/src/lib.rs:707:41
[INFO] [stdout]   57:     0x565788124004 - std[70759c8f55707aa4]::sys::backtrace::__rust_begin_short_backtrace::<test[9d35eded1c95d3be]::run_test::{closure#1}, ()>
[INFO] [stdout]                                at /rustc/dfb0accb7f508ae8be965d8629557221c889dd98/library/std/src/sys/backtrace.rs:166:18
[INFO] [stdout]   58:     0x56578812d8a2 - std[70759c8f55707aa4]::thread::lifecycle::spawn_unchecked::<test[9d35eded1c95d3be]::run_test::{closure#1}, ()>::{closure#1}::{closure#0}
[INFO] [stdout]                                at /rustc/dfb0accb7f508ae8be965d8629557221c889dd98/library/std/src/thread/lifecycle.rs:70:13
[INFO] [stdout]   59:     0x56578812d8a2 - <core[df12db4294e9bfd3]::panic::unwind_safe::AssertUnwindSafe<std[70759c8f55707aa4]::thread::lifecycle::spawn_unchecked<test[9d35eded1c95d3be]::run_test::{closure#1}, ()>::{closure#1}::{closure#0}> as core[df12db4294e9bfd3]::ops::function::FnOnce<()>>::call_once
[INFO] [stdout]                                at /rustc/dfb0accb7f508ae8be965d8629557221c889dd98/library/core/src/panic/unwind_safe.rs:275:9
[INFO] [stdout]   60:     0x56578812d8a2 - std[70759c8f55707aa4]::panicking::catch_unwind::do_call::<core[df12db4294e9bfd3]::panic::unwind_safe::AssertUnwindSafe<std[70759c8f55707aa4]::thread::lifecycle::spawn_unchecked<test[9d35eded1c95d3be]::run_test::{closure#1}, ()>::{closure#1}::{closure#0}>, ()>
[INFO] [stdout]                                at /rustc/dfb0accb7f508ae8be965d8629557221c889dd98/library/std/src/panicking.rs:576:43
[INFO] [stdout]   61:     0x56578812d8a2 - std[70759c8f55707aa4]::panicking::catch_unwind::<(), core[df12db4294e9bfd3]::panic::unwind_safe::AssertUnwindSafe<std[70759c8f55707aa4]::thread::lifecycle::spawn_unchecked<test[9d35eded1c95d3be]::run_test::{closure#1}, ()>::{closure#1}::{closure#0}>>
[INFO] [stdout]                                at /rustc/dfb0accb7f508ae8be965d8629557221c889dd98/library/std/src/panicking.rs:544:19
[INFO] [stdout]   62:     0x56578812d8a2 - std[70759c8f55707aa4]::panic::catch_unwind::<core[df12db4294e9bfd3]::panic::unwind_safe::AssertUnwindSafe<std[70759c8f55707aa4]::thread::lifecycle::spawn_unchecked<test[9d35eded1c95d3be]::run_test::{closure#1}, ()>::{closure#1}::{closure#0}>, ()>
[INFO] [stdout]                                at /rustc/dfb0accb7f508ae8be965d8629557221c889dd98/library/std/src/panic.rs:359:14
[INFO] [stdout]   63:     0x56578812d8a2 - std[70759c8f55707aa4]::thread::lifecycle::spawn_unchecked::<test[9d35eded1c95d3be]::run_test::{closure#1}, ()>::{closure#1}
[INFO] [stdout]                                at /rustc/dfb0accb7f508ae8be965d8629557221c889dd98/library/std/src/thread/lifecycle.rs:68:26
[INFO] [stdout]   64:     0x56578812d8a2 - <std[70759c8f55707aa4]::thread::lifecycle::spawn_unchecked<test[9d35eded1c95d3be]::run_test::{closure#1}, ()>::{closure#1} as core[df12db4294e9bfd3]::ops::function::FnOnce<()>>::call_once::{shim:vtable#0}
[INFO] [stdout]                                at /rustc/dfb0accb7f508ae8be965d8629557221c889dd98/library/core/src/ops/function.rs:250:5
[INFO] [stdout]   65:     0x565788883cf9 - <alloc[2182bb758b4b3781]::boxed::Box<dyn core[df12db4294e9bfd3]::ops::function::FnOnce<(), Output = ()> + core[df12db4294e9bfd3]::marker::Send> as core[df12db4294e9bfd3]::ops::function::FnOnce<()>>::call_once
[INFO] [stdout]                                at /rustc/dfb0accb7f508ae8be965d8629557221c889dd98/library/alloc/src/boxed.rs:2320:9
[INFO] [stdout]   66:     0x565788883cf9 - <std[70759c8f55707aa4]::sys::thread::unix::Thread>::new::thread_start
[INFO] [stdout]                                at /rustc/dfb0accb7f508ae8be965d8629557221c889dd98/library/std/src/sys/thread/unix.rs:123:17
[INFO] [stdout]   67:     0x7c1649a9adfa - <unknown>
[INFO] [stdout]   68:     0x7c1649b2e3d4 - clone
[INFO] [stdout]   69:                0x0 - <unknown>
[INFO] [stdout] 
[INFO] [stdout] 
[INFO] [stdout] failures:
[INFO] [stdout]     tests::test_save_message_dedup
[INFO] [stdout]     tests::test_save_message_to_nats
[INFO] [stdout] 
[INFO] [stdout] test result: FAILED. 0 passed; 2 failed; 0 ignored; 0 measured; 0 filtered out; finished in 0.18s
[INFO] [stdout] 
[INFO] [stderr] error: test failed, to rerun pass `--bin nats-flux`
[INFO] running `Command { std: "docker" "inspect" "38ade85afe1e1d90bd0805ead3301317088304f30ad2c904928caafa734bc3d0", kill_on_drop: false }`
[INFO] running `Command { std: "docker" "rm" "-f" "38ade85afe1e1d90bd0805ead3301317088304f30ad2c904928caafa734bc3d0", kill_on_drop: false }`
[INFO] [stdout] 38ade85afe1e1d90bd0805ead3301317088304f30ad2c904928caafa734bc3d0
