[INFO] cloning repository https://github.com/reeveng/hypr-console
[INFO] running `Command { std: "git" "-c" "credential.helper=" "-c" "credential.helper=/workspace/cargo-home/bin/git-credential-null" "clone" "--bare" "https://github.com/reeveng/hypr-console" "/workspace/cache/git-repos/https%3A%2F%2Fgithub.com%2Freeveng%2Fhypr-console", kill_on_drop: false }`
[INFO] [stderr] Cloning into bare repository '/workspace/cache/git-repos/https%3A%2F%2Fgithub.com%2Freeveng%2Fhypr-console'...
[INFO] running `Command { std: "git" "rev-parse" "HEAD", kill_on_drop: false }`
[INFO] [stdout] a5d459bc04da27a8f898687c751455b431dcff75
[INFO] testing reeveng/hypr-console against 1.99.0-beta.8 for beta-1.100-3
[INFO] running `Command { std: "git" "clone" "/workspace/cache/git-repos/https%3A%2F%2Fgithub.com%2Freeveng%2Fhypr-console" "/workspace/builds/worker-4-tc1/source", kill_on_drop: false }`
[INFO] [stderr] Cloning into '/workspace/builds/worker-4-tc1/source'...
[INFO] [stderr] done.
[INFO] removed /workspace/builds/worker-4-tc1/source/.cargo/config.toml
[INFO] started tweaking git repo https://github.com/reeveng/hypr-console
[INFO] finished tweaking git repo https://github.com/reeveng/hypr-console
[INFO] tweaked toml for git repo https://github.com/reeveng/hypr-console written to /workspace/builds/worker-4-tc1/source/Cargo.toml
[INFO] validating manifest of git repo https://github.com/reeveng/hypr-console on toolchain 1.99.0-beta.8
[INFO] running `Command { std: CARGO_HOME="/workspace/cargo-home" RUSTUP_HOME="/workspace/rustup-home" "/workspace/cargo-home/bin/cargo" "+1.99.0-beta.8" "metadata" "--manifest-path" "Cargo.toml" "--no-deps", kill_on_drop: false }`
[INFO] crate git repo https://github.com/reeveng/hypr-console already has a lockfile, it will not be regenerated
[INFO] running `Command { std: CARGO_HOME="/workspace/cargo-home" RUSTUP_HOME="/workspace/rustup-home" "/workspace/cargo-home/bin/cargo" "+1.99.0-beta.8" "fetch" "--manifest-path" "Cargo.toml", kill_on_drop: false }`
[INFO] [stderr]     Blocking waiting for file lock on package cache
[INFO] [stderr]     Updating crates.io index
[INFO] [stderr]     Blocking waiting for file lock on package cache
[INFO] [stderr]  Downloading crates ...
[INFO] [stderr]   Downloaded xkbcommon v0.9.0
[INFO] [stderr]   Downloaded pangocairo-sys v0.22.9
[INFO] [stderr]   Downloaded pangocairo v0.22.9
[INFO] [stderr]   Downloaded system-deps v9.0.0
[INFO] [stderr]   Downloaded wayland-protocols-misc v0.3.12
[INFO] [stderr]   Downloaded cc v1.5.1
[INFO] [stderr]   Downloaded cairo-sys-rs v0.22.9
[INFO] [stderr]   Downloaded gobject-sys v0.22.9
[INFO] [stderr]   Downloaded pango-sys v0.22.9
[INFO] [stderr]   Downloaded cfg-expr v0.20.9
[INFO] [stderr]   Downloaded pango v0.22.9
[INFO] [stderr]   Downloaded glib-sys v0.22.9
[INFO] [stderr]   Downloaded glib-macros v0.22.9
[INFO] [stderr]   Downloaded gio-sys v0.22.9
[INFO] [stderr]   Downloaded cairo-rs v0.22.9
[INFO] [stderr]   Downloaded gio v0.22.10
[INFO] [stderr]   Downloaded glib v0.22.10
[INFO] running `Command { std: "docker" "create" "-v" "/var/lib/crater-agent-workspace/builds/worker-4-tc1/source:/opt/rustwide/workdir:ro,Z" "-v" "/var/lib/crater-agent-workspace/builds/worker-4-tc1/target:/opt/rustwide/target:rw,Z" "-v" "/var/lib/crater-agent-workspace/cargo-home:/opt/rustwide/cargo-home:ro,Z" "-v" "/var/lib/crater-agent-workspace/rustup-home:/opt/rustwide/rustup-home:ro,Z" "-m" "1610612736" "--network" "none" "ghcr.io/rust-lang/crates-build-env/linux@sha256:77db811e55d90add9212f6832c23229e3de5f1c1f9905e8cb07319ea15df73ac" "sleep" "infinity", kill_on_drop: false }`
[INFO] [stdout] 8459c0f3ccaece2639c4262cf49e286dbcd0ddc3b18fee8e0becc81d83b4df93
[INFO] running `Command { std: "docker" "start" "8459c0f3ccaece2639c4262cf49e286dbcd0ddc3b18fee8e0becc81d83b4df93", kill_on_drop: false }`
[INFO] running `Command { std: "docker" "inspect" "8459c0f3ccaece2639c4262cf49e286dbcd0ddc3b18fee8e0becc81d83b4df93", kill_on_drop: false }`
[INFO] running `Command { std: "docker" "exec" "-e" "SOURCE_DIR=/opt/rustwide/workdir" "-e" "CARGO_HOME=/opt/rustwide/cargo-home" "-e" "RUSTUP_HOME=/opt/rustwide/rustup-home" "-e" "CARGO_TARGET_DIR=/opt/rustwide/target" "-w" "/opt/rustwide/workdir" "--user" "0:0" "8459c0f3ccaece2639c4262cf49e286dbcd0ddc3b18fee8e0becc81d83b4df93" "/opt/rustwide/cargo-home/bin/cargo" "+1.99.0-beta.8" "metadata" "--no-deps" "--format-version=1", kill_on_drop: false }`
[INFO] running `Command { std: "docker" "inspect" "8459c0f3ccaece2639c4262cf49e286dbcd0ddc3b18fee8e0becc81d83b4df93", kill_on_drop: false }`
[INFO] running `Command { std: "docker" "exec" "-e" "SOURCE_DIR=/opt/rustwide/workdir" "-e" "CARGO_HOME=/opt/rustwide/cargo-home" "-e" "RUSTUP_HOME=/opt/rustwide/rustup-home" "-e" "CARGO_TARGET_DIR=/opt/rustwide/target" "-e" "CARGO_INCREMENTAL=0" "-e" "RUST_BACKTRACE=full" "-e" "RUSTFLAGS=--cap-lints=warn" "-e" "RUSTDOCFLAGS=--cap-lints=warn" "-w" "/opt/rustwide/workdir" "--user" "0:0" "8459c0f3ccaece2639c4262cf49e286dbcd0ddc3b18fee8e0becc81d83b4df93" "/opt/rustwide/cargo-home/bin/cargo" "+1.99.0-beta.8" "build" "--frozen" "--message-format=json", kill_on_drop: false }`
[INFO] [stderr]    Compiling console-core-never v0.1.0 (/opt/rustwide/workdir/crates/console-core-never)
[INFO] [stderr]    Compiling proc-macro2 v1.0.107
[INFO] [stderr]    Compiling unicode-ident v1.0.26
[INFO] [stderr]    Compiling bitflags v2.13.2
[INFO] [stderr]    Compiling rustix v1.1.5
[INFO] [stderr]    Compiling linux-raw-sys v0.12.1
[INFO] [stderr]    Compiling memchr v2.8.3
[INFO] [stderr]    Compiling serde_core v1.0.229
[INFO] [stderr]    Compiling console-core-number-conversion v0.1.0 (/opt/rustwide/workdir/crates/console-core-number-conversion)
[INFO] [stderr]    Compiling console-core-external-programs v0.1.0 (/opt/rustwide/workdir/crates/console-core-external-programs)
[INFO] [stderr]    Compiling console-core-arguments v0.1.0 (/opt/rustwide/workdir/crates/console-core-arguments)
[INFO] [stderr]    Compiling zmij v1.0.23
[INFO] [stderr]    Compiling itoa v1.0.18
[INFO] [stderr]    Compiling serde_json v1.0.151
[INFO] [stderr]    Compiling console-core-iteration v0.1.0 (/opt/rustwide/workdir/crates/console-core-iteration)
[INFO] [stderr]    Compiling console-core-geometry v0.1.0 (/opt/rustwide/workdir/crates/console-core-geometry)
[INFO] [stderr]    Compiling console-core-internal-programs v0.1.0 (/opt/rustwide/workdir/crates/console-core-internal-programs)
[INFO] [stderr]    Compiling console-core-directory-listing v0.1.0 (/opt/rustwide/workdir/crates/console-core-directory-listing)
[INFO] [stderr]    Compiling winnow v1.0.4
[INFO] [stderr]    Compiling pkg-config v0.3.34
[INFO] [stderr]    Compiling target-lexicon v0.13.5
[INFO] [stderr]    Compiling console-core-schedules v0.1.0 (/opt/rustwide/workdir/crates/console-core-schedules)
[INFO] [stderr]    Compiling console-core-checksums v0.1.0 (/opt/rustwide/workdir/crates/console-core-checksums)
[INFO] [stderr]    Compiling toml_datetime v1.1.1+spec-1.1.0
[INFO] [stderr]    Compiling toml_parser v1.1.3+spec-1.1.0
[INFO] [stderr]    Compiling system-deps v9.0.0
[INFO] [stderr]    Compiling serde_spanned v1.1.1
[INFO] [stderr]    Compiling smallvec v1.16.2
[INFO] [stderr]    Compiling version-compare v0.2.1
[INFO] [stderr]    Compiling console-core-reconnect v0.1.0 (/opt/rustwide/workdir/crates/console-core-reconnect)
[INFO] [stderr]    Compiling console-program-contract v0.1.0 (/opt/rustwide/workdir/crates/console-program-contract)
[INFO] [stderr]    Compiling console-core-state-machine v0.1.0 (/opt/rustwide/workdir/crates/console-core-state-machine)
[INFO] [stderr]    Compiling libc v0.2.189
[INFO] [stderr]    Compiling quote v1.0.47
[INFO] [stderr]    Compiling cfg-expr v0.20.9
[INFO] [stderr]    Compiling toml v1.1.6+spec-1.1.0
[INFO] [stderr]    Compiling syn v3.0.6
[INFO] [stderr]    Compiling find-msvc-tools v0.1.14
[INFO] [stderr]    Compiling cc v1.5.1
[INFO] [stderr]    Compiling wayland-sys v0.31.11
[INFO] [stderr]    Compiling quick-xml v0.41.0
[INFO] [stderr]    Compiling downcast-rs v1.2.1
[INFO] [stderr]    Compiling futures-core v0.3.34
[INFO] [stderr]    Compiling wayland-client v0.31.15
[INFO] [stderr]    Compiling futures-task v0.3.34
[INFO] [stderr]    Compiling slab v0.4.12
[INFO] [stderr]    Compiling pin-project-lite v0.2.17
[INFO] [stderr]    Compiling console-core-color v0.1.0 (/opt/rustwide/workdir/crates/console-core-color)
[INFO] [stderr]    Compiling futures-channel v0.3.34
[INFO] [stderr]    Compiling glib-sys v0.22.9
[INFO] [stderr]    Compiling gobject-sys v0.22.9
[INFO] [stderr]    Compiling pango-sys v0.22.9
[INFO] [stderr]    Compiling wayland-scanner v0.31.11
[INFO] [stderr]    Compiling gio-sys v0.22.9
[INFO] [stderr]    Compiling cairo-sys-rs v0.22.9
[INFO] [stderr]    Compiling pangocairo-sys v0.22.9
[INFO] [stderr]    Compiling wayland-backend v0.3.17
[INFO] [stderr]    Compiling futures-io v0.3.34
[INFO] [stderr]    Compiling memmap2 v0.9.11
[INFO] [stderr]    Compiling xkeysym v0.2.1
[INFO] [stderr]    Compiling console-core-fonts v0.1.0 (/opt/rustwide/workdir/crates/console-core-fonts)
[INFO] [stderr]    Compiling console-core-shapes v0.1.0 (/opt/rustwide/workdir/crates/console-core-shapes)
[INFO] [stderr]    Compiling console-core-prefix-codes v0.1.0 (/opt/rustwide/workdir/crates/console-core-prefix-codes)
[INFO] [stderr]    Compiling console-core-ini-files v0.1.0 (/opt/rustwide/workdir/crates/console-core-ini-files)
[INFO] [stderr]    Compiling console-core-zip-files v0.1.0 (/opt/rustwide/workdir/crates/console-core-zip-files)
[INFO] [stderr]    Compiling console-core-webp-files v0.1.0 (/opt/rustwide/workdir/crates/console-core-webp-files)
[INFO] [stderr]    Compiling console-core-jpeg-files v0.1.0 (/opt/rustwide/workdir/crates/console-core-jpeg-files)
[INFO] [stderr]    Compiling xkbcommon v0.9.0
[INFO] [stderr]    Compiling console-core-png-files v0.1.0 (/opt/rustwide/workdir/crates/console-core-png-files)
[INFO] [stderr]    Compiling console-core-picture-scaling v0.1.0 (/opt/rustwide/workdir/crates/console-core-picture-scaling)
[INFO] [stderr]    Compiling console-core-gif-files v0.1.0 (/opt/rustwide/workdir/crates/console-core-gif-files)
[INFO] [stderr]    Compiling console-concurrency v0.1.0 (/opt/rustwide/workdir/crates/console-concurrency)
[INFO] [stderr]    Compiling serde v1.0.229
[INFO] [stderr]    Compiling console-core-walking v0.1.0 (/opt/rustwide/workdir/crates/console-core-walking)
[INFO] [stderr]    Compiling console-repository v0.1.0 (/opt/rustwide/workdir/crates/console-repository)
[INFO] [stderr]    Compiling console-input-event-devices v0.1.0 (/opt/rustwide/workdir/crates/console-input-event-devices)
[INFO] [stderr]    Compiling console-core-file-names v0.1.0 (/opt/rustwide/workdir/crates/console-core-file-names)
[INFO] [stderr]    Compiling console-core-file-urls v0.1.0 (/opt/rustwide/workdir/crates/console-core-file-urls)
[INFO] [stderr]    Compiling equivalent v1.0.2
[INFO] [stderr]    Compiling hashbrown v0.17.1
[INFO] [stderr]    Compiling console-core-localization v0.1.0 (/opt/rustwide/workdir/crates/console-core-localization)
[INFO] [stderr]    Compiling toml_writer v1.1.2+spec-1.1.0
[INFO] [stderr]    Compiling unsafe-libyaml v0.2.11
[INFO] [stderr]    Compiling ryu v1.0.23
[INFO] [stderr]    Compiling typenum v1.20.1
[INFO] [stderr]    Compiling indexmap v2.14.2
[INFO] [stderr]    Compiling const-oid v0.10.2
[INFO] [stderr]    Compiling cpufeatures v0.3.1
[INFO] [stderr]    Compiling cfg-if v1.0.5
[INFO] [stderr]    Compiling console-login-session v0.1.0 (/opt/rustwide/workdir/crates/console-login-session)
[INFO] [stderr]    Compiling console-login-pattern v0.1.0 (/opt/rustwide/workdir/crates/console-login-pattern)
[INFO] [stderr]    Compiling console-readiness v0.1.0 (/opt/rustwide/workdir/crates/console-readiness)
[INFO] [stderr]    Compiling console-core-qr-codes v0.1.0 (/opt/rustwide/workdir/crates/console-core-qr-codes)
[INFO] [stderr]    Compiling console-device-name v0.1.0 (/opt/rustwide/workdir/crates/console-device-name)
[INFO] [stderr]    Compiling console-boot-entries v0.1.0 (/opt/rustwide/workdir/crates/console-boot-entries)
[INFO] [stderr]    Compiling console-how-far v0.1.0 (/opt/rustwide/workdir/crates/console-how-far)
[INFO] [stderr]    Compiling console-core-temporary-directories v0.1.0 (/opt/rustwide/workdir/crates/console-core-temporary-directories)
[INFO] [stderr]    Compiling console-kernel-handles v0.1.0 (/opt/rustwide/workdir/crates/console-kernel-handles)
[INFO] [stderr]    Compiling console-vocabulary v0.1.0 (/opt/rustwide/workdir/crates/console-vocabulary)
[INFO] [stderr]    Compiling console-core-web-engine v0.1.0 (/opt/rustwide/workdir/crates/console-core-web-engine)
[INFO] [stderr]    Compiling console-kernel-files v0.1.0 (/opt/rustwide/workdir/crates/console-kernel-files)
[INFO] [stderr]    Compiling console-kernel v0.1.0 (/opt/rustwide/workdir/crates/console-kernel)
[INFO] [stderr]    Compiling console-kernel-scheduling v0.1.0 (/opt/rustwide/workdir/crates/console-kernel-scheduling)
[INFO] [stderr]    Compiling hybrid-array v0.4.15
[INFO] [stderr]    Compiling console-test-flows v0.1.0 (/opt/rustwide/workdir/crates/console-test-flows)
[INFO] [stderr]    Compiling console-core-atomic-writes v0.1.0 (/opt/rustwide/workdir/crates/console-core-atomic-writes)
[INFO] [stderr]    Compiling console-program-lifetime v0.1.0 (/opt/rustwide/workdir/crates/console-program-lifetime)
[INFO] [stderr]    Compiling console-signals v0.1.0 (/opt/rustwide/workdir/crates/console-signals)
[INFO] [stderr]    Compiling console-waiting v0.1.0 (/opt/rustwide/workdir/crates/console-waiting)
[INFO] [stderr]    Compiling console-actor v0.1.0 (/opt/rustwide/workdir/crates/console-actor)
[INFO] [stderr]    Compiling console-bus v0.1.0 (/opt/rustwide/workdir/crates/console-bus)
[INFO] [stderr]    Compiling crypto-common v0.2.2
[INFO] [stderr]    Compiling block-buffer v0.12.1
[INFO] [stderr]    Compiling console-content-types v0.1.0 (/opt/rustwide/workdir/crates/console-content-types)
[INFO] [stderr]    Compiling console-manifest-publish v0.1.0 (/opt/rustwide/workdir/crates/console-manifest-publish)
[INFO] [stderr]    Compiling digest v0.11.3
[INFO] [stderr]    Compiling sha2 v0.11.0
[INFO] [stderr]    Compiling wayland-protocols v0.32.13
[INFO] [stderr]    Compiling console-core-words v0.1.0 (/opt/rustwide/workdir/crates/console-core-words)
[INFO] [stderr]    Compiling futures-macro v0.3.34
[INFO] [stderr]    Compiling glib-macros v0.22.9
[INFO] [stderr]    Compiling serde_derive v1.0.229
[INFO] [stderr]    Compiling console-core-places v0.1.0 (/opt/rustwide/workdir/crates/console-core-places)
[INFO] [stderr]    Compiling console-pictures v0.1.0 (/opt/rustwide/workdir/crates/console-pictures)
[INFO] [stderr]    Compiling console-manifest-migrations v0.1.0 (/opt/rustwide/workdir/crates/console-manifest-migrations)
[INFO] [stderr]    Compiling console-tasks v0.1.0 (/opt/rustwide/workdir/crates/console-tasks)
[INFO] [stderr]    Compiling console-defaults v0.1.0 (/opt/rustwide/workdir/crates/console-defaults)
[INFO] [stderr]    Compiling console-compositor v0.1.0 (/opt/rustwide/workdir/crates/console-compositor)
[INFO] [stderr]    Compiling console-response-times v0.1.0 (/opt/rustwide/workdir/crates/console-response-times)
[INFO] [stderr]    Compiling futures-util v0.3.34
[INFO] [stderr]    Compiling console-sound-effects v0.1.0 (/opt/rustwide/workdir/crates/console-sound-effects)
[INFO] [stderr]    Compiling console-applications v0.1.0 (/opt/rustwide/workdir/crates/console-applications)
[INFO] [stderr]    Compiling console-input-alphabets v0.1.0 (/opt/rustwide/workdir/crates/console-input-alphabets)
[INFO] [stderr]    Compiling console-onscreen v0.1.0 (/opt/rustwide/workdir/crates/console-onscreen)
[INFO] [stderr]    Compiling console-events v0.1.0 (/opt/rustwide/workdir/crates/console-events)
[INFO] [stderr]    Compiling console-screen v0.1.0 (/opt/rustwide/workdir/crates/console-screen)
[INFO] [stderr]    Compiling console-session v0.1.0 (/opt/rustwide/workdir/crates/console-session)
[INFO] [stderr]    Compiling console-battery v0.1.0 (/opt/rustwide/workdir/crates/console-battery)
[INFO] [stderr]    Compiling console-awake v0.1.0 (/opt/rustwide/workdir/crates/console-awake)
[INFO] [stderr]    Compiling console-program-runtime v0.1.0 (/opt/rustwide/workdir/crates/console-program-runtime)
[INFO] [stderr]    Compiling console-music-player v0.1.0 (/opt/rustwide/workdir/crates/console-music-player)
[INFO] [stderr]    Compiling console-input-language v0.1.0 (/opt/rustwide/workdir/crates/console-input-language)
[INFO] [stderr]    Compiling console-default-applications v0.1.0 (/opt/rustwide/workdir/crates/console-default-applications)
[INFO] [stderr]    Compiling console-login-window v0.1.0 (/opt/rustwide/workdir/crates/console-login-window)
[INFO] [stderr]    Compiling console-weather v0.1.0 (/opt/rustwide/workdir/crates/console-weather)
[INFO] [stderr]    Compiling console-cpu-boost v0.1.0 (/opt/rustwide/workdir/crates/console-cpu-boost)
[INFO] [stderr]    Compiling console-input-dictation v0.1.0 (/opt/rustwide/workdir/crates/console-input-dictation)
[INFO] [stderr]    Compiling futures-executor v0.3.34
[INFO] [stderr]    Compiling console-device v0.1.0 (/opt/rustwide/workdir/crates/console-device)
[INFO] [stderr]    Compiling console-recovery v0.1.0 (/opt/rustwide/workdir/crates/console-recovery)
[INFO] [stderr]    Compiling console-resource-usage v0.1.0 (/opt/rustwide/workdir/crates/console-resource-usage)
[INFO] [stderr]    Compiling console-bookmarks v0.1.0 (/opt/rustwide/workdir/crates/console-bookmarks)
[INFO] [stderr]    Compiling console-rename v0.1.0 (/opt/rustwide/workdir/crates/console-rename)
[INFO] [stderr]    Compiling console-browser-extension v0.1.0 (/opt/rustwide/workdir/crates/console-browser-extension)
[INFO] [stderr]    Compiling wayland-protocols-wlr v0.3.12
[INFO] [stderr]    Compiling glib v0.22.10
[INFO] [stderr]    Compiling wayland-protocols-misc v0.3.12
[INFO] [stderr]    Compiling serde_yaml_ng v0.10.0
[INFO] [stderr]    Compiling console-wallpaper v0.1.0 (/opt/rustwide/workdir/crates/console-wallpaper)
[INFO] [stderr]    Compiling console-resume v0.1.0 (/opt/rustwide/workdir/crates/console-resume)
[INFO] [stderr]    Compiling console-palette v0.1.0 (/opt/rustwide/workdir/crates/console-palette)
[INFO] [stderr]    Compiling console-draw-surface v0.1.0 (/opt/rustwide/workdir/crates/console-draw-surface)
[INFO] [stderr]    Compiling console-input-gamepad v0.1.0 (/opt/rustwide/workdir/crates/console-input-gamepad)
[INFO] [stderr]    Compiling console-input-pointer v0.1.0 (/opt/rustwide/workdir/crates/console-input-pointer)
[INFO] [stderr]    Compiling console-input-bindings v0.1.0 (/opt/rustwide/workdir/crates/console-input-bindings)
[INFO] [stderr]    Compiling console-input-focus v0.1.0 (/opt/rustwide/workdir/crates/console-input-focus)
[INFO] [stderr]    Compiling console-input-controller v0.1.0 (/opt/rustwide/workdir/crates/console-input-controller)
[INFO] [stderr]    Compiling console-input-touchscreen v0.1.0 (/opt/rustwide/workdir/crates/console-input-touchscreen)
[INFO] [stderr]    Compiling gio v0.22.10
[INFO] [stderr]    Compiling cairo-rs v0.22.9
[INFO] [stderr]    Compiling pango v0.22.9
[INFO] [stderr]    Compiling pangocairo v0.22.9
[INFO] [stderr]    Compiling console-draw-painting v0.1.0 (/opt/rustwide/workdir/crates/console-draw-painting)
[INFO] [stderr]    Compiling console-input-keyboard v0.1.0 (/opt/rustwide/workdir/crates/console-input-keyboard)
[INFO] [stderr]    Compiling console-panel v0.1.0 (/opt/rustwide/workdir/crates/console-panel)
[INFO] [stderr]    Compiling console-overview v0.1.0 (/opt/rustwide/workdir/crates/console-overview)
[INFO] [stderr]    Compiling console-control-center v0.1.0 (/opt/rustwide/workdir/crates/console-control-center)
[INFO] [stderr]    Compiling console-notifications v0.1.0 (/opt/rustwide/workdir/crates/console-notifications)
[INFO] [stderr]    Compiling console-music v0.1.0 (/opt/rustwide/workdir/crates/console-music)
[INFO] [stderr]    Compiling console-books v0.1.0 (/opt/rustwide/workdir/crates/console-books)
[INFO] [stderr]    Compiling console-files v0.1.0 (/opt/rustwide/workdir/crates/console-files)
[INFO] [stderr]    Compiling console-calculator v0.1.0 (/opt/rustwide/workdir/crates/console-calculator)
[INFO] [stderr]    Compiling console-forecast v0.1.0 (/opt/rustwide/workdir/crates/console-forecast)
[INFO] [stderr]    Compiling console-media-viewer v0.1.0 (/opt/rustwide/workdir/crates/console-media-viewer)
[INFO] [stderr]    Compiling console-calendar v0.1.0 (/opt/rustwide/workdir/crates/console-calendar)
[INFO] [stderr]    Compiling console-notes v0.1.0 (/opt/rustwide/workdir/crates/console-notes)
[INFO] [stderr]    Compiling console-manifest-engine v0.1.0 (/opt/rustwide/workdir/crates/console-manifest-engine)
[INFO] [stderr]    Compiling console-status-bar v0.1.0 (/opt/rustwide/workdir/crates/console-status-bar)
[INFO] [stderr]    Compiling console-downloads v0.1.0 (/opt/rustwide/workdir/crates/console-downloads)
[INFO] [stderr]    Compiling console-button-guide v0.1.0 (/opt/rustwide/workdir/crates/console-button-guide)
[INFO] [stderr]    Compiling console-home-screen v0.1.0 (/opt/rustwide/workdir/crates/console-home-screen)
[INFO] [stderr]    Compiling console-login-greeter v0.1.0 (/opt/rustwide/workdir/crates/console-login-greeter)
[INFO] [stderr]    Compiling console-input-mapping v0.1.0 (/opt/rustwide/workdir/crates/console-input-mapping)
[INFO] [stderr]    Compiling console-test-stages v0.1.0 (/opt/rustwide/workdir/crates/console-test-stages)
[INFO] [stderr]    Compiling console-lock-screen v0.1.0 (/opt/rustwide/workdir/crates/console-lock-screen)
[INFO] [stderr]    Compiling console-settings v0.1.0 (/opt/rustwide/workdir/crates/console-settings)
[INFO] [stderr]    Compiling console-launcher v0.1.0 (/opt/rustwide/workdir/crates/console-launcher)
[INFO] [stderr]    Compiling console-architecture v0.1.0 (/opt/rustwide/workdir/crates/console-architecture)
[INFO] [stderr]    Compiling console-test-desktop v0.1.0 (/opt/rustwide/workdir/crates/console-test-desktop)
[INFO] [stderr]    Compiling console-test-checks v0.1.0 (/opt/rustwide/workdir/crates/console-test-checks)
[INFO] [stderr]    Compiling console-panels v0.1.0 (/opt/rustwide/workdir/crates/console-panels)
[INFO] [stderr]     Finished `dev` profile [unoptimized + debuginfo] target(s) in 3m 41s
[INFO] running `Command { std: "docker" "inspect" "8459c0f3ccaece2639c4262cf49e286dbcd0ddc3b18fee8e0becc81d83b4df93", kill_on_drop: false }`
[INFO] running `Command { std: "docker" "exec" "-e" "SOURCE_DIR=/opt/rustwide/workdir" "-e" "CARGO_HOME=/opt/rustwide/cargo-home" "-e" "RUSTUP_HOME=/opt/rustwide/rustup-home" "-e" "CARGO_TARGET_DIR=/opt/rustwide/target" "-e" "CARGO_INCREMENTAL=0" "-e" "RUST_BACKTRACE=full" "-e" "RUSTFLAGS=--cap-lints=warn" "-e" "RUSTDOCFLAGS=--cap-lints=warn" "-w" "/opt/rustwide/workdir" "--user" "0:0" "8459c0f3ccaece2639c4262cf49e286dbcd0ddc3b18fee8e0becc81d83b4df93" "/opt/rustwide/cargo-home/bin/cargo" "+1.99.0-beta.8" "test" "--frozen" "--no-run" "--message-format=json", kill_on_drop: false }`
[INFO] [stderr]    Compiling unicode-ident v1.0.26
[INFO] [stderr]    Compiling quote v1.0.47
[INFO] [stderr]    Compiling proc-macro2 v1.0.107
[INFO] [stderr]    Compiling console-vocabulary v0.1.0 (/opt/rustwide/workdir/crates/console-vocabulary)
[INFO] [stderr]    Compiling console-kernel-scheduling v0.1.0 (/opt/rustwide/workdir/crates/console-kernel-scheduling)
[INFO] [stderr]    Compiling console-kernel-files v0.1.0 (/opt/rustwide/workdir/crates/console-kernel-files)
[INFO] [stderr]    Compiling console-manifest-publish v0.1.0 (/opt/rustwide/workdir/crates/console-manifest-publish)
[INFO] [stderr]    Compiling console-kernel v0.1.0 (/opt/rustwide/workdir/crates/console-kernel)
[INFO] [stderr]    Compiling console-login-session v0.1.0 (/opt/rustwide/workdir/crates/console-login-session)
[INFO] [stderr]    Compiling console-bus v0.1.0 (/opt/rustwide/workdir/crates/console-bus)
[INFO] [stderr]    Compiling console-core-png-files v0.1.0 (/opt/rustwide/workdir/crates/console-core-png-files)
[INFO] [stderr]    Compiling console-concurrency v0.1.0 (/opt/rustwide/workdir/crates/console-concurrency)
[INFO] [stderr]    Compiling console-core-atomic-writes v0.1.0 (/opt/rustwide/workdir/crates/console-core-atomic-writes)
[INFO] [stderr]    Compiling console-actor v0.1.0 (/opt/rustwide/workdir/crates/console-actor)
[INFO] [stderr]    Compiling syn v3.0.6
[INFO] [stderr]    Compiling console-core-directory-listing v0.1.0 (/opt/rustwide/workdir/crates/console-core-directory-listing)
[INFO] [stderr]    Compiling console-core-external-programs v0.1.0 (/opt/rustwide/workdir/crates/console-core-external-programs)
[INFO] [stderr]    Compiling console-core-webp-files v0.1.0 (/opt/rustwide/workdir/crates/console-core-webp-files)
[INFO] [stderr]    Compiling console-core-gif-files v0.1.0 (/opt/rustwide/workdir/crates/console-core-gif-files)
[INFO] [stderr]    Compiling console-core-jpeg-files v0.1.0 (/opt/rustwide/workdir/crates/console-core-jpeg-files)
[INFO] [stderr]    Compiling console-core-zip-files v0.1.0 (/opt/rustwide/workdir/crates/console-core-zip-files)
[INFO] [stderr]    Compiling console-core-picture-scaling v0.1.0 (/opt/rustwide/workdir/crates/console-core-picture-scaling)
[INFO] [stderr]    Compiling console-core-shapes v0.1.0 (/opt/rustwide/workdir/crates/console-core-shapes)
[INFO] [stderr]    Compiling console-core-color v0.1.0 (/opt/rustwide/workdir/crates/console-core-color)
[INFO] [stderr]    Compiling console-core-state-machine v0.1.0 (/opt/rustwide/workdir/crates/console-core-state-machine)
[INFO] [stderr]    Compiling console-program-lifetime v0.1.0 (/opt/rustwide/workdir/crates/console-program-lifetime)
[INFO] [stderr]    Compiling console-waiting v0.1.0 (/opt/rustwide/workdir/crates/console-waiting)
[INFO] [stderr]    Compiling wayland-scanner v0.31.11
[INFO] [stderr]    Compiling console-core-reconnect v0.1.0 (/opt/rustwide/workdir/crates/console-core-reconnect)
[INFO] [stderr]    Compiling console-content-types v0.1.0 (/opt/rustwide/workdir/crates/console-content-types)
[INFO] [stderr]    Compiling console-program-contract v0.1.0 (/opt/rustwide/workdir/crates/console-program-contract)
[INFO] [stderr]    Compiling console-signals v0.1.0 (/opt/rustwide/workdir/crates/console-signals)
[INFO] [stderr]    Compiling console-core-web-engine v0.1.0 (/opt/rustwide/workdir/crates/console-core-web-engine)
[INFO] [stderr]    Compiling console-login-pattern v0.1.0 (/opt/rustwide/workdir/crates/console-login-pattern)
[INFO] [stderr]    Compiling console-core-qr-codes v0.1.0 (/opt/rustwide/workdir/crates/console-core-qr-codes)
[INFO] [stderr]    Compiling console-input-event-devices v0.1.0 (/opt/rustwide/workdir/crates/console-input-event-devices)
[INFO] [stderr]    Compiling console-core-internal-programs v0.1.0 (/opt/rustwide/workdir/crates/console-core-internal-programs)
[INFO] [stderr]    Compiling wayland-client v0.31.15
[INFO] [stderr]    Compiling console-core-checksums v0.1.0 (/opt/rustwide/workdir/crates/console-core-checksums)
[INFO] [stderr]    Compiling console-core-walking v0.1.0 (/opt/rustwide/workdir/crates/console-core-walking)
[INFO] [stderr]    Compiling console-core-prefix-codes v0.1.0 (/opt/rustwide/workdir/crates/console-core-prefix-codes)
[INFO] [stderr]    Compiling console-how-far v0.1.0 (/opt/rustwide/workdir/crates/console-how-far)
[INFO] [stderr]    Compiling console-boot-entries v0.1.0 (/opt/rustwide/workdir/crates/console-boot-entries)
[INFO] [stderr]    Compiling console-kernel-handles v0.1.0 (/opt/rustwide/workdir/crates/console-kernel-handles)
[INFO] [stderr]    Compiling console-core-localization v0.1.0 (/opt/rustwide/workdir/crates/console-core-localization)
[INFO] [stderr]    Compiling console-core-fonts v0.1.0 (/opt/rustwide/workdir/crates/console-core-fonts)
[INFO] [stderr]    Compiling console-core-schedules v0.1.0 (/opt/rustwide/workdir/crates/console-core-schedules)
[INFO] [stderr]    Compiling console-core-geometry v0.1.0 (/opt/rustwide/workdir/crates/console-core-geometry)
[INFO] [stderr]    Compiling console-core-file-names v0.1.0 (/opt/rustwide/workdir/crates/console-core-file-names)
[INFO] [stderr]    Compiling console-core-iteration v0.1.0 (/opt/rustwide/workdir/crates/console-core-iteration)
[INFO] [stderr]    Compiling console-core-ini-files v0.1.0 (/opt/rustwide/workdir/crates/console-core-ini-files)
[INFO] [stderr]    Compiling console-core-file-urls v0.1.0 (/opt/rustwide/workdir/crates/console-core-file-urls)
[INFO] [stderr]    Compiling console-core-temporary-directories v0.1.0 (/opt/rustwide/workdir/crates/console-core-temporary-directories)
[INFO] [stderr]    Compiling console-core-number-conversion v0.1.0 (/opt/rustwide/workdir/crates/console-core-number-conversion)
[INFO] [stderr]    Compiling console-readiness v0.1.0 (/opt/rustwide/workdir/crates/console-readiness)
[INFO] [stderr]    Compiling console-device-name v0.1.0 (/opt/rustwide/workdir/crates/console-device-name)
[INFO] [stderr]    Compiling console-core-never v0.1.0 (/opt/rustwide/workdir/crates/console-core-never)
[INFO] [stderr]    Compiling wayland-protocols v0.32.13
[INFO] [stderr]    Compiling console-core-words v0.1.0 (/opt/rustwide/workdir/crates/console-core-words)
[INFO] [stderr]    Compiling console-core-places v0.1.0 (/opt/rustwide/workdir/crates/console-core-places)
[INFO] [stderr]    Compiling console-compositor v0.1.0 (/opt/rustwide/workdir/crates/console-compositor)
[INFO] [stderr]    Compiling console-defaults v0.1.0 (/opt/rustwide/workdir/crates/console-defaults)
[INFO] [stderr]    Compiling console-onscreen v0.1.0 (/opt/rustwide/workdir/crates/console-onscreen)
[INFO] [stderr]    Compiling console-events v0.1.0 (/opt/rustwide/workdir/crates/console-events)
[INFO] [stderr]    Compiling console-response-times v0.1.0 (/opt/rustwide/workdir/crates/console-response-times)
[INFO] [stderr]    Compiling console-screen v0.1.0 (/opt/rustwide/workdir/crates/console-screen)
[INFO] [stderr]    Compiling futures-macro v0.3.34
[INFO] [stderr]    Compiling glib-macros v0.22.9
[INFO] [stderr]    Compiling wayland-protocols-wlr v0.3.12
[INFO] [stderr]    Compiling console-sound-effects v0.1.0 (/opt/rustwide/workdir/crates/console-sound-effects)
[INFO] [stderr]    Compiling console-pictures v0.1.0 (/opt/rustwide/workdir/crates/console-pictures)
[INFO] [stderr]    Compiling serde_derive v1.0.229
[INFO] [stderr]    Compiling console-program-runtime v0.1.0 (/opt/rustwide/workdir/crates/console-program-runtime)
[INFO] [stderr]    Compiling console-session v0.1.0 (/opt/rustwide/workdir/crates/console-session)
[INFO] [stderr]    Compiling futures-util v0.3.34
[INFO] [stderr]    Compiling console-input-alphabets v0.1.0 (/opt/rustwide/workdir/crates/console-input-alphabets)
[INFO] [stderr]    Compiling console-awake v0.1.0 (/opt/rustwide/workdir/crates/console-awake)
[INFO] [stderr]    Compiling console-input-language v0.1.0 (/opt/rustwide/workdir/crates/console-input-language)
[INFO] [stderr]    Compiling console-battery v0.1.0 (/opt/rustwide/workdir/crates/console-battery)
[INFO] [stderr]    Compiling console-applications v0.1.0 (/opt/rustwide/workdir/crates/console-applications)
[INFO] [stderr]    Compiling console-cpu-boost v0.1.0 (/opt/rustwide/workdir/crates/console-cpu-boost)
[INFO] [stderr]    Compiling console-music-player v0.1.0 (/opt/rustwide/workdir/crates/console-music-player)
[INFO] [stderr]    Compiling console-manifest-migrations v0.1.0 (/opt/rustwide/workdir/crates/console-manifest-migrations)
[INFO] [stderr]    Compiling console-default-applications v0.1.0 (/opt/rustwide/workdir/crates/console-default-applications)
[INFO] [stderr]    Compiling console-draw-surface v0.1.0 (/opt/rustwide/workdir/crates/console-draw-surface)
[INFO] [stderr]    Compiling console-login-window v0.1.0 (/opt/rustwide/workdir/crates/console-login-window)
[INFO] [stderr]    Compiling console-weather v0.1.0 (/opt/rustwide/workdir/crates/console-weather)
[INFO] [stderr]    Compiling console-input-dictation v0.1.0 (/opt/rustwide/workdir/crates/console-input-dictation)
[INFO] [stderr]    Compiling wayland-protocols-misc v0.3.12
[INFO] [stderr]    Compiling console-rename v0.1.0 (/opt/rustwide/workdir/crates/console-rename)
[INFO] [stderr]    Compiling console-resource-usage v0.1.0 (/opt/rustwide/workdir/crates/console-resource-usage)
[INFO] [stderr]    Compiling console-device v0.1.0 (/opt/rustwide/workdir/crates/console-device)
[INFO] [stderr]    Compiling futures-executor v0.3.34
[INFO] [stderr]    Compiling console-bookmarks v0.1.0 (/opt/rustwide/workdir/crates/console-bookmarks)
[INFO] [stderr]    Compiling console-input-pointer v0.1.0 (/opt/rustwide/workdir/crates/console-input-pointer)
[INFO] [stderr]    Compiling console-recovery v0.1.0 (/opt/rustwide/workdir/crates/console-recovery)
[INFO] [stderr]    Compiling console-browser-extension v0.1.0 (/opt/rustwide/workdir/crates/console-browser-extension)
[INFO] [stderr]    Compiling console-tasks v0.1.0 (/opt/rustwide/workdir/crates/console-tasks)
[INFO] [stderr]    Compiling serde v1.0.229
[INFO] [stderr]    Compiling glib v0.22.10
[INFO] [stderr]    Compiling serde_yaml_ng v0.10.0
[INFO] [stderr]    Compiling console-wallpaper v0.1.0 (/opt/rustwide/workdir/crates/console-wallpaper)
[INFO] [stderr]    Compiling console-resume v0.1.0 (/opt/rustwide/workdir/crates/console-resume)
[INFO] [stderr]    Compiling console-palette v0.1.0 (/opt/rustwide/workdir/crates/console-palette)
[INFO] [stderr]    Compiling console-input-gamepad v0.1.0 (/opt/rustwide/workdir/crates/console-input-gamepad)
[INFO] [stderr]    Compiling console-input-bindings v0.1.0 (/opt/rustwide/workdir/crates/console-input-bindings)
[INFO] [stderr]    Compiling console-input-focus v0.1.0 (/opt/rustwide/workdir/crates/console-input-focus)
[INFO] [stderr]    Compiling console-input-controller v0.1.0 (/opt/rustwide/workdir/crates/console-input-controller)
[INFO] [stderr]    Compiling gio v0.22.10
[INFO] [stderr]    Compiling cairo-rs v0.22.9
[INFO] [stderr]    Compiling console-repository v0.1.0 (/opt/rustwide/workdir/crates/console-repository)
[INFO] [stderr]    Compiling console-input-touchscreen v0.1.0 (/opt/rustwide/workdir/crates/console-input-touchscreen)
[INFO] [stderr]    Compiling console-core-arguments v0.1.0 (/opt/rustwide/workdir/crates/console-core-arguments)
[INFO] [stderr]    Compiling pango v0.22.9
[INFO] [stderr]    Compiling pangocairo v0.22.9
[INFO] [stderr]    Compiling console-draw-painting v0.1.0 (/opt/rustwide/workdir/crates/console-draw-painting)
[INFO] [stderr]    Compiling console-input-keyboard v0.1.0 (/opt/rustwide/workdir/crates/console-input-keyboard)
[INFO] [stderr]    Compiling console-panel v0.1.0 (/opt/rustwide/workdir/crates/console-panel)
[INFO] [stderr]    Compiling console-overview v0.1.0 (/opt/rustwide/workdir/crates/console-overview)
[INFO] [stderr]    Compiling console-control-center v0.1.0 (/opt/rustwide/workdir/crates/console-control-center)
[INFO] [stderr]    Compiling console-notifications v0.1.0 (/opt/rustwide/workdir/crates/console-notifications)
[INFO] [stderr]    Compiling console-music v0.1.0 (/opt/rustwide/workdir/crates/console-music)
[INFO] [stderr]    Compiling console-books v0.1.0 (/opt/rustwide/workdir/crates/console-books)
[INFO] [stderr]    Compiling console-files v0.1.0 (/opt/rustwide/workdir/crates/console-files)
[INFO] [stderr]    Compiling console-media-viewer v0.1.0 (/opt/rustwide/workdir/crates/console-media-viewer)
[INFO] [stderr]    Compiling console-calendar v0.1.0 (/opt/rustwide/workdir/crates/console-calendar)
[INFO] [stderr]    Compiling console-forecast v0.1.0 (/opt/rustwide/workdir/crates/console-forecast)
[INFO] [stderr]    Compiling console-notes v0.1.0 (/opt/rustwide/workdir/crates/console-notes)
[INFO] [stderr]    Compiling console-calculator v0.1.0 (/opt/rustwide/workdir/crates/console-calculator)
[INFO] [stderr]    Compiling console-status-bar v0.1.0 (/opt/rustwide/workdir/crates/console-status-bar)
[INFO] [stderr]    Compiling console-test-stages v0.1.0 (/opt/rustwide/workdir/crates/console-test-stages)
[INFO] [stderr]    Compiling console-manifest-engine v0.1.0 (/opt/rustwide/workdir/crates/console-manifest-engine)
[INFO] [stderr]    Compiling console-home-screen v0.1.0 (/opt/rustwide/workdir/crates/console-home-screen)
[INFO] [stderr]    Compiling console-login-greeter v0.1.0 (/opt/rustwide/workdir/crates/console-login-greeter)
[INFO] [stderr]    Compiling console-button-guide v0.1.0 (/opt/rustwide/workdir/crates/console-button-guide)
[INFO] [stderr]    Compiling console-downloads v0.1.0 (/opt/rustwide/workdir/crates/console-downloads)
[INFO] [stderr]    Compiling console-architecture v0.1.0 (/opt/rustwide/workdir/crates/console-architecture)
[INFO] [stderr]    Compiling console-launcher v0.1.0 (/opt/rustwide/workdir/crates/console-launcher)
[INFO] [stderr]    Compiling console-lock-screen v0.1.0 (/opt/rustwide/workdir/crates/console-lock-screen)
[INFO] [stderr]    Compiling console-settings v0.1.0 (/opt/rustwide/workdir/crates/console-settings)
[INFO] [stderr]    Compiling console-input-mapping v0.1.0 (/opt/rustwide/workdir/crates/console-input-mapping)
[INFO] [stderr]    Compiling console-test-desktop v0.1.0 (/opt/rustwide/workdir/crates/console-test-desktop)
[INFO] [stderr]    Compiling console-panels v0.1.0 (/opt/rustwide/workdir/crates/console-panels)
[INFO] [stderr]    Compiling console-test-checks v0.1.0 (/opt/rustwide/workdir/crates/console-test-checks)
[INFO] [stderr]    Compiling console-test-flows v0.1.0 (/opt/rustwide/workdir/crates/console-test-flows)
[INFO] [stderr]     Finished `test` profile [unoptimized + debuginfo] target(s) in 2m 56s
[INFO] running `Command { std: "docker" "inspect" "8459c0f3ccaece2639c4262cf49e286dbcd0ddc3b18fee8e0becc81d83b4df93", kill_on_drop: false }`
[INFO] running `Command { std: "docker" "exec" "-e" "SOURCE_DIR=/opt/rustwide/workdir" "-e" "CARGO_HOME=/opt/rustwide/cargo-home" "-e" "RUSTUP_HOME=/opt/rustwide/rustup-home" "-e" "CARGO_TARGET_DIR=/opt/rustwide/target" "-e" "CARGO_INCREMENTAL=0" "-e" "RUST_BACKTRACE=full" "-e" "RUSTFLAGS=--cap-lints=warn" "-e" "RUSTDOCFLAGS=--cap-lints=warn" "-w" "/opt/rustwide/workdir" "--user" "0:0" "8459c0f3ccaece2639c4262cf49e286dbcd0ddc3b18fee8e0becc81d83b4df93" "/opt/rustwide/cargo-home/bin/cargo" "+1.99.0-beta.8" "test" "--frozen", kill_on_drop: false }`
[INFO] [stderr]     Finished `test` profile [unoptimized + debuginfo] target(s) in 0.36s
[INFO] [stderr]      Running unittests src/lib.rs (/opt/rustwide/target/debug/deps/console_actor-8e973af0a58fcff2)
[INFO] [stdout] 
[INFO] [stdout] running 0 tests
[INFO] [stdout] 
[INFO] [stdout] test result: ok. 0 passed; 0 failed; 0 ignored; 0 measured; 0 filtered out; finished in 0.00s
[INFO] [stdout] 
[INFO] [stderr]      Running tests/the_actors.rs (/opt/rustwide/target/debug/deps/the_actors-877a0400f976ff04)
[INFO] [stdout] 
[INFO] [stdout] running 11 tests
[INFO] [stdout] test a_key_that_will_not_be_read_is_not_started_over ... ok
[INFO] [stdout] test it_holds_a_state_without_a_lock ... ok
[INFO] [stdout] test an_ended_actor_says_so_to_every_handle ... ok
[INFO] [stdout] test a_saved_state_that_will_not_be_read_starts_fresh ... ok
[INFO] [stdout] test what_a_request_decided_goes_back_to_whoever_sent_it ... ok
[INFO] [stdout] test a_kept_machine_comes_back_where_it_was ... ok
[INFO] [stdout] test a_request_the_machine_falls_under_is_told_rather_than_left_waiting ... ok
[INFO] [stdout] test what_was_sent_behind_a_fall_still_arrives ... ok
[INFO] [stdout] test every_request_from_every_thread_arrives ... ok
[INFO] [stdout] test a_kept_machine_that_falls_starts_again_from_where_it_was_kept ... ok
[INFO] [stdout] test a_kept_machine_is_saved_once_nothing_is_waiting_for_it ... ok
[INFO] [stdout] 
[INFO] [stdout] test result: ok. 11 passed; 0 failed; 0 ignored; 0 measured; 0 filtered out; finished in 0.06s
[INFO] [stdout] 
[INFO] [stderr]      Running tests/the_store.rs (/opt/rustwide/target/debug/deps/the_store-aa05e09ea5b61afd)
[INFO] [stdout] 
[INFO] [stdout] running 3 tests
[INFO] [stdout] test a_key_is_a_name_and_never_a_path ... ok
[INFO] [stdout] test a_key_that_will_not_be_read_is_a_fault_and_not_an_empty_store ... ok
[INFO] [stdout] test what_is_set_is_what_is_got_until_it_is_removed ... ok
[INFO] [stdout] 
[INFO] [stdout] test result: ok. 3 passed; 0 failed; 0 ignored; 0 measured; 0 filtered out; finished in 0.00s
[INFO] [stdout] 
[INFO] [stderr]      Running unittests src/lib.rs (/opt/rustwide/target/debug/deps/console_applications-194ed62ba26af9d5)
[INFO] [stdout] 
[INFO] [stdout] running 45 tests
[INFO] [stdout] test counts::tests::a_line_that_is_not_a_count_is_not_one ... ok
[INFO] [stdout] test counts::tests::a_count_is_a_number_and_a_name ... ok
[INFO] [stdout] test counts::tests::opening_one_counts_it ... ok
[INFO] [stdout] test cache::tests::a_name_with_a_tab_in_it_is_still_one_field ... ok
[INFO] [stdout] test counts::tests::everything_else_is_alphabetical_whatever_case_it_is_written_in ... ok
[INFO] [stdout] test cache::tests::a_line_that_is_not_an_application_is_not_a_row ... ok
[INFO] [stdout] test cache::tests::what_was_written_is_what_is_read ... ok
[INFO] [stdout] test cache::tests::an_application_with_no_picture_is_still_an_application ... ok
[INFO] [stdout] test counts::tests::the_ones_opened_most_come_first ... ok
[INFO] [stdout] test entry::tests::something_that_names_a_program_this_machine_has_not_got_is_not_drawn ... ok
[INFO] [stdout] test entry::tests::something_that_asks_not_to_be_seen_is_not_drawn ... ok
[INFO] [stdout] test entry::tests::only_the_entry_itself_is_read ... ok
[INFO] [stdout] test entry::tests::an_entry_with_nothing_to_run_is_not_drawn ... ok
[INFO] [stdout] test entry::tests::a_name_with_a_line_break_in_it_is_still_one_line ... ok
[INFO] [stdout] test entry::tests::what_is_written_is_what_is_read_back ... ok
[INFO] [stdout] test entry::tests::an_entry_is_a_name_a_command_and_an_icon ... ok
[INFO] [stdout] test icons::tests::a_steam_icon_is_named_by_the_game_it_is_for ... ok
[INFO] [stdout] test found::tests::an_application_whose_icon_was_found_keeps_it ... ok
[INFO] [stdout] test icons::tests::something_drawn_beats_something_pixelated ... ok
[INFO] [stdout] test found::tests::an_application_with_no_icon_file_is_given_the_picture_of_a_program ... ok
[INFO] [stdout] test counts::tests::what_is_read_is_what_is_written ... ok
[INFO] [stdout] test icons::tests::the_nearest_to_the_size_a_row_is_wins ... ok
[INFO] [stdout] test icons::tests::whichever_part_of_the_path_looks_like_a_size_is_the_size ... ok
[INFO] [stdout] test icons::tests::the_theme_this_machine_is_dressed_in_wins ... ok
[INFO] [stdout] test image::tests::a_png_says_how_big_it_is_in_its_header ... ok
[INFO] [stdout] test image::tests::anything_else_says_nothing_rather_than_guessing ... ok
[INFO] [stdout] test narrow::tests::a_name_answers_to_a_word_anywhere_in_it ... ok
[INFO] [stdout] test narrow::tests::a_word_nothing_answers_to_leaves_nothing ... ok
[INFO] [stdout] test icons::tests::something_too_small_or_saying_nothing_is_no_use ... ok
[INFO] [stdout] test icons::tests::what_is_written_is_what_is_read ... ok
[INFO] [stdout] test image::tests::a_jpeg_says_so_after_whatever_else_it_carries ... ok
[INFO] [stdout] test entry::tests::something_that_is_not_an_application_is_not_drawn ... ok
[INFO] [stdout] test narrow::tests::what_begins_with_the_word_comes_before_what_merely_holds_it ... ok
[INFO] [stdout] test words::tests::a_doubled_percent_is_the_one_a_command_meant ... ok
[INFO] [stdout] test narrow::tests::nothing_typed_leaves_the_list_as_it_was ... ok
[INFO] [stdout] test words::tests::a_word_with_nothing_in_it_to_hide_is_written_as_it_is ... ok
[INFO] [stdout] test words::tests::a_percent_in_an_address_survives_the_reading ... ok
[INFO] [stdout] test words::tests::something_that_is_not_a_field_code_is_left_where_it_is ... ok
[INFO] [stderr]      Running unittests src/lib.rs (/opt/rustwide/target/debug/deps/console_architecture-bda60bd8bcc8ee4e)
[INFO] [stdout] test words::tests::a_quoted_space_is_part_of_the_word ... ok
[INFO] [stdout] test words::tests::an_empty_command_is_no_words_rather_than_one_empty_one ... ok
[INFO] [stdout] test words::tests::the_field_codes_are_taken_out ... ok
[INFO] [stdout] test words::tests::quoting_that_never_closes_is_not_a_command ... ok
[INFO] [stdout] test narrow::tests::the_case_it_was_typed_in_does_not_matter ... ok
[INFO] [stdout] test words::tests::a_command_is_its_words ... ok
[INFO] [stdout] test words::tests::what_is_joined_is_what_is_split_back_out ... ok
[INFO] [stdout] 
[INFO] [stdout] test result: ok. 45 passed; 0 failed; 0 ignored; 0 measured; 0 filtered out; finished in 0.00s
[INFO] [stdout] 
[INFO] [stdout] 
[INFO] [stdout] running 0 tests
[INFO] [stdout] 
[INFO] [stdout] test result: ok. 0 passed; 0 failed; 0 ignored; 0 measured; 0 filtered out; finished in 0.00s
[INFO] [stdout] 
[INFO] [stderr]      Running unittests src/main.rs (/opt/rustwide/target/debug/deps/console_architecture-404103e000017ecd)
[INFO] [stdout] 
[INFO] [stdout] running 0 tests
[INFO] [stdout] 
[INFO] [stdout] test result: ok. 0 passed; 0 failed; 0 ignored; 0 measured; 0 filtered out; finished in 0.00s
[INFO] [stdout] 
[INFO] [stderr]      Running tests/the_map.rs (/opt/rustwide/target/debug/deps/the_map-40097acd001d33d9)
[INFO] [stdout] 
[INFO] [stdout] running 2 tests
[INFO] [stdout] test every_unit_the_manifest_enables_is_on_the_map ... ok
[INFO] [stdout] test the_map_is_the_one_the_tree_draws ... ok
[INFO] [stdout] 
[INFO] [stdout] test result: ok. 2 passed; 0 failed; 0 ignored; 0 measured; 0 filtered out; finished in 0.03s
[INFO] [stdout] 
[INFO] [stderr]      Running tests/the_rules.rs (/opt/rustwide/target/debug/deps/the_rules-719783966c2cee4c)
[INFO] [stdout] 
[INFO] [stdout] running 4 tests
[INFO] [stdout] test every_event_group_the_pool_serves_has_a_source ... ok
[INFO] [stdout] test nothing_but_the_compositor_crate_runs_hyprctl ... ok
[INFO] [stdout] test nothing_both_subscribes_and_keeps_a_clock ... ok
[INFO] [stdout] test nothing_but_the_pool_opens_the_compositors_events ... ok
[INFO] [stdout] 
[INFO] [stdout] test result: ok. 4 passed; 0 failed; 0 ignored; 0 measured; 0 filtered out; finished in 0.02s
[INFO] [stdout] 
[INFO] [stderr]      Running unittests src/lib.rs (/opt/rustwide/target/debug/deps/console_awake-abb0ab19837bd03a)
[INFO] [stdout] 
[INFO] [stdout] running 5 tests
[INFO] [stdout] test tests::an_apply_is_kept_from_stopping_sleeping_and_going_idle ... ok
[INFO] [stdout] test tests::a_song_is_kept_from_sleeping_and_from_nothing_else ... ok
[INFO] [stdout] test tests::the_lid_is_left_to_whoever_shut_it ... ok
[INFO] [stdout] test tests::letting_go_ends_the_child_that_was_holding_it ... ok
[INFO] [stdout] test tests::a_machine_that_cannot_be_asked_says_so_rather_than_failing ... ok
[INFO] [stdout] 
[INFO] [stdout] test result: ok. 5 passed; 0 failed; 0 ignored; 0 measured; 0 filtered out; finished in 0.00s
[INFO] [stdout] 
[INFO] [stderr]      Running unittests src/lib.rs (/opt/rustwide/target/debug/deps/console_battery-9fcf3d4487051f85)
[INFO] [stdout] 
[INFO] [stdout] running 19 tests
[INFO] [stdout] test tests::a_charge_limit_reads_as_held_and_not_as_a_machine_running_flat ... ok
[INFO] [stdout] test tests::a_battery_that_is_not_filling_on_the_cable_is_still_on_the_cable ... ok
[INFO] [stdout] test tests::a_charge_that_climbs_clear_of_a_step_can_meet_it_again ... ok
[INFO] [stdout] test tests::a_cable_that_is_out_is_a_battery_on_its_own_whatever_it_is_full_of ... ok
[INFO] [stdout] test tests::a_charge_is_a_number_and_whether_it_is_filling ... ok
[INFO] [stdout] test tests::a_file_with_the_three_in_the_wrong_order_is_read_in_order ... ok
[INFO] [stdout] test tests::a_file_that_says_nothing_is_this_desktops_own_answers ... ok
[INFO] [stdout] test tests::a_machine_with_no_mains_supply_is_read_the_way_it_always_was ... ok
[INFO] [stdout] test tests::a_reading_that_falls_through_two_steps_owes_the_deeper_one ... ok
[INFO] [stdout] test tests::a_step_set_to_never_is_never_reached ... ok
[INFO] [stdout] test tests::a_step_stops_where_the_one_under_it_is ... ok
[INFO] [stdout] test tests::a_step_survives_as_one_number ... ok
[INFO] [stdout] test tests::a_step_is_said_once_and_not_again_while_it_is_held ... ok
[INFO] [stdout] test tests::nothing_happens_to_a_battery_that_is_filling ... ok
[INFO] [stdout] test tests::a_machine_with_no_battery_is_not_a_machine_about_to_stop ... ok
[INFO] [stdout] test tests::a_step_is_asked_for_by_its_own_word ... ok
[INFO] [stdout] test tests::what_the_cable_is_called_survives_being_written_down_and_read_back ... ok
[INFO] [stdout] test tests::nothing_happens_to_a_battery_on_the_cable_that_is_not_filling ... ok
[INFO] [stdout] test tests::a_reading_wobbling_on_a_step_does_not_say_it_twice ... ok
[INFO] [stdout] 
[INFO] [stdout] test result: ok. 19 passed; 0 failed; 0 ignored; 0 measured; 0 filtered out; finished in 0.00s
[INFO] [stdout] 
[INFO] [stderr]      Running unittests src/lib.rs (/opt/rustwide/target/debug/deps/console_bookmarks-bc4b8173ec02b7e9)
[INFO] [stdout] 
[INFO] [stdout] running 13 tests
[INFO] [stdout] test tests::a_bookmark_is_an_id_an_address_a_name_and_a_picture ... ok
[INFO] [stdout] test tests::a_page_with_no_name_is_called_where_it_is ... ok
[INFO] [stdout] test tests::a_bookmark_with_no_picture_is_a_bookmark ... ok
[INFO] [stdout] test tests::a_line_that_is_not_a_bookmark_is_not_one ... ok
[INFO] [stdout] test tests::a_picture_that_is_not_one_is_no_picture_rather_than_half_of_one ... ok
[INFO] [stdout] test tests::what_is_not_a_page_is_not_something_to_open ... ok
[INFO] [stdout] test tests::two_pages_called_the_same_thing_are_told_apart_by_where_they_are ... ok
[INFO] [stdout] test tests::an_id_is_only_what_can_be_a_file_name ... ok
[INFO] [stdout] test tests::what_opens_a_bookmark_is_the_address_it_was_given ... ok
[INFO] [stdout] test tests::where_a_bookmark_is_kept_is_where_the_menu_reads_from ... ok
[INFO] [stdout] test tests::nothing_that_is_not_a_bookmark_is_swept ... ok
[INFO] [stdout] test tests::a_bookmark_is_written_where_the_menu_looks_for_applications ... ok
[INFO] [stdout] test tests::a_bookmark_that_has_gone_from_the_browser_goes_from_the_menu ... ok
[INFO] [stdout] 
[INFO] [stdout] test result: ok. 13 passed; 0 failed; 0 ignored; 0 measured; 0 filtered out; finished in 0.02s
[INFO] [stdout] 
[INFO] [stderr]      Running unittests src/bin/bookmarks-index.rs (/opt/rustwide/target/debug/deps/bookmarks_index-cc1ecf01d9d5b235)
[INFO] [stdout] 
[INFO] [stdout] running 0 tests
[INFO] [stdout] 
[INFO] [stdout] test result: ok. 0 passed; 0 failed; 0 ignored; 0 measured; 0 filtered out; finished in 0.00s
[INFO] [stdout] 
[INFO] [stderr]      Running unittests src/lib.rs (/opt/rustwide/target/debug/deps/console_books-cf7110c82ba7e300)
[INFO] [stdout] 
[INFO] [stdout] running 66 tests
[INFO] [stdout] test annotating::tests::a_note_left_empty_was_never_made ... ok
[INFO] [stdout] test annotating::tests::a_tap_on_a_highlight_takes_it_off_and_undo_puts_it_back ... ok
[INFO] [stdout] test annotating::tests::writing_a_note_is_one_edit_to_undo_and_redo ... ok
[INFO] [stdout] test annotating::tests::y_walks_the_tools_in_the_order_they_stand_on_the_rail ... ok
[INFO] [stdout] test annotating::tests::undo_reaches_only_the_page_that_is_open ... ok
[INFO] [stdout] test appearance::tests::a_colour_is_read_back_exactly_as_it_was_written ... ok
[INFO] [stdout] test appearance::tests::a_pinch_scales_the_size_it_started_from ... ok
[INFO] [stdout] test annotating::tests::a_second_note_on_the_same_words_opens_the_first ... ok
[INFO] [stdout] test annotating::tests::writing_again_into_a_note_is_undone_back_to_what_it_said ... ok
[INFO] [stdout] test appearance::tests::a_text_size_is_kept_between_the_smallest_and_the_largest ... ok
[INFO] [stdout] test annotating::tests::a_note_is_typed_into_its_popup_and_kept_letter_by_letter ... ok
[INFO] [stdout] test annotating::tests::the_eraser_takes_the_note_whose_last_stroke_it_rubs_out ... ok
[INFO] [stdout] test appearance::tests::nothing_chosen_is_the_page_as_it_always_was ... ok
[INFO] [stdout] test appearance::tests::every_face_is_read_back_by_its_own_word ... ok
[INFO] [stdout] test appearance::tests::the_grid_is_grays_from_white_to_black_and_then_every_hue_pale_to_deep ... ok
[INFO] [stdout] test appearance::tests::what_cannot_be_read_back_is_the_desktop_rather_than_black ... ok
[INFO] [stdout] test grid::tests::the_library_scrolls_only_as_far_as_the_cover_being_stood_on ... ok
[INFO] [stdout] test flow::tests::a_break_is_a_line_and_a_picture_stands_between_paragraphs ... ok
[INFO] [stdout] test annotating::tests::b_backs_out_of_the_writing_then_the_popups_then_the_book ... ok
[INFO] [stdout] test flow::tests::a_link_is_named_the_way_the_zip_names_it ... ok
[INFO] [stdout] test flow::tests::a_chapter_is_its_headings_and_paragraphs_with_the_head_left_out ... ok
[INFO] [stdout] test grid::tests::the_dpad_reads_the_library_the_way_the_eye_does ... ok
[INFO] [stdout] test grid::tests::the_library_holds_as_many_covers_across_as_fit_at_a_thumbs_width ... ok
[INFO] [stdout] test flow::tests::words_outside_any_block_are_still_read ... ok
[INFO] [stdout] test library::tests::a_search_is_any_part_of_a_title_in_any_case ... ok
[INFO] [stdout] test library::tests::a_book_downloads_kept_is_on_the_shelf_under_the_title_downloads_showed ... ok
[INFO] [stdout] test library::tests::the_catalog_is_read_back_as_it_was_written ... ok
[INFO] [stdout] test library::tests::the_library_is_the_books_in_the_folder_by_title_and_nothing_else ... ok
[INFO] [stdout] test live_text::tests::a_highlight_on_a_picture_is_widened_to_the_words_that_were_found ... ok
[INFO] [stdout] test live_text::tests::a_highlight_covers_the_boxes_of_the_words_it_runs_over ... ok
[INFO] [stdout] test live_text::tests::a_page_is_read_in_the_languages_of_its_script_that_are_installed ... ok
[INFO] [stdout] test live_text::tests::a_pdf_text_layer_is_read_as_its_paragraphs ... ok
[INFO] [stdout] test live_text::tests::japanese_and_thai_words_are_joined_with_nothing_between_them ... ok
[INFO] [stdout] test live_text::tests::a_word_knows_its_letters_and_its_share_of_the_page ... ok
[INFO] [stdout] test live_text::tests::what_was_recognized_off_a_picture_is_read_the_same_way ... ok
[INFO] [stdout] test markup::tests::an_empty_tag_opens_and_closes_at_once_and_a_namespace_is_dropped ... ok
[INFO] [stdout] test notes::tests::a_highlight_is_found_by_any_letter_inside_it ... ok
[INFO] [stdout] test notes::tests::a_highlight_is_widened_to_whole_words ... ok
[INFO] [stdout] test markup::tests::a_paragraph_is_a_tag_its_words_and_the_tag_closing ... ok
[INFO] [stdout] test markup::tests::entities_become_the_letters_they_stand_for ... ok
[INFO] [stdout] test markup::tests::comments_and_declarations_are_stepped_over ... ok
[INFO] [stdout] test notes::tests::handwriting_grows_with_the_text_it_was_written_beside ... ok
[INFO] [stdout] test notes::tests::a_typed_note_is_found_by_a_tap_on_its_words_or_a_run_over_them ... ok
[INFO] [stdout] test notes::tests::every_note_comes_back_out_of_the_file_it_was_written_into ... ok
[INFO] [stdout] test live_text::tests::a_touch_finds_the_nearest_word ... ok
[INFO] [stdout] test notes::tests::handwriting_is_a_picture_a_markdown_reader_can_show ... ok
[INFO] [stdout] test notes::tests::the_file_reads_as_the_book_with_what_was_highlighted_marked ... ok
[INFO] [stdout] test notes::tests::what_a_person_wrote_in_the_file_by_hand_is_not_a_note ... ok
[INFO] [stdout] test pages::tests::a_chapter_with_nothing_in_it_is_still_one_page ... ok
[INFO] [stdout] test notes::tests::what_was_typed_is_read_under_its_quote_and_cannot_pass_for_a_note ... ok
[INFO] [stdout] test pages::tests::a_line_knows_the_block_and_the_letter_it_starts_at ... ok
[INFO] [stdout] test pages::tests::lines_stack_until_the_page_is_full_and_the_rest_starts_the_next ... ok
[INFO] [stdout] test progress::tests::every_page_comes_back_as_itself_when_nothing_about_the_screen_changed ... ok
[INFO] [stdout] test pages::tests::a_paragraph_after_another_is_half_a_line_further_down ... ok
[INFO] [stdout] test progress::tests::a_line_nobody_can_read_is_left_out_rather_than_read_as_the_start ... ok
[INFO] [stdout] test progress::tests::a_place_is_written_and_read_back_with_a_name_that_has_spaces_in_it ... ok
[INFO] [stdout] test progress::tests::the_percent_is_the_parts_read_and_the_share_of_the_one_open ... ok
[INFO] [stdout] test progress::tests::the_same_place_in_a_chapter_laid_out_larger_is_the_page_holding_its_first_letter ... ok
[INFO] [stderr]      Running unittests src/bin/books.rs (/opt/rustwide/target/debug/deps/books-57ff09eaf1e452c9)
[INFO] [stdout] test pages::tests::a_picture_is_a_page_of_its_own ... ok
[INFO] [stdout] test publication::tests::a_book_with_no_chapters_says_so ... ok
[INFO] [stdout] test publication::tests::a_package_says_its_title_author_cover_and_the_order_of_its_chapters ... ok
[INFO] [stdout] test publication::tests::an_epub_three_cover_is_found_by_what_it_is_rather_than_what_it_is_called ... ok
[INFO] [stdout] test publication::tests::the_container_names_the_package ... ok
[INFO] [stdout] test reading::tests::back_from_the_start_of_a_chapter_is_the_end_of_the_one_before ... ok
[INFO] [stdout] test reading::tests::a_swipe_left_is_the_next_page_and_a_tap_that_slid_is_no_swipe ... ok
[INFO] [stdout] test reading::tests::forward_is_the_next_page_and_then_the_next_chapter ... ok
[INFO] [stdout] 
[INFO] [stdout] test result: ok. 66 passed; 0 failed; 0 ignored; 0 measured; 0 filtered out; finished in 0.01s
[INFO] [stdout] 
[INFO] [stdout] 
[INFO] [stdout] running 18 tests
[INFO] [stdout] test tests::a_keyboard_taking_the_bottom_of_the_screen_redraws_the_library_into_what_is_left ... ok
[INFO] [stdout] test tests::a_book_is_read_on_the_page_and_in_the_ink_that_were_chosen ... ok
[INFO] [stdout] test tests::covers_made_while_the_library_is_open_are_drawn_without_a_press ... ok
[INFO] [stdout] test tests::a_book_that_lands_in_books_while_the_library_is_open_is_on_the_shelf ... ok
[INFO] [stdout] test tests::the_bars_beside_the_page_turn_it_and_the_page_itself_is_left_for_notes ... ok
[INFO] [stdout] test tests::a_hand_on_the_page_while_reading_marks_nothing ... ok
[INFO] [stderr] console-events: XDG_RUNTIME_DIR: nothing says where this session keeps its sockets, so there is no pool to ask
[INFO] [stderr] keyboard-show: XDG_RUNTIME_DIR: nothing says where a keyboard would be listening
[INFO] [stdout] test tests::handwriting_is_kept_beside_its_paragraph_and_drawn_there_again ... ok
[INFO] [stdout] test tests::handwriting_stays_beside_its_word_when_the_text_is_resized ... ok
[INFO] [stdout] test tests::a_pdf_is_highlighted_by_the_words_it_carries ... FAILED
[INFO] [stdout] test tests::a_highlight_taken_off_by_a_tap_comes_back_with_undo ... ok
[INFO] [stdout] test tests::what_is_typed_sits_in_the_middle_of_the_search ... ok
[INFO] [stdout] test tests::the_marker_highlights_whole_words_into_the_file_and_a_tap_takes_it_off ... ok
[INFO] [stdout] test tests::y_on_the_controller_walks_the_tools_the_way_tab_does ... ok
[INFO] [stdout] test tests::the_eraser_takes_off_the_stroke_and_the_highlight_under_it ... ok
[INFO] [stdout] test tests::without_a_hand_a_paragraph_is_picked_and_highlighted_whole ... ok
[INFO] [stdout] test tests::a_typed_note_is_written_under_its_words_and_closed_to_its_icon ... ok
[INFO] [stdout] test tests::undo_and_redo_reach_only_the_page_that_is_open ... ok
[INFO] [stdout] test tests::a_comic_is_read_off_the_picture_and_highlighted_the_same_way ... FAILED
[INFO] [stdout] 
[INFO] [stdout] failures:
[INFO] [stdout] 
[INFO] [stdout] ---- tests::a_pdf_is_highlighted_by_the_words_it_carries stdout ----
[INFO] [stdout] books: /opt/rustwide/workdir/crates/console-books/tests/a-page.pdf: No such file or directory (os error 2)
[INFO] [stdout] Error: NotFound("the page is drawn")
[INFO] [stdout] 
[INFO] [stdout] ---- tests::a_comic_is_read_off_the_picture_and_highlighted_the_same_way stdout ----
[INFO] [stdout] books: tesseract would not start: No such file or directory (os error 2)
[INFO] [stdout] 
[INFO] [stdout] thread 'tests::a_comic_is_read_off_the_picture_and_highlighted_the_same_way' (13348) panicked at crates/console-books/src/bin/books.rs:4396:9:
[INFO] [stdout] assertion `left == right` failed: tesseract read the page
[INFO] [stdout]   left: RanOut
[INFO] [stdout]  right: Happened
[INFO] [stdout] stack backtrace:
[INFO] [stdout]    0:     0x5fd710fbe2e1 - std[70759c8f55707aa4]::backtrace_rs::backtrace::libunwind::trace
[INFO] [stdout]                                at /rustc/dfb0accb7f508ae8be965d8629557221c889dd98/library/std/src/../../backtrace/src/backtrace/libunwind.rs:117:9
[INFO] [stdout]    1:     0x5fd710fbe2e1 - std[70759c8f55707aa4]::backtrace_rs::backtrace::trace_unsynchronized::<std[70759c8f55707aa4]::sys::backtrace::_print_fmt::{closure#1}>
[INFO] [stdout]                                at /rustc/dfb0accb7f508ae8be965d8629557221c889dd98/library/std/src/../../backtrace/src/backtrace/mod.rs:66:14
[INFO] [stdout]    2:     0x5fd710fbe2e1 - std[70759c8f55707aa4]::sys::backtrace::_print_fmt
[INFO] [stdout]                                at /rustc/dfb0accb7f508ae8be965d8629557221c889dd98/library/std/src/sys/backtrace.rs:74:9
[INFO] [stdout]    3:     0x5fd710fbe2e1 - <<std[70759c8f55707aa4]::sys::backtrace::BacktraceLock>::print::DisplayBacktrace as core[df12db4294e9bfd3]::fmt::Display>::fmt
[INFO] [stdout]                                at /rustc/dfb0accb7f508ae8be965d8629557221c889dd98/library/std/src/sys/backtrace.rs:44:26
[INFO] [stdout]    4:     0x5fd710fd500a - <core[df12db4294e9bfd3]::fmt::rt::Argument>::fmt
[INFO] [stdout]                                at /rustc/dfb0accb7f508ae8be965d8629557221c889dd98/library/core/src/fmt/rt.rs:152:76
[INFO] [stdout]    5:     0x5fd710fd500a - core[df12db4294e9bfd3]::fmt::write
[INFO] [stdout]    6:     0x5fd710fc2b5c - core[df12db4294e9bfd3]::io::write::default_write_fmt::<alloc[2182bb758b4b3781]::vec::Vec<u8>>
[INFO] [stdout]                                at /rustc/dfb0accb7f508ae8be965d8629557221c889dd98/library/core/src/io/write.rs:402:11
[INFO] [stdout]    7:     0x5fd710fc2b5c - <alloc[2182bb758b4b3781]::vec::Vec<u8> as core[df12db4294e9bfd3]::io::write::Write>::write_fmt
[INFO] [stdout]                                at /rustc/dfb0accb7f508ae8be965d8629557221c889dd98/library/core/src/io/write.rs:335:13
[INFO] [stdout]    8:     0x5fd710f976e6 - <std[70759c8f55707aa4]::sys::backtrace::BacktraceLock>::print
[INFO] [stdout]                                at /rustc/dfb0accb7f508ae8be965d8629557221c889dd98/library/std/src/sys/backtrace.rs:47:9
[INFO] [stdout]    9:     0x5fd710f976e6 - std[70759c8f55707aa4]::panicking::default_hook::{closure#0}
[INFO] [stdout]                                at /rustc/dfb0accb7f508ae8be965d8629557221c889dd98/library/std/src/panicking.rs:292:27
[INFO] [stdout]   10:     0x5fd710fb51e9 - std[70759c8f55707aa4]::panicking::default_hook
[INFO] [stdout]                                at /rustc/dfb0accb7f508ae8be965d8629557221c889dd98/library/std/src/panicking.rs:316:9
[INFO] [stdout]   11:     0x5fd710d7e620 - <alloc[2182bb758b4b3781]::boxed::Box<dyn for<'a, 'b> core[df12db4294e9bfd3]::ops::function::Fn<(&'a std[70759c8f55707aa4]::panic::PanicHookInfo<'b>,), Output = ()> + core[df12db4294e9bfd3]::marker::Send + core[df12db4294e9bfd3]::marker::Sync> as core[df12db4294e9bfd3]::ops::function::Fn<(&std[70759c8f55707aa4]::panic::PanicHookInfo,)>>::call
[INFO] [stdout]                                at /rustc/dfb0accb7f508ae8be965d8629557221c889dd98/library/alloc/src/boxed.rs:2334:9
[INFO] [stdout]   12:     0x5fd710d7e620 - test[9d35eded1c95d3be]::test_main_inner::<test[9d35eded1c95d3be]::test_main_static::{closure#0}>::{closure#0}
[INFO] [stdout]                                at /rustc/dfb0accb7f508ae8be965d8629557221c889dd98/library/test/src/lib.rs:155:21
[INFO] [stdout]   13:     0x5fd710fb5512 - <alloc[2182bb758b4b3781]::boxed::Box<dyn for<'a, 'b> core[df12db4294e9bfd3]::ops::function::Fn<(&'a std[70759c8f55707aa4]::panic::PanicHookInfo<'b>,), Output = ()> + core[df12db4294e9bfd3]::marker::Send + core[df12db4294e9bfd3]::marker::Sync> as core[df12db4294e9bfd3]::ops::function::Fn<(&std[70759c8f55707aa4]::panic::PanicHookInfo,)>>::call
[INFO] [stdout]                                at /rustc/dfb0accb7f508ae8be965d8629557221c889dd98/library/alloc/src/boxed.rs:2334:9
[INFO] [stdout]   14:     0x5fd710fb5512 - std[70759c8f55707aa4]::panicking::panic_with_hook
[INFO] [stdout]                                at /rustc/dfb0accb7f508ae8be965d8629557221c889dd98/library/std/src/panicking.rs:823:13
[INFO] [stdout]   15:     0x5fd710f97792 - std[70759c8f55707aa4]::panicking::panic_handler::{closure#0}
[INFO] [stdout]                                at /rustc/dfb0accb7f508ae8be965d8629557221c889dd98/library/std/src/panicking.rs:688:13
[INFO] [stdout]   16:     0x5fd710f90169 - std[70759c8f55707aa4]::sys::backtrace::__rust_end_short_backtrace::<std[70759c8f55707aa4]::panicking::panic_handler::{closure#0}, !>
[INFO] [stdout]                                at /rustc/dfb0accb7f508ae8be965d8629557221c889dd98/library/std/src/sys/backtrace.rs:182:18
[INFO] [stdout]   17:     0x5fd710f985ad - __rustc[8fa7c3cbc660c2b3]::rust_begin_unwind
[INFO] [stdout]                                at /rustc/dfb0accb7f508ae8be965d8629557221c889dd98/library/std/src/panicking.rs:679:5
[INFO] [stdout]   18:     0x5fd710fd57fc - core[df12db4294e9bfd3]::panicking::panic_fmt
[INFO] [stdout]                                at /rustc/dfb0accb7f508ae8be965d8629557221c889dd98/library/core/src/panicking.rs:80:14
[INFO] [stdout]   19:     0x5fd710fd56f3 - core[df12db4294e9bfd3]::panicking::assert_failed_inner
[INFO] [stdout]                                at /rustc/dfb0accb7f508ae8be965d8629557221c889dd98/library/core/src/panicking.rs:447:23
[INFO] [stdout]   20:     0x5fd710d607c6 - core[df12db4294e9bfd3]::panicking::assert_failed::<console_waiting[f17a936ae1ca1251]::Outcome, console_waiting[f17a936ae1ca1251]::Outcome>
[INFO] [stdout]                                at /rustc/dfb0accb7f508ae8be965d8629557221c889dd98/library/core/src/panicking.rs:407:5
[INFO] [stdout]   21:     0x5fd710d59a9e - books[58d4fe4db60883ce]::tests::a_comic_is_read_off_the_picture_and_highlighted_the_same_way
[INFO] [stdout]                                at /opt/rustwide/workdir/crates/console-books/src/bin/books.rs:4396:9
[INFO] [stdout]   22:     0x5fd710d52a58 - books[58d4fe4db60883ce]::tests::a_comic_is_read_off_the_picture_and_highlighted_the_same_way::{closure#0}
[INFO] [stdout]                                at /opt/rustwide/workdir/crates/console-books/src/bin/books.rs:4384:74
[INFO] [stdout]   23:     0x5fd710d6fc46 - <books[58d4fe4db60883ce]::tests::a_comic_is_read_off_the_picture_and_highlighted_the_same_way::{closure#0} as core[df12db4294e9bfd3]::ops::function::FnOnce<()>>::call_once
[INFO] [stdout]                                at /rustc/dfb0accb7f508ae8be965d8629557221c889dd98/library/core/src/ops/function.rs:250:5
[INFO] [stdout]   24:     0x5fd710d7190b - <fn() -> core[df12db4294e9bfd3]::result::Result<(), alloc[2182bb758b4b3781]::string::String> as core[df12db4294e9bfd3]::ops::function::FnOnce<()>>::call_once
[INFO] [stdout]                                at /rustc/dfb0accb7f508ae8be965d8629557221c889dd98/library/core/src/ops/function.rs:250:5
[INFO] [stdout]   25:     0x5fd710d7190b - test[9d35eded1c95d3be]::__rust_begin_short_backtrace::<core[df12db4294e9bfd3]::result::Result<(), alloc[2182bb758b4b3781]::string::String>, fn() -> core[df12db4294e9bfd3]::result::Result<(), alloc[2182bb758b4b3781]::string::String>>
[INFO] [stdout]                                at /rustc/dfb0accb7f508ae8be965d8629557221c889dd98/library/test/src/lib.rs:733:18
[INFO] [stdout]   26:     0x5fd710d7ef75 - test[9d35eded1c95d3be]::run_test_in_process::{closure#0}
[INFO] [stdout]                                at /rustc/dfb0accb7f508ae8be965d8629557221c889dd98/library/test/src/lib.rs:756:74
[INFO] [stdout]   27:     0x5fd710d7ef75 - <core[df12db4294e9bfd3]::panic::unwind_safe::AssertUnwindSafe<test[9d35eded1c95d3be]::run_test_in_process::{closure#0}> as core[df12db4294e9bfd3]::ops::function::FnOnce<()>>::call_once
[INFO] [stdout]                                at /rustc/dfb0accb7f508ae8be965d8629557221c889dd98/library/core/src/panic/unwind_safe.rs:275:9
[INFO] [stdout]   28:     0x5fd710d7ef75 - std[70759c8f55707aa4]::panicking::catch_unwind::do_call::<core[df12db4294e9bfd3]::panic::unwind_safe::AssertUnwindSafe<test[9d35eded1c95d3be]::run_test_in_process::{closure#0}>, core[df12db4294e9bfd3]::result::Result<(), alloc[2182bb758b4b3781]::string::String>>
[INFO] [stdout]                                at /rustc/dfb0accb7f508ae8be965d8629557221c889dd98/library/std/src/panicking.rs:576:43
[INFO] [stdout]   29:     0x5fd710d7ef75 - std[70759c8f55707aa4]::panicking::catch_unwind::<core[df12db4294e9bfd3]::result::Result<(), alloc[2182bb758b4b3781]::string::String>, core[df12db4294e9bfd3]::panic::unwind_safe::AssertUnwindSafe<test[9d35eded1c95d3be]::run_test_in_process::{closure#0}>>
[INFO] [stdout]                                at /rustc/dfb0accb7f508ae8be965d8629557221c889dd98/library/std/src/panicking.rs:544:19
[INFO] [stdout]   30:     0x5fd710d7ef75 - std[70759c8f55707aa4]::panic::catch_unwind::<core[df12db4294e9bfd3]::panic::unwind_safe::AssertUnwindSafe<test[9d35eded1c95d3be]::run_test_in_process::{closure#0}>, core[df12db4294e9bfd3]::result::Result<(), alloc[2182bb758b4b3781]::string::String>>
[INFO] [stdout]                                at /rustc/dfb0accb7f508ae8be965d8629557221c889dd98/library/std/src/panic.rs:359:14
[INFO] [stdout]   31:     0x5fd710d7ef75 - test[9d35eded1c95d3be]::run_test_in_process
[INFO] [stdout]                                at /rustc/dfb0accb7f508ae8be965d8629557221c889dd98/library/test/src/lib.rs:756:27
[INFO] [stdout]   32:     0x5fd710d7ef75 - test[9d35eded1c95d3be]::run_test::{closure#0}
[INFO] [stdout]                                at /rustc/dfb0accb7f508ae8be965d8629557221c889dd98/library/test/src/lib.rs:677:43
[INFO] [stdout]   33:     0x5fd710d78834 - test[9d35eded1c95d3be]::run_test::{closure#1}
[INFO] [stdout]                                at /rustc/dfb0accb7f508ae8be965d8629557221c889dd98/library/test/src/lib.rs:707:41
[INFO] [stdout]   34:     0x5fd710d78834 - std[70759c8f55707aa4]::sys::backtrace::__rust_begin_short_backtrace::<test[9d35eded1c95d3be]::run_test::{closure#1}, ()>
[INFO] [stdout]                                at /rustc/dfb0accb7f508ae8be965d8629557221c889dd98/library/std/src/sys/backtrace.rs:166:18
[INFO] [stdout]   35:     0x5fd710d820d2 - std[70759c8f55707aa4]::thread::lifecycle::spawn_unchecked::<test[9d35eded1c95d3be]::run_test::{closure#1}, ()>::{closure#1}::{closure#0}
[INFO] [stdout]                                at /rustc/dfb0accb7f508ae8be965d8629557221c889dd98/library/std/src/thread/lifecycle.rs:70:13
[INFO] [stdout]   36:     0x5fd710d820d2 - <core[df12db4294e9bfd3]::panic::unwind_safe::AssertUnwindSafe<std[70759c8f55707aa4]::thread::lifecycle::spawn_unchecked<test[9d35eded1c95d3be]::run_test::{closure#1}, ()>::{closure#1}::{closure#0}> as core[df12db4294e9bfd3]::ops::function::FnOnce<()>>::call_once
[INFO] [stdout]                                at /rustc/dfb0accb7f508ae8be965d8629557221c889dd98/library/core/src/panic/unwind_safe.rs:275:9
[INFO] [stdout]   37:     0x5fd710d820d2 - std[70759c8f55707aa4]::panicking::catch_unwind::do_call::<core[df12db4294e9bfd3]::panic::unwind_safe::AssertUnwindSafe<std[70759c8f55707aa4]::thread::lifecycle::spawn_unchecked<test[9d35eded1c95d3be]::run_test::{closure#1}, ()>::{closure#1}::{closure#0}>, ()>
[INFO] [stdout]                                at /rustc/dfb0accb7f508ae8be965d8629557221c889dd98/library/std/src/panicking.rs:576:43
[INFO] [stdout]   38:     0x5fd710d820d2 - std[70759c8f55707aa4]::panicking::catch_unwind::<(), core[df12db4294e9bfd3]::panic::unwind_safe::AssertUnwindSafe<std[70759c8f55707aa4]::thread::lifecycle::spawn_unchecked<test[9d35eded1c95d3be]::run_test::{closure#1}, ()>::{closure#1}::{closure#0}>>
[INFO] [stdout]                                at /rustc/dfb0accb7f508ae8be965d8629557221c889dd98/library/std/src/panicking.rs:544:19
[INFO] [stdout]   39:     0x5fd710d820d2 - std[70759c8f55707aa4]::panic::catch_unwind::<core[df12db4294e9bfd3]::panic::unwind_safe::AssertUnwindSafe<std[70759c8f55707aa4]::thread::lifecycle::spawn_unchecked<test[9d35eded1c95d3be]::run_test::{closure#1}, ()>::{closure#1}::{closure#0}>, ()>
[INFO] [stdout]                                at /rustc/dfb0accb7f508ae8be965d8629557221c889dd98/library/std/src/panic.rs:359:14
[INFO] [stdout]   40:     0x5fd710d820d2 - std[70759c8f55707aa4]::thread::lifecycle::spawn_unchecked::<test[9d35eded1c95d3be]::run_test::{closure#1}, ()>::{closure#1}
[INFO] [stdout]                                at /rustc/dfb0accb7f508ae8be965d8629557221c889dd98/library/std/src/thread/lifecycle.rs:68:26
[INFO] [stdout]   41:     0x5fd710d820d2 - <std[70759c8f55707aa4]::thread::lifecycle::spawn_unchecked<test[9d35eded1c95d3be]::run_test::{closure#1}, ()>::{closure#1} as core[df12db4294e9bfd3]::ops::function::FnOnce<()>>::call_once::{shim:vtable#0}
[INFO] [stdout]                                at /rustc/dfb0accb7f508ae8be965d8629557221c889dd98/library/core/src/ops/function.rs:250:5
[INFO] [stdout]   42:     0x5fd710fbd519 - <alloc[2182bb758b4b3781]::boxed::Box<dyn core[df12db4294e9bfd3]::ops::function::FnOnce<(), Output = ()> + core[df12db4294e9bfd3]::marker::Send> as core[df12db4294e9bfd3]::ops::function::FnOnce<()>>::call_once
[INFO] [stdout]                                at /rustc/dfb0accb7f508ae8be965d8629557221c889dd98/library/alloc/src/boxed.rs:2320:9
[INFO] [stdout]   43:     0x5fd710fbd519 - <std[70759c8f55707aa4]::sys::thread::unix::Thread>::new::thread_start
[INFO] [stdout]                                at /rustc/dfb0accb7f508ae8be965d8629557221c889dd98/library/std/src/sys/thread/unix.rs:123:17
[INFO] [stdout]   44:     0x7969d1a13dfa - <unknown>
[INFO] [stdout]   45:     0x7969d1aa73d4 - clone
[INFO] [stdout]   46:                0x0 - <unknown>
[INFO] [stdout] 
[INFO] [stdout] 
[INFO] [stdout] failures:
[INFO] [stdout]     tests::a_comic_is_read_off_the_picture_and_highlighted_the_same_way
[INFO] [stdout]     tests::a_pdf_is_highlighted_by_the_words_it_carries
[INFO] [stdout] 
[INFO] [stdout] test result: FAILED. 16 passed; 2 failed; 0 ignored; 0 measured; 0 filtered out; finished in 30.81s
[INFO] [stdout] 
[INFO] [stderr] error: test failed, to rerun pass `-p console-books --bin books`
[INFO] running `Command { std: "docker" "inspect" "8459c0f3ccaece2639c4262cf49e286dbcd0ddc3b18fee8e0becc81d83b4df93", kill_on_drop: false }`
[INFO] running `Command { std: "docker" "rm" "-f" "8459c0f3ccaece2639c4262cf49e286dbcd0ddc3b18fee8e0becc81d83b4df93", kill_on_drop: false }`
[INFO] [stdout] 8459c0f3ccaece2639c4262cf49e286dbcd0ddc3b18fee8e0becc81d83b4df93
