[INFO] cloning repository https://github.com/elazarg/prevail-rust
[INFO] running `Command { std: "git" "-c" "credential.helper=" "-c" "credential.helper=/workspace/cargo-home/bin/git-credential-null" "clone" "--bare" "https://github.com/elazarg/prevail-rust" "/workspace/cache/git-repos/https%3A%2F%2Fgithub.com%2Felazarg%2Fprevail-rust", kill_on_drop: false }`
[INFO] [stderr] Cloning into bare repository '/workspace/cache/git-repos/https%3A%2F%2Fgithub.com%2Felazarg%2Fprevail-rust'...
[INFO] running `Command { std: "git" "rev-parse" "HEAD", kill_on_drop: false }`
[INFO] [stdout] b795e225b1eef19b859678fd959e71d3882c3b1a
[INFO] testing elazarg/prevail-rust against 1.100.0-beta.1 for beta-1.100-3
[INFO] running `Command { std: "git" "clone" "/workspace/cache/git-repos/https%3A%2F%2Fgithub.com%2Felazarg%2Fprevail-rust" "/workspace/builds/worker-3-tc2/source", kill_on_drop: false }`
[INFO] [stderr] Cloning into '/workspace/builds/worker-3-tc2/source'...
[INFO] [stderr] done.
[INFO] removed /workspace/builds/worker-3-tc2/source/.cargo/config.toml
[INFO] removed /workspace/builds/worker-3-tc2/source/rust-toolchain.toml
[INFO] started tweaking git repo https://github.com/elazarg/prevail-rust
[INFO] finished tweaking git repo https://github.com/elazarg/prevail-rust
[INFO] tweaked toml for git repo https://github.com/elazarg/prevail-rust written to /workspace/builds/worker-3-tc2/source/Cargo.toml
[INFO] validating manifest of git repo https://github.com/elazarg/prevail-rust on toolchain 1.100.0-beta.1
[INFO] running `Command { std: CARGO_HOME="/workspace/cargo-home" RUSTUP_HOME="/workspace/rustup-home" "/workspace/cargo-home/bin/cargo" "+1.100.0-beta.1" "metadata" "--manifest-path" "Cargo.toml" "--no-deps", kill_on_drop: false }`
[INFO] crate git repo https://github.com/elazarg/prevail-rust already has a lockfile, it will not be regenerated
[INFO] running `Command { std: CARGO_HOME="/workspace/cargo-home" RUSTUP_HOME="/workspace/rustup-home" "/workspace/cargo-home/bin/cargo" "+1.100.0-beta.1" "fetch" "--manifest-path" "Cargo.toml", kill_on_drop: false }`
[INFO] [stderr] warning: `package.homepage` is redundant with `package.repository`
[INFO] [stderr]   --> Cargo.toml:45:12
[INFO] [stderr]    |
[INFO] [stderr] 45 | homepage = "https://github.com/elazarg/prevail-rust"
[INFO] [stderr]    |            ^^^^^^^^^^^^^^^^^^^^^^^^^^^^^^^^^^^^^^^^^
[INFO] [stderr] ...
[INFO] [stderr] 50 | repository = "https://github.com/elazarg/prevail-rust"
[INFO] [stderr]    |              -----------------------------------------
[INFO] [stderr]    |
[INFO] [stderr]    = note: `cargo::redundant_homepage` is set to `warn` by default
[INFO] [stderr] help: consider removing `package.homepage`
[INFO] [stderr] warning: `prevail` (manifest) generated 1 warning
[INFO] running `Command { std: "docker" "create" "-v" "/var/lib/crater-agent-workspace/builds/worker-3-tc2/source:/opt/rustwide/workdir:ro,Z" "-v" "/var/lib/crater-agent-workspace/builds/worker-3-tc2/target:/opt/rustwide/target:rw,Z" "-v" "/var/lib/crater-agent-workspace/cargo-home:/opt/rustwide/cargo-home:ro,Z" "-v" "/var/lib/crater-agent-workspace/rustup-home:/opt/rustwide/rustup-home:ro,Z" "-m" "1610612736" "--network" "none" "ghcr.io/rust-lang/crates-build-env/linux@sha256:77db811e55d90add9212f6832c23229e3de5f1c1f9905e8cb07319ea15df73ac" "sleep" "infinity", kill_on_drop: false }`
[INFO] [stdout] bc2e6aa949cae73666b22906624c2af0ac6e9dcba66bba511ee71262d8f8f37f
[INFO] running `Command { std: "docker" "start" "bc2e6aa949cae73666b22906624c2af0ac6e9dcba66bba511ee71262d8f8f37f", kill_on_drop: false }`
[INFO] running `Command { std: "docker" "inspect" "bc2e6aa949cae73666b22906624c2af0ac6e9dcba66bba511ee71262d8f8f37f", kill_on_drop: false }`
[INFO] running `Command { std: "docker" "exec" "-e" "SOURCE_DIR=/opt/rustwide/workdir" "-e" "CARGO_HOME=/opt/rustwide/cargo-home" "-e" "RUSTUP_HOME=/opt/rustwide/rustup-home" "-e" "CARGO_TARGET_DIR=/opt/rustwide/target" "-w" "/opt/rustwide/workdir" "--user" "0:0" "bc2e6aa949cae73666b22906624c2af0ac6e9dcba66bba511ee71262d8f8f37f" "/opt/rustwide/cargo-home/bin/cargo" "+1.100.0-beta.1" "metadata" "--no-deps" "--format-version=1", kill_on_drop: false }`
[INFO] running `Command { std: "docker" "inspect" "bc2e6aa949cae73666b22906624c2af0ac6e9dcba66bba511ee71262d8f8f37f", kill_on_drop: false }`
[INFO] running `Command { std: "docker" "exec" "-e" "SOURCE_DIR=/opt/rustwide/workdir" "-e" "CARGO_HOME=/opt/rustwide/cargo-home" "-e" "RUSTUP_HOME=/opt/rustwide/rustup-home" "-e" "CARGO_TARGET_DIR=/opt/rustwide/target" "-e" "CARGO_INCREMENTAL=0" "-e" "RUST_BACKTRACE=full" "-e" "RUSTFLAGS=--cap-lints=warn" "-e" "RUSTDOCFLAGS=--cap-lints=warn" "-w" "/opt/rustwide/workdir" "--user" "0:0" "bc2e6aa949cae73666b22906624c2af0ac6e9dcba66bba511ee71262d8f8f37f" "/opt/rustwide/cargo-home/bin/cargo" "+1.100.0-beta.1" "build" "--frozen" "--message-format=json", kill_on_drop: false }`
[INFO] [stderr] warning: `package.homepage` is redundant with `package.repository`
[INFO] [stderr]   --> Cargo.toml:45:12
[INFO] [stderr]    |
[INFO] [stderr] 45 | homepage = "https://github.com/elazarg/prevail-rust"
[INFO] [stderr]    |            ^^^^^^^^^^^^^^^^^^^^^^^^^^^^^^^^^^^^^^^^^
[INFO] [stderr] ...
[INFO] [stderr] 50 | repository = "https://github.com/elazarg/prevail-rust"
[INFO] [stderr]    |              -----------------------------------------
[INFO] [stderr]    |
[INFO] [stderr]    = note: `cargo::redundant_homepage` is set to `warn` by default
[INFO] [stderr] help: consider removing `package.homepage`
[INFO] [stderr] warning: `prevail` (manifest) generated 1 warning
[INFO] [stderr]    Compiling utf8parse v0.2.2
[INFO] [stderr]    Compiling memchr v2.8.1
[INFO] [stderr]    Compiling anstyle v1.0.14
[INFO] [stderr]    Compiling anstyle-query v1.1.5
[INFO] [stderr]    Compiling colorchoice v1.0.5
[INFO] [stderr]    Compiling is_terminal_polyfill v1.70.2
[INFO] [stderr]    Compiling clap_lex v1.1.0
[INFO] [stderr]    Compiling strsim v0.11.1
[INFO] [stderr]    Compiling zerocopy v0.8.49
[INFO] [stderr]    Compiling regex-syntax v0.8.10
[INFO] [stderr]    Compiling object v0.36.7
[INFO] [stderr]    Compiling fixedbitset v0.5.7
[INFO] [stderr]    Compiling syn v2.0.117
[INFO] [stderr]    Compiling anstyle-parse v1.0.0
[INFO] [stderr]    Compiling anstream v1.0.0
[INFO] [stderr]    Compiling clap_builder v4.6.0
[INFO] [stderr]    Compiling aho-corasick v1.1.4
[INFO] [stderr]    Compiling regex-automata v0.4.14
[INFO] [stderr]    Compiling clap_derive v4.6.1
[INFO] [stderr]    Compiling zerocopy-derive v0.8.49
[INFO] [stderr]    Compiling regex v1.12.3
[INFO] [stderr]    Compiling clap v4.6.1
[INFO] [stderr]    Compiling prevail v0.2.6 (/opt/rustwide/workdir)
[INFO] [stderr]     Finished `dev` profile [unoptimized + debuginfo] target(s) in 24.72s
[INFO] running `Command { std: "docker" "inspect" "bc2e6aa949cae73666b22906624c2af0ac6e9dcba66bba511ee71262d8f8f37f", kill_on_drop: false }`
[INFO] running `Command { std: "docker" "exec" "-e" "SOURCE_DIR=/opt/rustwide/workdir" "-e" "CARGO_HOME=/opt/rustwide/cargo-home" "-e" "RUSTUP_HOME=/opt/rustwide/rustup-home" "-e" "CARGO_TARGET_DIR=/opt/rustwide/target" "-e" "CARGO_INCREMENTAL=0" "-e" "RUST_BACKTRACE=full" "-e" "RUSTFLAGS=--cap-lints=warn" "-e" "RUSTDOCFLAGS=--cap-lints=warn" "-w" "/opt/rustwide/workdir" "--user" "0:0" "bc2e6aa949cae73666b22906624c2af0ac6e9dcba66bba511ee71262d8f8f37f" "/opt/rustwide/cargo-home/bin/cargo" "+1.100.0-beta.1" "test" "--frozen" "--no-run" "--message-format=json", kill_on_drop: false }`
[INFO] [stderr] warning: `package.homepage` is redundant with `package.repository`
[INFO] [stderr]   --> Cargo.toml:45:12
[INFO] [stderr]    |
[INFO] [stderr] 45 | homepage = "https://github.com/elazarg/prevail-rust"
[INFO] [stderr]    |            ^^^^^^^^^^^^^^^^^^^^^^^^^^^^^^^^^^^^^^^^^
[INFO] [stderr] ...
[INFO] [stderr] 50 | repository = "https://github.com/elazarg/prevail-rust"
[INFO] [stderr]    |              -----------------------------------------
[INFO] [stderr]    |
[INFO] [stderr]    = note: `cargo::redundant_homepage` is set to `warn` by default
[INFO] [stderr] help: consider removing `package.homepage`
[INFO] [stderr] warning: `prevail` (manifest) generated 1 warning
[INFO] [stderr]    Compiling object v0.36.7
[INFO] [stderr]    Compiling memchr v2.8.1
[INFO] [stderr]    Compiling cfg-if v1.0.4
[INFO] [stderr]    Compiling hashbrown v0.17.1
[INFO] [stderr]    Compiling simd-adler32 v0.3.9
[INFO] [stderr]    Compiling colorchoice v1.0.5
[INFO] [stderr]    Compiling anstyle-query v1.1.5
[INFO] [stderr]    Compiling crc32fast v1.5.0
[INFO] [stderr]    Compiling anstyle-parse v1.0.0
[INFO] [stderr]    Compiling anstyle v1.0.14
[INFO] [stderr]    Compiling is_terminal_polyfill v1.70.2
[INFO] [stderr]    Compiling twox-hash v1.6.3
[INFO] [stderr]    Compiling regex-syntax v0.8.10
[INFO] [stderr]    Compiling clap_lex v1.1.0
[INFO] [stderr]    Compiling hashbrown v0.15.5
[INFO] [stderr]    Compiling serde_derive v1.0.228
[INFO] [stderr]    Compiling static_assertions v1.1.0
[INFO] [stderr]    Compiling adler2 v2.0.1
[INFO] [stderr]    Compiling zerocopy v0.8.49
[INFO] [stderr]    Compiling miniz_oxide v0.8.9
[INFO] [stderr]    Compiling fixedbitset v0.5.7
[INFO] [stderr]    Compiling foldhash v0.1.5
[INFO] [stderr]    Compiling equivalent v1.0.2
[INFO] [stderr]    Compiling anstream v1.0.0
[INFO] [stderr]    Compiling ruzstd v0.7.3
[INFO] [stderr]    Compiling clap_builder v4.6.0
[INFO] [stderr]    Compiling aho-corasick v1.1.4
[INFO] [stderr]    Compiling flate2 v1.1.9
[INFO] [stderr]    Compiling indexmap v2.14.0
[INFO] [stderr]    Compiling regex-automata v0.4.14
[INFO] [stderr]    Compiling clap v4.6.1
[INFO] [stderr]    Compiling serde v1.0.228
[INFO] [stderr]    Compiling serde_yaml v0.9.34+deprecated
[INFO] [stderr]    Compiling regex v1.12.3
[INFO] [stderr]    Compiling prevail v0.2.6 (/opt/rustwide/workdir)
[INFO] [stderr]     Finished `test` profile [unoptimized + debuginfo] target(s) in 54.28s
[INFO] running `Command { std: "docker" "inspect" "bc2e6aa949cae73666b22906624c2af0ac6e9dcba66bba511ee71262d8f8f37f", kill_on_drop: false }`
[INFO] running `Command { std: "docker" "exec" "-e" "SOURCE_DIR=/opt/rustwide/workdir" "-e" "CARGO_HOME=/opt/rustwide/cargo-home" "-e" "RUSTUP_HOME=/opt/rustwide/rustup-home" "-e" "CARGO_TARGET_DIR=/opt/rustwide/target" "-e" "CARGO_INCREMENTAL=0" "-e" "RUST_BACKTRACE=full" "-e" "RUSTFLAGS=--cap-lints=warn" "-e" "RUSTDOCFLAGS=--cap-lints=warn" "-w" "/opt/rustwide/workdir" "--user" "0:0" "bc2e6aa949cae73666b22906624c2af0ac6e9dcba66bba511ee71262d8f8f37f" "/opt/rustwide/cargo-home/bin/cargo" "+1.100.0-beta.1" "test" "--frozen", kill_on_drop: false }`
[INFO] [stderr] warning: `package.homepage` is redundant with `package.repository`
[INFO] [stderr]   --> Cargo.toml:45:12
[INFO] [stderr]    |
[INFO] [stderr] 45 | homepage = "https://github.com/elazarg/prevail-rust"
[INFO] [stderr]    |            ^^^^^^^^^^^^^^^^^^^^^^^^^^^^^^^^^^^^^^^^^
[INFO] [stderr] ...
[INFO] [stderr] 50 | repository = "https://github.com/elazarg/prevail-rust"
[INFO] [stderr]    |              -----------------------------------------
[INFO] [stderr]    |
[INFO] [stderr]    = note: `cargo::redundant_homepage` is set to `warn` by default
[INFO] [stderr] help: consider removing `package.homepage`
[INFO] [stderr] warning: `prevail` (manifest) generated 1 warning
[INFO] [stderr]     Finished `test` profile [unoptimized + debuginfo] target(s) in 0.16s
[INFO] [stderr]      Running unittests src/lib.rs (/opt/rustwide/target/debug/build/prevail/f46f44ff93a69f3c/out/prevail-f46f44ff93a69f3c)
[INFO] [stdout] 
[INFO] [stdout] running 452 tests
[INFO] [stdout] test arith::extended_number::tests::test_add_infinity ... ok
[INFO] [stdout] test arith::extended_number::tests::test_abs ... ok
[INFO] [stdout] test arith::extended_number::tests::test_div_by_infinity ... ok
[INFO] [stdout] test arith::extended_number::tests::test_add_finite ... ok
[INFO] [stdout] test arith::extended_number::tests::test_div_finite ... ok
[INFO] [stdout] test arith::extended_number::tests::test_number ... ok
[INFO] [stdout] test arith::extended_number::tests::test_mul_zero_absorbs_infinity ... ok
[INFO] [stdout] test arith::extended_number::tests::test_div_infinity_by_finite ... ok
[INFO] [stdout] test arith::extended_number::tests::test_urem ... ok
[INFO] [stdout] test arith::extended_number::tests::test_equality ... ok
[INFO] [stdout] test arith::extended_number::tests::test_from_str_ext ... ok
[INFO] [stdout] test arith::extended_number::tests::test_neg ... ok
[INFO] [stdout] test arith::extended_number::tests::test_mul_finite ... ok
[INFO] [stdout] test arith::linear_constraint::tests::test_constant_contradiction_leq ... ok
[INFO] [stdout] test arith::extended_number::tests::test_mul_infinity_signs ... ok
[INFO] [stdout] test arith::extended_number::tests::test_udiv ... ok
[INFO] [stdout] test arith::extended_number::tests::test_sub ... ok
[INFO] [stdout] test arith::extended_number::tests::test_ordering ... ok
[INFO] [stdout] test arith::linear_constraint::tests::test_display_contradiction ... ok
[INFO] [stdout] test arith::linear_constraint::tests::test_eq_variables ... ok
[INFO] [stdout] test arith::linear_constraint::tests::test_leq_constraint ... ok
[INFO] [stdout] test arith::linear_constraint::tests::test_constant_tautology_leq ... ok
[INFO] [stdout] test arith::linear_constraint::tests::test_negate_equals ... ok
[INFO] [stdout] test arith::linear_expression::tests::test_multiply ... ok
[INFO] [stdout] test arith::linear_expression::tests::test_plus ... ok
[INFO] [stdout] test arith::linear_constraint::tests::test_tautology ... ok
[INFO] [stdout] test arith::linear_expression::tests::test_subtract ... ok
[INFO] [stdout] test arith::linear_expression::tests::test_constant_expression ... ok
[INFO] [stdout] test arith::linear_expression::tests::test_variable_expression ... ok
[INFO] [stdout] test arith::linear_expression::tests::test_negate ... ok
[INFO] [stdout] test arith::number::tests::test_arithmetic ... ok
[INFO] [stdout] test arith::linear_constraint::tests::test_contradiction ... ok
[INFO] [stdout] test arith::linear_constraint::tests::test_display_tautology ... ok
[INFO] [stdout] test arith::linear_constraint::tests::test_negate_lt ... ok
[INFO] [stdout] test arith::linear_constraint::tests::test_neq_variables ... ok
[INFO] [stdout] test arith::linear_expression::tests::test_operator_add ... ok
[INFO] [stdout] test arith::linear_expression::tests::test_operator_sub ... ok
[INFO] [stdout] test arith::number::tests::test_cast_to_unsigned_width ... ok
[INFO] [stdout] test arith::number::tests::test_construction_string_invalid ... ok
[INFO] [stdout] test arith::number::tests::test_arithmetic_right_shift_negative ... ok
[INFO] [stdout] test arith::number::tests::test_big_numbers ... ok
[INFO] [stdout] test arith::number::tests::test_construction_i64 ... ok
[INFO] [stdout] test arith::number::tests::test_construction_string ... ok
[INFO] [stdout] test arith::number::tests::test_fill_ones ... ok
[INFO] [stdout] test arith::number::tests::test_fits ... ok
[INFO] [stdout] test arith::number::tests::test_display ... ok
[INFO] [stdout] test arith::number::tests::test_construction_u64 ... ok
[INFO] [stdout] test arith::number::tests::test_i128_boundary ... ok
[INFO] [stdout] test arith::number::tests::test_is_zero ... ok
[INFO] [stdout] test arith::number::tests::test_min_max_int ... ok
[INFO] [stdout] test arith::number::tests::test_fits_cast_to ... ok
[INFO] [stdout] test arith::number::tests::test_hash_deterministic ... ok
[INFO] [stdout] test arith::number::tests::test_default ... ok
[INFO] [stdout] test arith::number::tests::test_shifts ... ok
[INFO] [stdout] test arith::number::tests::test_to_i64_u64 ... ok
[INFO] [stdout] test arith::number::tests::test_sign_extend ... ok
[INFO] [stdout] test arith::number::tests::test_truncate_to_signed ... ok
[INFO] [stdout] test arith::number::tests::test_clone ... ok
[INFO] [stdout] test arith::number::tests::test_bitwise ... ok
[INFO] [stdout] test arith::variable::tests::test_copy ... ok
[INFO] [stdout] test arith::number::tests::test_cast_to_signed_width ... ok
[INFO] [stdout] test arith::number::tests::test_min_max_int_64 ... ok
[INFO] [stdout] test btf::parse::tests::parse_line_info_from_elf_file ... ok
[INFO] [stdout] test btf::parse::tests::read_btf_string_rejects_out_of_range_string_table ... ok
[INFO] [stdout] test cfg::graph::tests::test_basic_blocks_simplified ... ok
[INFO] [stdout] test cfg::graph::tests::test_basic_blocks_unsimplified ... ok
[INFO] [stdout] test arith::variable::tests::test_equality_and_ordering ... ok
[INFO] [stdout] test arith::number::tests::test_u64_max_round_trip ... ok
[INFO] [stdout] test cfg::graph::tests::test_cfg_get_child_get_parent ... ok
[INFO] [stdout] test btf::parse::tests::parse_btf_from_elf_file ... ok
[INFO] [stdout] test arith::number::tests::test_cmp_i64 ... ok
[INFO] [stdout] test cfg::graph::tests::test_cfg_insert_and_edges ... ok
[INFO] [stdout] test arith::number::tests::test_comparison ... ok
[INFO] [stdout] test cfg::label::tests::test_display_simple ... ok
[INFO] [stdout] test cfg::graph::tests::test_cfg_from_adjacency_list ... ok
[INFO] [stdout] test cfg::label::tests::test_display_with_special ... ok
[INFO] [stdout] test cfg::graph::tests::test_cfg_new ... ok
[INFO] [stdout] test btf::type_data::tests::type_data_from_elf ... ok
[INFO] [stdout] test arith::number::tests::test_truncate_to_unsigned ... ok
[INFO] [stdout] test cfg::graph::tests::test_insert_after ... ok
[INFO] [stdout] test arith::number::tests::test_truncated_division ... ok
[INFO] [stdout] test cfg::label::tests::test_call_stack_depth ... ok
[INFO] [stdout] test cfg::graph::tests::test_basic_blocks_branch ... ok
[INFO] [stdout] test arith::number::tests::test_zero_extend ... ok
[INFO] [stdout] test cfg::label::tests::test_entry_exit ... ok
[INFO] [stdout] test cfg::label::tests::test_make_increment_counter ... ok
[INFO] [stdout] test cfg::label::tests::test_isjump ... ok
[INFO] [stdout] test cfg::wto::tests::wto_for_each_loop_head ... ok
[INFO] [stdout] test cfg::label::tests::test_display_entry_exit ... ok
[INFO] [stdout] test cfg::label::tests::test_display_with_prefix ... ok
[INFO] [stdout] test cfg::label::tests::test_display_jump ... ok
[INFO] [stdout] test cfg::wto::tests::wto_nesting_figure_1 ... ok
[INFO] [stdout] test cfg::wto::tests::wto_nesting_superset ... ok
[INFO] [stdout] test crab::array_domain::tests::backward_scan_must_not_break_early_at_empty_tombstone ... ok
[INFO] [stdout] test cfg::label::tests::test_label_to_offset16 ... ok
[INFO] [stdout] test cfg::label::tests::test_label_to_offset32 ... ok
[INFO] [stdout] test cfg::wto::tests::wto_figure_2a ... ok
[INFO] [stdout] test cfg::wto::tests::wto_is_component_member ... ok
[INFO] [stdout] test cfg::wto::tests::wto_figure_2b ... ok
[INFO] [stdout] test crab::array_domain::tests::negative_offset_kill_forgets_cells_on_possible_partial_overlap ... ok
[INFO] [stdout] test crab::bitset_domain::tests::test_default_is_top ... ok
[INFO] [stdout] test crab::bitset_domain::tests::test_havoc ... ok
[INFO] [stdout] test crab::bitset_domain::tests::test_is_included_in ... ok
[INFO] [stdout] test crab::bitset_domain::tests::test_custom_size ... ok
[INFO] [stdout] test cfg::label::tests::test_ordering ... ok
[INFO] [stdout] test crab::bitset_domain::tests::test_join ... ok
[INFO] [stdout] test crab::array_domain::tests::negative_offset_kill_preserves_in_bounds_cell_value ... ok
[INFO] [stdout] test crab::bitset_domain::tests::test_word_boundary ... ok
[INFO] [stdout] test crab::array_domain::tests::negative_singleton_offset_leaves_in_bounds_cell_untouched ... ok
[INFO] [stdout] test crab::bitset_domain::tests::test_all_num_width ... ok
[INFO] [stdout] test crab::dsu::tests::test_find_const_vs_find ... ok
[INFO] [stdout] test crab::dsu::tests::test_independent_classes_same_rank ... ok
[INFO] [stdout] test crab::bitset_domain::tests::test_uniformity ... ok
[INFO] [stdout] test arith::extended_number::tests::test_display ... ok
[INFO] [stdout] test cfg::label::tests::test_make_jump ... ok
[INFO] [stdout] test crab::bitset_domain::tests::test_clone_independence ... ok
[INFO] [stdout] test crab::dsu::tests::test_union_and_find ... ok
[INFO] [stdout] test crab::dsu::tests::test_union_returns_representative ... ok
[INFO] [stdout] test crab::dsu::tests::test_push ... ok
[INFO] [stdout] test crab::ebpf_domain::tests::domain_constructors_honor_runtime_stack_size ... ok
[INFO] [stdout] test crab::ebpf_domain::tests::validate_rejects_out_of_range ... ok
[INFO] [stdout] test crab::interval::tests::test_add ... ok
[INFO] [stdout] test crab::interval::tests::test_bitwise_and_non_singleton_containing_all_ones_includes_zero ... ok
[INFO] [stdout] test crab::interval::tests::test_bitwise_and_singleton_all_ones_preserves_lhs ... ok
[INFO] [stdout] test crab::interval::tests::test_bottom_is_included_in_everything ... ok
[INFO] [stdout] test cfg::wto::tests::wto_figure_1 ... ok
[INFO] [stdout] test crab::interval::tests::test_contains ... ok
[INFO] [stdout] test crab::array_domain::tests::all_num_width_inverted_range_does_not_panic ... ok
[INFO] [stdout] test crab::bitset_domain::tests::test_join_meaningful ... ok
[INFO] [stdout] test crab::interval::tests::test_display ... ok
[INFO] [stdout] test crab::interval::tests::test_is_included_in ... ok
[INFO] [stdout] test crab::interval::tests::test_meet ... ok
[INFO] [stdout] test crab::interval::tests::test_negate ... ok
[INFO] [stdout] test crab::interval::tests::test_meet_empty ... ok
[INFO] [stdout] test crab::interval::tests::test_signed_int ... ok
[INFO] [stdout] test crab::bitset_domain::tests::test_meet ... ok
[INFO] [stdout] test crab::dsu::tests::test_new_singletons ... ok
[INFO] [stdout] test crab::dsu::tests::test_self_union ... ok
[INFO] [stdout] test crab::bitset_domain::tests::test_reset_and_all_num ... ok
[INFO] [stdout] test crab::interval::tests::sdiv_by_negative_constant_flips_infinite_bound_sign ... ok
[INFO] [stdout] test crab::interval::tests::sdiv_by_negative_constant_swaps_endpoints_not_bottom ... ok
[INFO] [stdout] test crab::interval::tests::test_join ... ok
[INFO] [stdout] test crab::interval::tests::test_mul ... ok
[INFO] [stdout] test crab::splitdbm::graph::tests::test_lookup ... ok
[INFO] [stdout] test crab::interval::tests::test_singleton ... ok
[INFO] [stdout] test crab::splitdbm::graph::tests::test_clear ... ok
[INFO] [stdout] test crab::splitdbm::graph::tests::test_clear_edges ... ok
[INFO] [stdout] test crab::interval::tests::test_widen ... ok
[INFO] [stdout] test crab::interval::tests::test_top_and_bottom ... ok
[INFO] [stdout] test crab::interval::tests::test_unsigned_int ... ok
[INFO] [stdout] test crab::splitdbm::graph::tests::test_edge_add_and_query ... ok
[INFO] [stdout] test crab::splitdbm::graph_ops::tests::test_graph_meet ... ok
[INFO] [stdout] test crab::splitdbm::graph_ops::tests::test_repair_potential ... ok
[INFO] [stdout] test crab::splitdbm::graph_ops::tests::test_apply_delta ... ok
[INFO] [stdout] test crab::splitdbm::graph_views::tests::test_graph_perm ... ok
[INFO] [stdout] test crab::splitdbm::graph_ops::tests::test_select_potentials_negative_cycle ... ok
[INFO] [stdout] test crab::splitdbm::graph::tests::test_forget_removes_edges ... ok
[INFO] [stdout] test crab::splitdbm::graph_views::tests::test_graph_rev ... ok
[INFO] [stdout] test crab::splitdbm::graph::tests::test_iteration ... ok
[INFO] [stdout] test crab::splitdbm::graph_views::tests::test_subgraph ... ok
[INFO] [stdout] test crab::splitdbm::graph::tests::test_set_edge ... ok
[INFO] [stdout] test crab::splitdbm::heap::tests::test_decrease_key ... ok
[INFO] [stdout] test crab::splitdbm::split_dbm::tests::test_disconnected_vertices ... ok
[INFO] [stdout] test crab::splitdbm::split_dbm::tests::test_forget_vertex ... ok
[INFO] [stdout] test crab::splitdbm::split_dbm::tests::test_assign_vertex ... ok
[INFO] [stdout] test crab::splitdbm::split_dbm::tests::test_closure_through_vertex_zero ... ok
[INFO] [stdout] test crab::splitdbm::split_dbm::tests::test_join_identity ... ok
[INFO] [stdout] test crab::splitdbm::heap::tests::test_insert_remove_ordering ... ok
[INFO] [stdout] test crab::splitdbm::graph_ops::tests::test_select_potentials_feasible ... ok
[INFO] [stdout] test crab::splitdbm::graph_ops::tests::test_close_over_edge ... ok
[INFO] [stdout] test crab::splitdbm::split_dbm::tests::test_meet_basic ... ok
[INFO] [stdout] test crab::splitdbm::split_dbm::tests::test_meet_does_not_spuriously_bottom_on_cross_scc_system ... ok
[INFO] [stdout] test crab::splitdbm::split_dbm::tests::test_no_bound_is_infinite ... ok
[INFO] [stdout] test crab::splitdbm::split_dbm::tests::test_set_get_bound_left ... ok
[INFO] [stdout] test crab::splitdbm::split_dbm::tests::test_set_get_bound_right ... ok
[INFO] [stdout] test crab::splitdbm::split_dbm::tests::test_subsumption ... ok
[INFO] [stdout] test crab::splitdbm::split_dbm::tests::test_strengthen_bound ... ok
[INFO] [stdout] test crab::splitdbm::split_dbm::tests::test_new_is_top ... ok
[INFO] [stdout] test crab::splitdbm::split_dbm::tests::test_add_difference_constraint ... ok
[INFO] [stdout] test crab::splitdbm::heap::tests::test_single_element ... ok
[INFO] [stdout] test crab::splitdbm::split_dbm::tests::test_update_bound_if_tighter ... ok
[INFO] [stdout] test crab::splitdbm::split_dbm::tests::test_widen_basic ... ok
[INFO] [stdout] test crab::string_constraints::tests::test_equality ... ok
[INFO] [stdout] test crab::string_constraints::tests::test_to_lines_renders_bottom_as_bottom_line ... ok
[INFO] [stdout] test crab::string_constraints::tests::test_union ... ok
[INFO] [stdout] test crab::type_domain::tests::test_assign_type_encoding_and_get ... ok
[INFO] [stdout] test crab::type_domain::tests::test_get_type_returns_uninit_for_non_singleton ... ok
[INFO] [stdout] test crab::type_domain::tests::test_inclusion_check ... ok
[INFO] [stdout] test crab::type_domain::tests::test_is_in_group ... ok
[INFO] [stdout] test crab::string_constraints::tests::test_line_diff_handles_bottom_uniformly ... ok
[INFO] [stdout] test crab::string_constraints::tests::test_from_set ... ok
[INFO] [stdout] test crab::type_domain::tests::test_iterate_types_returns_exact_set ... ok
[INFO] [stdout] test crab::type_domain::tests::test_join_preserves_common_equalities ... ok
[INFO] [stdout] test crab::type_domain::tests::test_join_absent_vars_not_falsely_unified ... ok
[INFO] [stdout] test crab::type_domain::tests::test_restrict_affects_entire_class ... ok
[INFO] [stdout] test crab::type_domain::tests::test_join_drops_one_sided_equality ... ok
[INFO] [stdout] test crab::type_domain::tests::test_same_type_through_assign ... ok
[INFO] [stdout] test crab::type_domain::tests::test_iterate_types_singleton ... ok
[INFO] [stdout] test crab::type_domain::tests::test_unify_disjoint_goes_to_bottom ... ok
[INFO] [stdout] test crab::string_constraints::tests::test_top_and_bottom ... ok
[INFO] [stdout] test crab::type_domain::tests::test_top_is_not_bottom ... ok
[INFO] [stdout] test crab::type_domain::tests::test_meet_merges_equalities ... ok
[INFO] [stdout] test crab::splitdbm::graph::tests::test_update_edge ... ok
[INFO] [stdout] test crab::splitdbm::graph::tests::test_vertex_allocation_and_free ... ok
[INFO] [stdout] test crab::splitdbm::graph_ops::tests::test_graph_join ... ok
[INFO] [stdout] test crab::type_domain::tests::test_unify_singleton_with_set_reduces ... ok
[INFO] [stdout] test crab::type_domain::tests::test_unify_transitive_chain ... ok
[INFO] [stdout] test crab::type_encoding::tests::test_iterate_kinds_full_range ... ok
[INFO] [stdout] test crab::type_encoding::tests::test_iterate_kinds_single ... ok
[INFO] [stdout] test crab::type_domain::tests::test_unify_nonsingleton_intersection ... ok
[INFO] [stdout] test crab::type_domain::tests::test_unify_singleton_disjoint_bottom ... ok
[INFO] [stdout] test crab::type_domain::tests::test_unify_singleton_intersection ... ok
[INFO] [stdout] test crab::type_encoding::tests::test_iterate_kinds_value_range ... ok
[INFO] [stdout] test crab::type_encoding::tests::test_name_of_all_kinds ... ok
[INFO] [stdout] test crab::splitdbm::heap::tests::test_in_heap ... ok
[INFO] [stdout] test crab::type_encoding::tests::test_display ... ok
[INFO] [stdout] test crab::type_domain::tests::test_join_rebuilds_fresh_no_orphans ... ok
[INFO] [stdout] test crab::type_encoding::tests::test_regkind_roundtrip ... ok
[INFO] [stdout] test crab::type_encoding::tests::test_ts_constants_match_typegroups ... ok
[INFO] [stdout] test crab::type_encoding::tests::test_typeset_all ... ok
[INFO] [stdout] test crab::type_encoding::tests::test_typeset_empty ... ok
[INFO] [stdout] test crab::type_encoding::tests::test_typeset_iter_order ... ok
[INFO] [stdout] test crab::type_encoding::tests::test_typeset_remove ... ok
[INFO] [stdout] test crab::type_encoding::tests::test_typeset_subset ... ok
[INFO] [stdout] test crab::type_encoding::tests::test_regkind_unknown ... ok
[INFO] [stdout] test crab::type_encoding::tests::test_typeset_display ... ok
[INFO] [stdout] test crab::var_registry::tests::test_cell_var_size_one ... ok
[INFO] [stdout] test crab::var_registry::tests::test_default_first_and_last ... ok
[INFO] [stdout] test crab::type_encoding::tests::test_typegroup_to_typeset ... ok
[INFO] [stdout] test crab::var_registry::tests::test_get_type_variables ... ok
[INFO] [stdout] test crab::var_registry::tests::test_is_in_stack ... ok
[INFO] [stdout] test crab::var_registry::tests::test_default_r0_kinds ... ok
[INFO] [stdout] test crab::var_registry::tests::test_default_trailer_names ... ok
[INFO] [stdout] test crab::var_registry::tests::test_get_loop_counters ... ok
[INFO] [stdout] test crab::type_encoding::tests::test_typeset_singleton ... ok
[INFO] [stdout] test crab::var_registry::tests::test_is_min_only ... ok
[INFO] [stdout] test crab::type_encoding::tests::test_typeset_union_intersect ... ok
[INFO] [stdout] test crab::var_registry::tests::test_kind_var ... ok
[INFO] [stdout] test crab::var_registry::tests::test_is_unsigned ... ok
[INFO] [stdout] test crab::var_registry::tests::test_default_construction_size ... ok
[INFO] [stdout] test crab::var_registry::tests::test_make_new_name ... ok
[INFO] [stdout] test crab::var_registry::tests::test_meta_offset ... ok
[INFO] [stdout] test crab::var_registry::tests::test_cell_var_size_multi ... ok
[INFO] [stdout] test crab::var_registry::tests::test_loop_counter ... ok
[INFO] [stdout] test crab::var_registry::tests::test_make_deduplicates ... ok
[INFO] [stdout] test crab::var_registry::tests::test_metadata_for_loop_counter ... ok
[INFO] [stdout] test crab::var_registry::tests::test_stack_frame_var ... ok
[INFO] [stdout] test crab::zone_domain::tests::test_to_set_uses_raw_difference_edge_weight ... ok
[INFO] [stdout] test elf_loader::tests::build_prog_lookup_resolves_first_match_on_duplicate_name ... ok
[INFO] [stdout] test crab::var_registry::tests::test_is_type ... ok
[INFO] [stdout] test crab::var_registry::tests::test_printing_order ... ok
[INFO] [stdout] test crab::var_registry::tests::test_packet_size ... ok
[INFO] [stdout] test crab::var_registry::tests::test_metadata_for_stack_cell ... ok
[INFO] [stdout] test elf_loader::tests::bytes_to_instructions_basic ... ok
[INFO] [stdout] test crab::var_registry::tests::test_reg_produces_correct_name ... ok
[INFO] [stdout] test elf_loader::tests::bytes_to_instructions_rejects_unaligned ... ok
[INFO] [stdout] test elf_loader::tests::ebpf_inst_set_dst ... ok
[INFO] [stdout] test elf_loader::tests::is_global_section_basic ... ok
[INFO] [stdout] test elf_loader::tests::load_elf_nonexistent_section_fails ... ok
[INFO] [stdout] test crab::zone_domain::tests::test_add_linear_leq_tightens_difference_from_finite_bounds ... ok
[INFO] [stdout] test crab::var_registry::tests::test_metadata_for_default_register ... ok
[INFO] [stdout] test elf_loader::tests::load_elf_with_section_filter ... ok
[INFO] [stdout] test elf_loader::tests::load_elf_without_line_info ... ok
[INFO] [stdout] test elf_loader::tests::ebpf_inst_set_src ... ok
[INFO] [stdout] test elf_loader::tests::load_elf_with_line_info ... ok
[INFO] [stdout] test elf_loader::tests::load_map_in_map_btf ... ok
[INFO] [stdout] test elf_loader::tests::load_simple_elf_from_samples ... ok
[INFO] [stdout] test elf_loader::tests::read_elf_rejects_garbage ... ok
[INFO] [stdout] test crab::var_registry::tests::test_type_reg_produces_correct_name ... ok
[INFO] [stdout] test elf_loader::tests::read_elf_accepts_aligned_func_symbol ... ok
[INFO] [stdout] test elf_loader::tests::validate_lddw_pair_ok ... ok
[INFO] [stdout] test elf_loader::tests::read_elf_rejects_non_aligned_func_symbol ... ok
[INFO] [stdout] test elf_loader::tests::validate_lddw_pair_boundary ... ok
[INFO] [stdout] test ir::assembler::tests::lddw_test ... ok
[INFO] [stdout] test ir::assembler::tests::add_test ... ok
[INFO] [stdout] test elf_loader::tests::validate_lddw_pair_wrong_opcode ... ok
[INFO] [stdout] test elf_loader::tests::load_btf_maps_elf ... ok
[INFO] [stdout] test elf_loader::tests::is_map_section_basic ... ok
[INFO] [stdout] test ir::assembler::tests::lock_add ... ok
[INFO] [stdout] test ir::assertions::assertions_tests::test_assertions_add_reg ... ok
[INFO] [stdout] test ir::assertions::assertions_tests::test_assertions_mem_load ... ok
[INFO] [stdout] test ir::marshal::tests::bin_op_offset_encoding ... ok
[INFO] [stdout] test ir::marshal::tests::condition_op_encoding ... ok
[INFO] [stdout] test ir::marshal::tests::imm_endian_encoding ... ok
[INFO] [stdout] test ir::program::tests::jump_to_non_instruction_target_is_rejected ... ok
[INFO] [stdout] test ir::marshal::tests::bin_op_encoding ... ok
[INFO] [stdout] test elf_loader::tests::read_elf_rejects_out_of_range_section_table ... ok
[INFO] [stdout] test ir::assembler::tests::simple_mov_exit ... ok
[INFO] [stdout] test ir::program::tests::test_call_btf_unknown_kfunc_is_rejected ... ok
[INFO] [stdout] test elf_loader::tests::read_elf_file_nonexistent_path ... ok
[INFO] [stdout] test ir::assembler::tests::label_jump ... ok
[INFO] [stdout] test ir::program::tests::test_call_btf_known_kfunc_is_lowered_to_call ... ok
[INFO] [stdout] test ir::program::tests::test_callback_target_sets_track_reachable_exit ... ok
[INFO] [stdout] test ir::program::tests::test_program_from_sequence_simple ... ok
[INFO] [stdout] test ir::program::tests::test_lddw_variable_addr_is_lowered_to_mov_imm64 ... ok
[INFO] [stdout] test ir::program::tests::test_program_empty_error ... ok
[INFO] [stdout] test ir::program::tests::test_lddw_code_addr_is_preserved ... ok
[INFO] [stdout] test ir::unmarshal::unmarshal_tests::make_call_result_rejects_out_of_range_helper_id ... ok
[INFO] [stdout] test ir::program::tests::test_lddw_map_by_index_still_resolves ... ok
[INFO] [stdout] test ir::program::tests::test_tail_call_chain_depth_above_33_is_rejected ... ok
[INFO] [stdout] test ir::unmarshal::unmarshal_tests::test_make_call_keeps_ptr_to_const_str_unsupported ... ok
[INFO] [stdout] test ir::unmarshal::unmarshal_tests::test_make_call_maps_new_helper_abi_classes ... ok
[INFO] [stdout] test ir::unmarshal::unmarshal_tests::test_make_call_supports_ptr_to_func_for_bpf_loop ... ok
[INFO] [stdout] test ir::unmarshal::unmarshal_tests::test_unmarshal_alu_basic ... ok
[INFO] [stdout] test ir::unmarshal::unmarshal_tests::test_unmarshal_exit ... ok
[INFO] [stdout] test ir::unmarshal::unmarshal_tests::test_unmarshal_builtin_calls_only_when_relocation_gated ... ok
[INFO] [stdout] test ir::unmarshal::unmarshal_tests::test_unmarshal_fail_bad_reg ... ok
[INFO] [stdout] test ir::unmarshal::unmarshal_tests::test_unmarshal_div_zero ... ok
[INFO] [stdout] test ir::unmarshal::unmarshal_tests::test_unmarshal_jmp_eq ... ok
[INFO] [stdout] test ir::unmarshal::unmarshal_tests::test_unmarshal_lddw_map_value_preserves_next_imm_payload ... ok
[INFO] [stdout] test ir::unmarshal::unmarshal_tests::ja_with_nonzero_src_is_rejected ... ok
[INFO] [stdout] test linux::kfunc::tests::kfunc_acquire_flag_is_accepted ... ok
[INFO] [stdout] test ir::unmarshal::unmarshal_tests::parse_call_out_of_range_is_undefined_not_panic ... ok
[INFO] [stdout] test ir::unmarshal::unmarshal_tests::test_unmarshal_lddw_rejects_reserved_next_imm_fields_for_pseudo_modes ... ok
[INFO] [stdout] test ir::unmarshal::unmarshal_tests::test_unmarshal_mem_load ... ok
[INFO] [stdout] test ir::unmarshal::unmarshal_tests::test_unmarshal_mov_reg ... ok
[INFO] [stdout] test ir::unmarshal::unmarshal_tests::test_unmarshal_packet_access ... ok
[INFO] [stdout] test linux::kfunc::tests::kfunc_pointer_size_pairs_are_encoded ... ok
[INFO] [stdout] test linux::kfunc::tests::kfunc_program_type_and_privilege_gating ... ok
[INFO] [stdout] test linux::kfunc::tests::kfunc_release_flag_is_rejected ... ok
[INFO] [stdout] test linux::kfunc::tests::kfunc_same_btf_id_disambiguates_by_module ... ok
[INFO] [stdout] test linux::kfunc::tests::known_kfunc_map_lookup_return_is_mapped ... ok
[INFO] [stdout] test linux::kfunc::tests::unknown_kfunc_btf_id_is_rejected ... ok
[INFO] [stdout] test ir::program::tests::test_tail_call_chain_depth_of_33_is_accepted ... ok
[INFO] [stdout] test ir::assertions::assertions_tests::test_assertions_add_imm ... ok
[INFO] [stdout] test ir::assembler::tests::negative_hex_offset_is_rejected ... ok
[INFO] [stdout] test linux::linux_platform::tests::test_builtin_relocation_resolver_maps_known_libc_builtins ... ok
[INFO] [stdout] test linux::linux_platform::tests::test_ksym_relocation_resolver_maps_known_kfunc_symbols ... ok
[INFO] [stdout] test linux::linux_platform::tests::test_cgroup_sock_addr_prefixes_map_to_sock_addr_program_type ... ok
[INFO] [stdout] test linux::linux_platform::tests::test_raw_tracepoint_program_types_are_privileged ... ok
[INFO] [stdout] test linux::linux_platform::tests::test_new_linux_map_type_entries_are_present ... ok
[INFO] [stdout] test linux::linux_platform::tests::test_socket_cookie_helper_is_not_fully_context_agnostic ... ok
[INFO] [stdout] test linux::spec_prototypes::tests::test_first_entry_is_unspec ... ok
[INFO] [stdout] test linux::spec_prototypes::tests::test_is_helper_usable_no_context_required ... ok
[INFO] [stdout] test linux::spec_prototypes::tests::test_is_helper_usable_context_match ... ok
[INFO] [stdout] test linux::spec_prototypes::tests::test_all_names_non_empty ... ok
[INFO] [stdout] test linux::spec_prototypes::tests::test_is_helper_usable_out_of_range ... ok
[INFO] [stdout] test linux::spec_prototypes::tests::test_ctx_descriptor_helpers ... ok
[INFO] [stdout] test linux::spec_prototypes::tests::test_is_helper_usable_context_value_match ... ok
[INFO] [stdout] test linux::spec_prototypes::tests::test_is_helper_usable_unsupported ... ok
[INFO] [stdout] test linux::spec_prototypes::tests::test_last_entry_is_cgrp_storage_delete ... ok
[INFO] [stdout] test linux::spec_prototypes::tests::test_map_lookup_elem_prototype ... ok
[INFO] [stdout] test linux::spec_prototypes::tests::test_reallocate_packet_helpers ... ok
[INFO] [stdout] test linux::spec_prototypes::tests::test_socket_cookie_program_type_gating ... ok
[INFO] [stdout] test linux::spec_prototypes::tests::test_tail_call_prototype ... ok
[INFO] [stdout] test linux::spec_prototypes::tests::test_might_sleep_helpers_require_sleepable_program ... ok
[INFO] [stdout] test linux::spec_prototypes::tests::test_unsupported_dynptr_helpers ... ok
[INFO] [stdout] test linux::spec_prototypes::tests::test_prototype_count ... ok
[INFO] [stdout] test linux::spec_type_descriptors::tests::test_new_linux_ctx_descriptor_layouts ... ok
[INFO] [stdout] test ir::program::tests::test_kfunc_btf_id_overlap_with_tail_call_helper_is_not_misclassified ... ok
[INFO] [stdout] test printing::tests::test_display_addable ... ok
[INFO] [stdout] test printing::tests::test_display_arg_pair ... ok
[INFO] [stdout] test printing::tests::test_display_arg_single_kinds ... ok
[INFO] [stdout] test printing::tests::test_display_arg_single_or_null ... ok
[INFO] [stdout] test printing::tests::test_display_assume ... ok
[INFO] [stdout] test printing::tests::test_display_atomic_add ... ok
[INFO] [stdout] test printing::tests::test_display_bin_32bit ... ok
[INFO] [stdout] test printing::tests::test_display_bin_lddw ... ok
[INFO] [stdout] test printing::tests::test_display_assertion_dispatch ... ok
[INFO] [stdout] test printing::tests::test_display_atomic_xchg ... ok
[INFO] [stdout] test printing::tests::test_display_arg_pair_kinds ... ok
[INFO] [stdout] test printing::tests::test_display_binop ... ok
[INFO] [stdout] test printing::tests::test_display_bin_mov ... ok
[INFO] [stdout] test printing::tests::test_display_bounded_loop_count ... ok
[INFO] [stdout] test printing::tests::test_display_btf_line_info ... ok
[INFO] [stdout] test printing::tests::test_display_call ... ok
[INFO] [stdout] test printing::tests::test_display_call_local ... ok
[INFO] [stdout] test printing::tests::test_display_atomic_add_fetch ... ok
[INFO] [stdout] test printing::tests::test_display_callx ... ok
[INFO] [stdout] test printing::tests::test_display_bin ... ok
[INFO] [stdout] test printing::tests::test_display_comparable ... ok
[INFO] [stdout] test printing::tests::test_display_func_constraint ... ok
[INFO] [stdout] test printing::tests::test_display_imm_negative ... ok
[INFO] [stdout] test printing::tests::test_display_imm_positive ... ok
[INFO] [stdout] test printing::tests::test_display_comparable_or_number ... ok
[INFO] [stdout] test printing::tests::test_display_condition ... ok
[INFO] [stdout] test printing::tests::test_display_condition_32bit ... ok
[INFO] [stdout] test printing::tests::test_display_conditionop ... ok
[INFO] [stdout] test printing::tests::test_display_exit ... ok
[INFO] [stdout] test printing::tests::test_display_instruction_dispatch ... ok
[INFO] [stdout] test printing::tests::test_display_increment_loop_counter ... ok
[INFO] [stdout] test printing::tests::test_display_jmp_conditional ... ok
[INFO] [stdout] test printing::tests::test_display_jmp_unconditional ... ok
[INFO] [stdout] test printing::tests::test_display_packet ... ok
[INFO] [stdout] test printing::tests::test_display_type_constraint_singleton ... ok
[INFO] [stdout] test printing::tests::test_display_map_descriptor ... ok
[INFO] [stdout] test printing::tests::test_display_mem_load ... ok
[INFO] [stdout] test printing::tests::test_display_un_be16 ... ok
[INFO] [stdout] test printing::tests::test_display_undefined ... ok
[INFO] [stdout] test printing::tests::test_display_load_map_address ... ok
[INFO] [stdout] test printing::tests::test_display_load_map_fd ... ok
[INFO] [stdout] test printing::tests::test_display_type_constraint_group ... ok
[INFO] [stdout] test printing::tests::test_display_valid_callback_target ... ok
[INFO] [stdout] test printing::tests::test_display_valid_access_with_positive_offset ... ok
[INFO] [stdout] test printing::tests::test_display_valid_divisor ... ok
[INFO] [stdout] test printing::tests::test_display_valid_access_basic ... ok
[INFO] [stdout] test printing::tests::test_display_valid_size ... ok
[INFO] [stdout] test printing::tests::test_display_valid_access_comparison ... ok
[INFO] [stdout] test printing::tests::test_display_mem_store ... ok
[INFO] [stdout] test printing::tests::test_display_un_neg ... ok
[INFO] [stdout] test printing::tests::test_display_packet_with_reg ... ok
[INFO] [stdout] test printing::tests::test_instruction_size_lddw ... ok
[INFO] [stdout] test printing::tests::test_display_valid_divisor_32bit ... ok
[INFO] [stdout] test printing::tests::test_display_value ... ok
[INFO] [stdout] test printing::tests::test_display_valid_map_key_value ... ok
[INFO] [stdout] test printing::tests::test_print_instruction_seq ... ok
[INFO] [stdout] test printing::tests::test_instruction_size_normal ... ok
[INFO] [stdout] test printing::tests::test_size_str ... ok
[INFO] [stdout] test printing::tests::test_reg_name ... ok
[INFO] [stdout] test printing::tests::test_valid_access_or_null ... ok
[INFO] [stdout] test printing::tests::test_display_packet_with_reg_and_offset ... ok
[INFO] [stdout] test result::tests::extract_assertion_regs_bounded_loop_count ... ok
[INFO] [stdout] test result::tests::extract_assertion_regs_comparable ... ok
[INFO] [stdout] test result::tests::extract_assertion_regs_valid_access ... ok
[INFO] [stdout] test arith::extended_number::tests::test_add_opposite_infinity - should panic ... ok
[INFO] [stdout] test arith::extended_number::tests::test_div_by_zero - should panic ... ok
[INFO] [stdout] test arith::extended_number::tests::test_div_inf_by_inf - should panic ... ok
[INFO] [stdout] test printing::tests::test_display_valid_store ... ok
[INFO] [stdout] test crab::bitset_domain::tests::test_join_size_mismatch_panics - should panic ... ok
[INFO] [stdout] test printing::tests::test_display_reg ... ok
[INFO] [stdout] test crab::type_encoding::tests::test_iterate_kinds_invalid_range - should panic ... ok
[INFO] [stdout] test result::tests::extract_deps_mem_store ... ok
[INFO] [stdout] test result::tests::relevant_constraint_packet ... ok
[INFO] [stdout] test result::tests::extract_deps_bin_mov ... ok
[INFO] [stdout] test result::tests::relevant_constraint_register ... ok
[INFO] [stdout] test spec::vm_isa::tests::access_size_display ... ok
[INFO] [stdout] test spec::vm_isa::tests::access_size_bytes ... ok
[INFO] [stdout] test spec::vm_isa::tests::alu_op_from_opcode_all_valid ... ok
[INFO] [stdout] test spec::vm_isa::tests::ebpf_inst_accessors ... ok
[INFO] [stdout] test result::tests::extract_deps_mem_load ... ok
[INFO] [stdout] test spec::vm_isa::tests::access_size_from_opcode_ignores_non_size_bits ... ok
[INFO] [stdout] test printing::tests::test_display_zero_ctx_offset ... ok
[INFO] [stdout] test spec::vm_isa::tests::alu_op_from_opcode_reserved_returns_none ... ok
[INFO] [stdout] test result::tests::extract_assertion_regs_valid_divisor ... ok
[INFO] [stdout] test result::tests::extract_deps_bin_add ... ok
[INFO] [stdout] test spec::vm_isa::tests::access_size_from_opcode_all_sizes ... ok
[INFO] [stdout] test spec::vm_isa::tests::access_size_to_opcode_all ... ok
[INFO] [stdout] test spec::vm_isa::tests::instruction_class_from_opcode_all_classes ... ok
[INFO] [stdout] test spec::vm_isa::tests::instruction_class_from_opcode_ignores_non_class_bits ... ok
[INFO] [stdout] test spec::vm_isa::tests::jmp_op_from_opcode_all_valid ... ok
[INFO] [stdout] test spec::vm_isa::tests::split_basic ... ok
[INFO] [stdout] test spec::vm_isa::tests::jmp_op_from_opcode_reserved_returns_none ... ok
[INFO] [stdout] test result::tests::relevant_constraint_relational ... ok
[INFO] [stdout] test spec::vm_isa::tests::jmp_op_variant_matches_constant ... ok
[INFO] [stdout] test spec::vm_isa::tests::alu_op_variant_matches_constant ... ok
[INFO] [stdout] test spec::vm_isa::tests::merge_basic ... ok
[INFO] [stdout] test result::tests::relevant_constraint_unparseable ... ok
[INFO] [stdout] test crab::var_registry::tests::test_kind_var_no_dot_panics - should panic ... ok
[INFO] [stdout] test spec::vm_isa::tests::merge_split_roundtrip ... ok
[INFO] [stdout] test spec::vm_isa::tests::access_size_roundtrip ... ok
[INFO] [stdout] test spec::vm_isa::tests::ebpf_inst_size ... ok
[INFO] [stdout] test spec::vm_isa::tests::instruction_class_variant_matches_constant ... ok
[INFO] [stdout] 
[INFO] [stdout] test result: ok. 452 passed; 0 failed; 0 ignored; 0 measured; 0 filtered out; finished in 0.13s
[INFO] [stdout] 
[INFO] [stderr]      Running unittests src/main.rs (/opt/rustwide/target/debug/build/prevail/484ec80542a1bcc8/out/prevail-484ec80542a1bcc8)
[INFO] [stdout] 
[INFO] [stdout] running 0 tests
[INFO] [stdout] 
[INFO] [stdout] test result: ok. 0 passed; 0 failed; 0 ignored; 0 measured; 0 filtered out; finished in 0.00s
[INFO] [stdout] 
[INFO] [stderr]      Running tests/call_depth_tests.rs (/opt/rustwide/target/debug/build/prevail/ff33ecd38940de32/out/call_depth_tests-ff33ecd38940de32)
[INFO] [stdout] 
[INFO] [stdout] running 4 tests
[INFO] [stdout] test entry_frame_is_not_counted ... ok
[INFO] [stdout] test unreachable_nested_local_calls_are_excluded ... ok
[INFO] [stdout] test call_depth_is_kept_after_verification_failure ... ok
[INFO] [stderr]      Running tests/cli_help_tests.rs (/opt/rustwide/target/debug/build/prevail/727376a6d5e5fa0c/out/cli_help_tests-727376a6d5e5fa0c)
[INFO] [stdout] test nested_local_calls_are_counted ... ok
[INFO] [stdout] 
[INFO] [stdout] test result: ok. 4 passed; 0 failed; 0 ignored; 0 measured; 0 filtered out; finished in 0.01s
[INFO] [stdout] 
[INFO] [stdout] 
[INFO] [stdout] running 1 test
[INFO] [stdout] test help_text_matches_upstream_byte_for_byte ... ok
[INFO] [stderr]      Running tests/cli_line_info_tests.rs (/opt/rustwide/target/debug/build/prevail/908620c274a8b936/out/cli_line_info_tests-908620c274a8b936)
[INFO] [stdout] 
[INFO] [stdout] test result: ok. 1 passed; 0 failed; 0 ignored; 0 measured; 0 filtered out; finished in 0.01s
[INFO] [stdout] 
[INFO] [stdout] 
[INFO] [stdout] running 3 tests
[INFO] [stdout] test cfg_sets_each_source_line_apart ... FAILED
[INFO] [stdout] test asm_ends_with_the_map_descriptors ... FAILED
[INFO] [stdout] test first_failure_is_preceded_by_its_source_line ... FAILED
[INFO] [stdout] 
[INFO] [stdout] failures:
[INFO] [stdout] 
[INFO] [stdout] ---- cfg_sets_each_source_line_apart stdout ----
[INFO] [stdout] 
[INFO] [stdout] thread 'cfg_sets_each_source_line_apart' (1968) panicked at tests/cli_line_info_tests.rs:54:5:
[INFO] [stdout] 
[INFO] [stdout] stack backtrace:
[INFO] [stdout]    0:     0x61c1d0f4b491 - std[617be2ca0a6fd877]::backtrace_rs::backtrace::libunwind::trace
[INFO] [stdout]                                at /rustc/e3feeb59cd1bdd011a2bfcc0747b55125d9b8527/library/std/src/../../backtrace/src/backtrace/libunwind.rs:117:9
[INFO] [stdout]    1:     0x61c1d0f4b491 - std[617be2ca0a6fd877]::backtrace_rs::backtrace::trace_unsynchronized::<std[617be2ca0a6fd877]::sys::backtrace::_print_fmt::{closure#1}>
[INFO] [stdout]                                at /rustc/e3feeb59cd1bdd011a2bfcc0747b55125d9b8527/library/std/src/../../backtrace/src/backtrace/mod.rs:66:14
[INFO] [stdout]    2:     0x61c1d0f4b491 - std[617be2ca0a6fd877]::sys::backtrace::_print_fmt
[INFO] [stdout]                                at /rustc/e3feeb59cd1bdd011a2bfcc0747b55125d9b8527/library/std/src/sys/backtrace.rs:74:9
[INFO] [stdout]    3:     0x61c1d0f4b491 - <<std[617be2ca0a6fd877]::sys::backtrace::BacktraceLock>::print::DisplayBacktrace as core[a373ad73a504971]::fmt::Display>::fmt
[INFO] [stdout]                                at /rustc/e3feeb59cd1bdd011a2bfcc0747b55125d9b8527/library/std/src/sys/backtrace.rs:44:26
[INFO] [stdout]    4:     0x61c1d0f5f4ba - <core[a373ad73a504971]::fmt::rt::Argument>::fmt
[INFO] [stdout]                                at /rustc/e3feeb59cd1bdd011a2bfcc0747b55125d9b8527/library/core/src/fmt/rt.rs:152:76
[INFO] [stdout]    5:     0x61c1d0f5f4ba - core[a373ad73a504971]::fmt::write
[INFO] [stdout]    6:     0x61c1d0f4f6ac - core[a373ad73a504971]::io::write::default_write_fmt::<alloc[2e1b2a31b91974c5]::vec::Vec<u8>>
[INFO] [stdout]                                at /rustc/e3feeb59cd1bdd011a2bfcc0747b55125d9b8527/library/core/src/io/write.rs:402:11
[INFO] [stdout]    7:     0x61c1d0f4f6ac - <alloc[2e1b2a31b91974c5]::vec::Vec<u8> as core[a373ad73a504971]::io::write::Write>::write_fmt
[INFO] [stdout]                                at /rustc/e3feeb59cd1bdd011a2bfcc0747b55125d9b8527/library/core/src/io/write.rs:335:13
[INFO] [stdout]    8:     0x61c1d0f277f6 - <std[617be2ca0a6fd877]::sys::backtrace::BacktraceLock>::print
[INFO] [stdout]                                at /rustc/e3feeb59cd1bdd011a2bfcc0747b55125d9b8527/library/std/src/sys/backtrace.rs:47:9
[INFO] [stdout]    9:     0x61c1d0f277f6 - std[617be2ca0a6fd877]::panicking::default_hook::{closure#0}
[INFO] [stdout]                                at /rustc/e3feeb59cd1bdd011a2bfcc0747b55125d9b8527/library/std/src/panicking.rs:289:27
[INFO] [stdout]   10:     0x61c1d0f43b29 - std[617be2ca0a6fd877]::panicking::default_hook
[INFO] [stdout]                                at /rustc/e3feeb59cd1bdd011a2bfcc0747b55125d9b8527/library/std/src/panicking.rs:313:9
[INFO] [stdout]   11:     0x61c1d0ee00d0 - <alloc[2e1b2a31b91974c5]::boxed::Box<dyn for<'a, 'b> core[a373ad73a504971]::ops::function::Fn<(&'a std[617be2ca0a6fd877]::panic::PanicHookInfo<'b>,), Output = ()> + core[a373ad73a504971]::marker::Sync + core[a373ad73a504971]::marker::Send> as core[a373ad73a504971]::ops::function::Fn<(&std[617be2ca0a6fd877]::panic::PanicHookInfo,)>>::call
[INFO] [stdout]                                at /rustc/e3feeb59cd1bdd011a2bfcc0747b55125d9b8527/library/alloc/src/boxed.rs:2328:9
[INFO] [stdout]   12:     0x61c1d0ee00d0 - test[aada8e7e76ba119b]::test_main_inner::{closure#0}
[INFO] [stdout]                                at /rustc/e3feeb59cd1bdd011a2bfcc0747b55125d9b8527/library/test/src/lib.rs:137:21
[INFO] [stdout]   13:     0x61c1d0f43ce2 - <alloc[2e1b2a31b91974c5]::boxed::Box<dyn for<'a, 'b> core[a373ad73a504971]::ops::function::Fn<(&'a std[617be2ca0a6fd877]::panic::PanicHookInfo<'b>,), Output = ()> + core[a373ad73a504971]::marker::Sync + core[a373ad73a504971]::marker::Send> as core[a373ad73a504971]::ops::function::Fn<(&std[617be2ca0a6fd877]::panic::PanicHookInfo,)>>::call
[INFO] [stdout]                                at /rustc/e3feeb59cd1bdd011a2bfcc0747b55125d9b8527/library/alloc/src/boxed.rs:2328:9
[INFO] [stdout]   14:     0x61c1d0f43ce2 - std[617be2ca0a6fd877]::panicking::panic_with_hook
[INFO] [stdout]                                at /rustc/e3feeb59cd1bdd011a2bfcc0747b55125d9b8527/library/std/src/panicking.rs:819:13
[INFO] [stdout]   15:     0x61c1d0f278a2 - std[617be2ca0a6fd877]::panicking::panic_handler::{closure#0}
[INFO] [stdout]                                at /rustc/e3feeb59cd1bdd011a2bfcc0747b55125d9b8527/library/std/src/panicking.rs:685:13
[INFO] [stdout]   16:     0x61c1d0f205b9 - std[617be2ca0a6fd877]::sys::backtrace::__rust_end_short_backtrace::<std[617be2ca0a6fd877]::panicking::panic_handler::{closure#0}, !>
[INFO] [stdout]                                at /rustc/e3feeb59cd1bdd011a2bfcc0747b55125d9b8527/library/std/src/sys/backtrace.rs:182:18
[INFO] [stdout]   17:     0x61c1d0f284ad - __rustc[ea4f61d10b84890b]::rust_begin_unwind
[INFO] [stdout]                                at /rustc/e3feeb59cd1bdd011a2bfcc0747b55125d9b8527/library/std/src/panicking.rs:676:5
[INFO] [stdout]   18:     0x61c1d0f5fbec - core[a373ad73a504971]::panicking::panic_fmt
[INFO] [stdout]                                at /rustc/e3feeb59cd1bdd011a2bfcc0747b55125d9b8527/library/core/src/panicking.rs:80:14
[INFO] [stdout]   19:     0x61c1d0ecd064 - cli_line_info_tests[2afe89ae67d431bd]::cfg_sets_each_source_line_apart
[INFO] [stdout]                                at /opt/rustwide/workdir/tests/cli_line_info_tests.rs:54:5
[INFO] [stdout]   20:     0x61c1d0ecc767 - cli_line_info_tests[2afe89ae67d431bd]::cfg_sets_each_source_line_apart::{closure#0}
[INFO] [stdout]                                at /opt/rustwide/workdir/tests/cli_line_info_tests.rs:39:37
[INFO] [stdout]   21:     0x61c1d0ed3226 - <cli_line_info_tests[2afe89ae67d431bd]::cfg_sets_each_source_line_apart::{closure#0} as core[a373ad73a504971]::ops::function::FnOnce<()>>::call_once
[INFO] [stdout]                                at /rustc/e3feeb59cd1bdd011a2bfcc0747b55125d9b8527/library/core/src/ops/function.rs:250:5
[INFO] [stdout]   22:     0x61c1d0ed351b - <fn() -> core[a373ad73a504971]::result::Result<(), alloc[2e1b2a31b91974c5]::string::String> as core[a373ad73a504971]::ops::function::FnOnce<()>>::call_once
[INFO] [stdout]                                at /rustc/e3feeb59cd1bdd011a2bfcc0747b55125d9b8527/library/core/src/ops/function.rs:250:5
[INFO] [stdout]   23:     0x61c1d0ed351b - test[aada8e7e76ba119b]::__rust_begin_short_backtrace::<core[a373ad73a504971]::result::Result<(), alloc[2e1b2a31b91974c5]::string::String>, fn() -> core[a373ad73a504971]::result::Result<(), alloc[2e1b2a31b91974c5]::string::String>>
[INFO] [stdout]                                at /rustc/e3feeb59cd1bdd011a2bfcc0747b55125d9b8527/library/test/src/lib.rs:701:18
[INFO] [stdout]   24:     0x61c1d0ee06f5 - test[aada8e7e76ba119b]::run_test_in_process::{closure#0}
[INFO] [stdout]                                at /rustc/e3feeb59cd1bdd011a2bfcc0747b55125d9b8527/library/test/src/lib.rs:724:74
[INFO] [stdout]   25:     0x61c1d0ee06f5 - <core[a373ad73a504971]::panic::unwind_safe::AssertUnwindSafe<test[aada8e7e76ba119b]::run_test_in_process::{closure#0}> as core[a373ad73a504971]::ops::function::FnOnce<()>>::call_once
[INFO] [stdout]                                at /rustc/e3feeb59cd1bdd011a2bfcc0747b55125d9b8527/library/core/src/panic/unwind_safe.rs:275:9
[INFO] [stdout]   26:     0x61c1d0ee06f5 - std[617be2ca0a6fd877]::panicking::catch_unwind::do_call::<core[a373ad73a504971]::panic::unwind_safe::AssertUnwindSafe<test[aada8e7e76ba119b]::run_test_in_process::{closure#0}>, core[a373ad73a504971]::result::Result<(), alloc[2e1b2a31b91974c5]::string::String>>
[INFO] [stdout]                                at /rustc/e3feeb59cd1bdd011a2bfcc0747b55125d9b8527/library/std/src/panicking.rs:573:43
[INFO] [stdout]   27:     0x61c1d0ee06f5 - std[617be2ca0a6fd877]::panicking::catch_unwind::<core[a373ad73a504971]::result::Result<(), alloc[2e1b2a31b91974c5]::string::String>, core[a373ad73a504971]::panic::unwind_safe::AssertUnwindSafe<test[aada8e7e76ba119b]::run_test_in_process::{closure#0}>>
[INFO] [stdout]                                at /rustc/e3feeb59cd1bdd011a2bfcc0747b55125d9b8527/library/std/src/panicking.rs:541:19
[INFO] [stdout]   28:     0x61c1d0ee06f5 - std[617be2ca0a6fd877]::panic::catch_unwind::<core[a373ad73a504971]::panic::unwind_safe::AssertUnwindSafe<test[aada8e7e76ba119b]::run_test_in_process::{closure#0}>, core[a373ad73a504971]::result::Result<(), alloc[2e1b2a31b91974c5]::string::String>>
[INFO] [stdout]                                at /rustc/e3feeb59cd1bdd011a2bfcc0747b55125d9b8527/library/std/src/panic.rs:359:14
[INFO] [stdout]   29:     0x61c1d0ee06f5 - test[aada8e7e76ba119b]::run_test_in_process
[INFO] [stdout]                                at /rustc/e3feeb59cd1bdd011a2bfcc0747b55125d9b8527/library/test/src/lib.rs:724:27
[INFO] [stdout]   30:     0x61c1d0ee06f5 - test[aada8e7e76ba119b]::run_test::{closure#0}
[INFO] [stdout]                                at /rustc/e3feeb59cd1bdd011a2bfcc0747b55125d9b8527/library/test/src/lib.rs:645:43
[INFO] [stdout]   31:     0x61c1d0ed9fe4 - test[aada8e7e76ba119b]::run_test::{closure#1}
[INFO] [stdout]                                at /rustc/e3feeb59cd1bdd011a2bfcc0747b55125d9b8527/library/test/src/lib.rs:675:41
[INFO] [stdout]   32:     0x61c1d0ed9fe4 - std[617be2ca0a6fd877]::sys::backtrace::__rust_begin_short_backtrace::<test[aada8e7e76ba119b]::run_test::{closure#1}, ()>
[INFO] [stdout]                                at /rustc/e3feeb59cd1bdd011a2bfcc0747b55125d9b8527/library/std/src/sys/backtrace.rs:166:18
[INFO] [stdout]   33:     0x61c1d0ee3782 - std[617be2ca0a6fd877]::thread::lifecycle::spawn_unchecked::<test[aada8e7e76ba119b]::run_test::{closure#1}, ()>::{closure#1}::{closure#0}
[INFO] [stdout]                                at /rustc/e3feeb59cd1bdd011a2bfcc0747b55125d9b8527/library/std/src/thread/lifecycle.rs:70:13
[INFO] [stdout]   34:     0x61c1d0ee3782 - <core[a373ad73a504971]::panic::unwind_safe::AssertUnwindSafe<std[617be2ca0a6fd877]::thread::lifecycle::spawn_unchecked<test[aada8e7e76ba119b]::run_test::{closure#1}, ()>::{closure#1}::{closure#0}> as core[a373ad73a504971]::ops::function::FnOnce<()>>::call_once
[INFO] [stdout]                                at /rustc/e3feeb59cd1bdd011a2bfcc0747b55125d9b8527/library/core/src/panic/unwind_safe.rs:275:9
[INFO] [stdout]   35:     0x61c1d0ee3782 - std[617be2ca0a6fd877]::panicking::catch_unwind::do_call::<core[a373ad73a504971]::panic::unwind_safe::AssertUnwindSafe<std[617be2ca0a6fd877]::thread::lifecycle::spawn_unchecked<test[aada8e7e76ba119b]::run_test::{closure#1}, ()>::{closure#1}::{closure#0}>, ()>
[INFO] [stdout]                                at /rustc/e3feeb59cd1bdd011a2bfcc0747b55125d9b8527/library/std/src/panicking.rs:573:43
[INFO] [stdout]   36:     0x61c1d0ee3782 - std[617be2ca0a6fd877]::panicking::catch_unwind::<(), core[a373ad73a504971]::panic::unwind_safe::AssertUnwindSafe<std[617be2ca0a6fd877]::thread::lifecycle::spawn_unchecked<test[aada8e7e76ba119b]::run_test::{closure#1}, ()>::{closure#1}::{closure#0}>>
[INFO] [stdout]                                at /rustc/e3feeb59cd1bdd011a2bfcc0747b55125d9b8527/library/std/src/panicking.rs:541:19
[INFO] [stdout]   37:     0x61c1d0ee3782 - std[617be2ca0a6fd877]::panic::catch_unwind::<core[a373ad73a504971]::panic::unwind_safe::AssertUnwindSafe<std[617be2ca0a6fd877]::thread::lifecycle::spawn_unchecked<test[aada8e7e76ba119b]::run_test::{closure#1}, ()>::{closure#1}::{closure#0}>, ()>
[INFO] [stdout]                                at /rustc/e3feeb59cd1bdd011a2bfcc0747b55125d9b8527/library/std/src/panic.rs:359:14
[INFO] [stdout]   38:     0x61c1d0ee3782 - std[617be2ca0a6fd877]::thread::lifecycle::spawn_unchecked::<test[aada8e7e76ba119b]::run_test::{closure#1}, ()>::{closure#1}
[INFO] [stdout]                                at /rustc/e3feeb59cd1bdd011a2bfcc0747b55125d9b8527/library/std/src/thread/lifecycle.rs:68:26
[INFO] [stdout]   39:     0x61c1d0ee3782 - <std[617be2ca0a6fd877]::thread::lifecycle::spawn_unchecked<test[aada8e7e76ba119b]::run_test::{closure#1}, ()>::{closure#1} as core[a373ad73a504971]::ops::function::FnOnce<()>>::call_once::{shim:vtable#0}
[INFO] [stdout]                                at /rustc/e3feeb59cd1bdd011a2bfcc0747b55125d9b8527/library/core/src/ops/function.rs:250:5
[INFO] [stdout]   40:     0x61c1d0f4acef - <alloc[2e1b2a31b91974c5]::boxed::Box<dyn core[a373ad73a504971]::ops::function::FnOnce<(), Output = ()> + core[a373ad73a504971]::marker::Send> as core[a373ad73a504971]::ops::function::FnOnce<()>>::call_once
[INFO] [stdout]                                at /rustc/e3feeb59cd1bdd011a2bfcc0747b55125d9b8527/library/alloc/src/boxed.rs:2314:9
[INFO] [stdout]   41:     0x61c1d0f4acef - <std[617be2ca0a6fd877]::sys::thread::unix::Thread>::new::thread_start
[INFO] [stdout]                                at /rustc/e3feeb59cd1bdd011a2bfcc0747b55125d9b8527/library/std/src/sys/thread/unix.rs:127:17
[INFO] [stdout]   42:     0x725c8a402dfa - <unknown>
[INFO] [stdout]   43:     0x725c8a4963d4 - clone
[INFO] [stdout]   44:                0x0 - <unknown>
[INFO] [stdout] 
[INFO] [stdout] ---- asm_ends_with_the_map_descriptors stdout ----
[INFO] [stdout] 
[INFO] [stdout] thread 'asm_ends_with_the_map_descriptors' (1967) panicked at tests/cli_line_info_tests.rs:65:5:
[INFO] [stdout] 
[INFO] [stdout] stack backtrace:
[INFO] [stdout]    0:     0x61c1d0f4b491 - std[617be2ca0a6fd877]::backtrace_rs::backtrace::libunwind::trace
[INFO] [stdout]                                at /rustc/e3feeb59cd1bdd011a2bfcc0747b55125d9b8527/library/std/src/../../backtrace/src/backtrace/libunwind.rs:117:9
[INFO] [stdout]    1:     0x61c1d0f4b491 - std[617be2ca0a6fd877]::backtrace_rs::backtrace::trace_unsynchronized::<std[617be2ca0a6fd877]::sys::backtrace::_print_fmt::{closure#1}>
[INFO] [stdout]                                at /rustc/e3feeb59cd1bdd011a2bfcc0747b55125d9b8527/library/std/src/../../backtrace/src/backtrace/mod.rs:66:14
[INFO] [stdout]    2:     0x61c1d0f4b491 - std[617be2ca0a6fd877]::sys::backtrace::_print_fmt
[INFO] [stdout]                                at /rustc/e3feeb59cd1bdd011a2bfcc0747b55125d9b8527/library/std/src/sys/backtrace.rs:74:9
[INFO] [stdout]    3:     0x61c1d0f4b491 - <<std[617be2ca0a6fd877]::sys::backtrace::BacktraceLock>::print::DisplayBacktrace as core[a373ad73a504971]::fmt::Display>::fmt
[INFO] [stdout]                                at /rustc/e3feeb59cd1bdd011a2bfcc0747b55125d9b8527/library/std/src/sys/backtrace.rs:44:26
[INFO] [stdout]    4:     0x61c1d0f5f4ba - <core[a373ad73a504971]::fmt::rt::Argument>::fmt
[INFO] [stdout]                                at /rustc/e3feeb59cd1bdd011a2bfcc0747b55125d9b8527/library/core/src/fmt/rt.rs:152:76
[INFO] [stdout]    5:     0x61c1d0f5f4ba - core[a373ad73a504971]::fmt::write
[INFO] [stdout]    6:     0x61c1d0f4f6ac - core[a373ad73a504971]::io::write::default_write_fmt::<alloc[2e1b2a31b91974c5]::vec::Vec<u8>>
[INFO] [stdout]                                at /rustc/e3feeb59cd1bdd011a2bfcc0747b55125d9b8527/library/core/src/io/write.rs:402:11
[INFO] [stdout]    7:     0x61c1d0f4f6ac - <alloc[2e1b2a31b91974c5]::vec::Vec<u8> as core[a373ad73a504971]::io::write::Write>::write_fmt
[INFO] [stdout]                                at /rustc/e3feeb59cd1bdd011a2bfcc0747b55125d9b8527/library/core/src/io/write.rs:335:13
[INFO] [stdout]    8:     0x61c1d0f277f6 - <std[617be2ca0a6fd877]::sys::backtrace::BacktraceLock>::print
[INFO] [stdout]                                at /rustc/e3feeb59cd1bdd011a2bfcc0747b55125d9b8527/library/std/src/sys/backtrace.rs:47:9
[INFO] [stdout]    9:     0x61c1d0f277f6 - std[617be2ca0a6fd877]::panicking::default_hook::{closure#0}
[INFO] [stdout]                                at /rustc/e3feeb59cd1bdd011a2bfcc0747b55125d9b8527/library/std/src/panicking.rs:289:27
[INFO] [stdout]   10:     0x61c1d0f43b29 - std[617be2ca0a6fd877]::panicking::default_hook
[INFO] [stdout]                                at /rustc/e3feeb59cd1bdd011a2bfcc0747b55125d9b8527/library/std/src/panicking.rs:313:9
[INFO] [stdout]   11:     0x61c1d0ee00d0 - <alloc[2e1b2a31b91974c5]::boxed::Box<dyn for<'a, 'b> core[a373ad73a504971]::ops::function::Fn<(&'a std[617be2ca0a6fd877]::panic::PanicHookInfo<'b>,), Output = ()> + core[a373ad73a504971]::marker::Sync + core[a373ad73a504971]::marker::Send> as core[a373ad73a504971]::ops::function::Fn<(&std[617be2ca0a6fd877]::panic::PanicHookInfo,)>>::call
[INFO] [stdout]                                at /rustc/e3feeb59cd1bdd011a2bfcc0747b55125d9b8527/library/alloc/src/boxed.rs:2328:9
[INFO] [stdout]   12:     0x61c1d0ee00d0 - test[aada8e7e76ba119b]::test_main_inner::{closure#0}
[INFO] [stdout]                                at /rustc/e3feeb59cd1bdd011a2bfcc0747b55125d9b8527/library/test/src/lib.rs:137:21
[INFO] [stdout]   13:     0x61c1d0f43ce2 - <alloc[2e1b2a31b91974c5]::boxed::Box<dyn for<'a, 'b> core[a373ad73a504971]::ops::function::Fn<(&'a std[617be2ca0a6fd877]::panic::PanicHookInfo<'b>,), Output = ()> + core[a373ad73a504971]::marker::Sync + core[a373ad73a504971]::marker::Send> as core[a373ad73a504971]::ops::function::Fn<(&std[617be2ca0a6fd877]::panic::PanicHookInfo,)>>::call
[INFO] [stdout]                                at /rustc/e3feeb59cd1bdd011a2bfcc0747b55125d9b8527/library/alloc/src/boxed.rs:2328:9
[INFO] [stdout]   14:     0x61c1d0f43ce2 - std[617be2ca0a6fd877]::panicking::panic_with_hook
[INFO] [stdout]                                at /rustc/e3feeb59cd1bdd011a2bfcc0747b55125d9b8527/library/std/src/panicking.rs:819:13
[INFO] [stdout]   15:     0x61c1d0f278a2 - std[617be2ca0a6fd877]::panicking::panic_handler::{closure#0}
[INFO] [stdout]                                at /rustc/e3feeb59cd1bdd011a2bfcc0747b55125d9b8527/library/std/src/panicking.rs:685:13
[INFO] [stdout]   16:     0x61c1d0f205b9 - std[617be2ca0a6fd877]::sys::backtrace::__rust_end_short_backtrace::<std[617be2ca0a6fd877]::panicking::panic_handler::{closure#0}, !>
[INFO] [stdout]                                at /rustc/e3feeb59cd1bdd011a2bfcc0747b55125d9b8527/library/std/src/sys/backtrace.rs:182:18
[INFO] [stdout]   17:     0x61c1d0f284ad - __rustc[ea4f61d10b84890b]::rust_begin_unwind
[INFO] [stdout]                                at /rustc/e3feeb59cd1bdd011a2bfcc0747b55125d9b8527/library/std/src/panicking.rs:676:5
[INFO] [stdout]   18:     0x61c1d0f5fbec - core[a373ad73a504971]::panicking::panic_fmt
[INFO] [stdout]                                at /rustc/e3feeb59cd1bdd011a2bfcc0747b55125d9b8527/library/core/src/panicking.rs:80:14
[INFO] [stdout]   19:     0x61c1d0ecd318 - cli_line_info_tests[2afe89ae67d431bd]::asm_ends_with_the_map_descriptors
[INFO] [stdout]                                at /opt/rustwide/workdir/tests/cli_line_info_tests.rs:65:5
[INFO] [stdout]   20:     0x61c1d0ecc797 - cli_line_info_tests[2afe89ae67d431bd]::asm_ends_with_the_map_descriptors::{closure#0}
[INFO] [stdout]                                at /opt/rustwide/workdir/tests/cli_line_info_tests.rs:58:39
[INFO] [stdout]   21:     0x61c1d0ed3246 - <cli_line_info_tests[2afe89ae67d431bd]::asm_ends_with_the_map_descriptors::{closure#0} as core[a373ad73a504971]::ops::function::FnOnce<()>>::call_once
[INFO] [stdout]                                at /rustc/e3feeb59cd1bdd011a2bfcc0747b55125d9b8527/library/core/src/ops/function.rs:250:5
[INFO] [stdout]   22:     0x61c1d0ed351b - <fn() -> core[a373ad73a504971]::result::Result<(), alloc[2e1b2a31b91974c5]::string::String> as core[a373ad73a504971]::ops::function::FnOnce<()>>::call_once
[INFO] [stdout]                                at /rustc/e3feeb59cd1bdd011a2bfcc0747b55125d9b8527/library/core/src/ops/function.rs:250:5
[INFO] [stdout]   23:     0x61c1d0ed351b - test[aada8e7e76ba119b]::__rust_begin_short_backtrace::<core[a373ad73a504971]::result::Result<(), alloc[2e1b2a31b91974c5]::string::String>, fn() -> core[a373ad73a504971]::result::Result<(), alloc[2e1b2a31b91974c5]::string::String>>
[INFO] [stdout]                                at /rustc/e3feeb59cd1bdd011a2bfcc0747b55125d9b8527/library/test/src/lib.rs:701:18
[INFO] [stdout]   24:     0x61c1d0ee06f5 - test[aada8e7e76ba119b]::run_test_in_process::{closure#0}
[INFO] [stdout]                                at /rustc/e3feeb59cd1bdd011a2bfcc0747b55125d9b8527/library/test/src/lib.rs:724:74
[INFO] [stdout]   25:     0x61c1d0ee06f5 - <core[a373ad73a504971]::panic::unwind_safe::AssertUnwindSafe<test[aada8e7e76ba119b]::run_test_in_process::{closure#0}> as core[a373ad73a504971]::ops::function::FnOnce<()>>::call_once
[INFO] [stdout]                                at /rustc/e3feeb59cd1bdd011a2bfcc0747b55125d9b8527/library/core/src/panic/unwind_safe.rs:275:9
[INFO] [stdout]   26:     0x61c1d0ee06f5 - std[617be2ca0a6fd877]::panicking::catch_unwind::do_call::<core[a373ad73a504971]::panic::unwind_safe::AssertUnwindSafe<test[aada8e7e76ba119b]::run_test_in_process::{closure#0}>, core[a373ad73a504971]::result::Result<(), alloc[2e1b2a31b91974c5]::string::String>>
[INFO] [stdout]                                at /rustc/e3feeb59cd1bdd011a2bfcc0747b55125d9b8527/library/std/src/panicking.rs:573:43
[INFO] [stdout]   27:     0x61c1d0ee06f5 - std[617be2ca0a6fd877]::panicking::catch_unwind::<core[a373ad73a504971]::result::Result<(), alloc[2e1b2a31b91974c5]::string::String>, core[a373ad73a504971]::panic::unwind_safe::AssertUnwindSafe<test[aada8e7e76ba119b]::run_test_in_process::{closure#0}>>
[INFO] [stdout]                                at /rustc/e3feeb59cd1bdd011a2bfcc0747b55125d9b8527/library/std/src/panicking.rs:541:19
[INFO] [stdout]   28:     0x61c1d0ee06f5 - std[617be2ca0a6fd877]::panic::catch_unwind::<core[a373ad73a504971]::panic::unwind_safe::AssertUnwindSafe<test[aada8e7e76ba119b]::run_test_in_process::{closure#0}>, core[a373ad73a504971]::result::Result<(), alloc[2e1b2a31b91974c5]::string::String>>
[INFO] [stdout]                                at /rustc/e3feeb59cd1bdd011a2bfcc0747b55125d9b8527/library/std/src/panic.rs:359:14
[INFO] [stdout]   29:     0x61c1d0ee06f5 - test[aada8e7e76ba119b]::run_test_in_process
[INFO] [stdout]                                at /rustc/e3feeb59cd1bdd011a2bfcc0747b55125d9b8527/library/test/src/lib.rs:724:27
[INFO] [stdout]   30:     0x61c1d0ee06f5 - test[aada8e7e76ba119b]::run_test::{closure#0}
[INFO] [stdout]                                at /rustc/e3feeb59cd1bdd011a2bfcc0747b55125d9b8527/library/test/src/lib.rs:645:43
[INFO] [stdout]   31:     0x61c1d0ed9fe4 - test[aada8e7e76ba119b]::run_test::{closure#1}
[INFO] [stdout]                                at /rustc/e3feeb59cd1bdd011a2bfcc0747b55125d9b8527/library/test/src/lib.rs:675:41
[INFO] [stdout]   32:     0x61c1d0ed9fe4 - std[617be2ca0a6fd877]::sys::backtrace::__rust_begin_short_backtrace::<test[aada8e7e76ba119b]::run_test::{closure#1}, ()>
[INFO] [stdout]                                at /rustc/e3feeb59cd1bdd011a2bfcc0747b55125d9b8527/library/std/src/sys/backtrace.rs:166:18
[INFO] [stdout]   33:     0x61c1d0ee3782 - std[617be2ca0a6fd877]::thread::lifecycle::spawn_unchecked::<test[aada8e7e76ba119b]::run_test::{closure#1}, ()>::{closure#1}::{closure#0}
[INFO] [stdout]                                at /rustc/e3feeb59cd1bdd011a2bfcc0747b55125d9b8527/library/std/src/thread/lifecycle.rs:70:13
[INFO] [stdout]   34:     0x61c1d0ee3782 - <core[a373ad73a504971]::panic::unwind_safe::AssertUnwindSafe<std[617be2ca0a6fd877]::thread::lifecycle::spawn_unchecked<test[aada8e7e76ba119b]::run_test::{closure#1}, ()>::{closure#1}::{closure#0}> as core[a373ad73a504971]::ops::function::FnOnce<()>>::call_once
[INFO] [stdout]                                at /rustc/e3feeb59cd1bdd011a2bfcc0747b55125d9b8527/library/core/src/panic/unwind_safe.rs:275:9
[INFO] [stdout]   35:     0x61c1d0ee3782 - std[617be2ca0a6fd877]::panicking::catch_unwind::do_call::<core[a373ad73a504971]::panic::unwind_safe::AssertUnwindSafe<std[617be2ca0a6fd877]::thread::lifecycle::spawn_unchecked<test[aada8e7e76ba119b]::run_test::{closure#1}, ()>::{closure#1}::{closure#0}>, ()>
[INFO] [stdout]                                at /rustc/e3feeb59cd1bdd011a2bfcc0747b55125d9b8527/library/std/src/panicking.rs:573:43
[INFO] [stdout]   36:     0x61c1d0ee3782 - std[617be2ca0a6fd877]::panicking::catch_unwind::<(), core[a373ad73a504971]::panic::unwind_safe::AssertUnwindSafe<std[617be2ca0a6fd877]::thread::lifecycle::spawn_unchecked<test[aada8e7e76ba119b]::run_test::{closure#1}, ()>::{closure#1}::{closure#0}>>
[INFO] [stdout]                                at /rustc/e3feeb59cd1bdd011a2bfcc0747b55125d9b8527/library/std/src/panicking.rs:541:19
[INFO] [stdout]   37:     0x61c1d0ee3782 - std[617be2ca0a6fd877]::panic::catch_unwind::<core[a373ad73a504971]::panic::unwind_safe::AssertUnwindSafe<std[617be2ca0a6fd877]::thread::lifecycle::spawn_unchecked<test[aada8e7e76ba119b]::run_test::{closure#1}, ()>::{closure#1}::{closure#0}>, ()>
[INFO] [stdout]                                at /rustc/e3feeb59cd1bdd011a2bfcc0747b55125d9b8527/library/std/src/panic.rs:359:14
[INFO] [stdout]   38:     0x61c1d0ee3782 - std[617be2ca0a6fd877]::thread::lifecycle::spawn_unchecked::<test[aada8e7e76ba119b]::run_test::{closure#1}, ()>::{closure#1}
[INFO] [stdout]                                at /rustc/e3feeb59cd1bdd011a2bfcc0747b55125d9b8527/library/std/src/thread/lifecycle.rs:68:26
[INFO] [stdout]   39:     0x61c1d0ee3782 - <std[617be2ca0a6fd877]::thread::lifecycle::spawn_unchecked<test[aada8e7e76ba119b]::run_test::{closure#1}, ()>::{closure#1} as core[a373ad73a504971]::ops::function::FnOnce<()>>::call_once::{shim:vtable#0}
[INFO] [stdout]                                at /rustc/e3feeb59cd1bdd011a2bfcc0747b55125d9b8527/library/core/src/ops/function.rs:250:5
[INFO] [stdout]   40:     0x61c1d0f4acef - <alloc[2e1b2a31b91974c5]::boxed::Box<dyn core[a373ad73a504971]::ops::function::FnOnce<(), Output = ()> + core[a373ad73a504971]::marker::Send> as core[a373ad73a504971]::ops::function::FnOnce<()>>::call_once
[INFO] [stdout]                                at /rustc/e3feeb59cd1bdd011a2bfcc0747b55125d9b8527/library/alloc/src/boxed.rs:2314:9
[INFO] [stdout]   41:     0x61c1d0f4acef - <std[617be2ca0a6fd877]::sys::thread::unix::Thread>::new::thread_start
[INFO] [stdout]                                at /rustc/e3feeb59cd1bdd011a2bfcc0747b55125d9b8527/library/std/src/sys/thread/unix.rs:127:17
[INFO] [stdout]   42:     0x725c8a402dfa - <unknown>
[INFO] [stdout]   43:     0x725c8a4963d4 - clone
[INFO] [stdout]   44:                0x0 - <unknown>
[INFO] [stdout] 
[INFO] [stdout] ---- first_failure_is_preceded_by_its_source_line stdout ----
[INFO] [stdout] 
[INFO] [stdout] thread 'first_failure_is_preceded_by_its_source_line' (1969) panicked at tests/cli_line_info_tests.rs:35:5:
[INFO] [stdout] assertion `left == right` failed
[INFO] [stdout]   left: ""
[INFO] [stdout]  right: "\n; /home/alanjo/ebpf-samples/src/badmapptr.c:25\n;     uint32_t* value = bpf_map_lookup_elem(map + 1, &key);\n\n4: Invalid type (r1.type in {number, ctx, stack, packet, shared})\n\nFAIL: test/test_repro\n"
[INFO] [stdout] stack backtrace:
[INFO] [stdout]    0:     0x61c1d0f4b491 - std[617be2ca0a6fd877]::backtrace_rs::backtrace::libunwind::trace
[INFO] [stdout]                                at /rustc/e3feeb59cd1bdd011a2bfcc0747b55125d9b8527/library/std/src/../../backtrace/src/backtrace/libunwind.rs:117:9
[INFO] [stdout]    1:     0x61c1d0f4b491 - std[617be2ca0a6fd877]::backtrace_rs::backtrace::trace_unsynchronized::<std[617be2ca0a6fd877]::sys::backtrace::_print_fmt::{closure#1}>
[INFO] [stdout]                                at /rustc/e3feeb59cd1bdd011a2bfcc0747b55125d9b8527/library/std/src/../../backtrace/src/backtrace/mod.rs:66:14
[INFO] [stdout]    2:     0x61c1d0f4b491 - std[617be2ca0a6fd877]::sys::backtrace::_print_fmt
[INFO] [stdout]                                at /rustc/e3feeb59cd1bdd011a2bfcc0747b55125d9b8527/library/std/src/sys/backtrace.rs:74:9
[INFO] [stdout]    3:     0x61c1d0f4b491 - <<std[617be2ca0a6fd877]::sys::backtrace::BacktraceLock>::print::DisplayBacktrace as core[a373ad73a504971]::fmt::Display>::fmt
[INFO] [stdout]                                at /rustc/e3feeb59cd1bdd011a2bfcc0747b55125d9b8527/library/std/src/sys/backtrace.rs:44:26
[INFO] [stdout]    4:     0x61c1d0f5f4ba - <core[a373ad73a504971]::fmt::rt::Argument>::fmt
[INFO] [stdout]                                at /rustc/e3feeb59cd1bdd011a2bfcc0747b55125d9b8527/library/core/src/fmt/rt.rs:152:76
[INFO] [stdout]    5:     0x61c1d0f5f4ba - core[a373ad73a504971]::fmt::write
[INFO] [stdout]    6:     0x61c1d0f4f6ac - core[a373ad73a504971]::io::write::default_write_fmt::<alloc[2e1b2a31b91974c5]::vec::Vec<u8>>
[INFO] [stdout]                                at /rustc/e3feeb59cd1bdd011a2bfcc0747b55125d9b8527/library/core/src/io/write.rs:402:11
[INFO] [stdout]    7:     0x61c1d0f4f6ac - <alloc[2e1b2a31b91974c5]::vec::Vec<u8> as core[a373ad73a504971]::io::write::Write>::write_fmt
[INFO] [stdout]                                at /rustc/e3feeb59cd1bdd011a2bfcc0747b55125d9b8527/library/core/src/io/write.rs:335:13
[INFO] [stdout]    8:     0x61c1d0f277f6 - <std[617be2ca0a6fd877]::sys::backtrace::BacktraceLock>::print
[INFO] [stdout]                                at /rustc/e3feeb59cd1bdd011a2bfcc0747b55125d9b8527/library/std/src/sys/backtrace.rs:47:9
[INFO] [stdout]    9:     0x61c1d0f277f6 - std[617be2ca0a6fd877]::panicking::default_hook::{closure#0}
[INFO] [stdout]                                at /rustc/e3feeb59cd1bdd011a2bfcc0747b55125d9b8527/library/std/src/panicking.rs:289:27
[INFO] [stdout]   10:     0x61c1d0f43b29 - std[617be2ca0a6fd877]::panicking::default_hook
[INFO] [stdout]                                at /rustc/e3feeb59cd1bdd011a2bfcc0747b55125d9b8527/library/std/src/panicking.rs:313:9
[INFO] [stdout]   11:     0x61c1d0ee00d0 - <alloc[2e1b2a31b91974c5]::boxed::Box<dyn for<'a, 'b> core[a373ad73a504971]::ops::function::Fn<(&'a std[617be2ca0a6fd877]::panic::PanicHookInfo<'b>,), Output = ()> + core[a373ad73a504971]::marker::Sync + core[a373ad73a504971]::marker::Send> as core[a373ad73a504971]::ops::function::Fn<(&std[617be2ca0a6fd877]::panic::PanicHookInfo,)>>::call
[INFO] [stdout]                                at /rustc/e3feeb59cd1bdd011a2bfcc0747b55125d9b8527/library/alloc/src/boxed.rs:2328:9
[INFO] [stdout]   12:     0x61c1d0ee00d0 - test[aada8e7e76ba119b]::test_main_inner::{closure#0}
[INFO] [stdout]                                at /rustc/e3feeb59cd1bdd011a2bfcc0747b55125d9b8527/library/test/src/lib.rs:137:21
[INFO] [stdout]   13:     0x61c1d0f43ce2 - <alloc[2e1b2a31b91974c5]::boxed::Box<dyn for<'a, 'b> core[a373ad73a504971]::ops::function::Fn<(&'a std[617be2ca0a6fd877]::panic::PanicHookInfo<'b>,), Output = ()> + core[a373ad73a504971]::marker::Sync + core[a373ad73a504971]::marker::Send> as core[a373ad73a504971]::ops::function::Fn<(&std[617be2ca0a6fd877]::panic::PanicHookInfo,)>>::call
[INFO] [stdout]                                at /rustc/e3feeb59cd1bdd011a2bfcc0747b55125d9b8527/library/alloc/src/boxed.rs:2328:9
[INFO] [stdout]   14:     0x61c1d0f43ce2 - std[617be2ca0a6fd877]::panicking::panic_with_hook
[INFO] [stdout]                                at /rustc/e3feeb59cd1bdd011a2bfcc0747b55125d9b8527/library/std/src/panicking.rs:819:13
[INFO] [stdout]   15:     0x61c1d0f278a2 - std[617be2ca0a6fd877]::panicking::panic_handler::{closure#0}
[INFO] [stdout]                                at /rustc/e3feeb59cd1bdd011a2bfcc0747b55125d9b8527/library/std/src/panicking.rs:685:13
[INFO] [stdout]   16:     0x61c1d0f205b9 - std[617be2ca0a6fd877]::sys::backtrace::__rust_end_short_backtrace::<std[617be2ca0a6fd877]::panicking::panic_handler::{closure#0}, !>
[INFO] [stdout]                                at /rustc/e3feeb59cd1bdd011a2bfcc0747b55125d9b8527/library/std/src/sys/backtrace.rs:182:18
[INFO] [stdout]   17:     0x61c1d0f284ad - __rustc[ea4f61d10b84890b]::rust_begin_unwind
[INFO] [stdout]                                at /rustc/e3feeb59cd1bdd011a2bfcc0747b55125d9b8527/library/std/src/panicking.rs:676:5
[INFO] [stdout]   18:     0x61c1d0f5fbec - core[a373ad73a504971]::panicking::panic_fmt
[INFO] [stdout]                                at /rustc/e3feeb59cd1bdd011a2bfcc0747b55125d9b8527/library/core/src/panicking.rs:80:14
[INFO] [stdout]   19:     0x61c1d0f5fb03 - core[a373ad73a504971]::panicking::assert_failed_inner
[INFO] [stdout]                                at /rustc/e3feeb59cd1bdd011a2bfcc0747b55125d9b8527/library/core/src/panicking.rs:452:17
[INFO] [stdout]   20:     0x61c1d0ecbad4 - core[a373ad73a504971]::panicking::assert_failed::<alloc[2e1b2a31b91974c5]::string::String, &str>
[INFO] [stdout]                                at /rustc/e3feeb59cd1bdd011a2bfcc0747b55125d9b8527/library/core/src/panicking.rs:407:5
[INFO] [stdout]   21:     0x61c1d0ecd4b0 - cli_line_info_tests[2afe89ae67d431bd]::first_failure_is_preceded_by_its_source_line
[INFO] [stdout]                                at /opt/rustwide/workdir/tests/cli_line_info_tests.rs:35:5
[INFO] [stdout]   22:     0x61c1d0ecc7c7 - cli_line_info_tests[2afe89ae67d431bd]::first_failure_is_preceded_by_its_source_line::{closure#0}
[INFO] [stdout]                                at /opt/rustwide/workdir/tests/cli_line_info_tests.rs:26:50
[INFO] [stdout]   23:     0x61c1d0ed3266 - <cli_line_info_tests[2afe89ae67d431bd]::first_failure_is_preceded_by_its_source_line::{closure#0} as core[a373ad73a504971]::ops::function::FnOnce<()>>::call_once
[INFO] [stdout]                                at /rustc/e3feeb59cd1bdd011a2bfcc0747b55125d9b8527/library/core/src/ops/function.rs:250:5
[INFO] [stdout]   24:     0x61c1d0ed351b - <fn() -> core[a373ad73a504971]::result::Result<(), alloc[2e1b2a31b91974c5]::string::String> as core[a373ad73a504971]::ops::function::FnOnce<()>>::call_once
[INFO] [stdout]                                at /rustc/e3feeb59cd1bdd011a2bfcc0747b55125d9b8527/library/core/src/ops/function.rs:250:5
[INFO] [stdout]   25:     0x61c1d0ed351b - test[aada8e7e76ba119b]::__rust_begin_short_backtrace::<core[a373ad73a504971]::result::Result<(), alloc[2e1b2a31b91974c5]::string::String>, fn() -> core[a373ad73a504971]::result::Result<(), alloc[2e1b2a31b91974c5]::string::String>>
[INFO] [stdout]                                at /rustc/e3feeb59cd1bdd011a2bfcc0747b55125d9b8527/library/test/src/lib.rs:701:18
[INFO] [stdout]   26:     0x61c1d0ee06f5 - test[aada8e7e76ba119b]::run_test_in_process::{closure#0}
[INFO] [stdout]                                at /rustc/e3feeb59cd1bdd011a2bfcc0747b55125d9b8527/library/test/src/lib.rs:724:74
[INFO] [stdout]   27:     0x61c1d0ee06f5 - <core[a373ad73a504971]::panic::unwind_safe::AssertUnwindSafe<test[aada8e7e76ba119b]::run_test_in_process::{closure#0}> as core[a373ad73a504971]::ops::function::FnOnce<()>>::call_once
[INFO] [stdout]                                at /rustc/e3feeb59cd1bdd011a2bfcc0747b55125d9b8527/library/core/src/panic/unwind_safe.rs:275:9
[INFO] [stdout]   28:     0x61c1d0ee06f5 - std[617be2ca0a6fd877]::panicking::catch_unwind::do_call::<core[a373ad73a504971]::panic::unwind_safe::AssertUnwindSafe<test[aada8e7e76ba119b]::run_test_in_process::{closure#0}>, core[a373ad73a504971]::result::Result<(), alloc[2e1b2a31b91974c5]::string::String>>
[INFO] [stdout]                                at /rustc/e3feeb59cd1bdd011a2bfcc0747b55125d9b8527/library/std/src/panicking.rs:573:43
[INFO] [stdout]   29:     0x61c1d0ee06f5 - std[617be2ca0a6fd877]::panicking::catch_unwind::<core[a373ad73a504971]::result::Result<(), alloc[2e1b2a31b91974c5]::string::String>, core[a373ad73a504971]::panic::unwind_safe::AssertUnwindSafe<test[aada8e7e76ba119b]::run_test_in_process::{closure#0}>>
[INFO] [stdout]                                at /rustc/e3feeb59cd1bdd011a2bfcc0747b55125d9b8527/library/std/src/panicking.rs:541:19
[INFO] [stdout]   30:     0x61c1d0ee06f5 - std[617be2ca0a6fd877]::panic::catch_unwind::<core[a373ad73a504971]::panic::unwind_safe::AssertUnwindSafe<test[aada8e7e76ba119b]::run_test_in_process::{closure#0}>, core[a373ad73a504971]::result::Result<(), alloc[2e1b2a31b91974c5]::string::String>>
[INFO] [stdout]                                at /rustc/e3feeb59cd1bdd011a2bfcc0747b55125d9b8527/library/std/src/panic.rs:359:14
[INFO] [stdout]   31:     0x61c1d0ee06f5 - test[aada8e7e76ba119b]::run_test_in_process
[INFO] [stdout]                                at /rustc/e3feeb59cd1bdd011a2bfcc0747b55125d9b8527/library/test/src/lib.rs:724:27
[INFO] [stdout]   32:     0x61c1d0ee06f5 - test[aada8e7e76ba119b]::run_test::{closure#0}
[INFO] [stdout]                                at /rustc/e3feeb59cd1bdd011a2bfcc0747b55125d9b8527/library/test/src/lib.rs:645:43
[INFO] [stderr] error: test failed, to rerun pass `--test cli_line_info_tests`
[INFO] [stdout]   33:     0x61c1d0ed9fe4 - test[aada8e7e76ba119b]::run_test::{closure#1}
[INFO] [stdout]                                at /rustc/e3feeb59cd1bdd011a2bfcc0747b55125d9b8527/library/test/src/lib.rs:675:41
[INFO] [stdout]   34:     0x61c1d0ed9fe4 - std[617be2ca0a6fd877]::sys::backtrace::__rust_begin_short_backtrace::<test[aada8e7e76ba119b]::run_test::{closure#1}, ()>
[INFO] [stdout]                                at /rustc/e3feeb59cd1bdd011a2bfcc0747b55125d9b8527/library/std/src/sys/backtrace.rs:166:18
[INFO] [stdout]   35:     0x61c1d0ee3782 - std[617be2ca0a6fd877]::thread::lifecycle::spawn_unchecked::<test[aada8e7e76ba119b]::run_test::{closure#1}, ()>::{closure#1}::{closure#0}
[INFO] [stdout]                                at /rustc/e3feeb59cd1bdd011a2bfcc0747b55125d9b8527/library/std/src/thread/lifecycle.rs:70:13
[INFO] [stdout]   36:     0x61c1d0ee3782 - <core[a373ad73a504971]::panic::unwind_safe::AssertUnwindSafe<std[617be2ca0a6fd877]::thread::lifecycle::spawn_unchecked<test[aada8e7e76ba119b]::run_test::{closure#1}, ()>::{closure#1}::{closure#0}> as core[a373ad73a504971]::ops::function::FnOnce<()>>::call_once
[INFO] [stdout]                                at /rustc/e3feeb59cd1bdd011a2bfcc0747b55125d9b8527/library/core/src/panic/unwind_safe.rs:275:9
[INFO] [stdout]   37:     0x61c1d0ee3782 - std[617be2ca0a6fd877]::panicking::catch_unwind::do_call::<core[a373ad73a504971]::panic::unwind_safe::AssertUnwindSafe<std[617be2ca0a6fd877]::thread::lifecycle::spawn_unchecked<test[aada8e7e76ba119b]::run_test::{closure#1}, ()>::{closure#1}::{closure#0}>, ()>
[INFO] [stdout]                                at /rustc/e3feeb59cd1bdd011a2bfcc0747b55125d9b8527/library/std/src/panicking.rs:573:43
[INFO] [stdout]   38:     0x61c1d0ee3782 - std[617be2ca0a6fd877]::panicking::catch_unwind::<(), core[a373ad73a504971]::panic::unwind_safe::AssertUnwindSafe<std[617be2ca0a6fd877]::thread::lifecycle::spawn_unchecked<test[aada8e7e76ba119b]::run_test::{closure#1}, ()>::{closure#1}::{closure#0}>>
[INFO] [stdout]                                at /rustc/e3feeb59cd1bdd011a2bfcc0747b55125d9b8527/library/std/src/panicking.rs:541:19
[INFO] [stdout]   39:     0x61c1d0ee3782 - std[617be2ca0a6fd877]::panic::catch_unwind::<core[a373ad73a504971]::panic::unwind_safe::AssertUnwindSafe<std[617be2ca0a6fd877]::thread::lifecycle::spawn_unchecked<test[aada8e7e76ba119b]::run_test::{closure#1}, ()>::{closure#1}::{closure#0}>, ()>
[INFO] [stdout]                                at /rustc/e3feeb59cd1bdd011a2bfcc0747b55125d9b8527/library/std/src/panic.rs:359:14
[INFO] [stdout]   40:     0x61c1d0ee3782 - std[617be2ca0a6fd877]::thread::lifecycle::spawn_unchecked::<test[aada8e7e76ba119b]::run_test::{closure#1}, ()>::{closure#1}
[INFO] [stdout]                                at /rustc/e3feeb59cd1bdd011a2bfcc0747b55125d9b8527/library/std/src/thread/lifecycle.rs:68:26
[INFO] [stdout]   41:     0x61c1d0ee3782 - <std[617be2ca0a6fd877]::thread::lifecycle::spawn_unchecked<test[aada8e7e76ba119b]::run_test::{closure#1}, ()>::{closure#1} as core[a373ad73a504971]::ops::function::FnOnce<()>>::call_once::{shim:vtable#0}
[INFO] [stdout]                                at /rustc/e3feeb59cd1bdd011a2bfcc0747b55125d9b8527/library/core/src/ops/function.rs:250:5
[INFO] [stdout]   42:     0x61c1d0f4acef - <alloc[2e1b2a31b91974c5]::boxed::Box<dyn core[a373ad73a504971]::ops::function::FnOnce<(), Output = ()> + core[a373ad73a504971]::marker::Send> as core[a373ad73a504971]::ops::function::FnOnce<()>>::call_once
[INFO] [stdout]                                at /rustc/e3feeb59cd1bdd011a2bfcc0747b55125d9b8527/library/alloc/src/boxed.rs:2314:9
[INFO] [stdout]   43:     0x61c1d0f4acef - <std[617be2ca0a6fd877]::sys::thread::unix::Thread>::new::thread_start
[INFO] [stdout]                                at /rustc/e3feeb59cd1bdd011a2bfcc0747b55125d9b8527/library/std/src/sys/thread/unix.rs:127:17
[INFO] [stdout]   44:     0x725c8a402dfa - <unknown>
[INFO] [stdout]   45:     0x725c8a4963d4 - clone
[INFO] [stdout]   46:                0x0 - <unknown>
[INFO] [stdout] 
[INFO] [stdout] 
[INFO] [stdout] failures:
[INFO] [stdout]     asm_ends_with_the_map_descriptors
[INFO] [stdout]     cfg_sets_each_source_line_apart
[INFO] [stdout]     first_failure_is_preceded_by_its_source_line
[INFO] [stdout] 
[INFO] [stdout] test result: FAILED. 0 passed; 3 failed; 0 ignored; 0 measured; 0 filtered out; finished in 0.09s
[INFO] [stdout] 
[INFO] running `Command { std: "docker" "inspect" "bc2e6aa949cae73666b22906624c2af0ac6e9dcba66bba511ee71262d8f8f37f", kill_on_drop: false }`
[INFO] running `Command { std: "docker" "rm" "-f" "bc2e6aa949cae73666b22906624c2af0ac6e9dcba66bba511ee71262d8f8f37f", kill_on_drop: false }`
[INFO] [stdout] bc2e6aa949cae73666b22906624c2af0ac6e9dcba66bba511ee71262d8f8f37f
