[INFO] cloning repository https://github.com/Ignis-lang/ignis
[INFO] running `Command { std: "git" "-c" "credential.helper=" "-c" "credential.helper=/workspace/cargo-home/bin/git-credential-null" "clone" "--bare" "https://github.com/Ignis-lang/ignis" "/workspace/cache/git-repos/https%3A%2F%2Fgithub.com%2FIgnis-lang%2Fignis", kill_on_drop: false }`
[INFO] [stderr] Cloning into bare repository '/workspace/cache/git-repos/https%3A%2F%2Fgithub.com%2FIgnis-lang%2Fignis'...
[INFO] running `Command { std: "git" "rev-parse" "HEAD", kill_on_drop: false }`
[INFO] [stdout] ae0a7027cd1b53d2b7d9dd6e0c8ae4df77e53cce
[INFO] testing Ignis-lang/ignis against 1.100.0-beta.1 for beta-1.100-3
[INFO] running `Command { std: "git" "clone" "/workspace/cache/git-repos/https%3A%2F%2Fgithub.com%2FIgnis-lang%2Fignis" "/workspace/builds/worker-1-tc2/source", kill_on_drop: false }`
[INFO] [stderr] Cloning into '/workspace/builds/worker-1-tc2/source'...
[INFO] [stderr] done.
[INFO] removed /workspace/builds/worker-1-tc2/source/.cargo/config.toml
[INFO] started tweaking git repo https://github.com/Ignis-lang/ignis
[INFO] finished tweaking git repo https://github.com/Ignis-lang/ignis
[INFO] tweaked toml for git repo https://github.com/Ignis-lang/ignis written to /workspace/builds/worker-1-tc2/source/Cargo.toml
[INFO] validating manifest of git repo https://github.com/Ignis-lang/ignis on toolchain 1.100.0-beta.1
[INFO] running `Command { std: CARGO_HOME="/workspace/cargo-home" RUSTUP_HOME="/workspace/rustup-home" "/workspace/cargo-home/bin/cargo" "+1.100.0-beta.1" "metadata" "--manifest-path" "Cargo.toml" "--no-deps", kill_on_drop: false }`
[INFO] crate git repo https://github.com/Ignis-lang/ignis already has a lockfile, it will not be regenerated
[INFO] running `Command { std: CARGO_HOME="/workspace/cargo-home" RUSTUP_HOME="/workspace/rustup-home" "/workspace/cargo-home/bin/cargo" "+1.100.0-beta.1" "fetch" "--manifest-path" "Cargo.toml", kill_on_drop: false }`
[INFO] running `Command { std: "docker" "create" "-v" "/var/lib/crater-agent-workspace/builds/worker-1-tc2/source:/opt/rustwide/workdir:ro,Z" "-v" "/var/lib/crater-agent-workspace/builds/worker-1-tc2/target:/opt/rustwide/target:rw,Z" "-v" "/var/lib/crater-agent-workspace/cargo-home:/opt/rustwide/cargo-home:ro,Z" "-v" "/var/lib/crater-agent-workspace/rustup-home:/opt/rustwide/rustup-home:ro,Z" "-m" "1610612736" "--network" "none" "ghcr.io/rust-lang/crates-build-env/linux@sha256:77db811e55d90add9212f6832c23229e3de5f1c1f9905e8cb07319ea15df73ac" "sleep" "infinity", kill_on_drop: false }`
[INFO] [stdout] 14cf9bd72c4934370777865a300847d52ee7d01b43af54c6b0e99f15030ae8fa
[INFO] running `Command { std: "docker" "start" "14cf9bd72c4934370777865a300847d52ee7d01b43af54c6b0e99f15030ae8fa", kill_on_drop: false }`
[INFO] running `Command { std: "docker" "inspect" "14cf9bd72c4934370777865a300847d52ee7d01b43af54c6b0e99f15030ae8fa", kill_on_drop: false }`
[INFO] running `Command { std: "docker" "exec" "-e" "SOURCE_DIR=/opt/rustwide/workdir" "-e" "CARGO_HOME=/opt/rustwide/cargo-home" "-e" "RUSTUP_HOME=/opt/rustwide/rustup-home" "-e" "CARGO_TARGET_DIR=/opt/rustwide/target" "-w" "/opt/rustwide/workdir" "--user" "0:0" "14cf9bd72c4934370777865a300847d52ee7d01b43af54c6b0e99f15030ae8fa" "/opt/rustwide/cargo-home/bin/cargo" "+1.100.0-beta.1" "metadata" "--no-deps" "--format-version=1", kill_on_drop: false }`
[INFO] running `Command { std: "docker" "inspect" "14cf9bd72c4934370777865a300847d52ee7d01b43af54c6b0e99f15030ae8fa", kill_on_drop: false }`
[INFO] running `Command { std: "docker" "exec" "-e" "SOURCE_DIR=/opt/rustwide/workdir" "-e" "CARGO_HOME=/opt/rustwide/cargo-home" "-e" "RUSTUP_HOME=/opt/rustwide/rustup-home" "-e" "CARGO_TARGET_DIR=/opt/rustwide/target" "-e" "CARGO_INCREMENTAL=0" "-e" "RUST_BACKTRACE=full" "-e" "RUSTFLAGS=--cap-lints=warn" "-e" "RUSTDOCFLAGS=--cap-lints=warn" "-w" "/opt/rustwide/workdir" "--user" "0:0" "14cf9bd72c4934370777865a300847d52ee7d01b43af54c6b0e99f15030ae8fa" "/opt/rustwide/cargo-home/bin/cargo" "+1.100.0-beta.1" "build" "--frozen" "--message-format=json", kill_on_drop: false }`
[INFO] [stderr]    Compiling proc-macro2 v1.0.106
[INFO] [stderr]    Compiling unicode-ident v1.0.23
[INFO] [stderr]    Compiling quote v1.0.44
[INFO] [stderr]    Compiling serde_core v1.0.228
[INFO] [stderr]    Compiling libc v0.2.181
[INFO] [stderr]    Compiling cfg-if v1.0.4
[INFO] [stderr]    Compiling once_cell v1.21.3
[INFO] [stderr]    Compiling serde v1.0.228
[INFO] [stderr]    Compiling autocfg v1.5.0
[INFO] [stderr]    Compiling memchr v2.8.0
[INFO] [stderr]    Compiling version_check v0.9.5
[INFO] [stderr]    Compiling stable_deref_trait v1.2.1
[INFO] [stderr]    Compiling getrandom v0.3.4
[INFO] [stderr]    Compiling zerocopy v0.8.39
[INFO] [stderr]    Compiling zmij v1.0.21
[INFO] [stderr]    Compiling ahash v0.8.12
[INFO] [stderr]    Compiling num-traits v0.2.19
[INFO] [stderr]    Compiling serde_json v1.0.149
[INFO] [stderr]    Compiling itoa v1.0.17
[INFO] [stderr]    Compiling litemap v0.8.1
[INFO] [stderr]    Compiling syn v2.0.115
[INFO] [stderr]    Compiling writeable v0.6.2
[INFO] [stderr]    Compiling colored v3.1.1
[INFO] [stderr]    Compiling icu_properties_data v2.1.2
[INFO] [stderr]    Compiling bitflags v2.10.0
[INFO] [stderr]    Compiling smallvec v1.15.1
[INFO] [stderr]    Compiling icu_normalizer_data v2.1.1
[INFO] [stderr]    Compiling pin-project-lite v0.2.16
[INFO] [stderr]    Compiling futures-core v0.3.31
[INFO] [stderr]    Compiling futures-sink v0.3.31
[INFO] [stderr]    Compiling find-msvc-tools v0.1.9
[INFO] [stderr]    Compiling shlex v1.3.0
[INFO] [stderr]    Compiling futures-channel v0.3.31
[INFO] [stderr]    Compiling cc v1.2.55
[INFO] [stderr]    Compiling percent-encoding v2.3.2
[INFO] [stderr]    Compiling parking_lot_core v0.9.12
[INFO] [stderr]    Compiling ordered-float v5.1.0
[INFO] [stderr]    Compiling futures-io v0.3.31
[INFO] [stderr]    Compiling futures-task v0.3.31
[INFO] [stderr]    Compiling slab v0.4.12
[INFO] [stderr]    Compiling winnow v0.7.14
[INFO] [stderr]    Compiling form_urlencoded v1.2.2
[INFO] [stderr]    Compiling utf8parse v0.2.2
[INFO] [stderr]    Compiling httparse v1.10.1
[INFO] [stderr]    Compiling toml_writer v1.0.6+spec-1.1.0
[INFO] [stderr]    Compiling anstyle-parse v0.2.7
[INFO] [stderr]    Compiling lock_api v0.4.14
[INFO] [stderr]    Compiling tokio v1.49.0
[INFO] [stderr]    Compiling tracing-core v0.1.36
[INFO] [stderr]    Compiling anstyle v1.0.13
[INFO] [stderr]    Compiling anstyle-query v1.1.5
[INFO] [stderr]    Compiling serde_spanned v1.0.4
[INFO] [stderr]    Compiling toml_datetime v1.0.0+spec-1.1.0
[INFO] [stderr]    Compiling constant_time_eq v0.4.2
[INFO] [stderr]    Compiling bitflags v1.3.2
[INFO] [stderr]    Compiling arrayvec v0.7.6
[INFO] [stderr]    Compiling blake3 v1.8.3
[INFO] [stderr]    Compiling hashbrown v0.14.5
[INFO] [stderr]    Compiling bytes v1.11.1
[INFO] [stderr]    Compiling is_terminal_polyfill v1.70.2
[INFO] [stderr]    Compiling arrayref v0.3.9
[INFO] [stderr]    Compiling toml_parser v1.0.7+spec-1.1.0
[INFO] [stderr]    Compiling tower-layer v0.3.3
[INFO] [stderr]    Compiling colorchoice v1.0.4
[INFO] [stderr]    Compiling cpufeatures v0.2.17
[INFO] [stderr]    Compiling tower-service v0.3.3
[INFO] [stderr]    Compiling anstream v0.6.21
[INFO] [stderr]    Compiling dashmap v5.5.3
[INFO] [stderr]    Compiling clap_lex v1.0.0
[INFO] [stderr]    Compiling toml v1.0.0+spec-1.1.0
[INFO] [stderr]    Compiling tokio-util v0.7.18
[INFO] [stderr]    Compiling heck v0.5.0
[INFO] [stderr]    Compiling strsim v0.11.1
[INFO] [stderr]    Compiling clap_builder v4.5.58
[INFO] [stderr]    Compiling ignis_type v0.4.0 (/opt/rustwide/workdir/crates/ignis_type)
[INFO] [stderr]    Compiling synstructure v0.13.2
[INFO] [stderr]    Compiling ignis_token v0.4.0 (/opt/rustwide/workdir/crates/ignis_token)
[INFO] [stderr]    Compiling ignis_ast v0.4.0 (/opt/rustwide/workdir/crates/ignis_ast)
[INFO] [stderr]    Compiling zerofrom-derive v0.1.6
[INFO] [stderr]    Compiling serde_derive v1.0.228
[INFO] [stderr]    Compiling yoke-derive v0.8.1
[INFO] [stderr]    Compiling zerovec-derive v0.11.2
[INFO] [stderr]    Compiling displaydoc v0.2.5
[INFO] [stderr]    Compiling futures-macro v0.3.31
[INFO] [stderr]    Compiling pin-project-internal v1.1.10
[INFO] [stderr]    Compiling futures-util v0.3.31
[INFO] [stderr]    Compiling tracing-attributes v0.1.31
[INFO] [stderr]    Compiling serde_repr v0.1.20
[INFO] [stderr]    Compiling async-trait v0.1.89
[INFO] [stderr]    Compiling tower-lsp-macros v0.9.0
[INFO] [stderr]    Compiling zerofrom v0.1.6
[INFO] [stderr]    Compiling pin-project v1.1.10
[INFO] [stderr]    Compiling yoke v0.8.1
[INFO] [stderr]    Compiling auto_impl v1.3.0
[INFO] [stderr]    Compiling clap_derive v4.5.55
[INFO] [stderr]    Compiling zerovec v0.11.5
[INFO] [stderr]    Compiling zerotrie v0.2.3
[INFO] [stderr]    Compiling tracing v0.1.44
[INFO] [stderr]    Compiling tinystr v0.8.2
[INFO] [stderr]    Compiling potential_utf v0.1.4
[INFO] [stderr]    Compiling icu_collections v2.1.1
[INFO] [stderr]    Compiling icu_locale_core v2.1.1
[INFO] [stderr]    Compiling clap v4.5.58
[INFO] [stderr]    Compiling icu_provider v2.1.1
[INFO] [stderr]    Compiling ignis_data_type v0.4.0 (/opt/rustwide/workdir/crates/ignis_data_type)
[INFO] [stderr]    Compiling ignis_config v0.4.0 (/opt/rustwide/workdir/crates/ignis_config)
[INFO] [stderr]    Compiling tower v0.4.13
[INFO] [stderr]    Compiling futures v0.3.31
[INFO] [stderr]    Compiling icu_properties v2.1.2
[INFO] [stderr]    Compiling icu_normalizer v2.1.1
[INFO] [stderr]    Compiling ignis_diagnostics v0.4.0 (/opt/rustwide/workdir/crates/ignis_diagnostics)
[INFO] [stderr]    Compiling ignis_log v0.4.0 (/opt/rustwide/workdir/crates/ignis_log)
[INFO] [stderr]    Compiling ignis_hir v0.4.0 (/opt/rustwide/workdir/crates/ignis_hir)
[INFO] [stderr]    Compiling ignis_parser v0.4.0 (/opt/rustwide/workdir/crates/ignis_parser)
[INFO] [stderr]    Compiling ignis_lir v0.4.0 (/opt/rustwide/workdir/crates/ignis_lir)
[INFO] [stderr]    Compiling ignis_analyzer v0.4.0 (/opt/rustwide/workdir/crates/ignis_analyzer)
[INFO] [stderr]    Compiling ignis_formatter v0.4.0 (/opt/rustwide/workdir/crates/ignis_formatter)
[INFO] [stderr]    Compiling idna_adapter v1.2.1
[INFO] [stderr]    Compiling idna v1.1.0
[INFO] [stderr]    Compiling url v2.5.8
[INFO] [stderr]    Compiling ignis_codegen_c v0.4.0 (/opt/rustwide/workdir/crates/ignis_codegen_c)
[INFO] [stderr]    Compiling lsp-types v0.94.1
[INFO] [stderr]    Compiling ignis_driver v0.4.0 (/opt/rustwide/workdir/crates/ignis_driver)
[INFO] [stderr]    Compiling tower-lsp v0.20.0
[INFO] [stderr]    Compiling ignis_lsp v0.4.0 (/opt/rustwide/workdir/crates/ignis_lsp)
[INFO] [stderr]    Compiling ignis v0.4.0 (/opt/rustwide/workdir/crates/ignis)
[INFO] [stderr] warning: unused dependency `serde_json`
[INFO] [stderr]   --> crates/ignis_data_type/Cargo.toml:14:1
[INFO] [stderr]    |
[INFO] [stderr] 14 | serde_json.workspace = true
[INFO] [stderr]    | ^^^^^^^^^^
[INFO] [stderr]    |
[INFO] [stderr]    = note: `cargo::unused_dependencies` is set to `warn` by default
[INFO] [stderr] help: consider removing the dependency on `serde_json`
[INFO] [stderr] warning: `ignis_data_type` (manifest) generated 1 warning
[INFO] [stderr] warning: unused dependency `ignis_data_type`
[INFO] [stderr]   --> crates/ignis_diagnostics/Cargo.toml:15:1
[INFO] [stderr]    |
[INFO] [stderr] 15 | ignis_data_type = { path = "../ignis_data_type"}
[INFO] [stderr]    | ^^^^^^^^^^^^^^^^^^^^^^^^^^^^^^^^^^^^^^^^^^^^^^^^
[INFO] [stderr]    |
[INFO] [stderr]    = note: `cargo::unused_dependencies` is set to `warn` by default
[INFO] [stderr] help: consider removing the dependency on `ignis_data_type`
[INFO] [stderr] warning: `ignis_diagnostics` (manifest) generated 1 warning
[INFO] [stderr] warning: unused dependency `ignis_ast`
[INFO] [stderr]   --> crates/ignis_hir/Cargo.toml:17:1
[INFO] [stderr]    |
[INFO] [stderr] 17 | ignis_ast = { path = "../ignis_ast" }
[INFO] [stderr]    | ^^^^^^^^^^^^^^^^^^^^^^^^^^^^^^^^^^^^^
[INFO] [stderr]    |
[INFO] [stderr]    = note: `cargo::unused_dependencies` is set to `warn` by default
[INFO] [stderr] help: consider removing the dependency on `ignis_ast`
[INFO] [stderr] warning: unused dependency `ignis_config`
[INFO] [stderr]   --> crates/ignis_hir/Cargo.toml:16:1
[INFO] [stderr]    |
[INFO] [stderr] 16 | ignis_config.workspace = true
[INFO] [stderr]    | ^^^^^^^^^^^^
[INFO] [stderr]    |
[INFO] [stderr] help: consider removing the dependency on `ignis_config`
[INFO] [stderr] warning: unused dependency `ignis_diagnostics`
[INFO] [stderr]   --> crates/ignis_hir/Cargo.toml:15:1
[INFO] [stderr]    |
[INFO] [stderr] 15 | ignis_diagnostics = { path = "../ignis_diagnostics" }
[INFO] [stderr]    | ^^^^^^^^^^^^^^^^^^^^^^^^^^^^^^^^^^^^^^^^^^^^^^^^^^^^^
[INFO] [stderr]    |
[INFO] [stderr] help: consider removing the dependency on `ignis_diagnostics`
[INFO] [stderr] warning: `ignis_hir` (manifest) generated 3 warnings
[INFO] [stderr] warning: unused dependency `colored`
[INFO] [stderr]   --> crates/ignis_log/Cargo.toml:13:1
[INFO] [stderr]    |
[INFO] [stderr] 13 | colored.workspace = true
[INFO] [stderr]    | ^^^^^^^
[INFO] [stderr]    |
[INFO] [stderr]    = note: `cargo::unused_dependencies` is set to `warn` by default
[INFO] [stderr] help: consider removing the dependency on `colored`
[INFO] [stderr] warning: `ignis_log` (manifest) generated 1 warning
[INFO] [stderr]     Finished `dev` profile [unoptimized + debuginfo] target(s) in 1m 52s
[INFO] running `Command { std: "docker" "inspect" "14cf9bd72c4934370777865a300847d52ee7d01b43af54c6b0e99f15030ae8fa", kill_on_drop: false }`
[INFO] running `Command { std: "docker" "exec" "-e" "SOURCE_DIR=/opt/rustwide/workdir" "-e" "CARGO_HOME=/opt/rustwide/cargo-home" "-e" "RUSTUP_HOME=/opt/rustwide/rustup-home" "-e" "CARGO_TARGET_DIR=/opt/rustwide/target" "-e" "CARGO_INCREMENTAL=0" "-e" "RUST_BACKTRACE=full" "-e" "RUSTFLAGS=--cap-lints=warn" "-e" "RUSTDOCFLAGS=--cap-lints=warn" "-w" "/opt/rustwide/workdir" "--user" "0:0" "14cf9bd72c4934370777865a300847d52ee7d01b43af54c6b0e99f15030ae8fa" "/opt/rustwide/cargo-home/bin/cargo" "+1.100.0-beta.1" "test" "--frozen" "--no-run" "--message-format=json", kill_on_drop: false }`
[INFO] [stderr]    Compiling getrandom v0.3.4
[INFO] [stderr]    Compiling bitflags v2.10.0
[INFO] [stderr]    Compiling getrandom v0.4.1
[INFO] [stderr]    Compiling rustix v1.1.3
[INFO] [stderr]    Compiling linux-raw-sys v0.11.0
[INFO] [stderr]    Compiling fastrand v2.3.0
[INFO] [stderr]    Compiling console v0.15.11
[INFO] [stderr]    Compiling similar v2.7.0
[INFO] [stderr]    Compiling ppv-lite86 v0.2.21
[INFO] [stderr]    Compiling wait-timeout v0.2.1
[INFO] [stderr]    Compiling ahash v0.8.12
[INFO] [stderr]    Compiling rand_core v0.9.5
[INFO] [stderr]    Compiling bit-vec v0.8.0
[INFO] [stderr]    Compiling quick-error v1.2.3
[INFO] [stderr]    Compiling ignis_type v0.4.0 (/opt/rustwide/workdir/crates/ignis_type)
[INFO] [stderr]    Compiling bit-set v0.8.0
[INFO] [stderr]    Compiling rand_chacha v0.9.0
[INFO] [stderr]    Compiling rand_xorshift v0.4.0
[INFO] [stderr]    Compiling rand v0.9.2
[INFO] [stderr]    Compiling unarray v0.1.4
[INFO] [stderr]    Compiling regex-syntax v0.8.9
[INFO] [stderr]    Compiling ignis_log v0.4.0 (/opt/rustwide/workdir/crates/ignis_log)
[INFO] [stderr]    Compiling ignis_config v0.4.0 (/opt/rustwide/workdir/crates/ignis_config)
[INFO] [stderr]    Compiling ignis_token v0.4.0 (/opt/rustwide/workdir/crates/ignis_token)
[INFO] [stderr]    Compiling ignis_data_type v0.4.0 (/opt/rustwide/workdir/crates/ignis_data_type)
[INFO] [stderr]    Compiling ignis_ast v0.4.0 (/opt/rustwide/workdir/crates/ignis_ast)
[INFO] [stderr]    Compiling ignis_diagnostics v0.4.0 (/opt/rustwide/workdir/crates/ignis_diagnostics)
[INFO] [stderr]    Compiling tempfile v3.25.0
[INFO] [stderr]    Compiling ignis_parser v0.4.0 (/opt/rustwide/workdir/crates/ignis_parser)
[INFO] [stderr]    Compiling ignis_hir v0.4.0 (/opt/rustwide/workdir/crates/ignis_hir)
[INFO] [stderr]    Compiling insta v1.46.3
[INFO] [stderr]    Compiling ignis_formatter v0.4.0 (/opt/rustwide/workdir/crates/ignis_formatter)
[INFO] [stderr]    Compiling rusty-fork v0.3.1
[INFO] [stderr]    Compiling ignis_lir v0.4.0 (/opt/rustwide/workdir/crates/ignis_lir)
[INFO] [stderr]    Compiling ignis_analyzer v0.4.0 (/opt/rustwide/workdir/crates/ignis_analyzer)
[INFO] [stderr]    Compiling proptest v1.10.0
[INFO] [stderr]    Compiling ignis_codegen_c v0.4.0 (/opt/rustwide/workdir/crates/ignis_codegen_c)
[INFO] [stderr]    Compiling ignis_driver v0.4.0 (/opt/rustwide/workdir/crates/ignis_driver)
[INFO] [stderr]    Compiling ignis_lsp v0.4.0 (/opt/rustwide/workdir/crates/ignis_lsp)
[INFO] [stderr]    Compiling ignis v0.4.0 (/opt/rustwide/workdir/crates/ignis)
[INFO] [stderr] warning: unused dependency `serde_json`
[INFO] [stderr]   --> crates/ignis_data_type/Cargo.toml:14:1
[INFO] [stderr]    |
[INFO] [stderr] 14 | serde_json.workspace = true
[INFO] [stderr]    | ^^^^^^^^^^
[INFO] [stderr]    |
[INFO] [stderr]    = note: `cargo::unused_dependencies` is set to `warn` by default
[INFO] [stderr] help: consider removing the dependency on `serde_json`
[INFO] [stderr] warning: `ignis_data_type` (manifest) generated 1 warning
[INFO] [stderr] warning: unused dependency `ignis_data_type`
[INFO] [stderr]   --> crates/ignis_diagnostics/Cargo.toml:15:1
[INFO] [stderr]    |
[INFO] [stderr] 15 | ignis_data_type = { path = "../ignis_data_type"}
[INFO] [stderr]    | ^^^^^^^^^^^^^^^^^^^^^^^^^^^^^^^^^^^^^^^^^^^^^^^^
[INFO] [stderr]    |
[INFO] [stderr]    = note: `cargo::unused_dependencies` is set to `warn` by default
[INFO] [stderr] help: consider removing the dependency on `ignis_data_type`
[INFO] [stderr] warning: `ignis_diagnostics` (manifest) generated 1 warning
[INFO] [stderr] warning: unused dependency `ignis_ast`
[INFO] [stderr]   --> crates/ignis_hir/Cargo.toml:17:1
[INFO] [stderr]    |
[INFO] [stderr] 17 | ignis_ast = { path = "../ignis_ast" }
[INFO] [stderr]    | ^^^^^^^^^^^^^^^^^^^^^^^^^^^^^^^^^^^^^
[INFO] [stderr]    |
[INFO] [stderr]    = note: `cargo::unused_dependencies` is set to `warn` by default
[INFO] [stderr] help: consider removing the dependency on `ignis_ast`
[INFO] [stderr] warning: unused dependency `ignis_config`
[INFO] [stderr]   --> crates/ignis_hir/Cargo.toml:16:1
[INFO] [stderr]    |
[INFO] [stderr] 16 | ignis_config.workspace = true
[INFO] [stderr]    | ^^^^^^^^^^^^
[INFO] [stderr]    |
[INFO] [stderr] help: consider removing the dependency on `ignis_config`
[INFO] [stderr] warning: unused dependency `ignis_diagnostics`
[INFO] [stderr]   --> crates/ignis_hir/Cargo.toml:15:1
[INFO] [stderr]    |
[INFO] [stderr] 15 | ignis_diagnostics = { path = "../ignis_diagnostics" }
[INFO] [stderr]    | ^^^^^^^^^^^^^^^^^^^^^^^^^^^^^^^^^^^^^^^^^^^^^^^^^^^^^
[INFO] [stderr]    |
[INFO] [stderr] help: consider removing the dependency on `ignis_diagnostics`
[INFO] [stderr] warning: `ignis_hir` (manifest) generated 3 warnings
[INFO] [stderr] warning: unused dependency `colored`
[INFO] [stderr]   --> crates/ignis_log/Cargo.toml:13:1
[INFO] [stderr]    |
[INFO] [stderr] 13 | colored.workspace = true
[INFO] [stderr]    | ^^^^^^^
[INFO] [stderr]    |
[INFO] [stderr]    = note: `cargo::unused_dependencies` is set to `warn` by default
[INFO] [stderr] help: consider removing the dependency on `colored`
[INFO] [stderr] warning: `ignis_log` (manifest) generated 1 warning
[INFO] [stderr]     Finished `test` profile [unoptimized + debuginfo] target(s) in 2m 19s
[INFO] running `Command { std: "docker" "inspect" "14cf9bd72c4934370777865a300847d52ee7d01b43af54c6b0e99f15030ae8fa", kill_on_drop: false }`
[INFO] running `Command { std: "docker" "exec" "-e" "SOURCE_DIR=/opt/rustwide/workdir" "-e" "CARGO_HOME=/opt/rustwide/cargo-home" "-e" "RUSTUP_HOME=/opt/rustwide/rustup-home" "-e" "CARGO_TARGET_DIR=/opt/rustwide/target" "-e" "CARGO_INCREMENTAL=0" "-e" "RUST_BACKTRACE=full" "-e" "RUSTFLAGS=--cap-lints=warn" "-e" "RUSTDOCFLAGS=--cap-lints=warn" "-w" "/opt/rustwide/workdir" "--user" "0:0" "14cf9bd72c4934370777865a300847d52ee7d01b43af54c6b0e99f15030ae8fa" "/opt/rustwide/cargo-home/bin/cargo" "+1.100.0-beta.1" "test" "--frozen", kill_on_drop: false }`
[INFO] [stderr] warning: unused dependency `serde_json`
[INFO] [stderr]   --> crates/ignis_data_type/Cargo.toml:14:1
[INFO] [stderr]    |
[INFO] [stderr] 14 | serde_json.workspace = true
[INFO] [stderr]    | ^^^^^^^^^^
[INFO] [stderr]    |
[INFO] [stderr]    = note: `cargo::unused_dependencies` is set to `warn` by default
[INFO] [stderr] help: consider removing the dependency on `serde_json`
[INFO] [stderr] warning: `ignis_data_type` (manifest) generated 1 warning
[INFO] [stderr] warning: unused dependency `ignis_data_type`
[INFO] [stderr]   --> crates/ignis_diagnostics/Cargo.toml:15:1
[INFO] [stderr]    |
[INFO] [stderr] 15 | ignis_data_type = { path = "../ignis_data_type"}
[INFO] [stderr]    | ^^^^^^^^^^^^^^^^^^^^^^^^^^^^^^^^^^^^^^^^^^^^^^^^
[INFO] [stderr]    |
[INFO] [stderr]    = note: `cargo::unused_dependencies` is set to `warn` by default
[INFO] [stderr] help: consider removing the dependency on `ignis_data_type`
[INFO] [stderr] warning: `ignis_diagnostics` (manifest) generated 1 warning
[INFO] [stderr] warning: unused dependency `ignis_ast`
[INFO] [stderr]   --> crates/ignis_hir/Cargo.toml:17:1
[INFO] [stderr]    |
[INFO] [stderr] 17 | ignis_ast = { path = "../ignis_ast" }
[INFO] [stderr]    | ^^^^^^^^^^^^^^^^^^^^^^^^^^^^^^^^^^^^^
[INFO] [stderr]    |
[INFO] [stderr]    = note: `cargo::unused_dependencies` is set to `warn` by default
[INFO] [stderr] help: consider removing the dependency on `ignis_ast`
[INFO] [stderr] warning: unused dependency `ignis_config`
[INFO] [stderr]   --> crates/ignis_hir/Cargo.toml:16:1
[INFO] [stderr]    |
[INFO] [stderr] 16 | ignis_config.workspace = true
[INFO] [stderr]    | ^^^^^^^^^^^^
[INFO] [stderr]    |
[INFO] [stderr] help: consider removing the dependency on `ignis_config`
[INFO] [stderr] warning: unused dependency `ignis_diagnostics`
[INFO] [stderr]   --> crates/ignis_hir/Cargo.toml:15:1
[INFO] [stderr]    |
[INFO] [stderr] 15 | ignis_diagnostics = { path = "../ignis_diagnostics" }
[INFO] [stderr]    | ^^^^^^^^^^^^^^^^^^^^^^^^^^^^^^^^^^^^^^^^^^^^^^^^^^^^^
[INFO] [stderr]    |
[INFO] [stderr] help: consider removing the dependency on `ignis_diagnostics`
[INFO] [stderr] warning: `ignis_hir` (manifest) generated 3 warnings
[INFO] [stderr] warning: unused dependency `colored`
[INFO] [stderr]   --> crates/ignis_log/Cargo.toml:13:1
[INFO] [stderr]    |
[INFO] [stderr] 13 | colored.workspace = true
[INFO] [stderr]    | ^^^^^^^
[INFO] [stderr]    |
[INFO] [stderr]    = note: `cargo::unused_dependencies` is set to `warn` by default
[INFO] [stderr] help: consider removing the dependency on `colored`
[INFO] [stderr] warning: `ignis_log` (manifest) generated 1 warning
[INFO] [stderr]     Finished `test` profile [unoptimized + debuginfo] target(s) in 0.35s
[INFO] [stderr]      Running unittests src/main.rs (/opt/rustwide/target/debug/build/ignis/814a3eb2cfe356a9/out/ignis-814a3eb2cfe356a9)
[INFO] [stdout] 
[INFO] [stdout] running 23 tests
[INFO] [stdout] test cli::tests::parses_fmt_subcommand_with_multiple_files ... ok
[INFO] [stdout] test cli::tests::parses_fmt_subcommand_with_check_and_project ... ok
[INFO] [stdout] test cli::tests::parses_build_subcommand_force_flag_and_its_aliases ... ok
[INFO] [stdout] test cli::tests::build_subcommand_defaults_force_to_false ... ok
[INFO] [stdout] test cli::tests::parses_fmt_subcommand_with_style_overrides ... ok
[INFO] [stdout] test cli::tests::parses_fmt_subcommand_with_single_file ... ok
[INFO] [stdout] test cli::tests::parses_test_std_subcommand_without_filter ... ok
[INFO] [stdout] test cli::tests::parses_test_std_subcommand_with_all_options ... ok
[INFO] [stdout] test cli::tests::parses_test_subcommand_with_filter_and_project ... ok
[INFO] [stdout] test cli::tests::check_and_test_subcommands_reject_the_force_flag ... ok
[INFO] [stdout] test init::tests::resolve_entry_file_honors_custom_value ... ok
[INFO] [stdout] test cli::tests::parses_test_subcommand_with_update_snapshots_flag ... ok
[INFO] [stdout] test cli::tests::parses_test_subcommand_with_fixture_partition_and_timeout_flags ... ok
[INFO] [stdout] test init::tests::resolve_entry_file_uses_main_by_default ... ok
[INFO] [stdout] test init::tests::resolve_entry_file_uses_lib_for_library_projects ... ok
[INFO] [stdout] test cli::tests::parses_test_subcommand_without_filter ... ok
[INFO] [stdout] test tests::resolve_test_input_keeps_existing_non_ign_file_as_filter_text ... ok
[INFO] [stdout] test tests::resolve_test_input_accepts_single_file_mode ... ok
[INFO] [stdout] test cli::tests::parses_test_subcommand_with_update_snapshots_flag_without_filter ... ok
[INFO] [stdout] test init::tests::templates_match_expected_shape ... ok
[INFO] [stdout] test tests::resolve_test_input_accepts_nonexistent_ign_path_as_single_file ... ok
[INFO] [stdout] test tests::resolve_test_input_uses_project_mode_for_filter_text ... ok
[INFO] [stdout] test cli::tests::test_subcommand_defaults_leave_fixture_partition_and_timeout_unset ... ok
[INFO] [stdout] 
[INFO] [stdout] test result: ok. 23 passed; 0 failed; 0 ignored; 0 measured; 0 filtered out; finished in 0.05s
[INFO] [stdout] 
[INFO] [stderr]      Running tests/config_unknown_key.rs (/opt/rustwide/target/debug/build/ignis/a07c685c88a27564/out/config_unknown_key-a07c685c88a27564)
[INFO] [stdout] 
[INFO] [stdout] running 2 tests
[INFO] [stdout] test unknown_project_key_warns_on_stderr_without_failing_the_build ... ok
[INFO] [stdout] test a_project_without_unknown_keys_stays_silent_about_them ... ok
[INFO] [stdout] 
[INFO] [stdout] test result: ok. 2 passed; 0 failed; 0 ignored; 0 measured; 0 filtered out; finished in 0.04s
[INFO] [stdout] 
[INFO] [stderr]      Running tests/doc_command.rs (/opt/rustwide/target/debug/build/ignis/3e142eecaf0b13aa/out/doc_command-3e142eecaf0b13aa)
[INFO] [stdout] 
[INFO] [stdout] running 14 tests
[INFO] [stdout] test selfhost_documents_a_function_with_its_doc_comment ... FAILED
[INFO] [stdout] test selfhost_carries_the_modules_own_documentation ... FAILED
[INFO] [stdout] test selfhost_renders_enum_variants_with_their_payloads ... FAILED
[INFO] [stdout] test selfhost_renders_records_with_their_fields_and_methods ... FAILED
[INFO] [stdout] test selfhost_qualifies_namespace_members_with_the_namespace_path ... FAILED
[INFO] [stdout] test qualifies_namespace_members_with_the_namespace_path ... ok
[INFO] [stdout] test renders_records_with_their_fields_and_methods ... ok
[INFO] [stdout] test carries_the_modules_own_documentation ... ok
[INFO] [stdout] test renders_enum_variants_with_their_payloads ... ok
[INFO] [stdout] test documents_a_function_with_its_doc_comment ... ok
[INFO] [stdout] test reports_private_declarations_without_dropping_them ... ok
[INFO] [stdout] test selfhost_writes_to_a_file_when_asked ... FAILED
[INFO] [stdout] test selfhost_reports_private_declarations_without_dropping_them ... FAILED
[INFO] [stdout] test writes_to_a_file_when_asked ... ok
[INFO] [stdout] 
[INFO] [stdout] failures:
[INFO] [stdout] 
[INFO] [stdout] ---- selfhost_documents_a_function_with_its_doc_comment stdout ----
[INFO] [stdout] 
[INFO] [stdout] thread 'selfhost_documents_a_function_with_its_doc_comment' (3680) panicked at crates/ignis/tests/doc_command.rs:43:5:
[INFO] [stdout] expected selfhost build to succeed
[INFO] [stdout] stdout:
[INFO] [stdout] Error[I0001]: Expected SemiColon
[INFO] [stdout]   --> /opt/rustwide/workdir/ignis/main.ign:2188:5
[INFO] [stdout]    |  
[INFO] [stdout] 2187|        Result::ERROR(reportDiscoveryFailure(&diagnostics, &file, options.verbose))
[INFO] [stdout]    |  
[INFO] [stdout] 2188|      },
[INFO] [stdout]    |       ^
[INFO] [stdout]    |  
[INFO] [stdout] 2189|    };
[INFO] [stdout] 
[INFO] [stdout] 
[INFO] [stdout] stderr:
[INFO] [stdout] Building /opt/rustwide/workdir/ignis/main.ign
[INFO] [stdout] 
[INFO] [stdout] • Scanning & parsing
[INFO] [stdout] 
[INFO] [stdout] ✗ Build failed (545ms)
[INFO] [stdout] 
[INFO] [stdout] stack backtrace:
[INFO] [stdout]    0:     0x584c10c03501 - std[617be2ca0a6fd877]::backtrace_rs::backtrace::libunwind::trace
[INFO] [stdout]                                at /rustc/e3feeb59cd1bdd011a2bfcc0747b55125d9b8527/library/std/src/../../backtrace/src/backtrace/libunwind.rs:117:9
[INFO] [stdout]    1:     0x584c10c03501 - std[617be2ca0a6fd877]::backtrace_rs::backtrace::trace_unsynchronized::<std[617be2ca0a6fd877]::sys::backtrace::_print_fmt::{closure#1}>
[INFO] [stdout]                                at /rustc/e3feeb59cd1bdd011a2bfcc0747b55125d9b8527/library/std/src/../../backtrace/src/backtrace/mod.rs:66:14
[INFO] [stdout]    2:     0x584c10c03501 - std[617be2ca0a6fd877]::sys::backtrace::_print_fmt
[INFO] [stdout]                                at /rustc/e3feeb59cd1bdd011a2bfcc0747b55125d9b8527/library/std/src/sys/backtrace.rs:74:9
[INFO] [stdout]    3:     0x584c10c03501 - <<std[617be2ca0a6fd877]::sys::backtrace::BacktraceLock>::print::DisplayBacktrace as core[a373ad73a504971]::fmt::Display>::fmt
[INFO] [stdout]                                at /rustc/e3feeb59cd1bdd011a2bfcc0747b55125d9b8527/library/std/src/sys/backtrace.rs:44:26
[INFO] [stdout]    4:     0x584c10c17eaa - <core[a373ad73a504971]::fmt::rt::Argument>::fmt
[INFO] [stdout]                                at /rustc/e3feeb59cd1bdd011a2bfcc0747b55125d9b8527/library/core/src/fmt/rt.rs:152:76
[INFO] [stdout]    5:     0x584c10c17eaa - core[a373ad73a504971]::fmt::write
[INFO] [stdout]    6:     0x584c10c0771c - core[a373ad73a504971]::io::write::default_write_fmt::<alloc[2e1b2a31b91974c5]::vec::Vec<u8>>
[INFO] [stdout]                                at /rustc/e3feeb59cd1bdd011a2bfcc0747b55125d9b8527/library/core/src/io/write.rs:402:11
[INFO] [stdout]    7:     0x584c10c0771c - <alloc[2e1b2a31b91974c5]::vec::Vec<u8> as core[a373ad73a504971]::io::write::Write>::write_fmt
[INFO] [stdout]                                at /rustc/e3feeb59cd1bdd011a2bfcc0747b55125d9b8527/library/core/src/io/write.rs:335:13
[INFO] [stdout]    8:     0x584c10bde536 - <std[617be2ca0a6fd877]::sys::backtrace::BacktraceLock>::print
[INFO] [stdout]                                at /rustc/e3feeb59cd1bdd011a2bfcc0747b55125d9b8527/library/std/src/sys/backtrace.rs:47:9
[INFO] [stdout]    9:     0x584c10bde536 - std[617be2ca0a6fd877]::panicking::default_hook::{closure#0}
[INFO] [stdout]                                at /rustc/e3feeb59cd1bdd011a2bfcc0747b55125d9b8527/library/std/src/panicking.rs:289:27
[INFO] [stdout]   10:     0x584c10bfb5b9 - std[617be2ca0a6fd877]::panicking::default_hook
[INFO] [stdout]                                at /rustc/e3feeb59cd1bdd011a2bfcc0747b55125d9b8527/library/std/src/panicking.rs:313:9
[INFO] [stdout]   11:     0x584c10b70170 - <alloc[2e1b2a31b91974c5]::boxed::Box<dyn for<'a, 'b> core[a373ad73a504971]::ops::function::Fn<(&'a std[617be2ca0a6fd877]::panic::PanicHookInfo<'b>,), Output = ()> + core[a373ad73a504971]::marker::Sync + core[a373ad73a504971]::marker::Send> as core[a373ad73a504971]::ops::function::Fn<(&std[617be2ca0a6fd877]::panic::PanicHookInfo,)>>::call
[INFO] [stdout]                                at /rustc/e3feeb59cd1bdd011a2bfcc0747b55125d9b8527/library/alloc/src/boxed.rs:2328:9
[INFO] [stdout]   12:     0x584c10b70170 - test[aada8e7e76ba119b]::test_main_inner::{closure#0}
[INFO] [stdout]                                at /rustc/e3feeb59cd1bdd011a2bfcc0747b55125d9b8527/library/test/src/lib.rs:137:21
[INFO] [stdout]   13:     0x584c10bfb772 - <alloc[2e1b2a31b91974c5]::boxed::Box<dyn for<'a, 'b> core[a373ad73a504971]::ops::function::Fn<(&'a std[617be2ca0a6fd877]::panic::PanicHookInfo<'b>,), Output = ()> + core[a373ad73a504971]::marker::Sync + core[a373ad73a504971]::marker::Send> as core[a373ad73a504971]::ops::function::Fn<(&std[617be2ca0a6fd877]::panic::PanicHookInfo,)>>::call
[INFO] [stdout]                                at /rustc/e3feeb59cd1bdd011a2bfcc0747b55125d9b8527/library/alloc/src/boxed.rs:2328:9
[INFO] [stdout]   14:     0x584c10bfb772 - std[617be2ca0a6fd877]::panicking::panic_with_hook
[INFO] [stdout]                                at /rustc/e3feeb59cd1bdd011a2bfcc0747b55125d9b8527/library/std/src/panicking.rs:819:13
[INFO] [stdout]   15:     0x584c10bde5e2 - std[617be2ca0a6fd877]::panicking::panic_handler::{closure#0}
[INFO] [stdout]                                at /rustc/e3feeb59cd1bdd011a2bfcc0747b55125d9b8527/library/std/src/panicking.rs:685:13
[INFO] [stdout]   16:     0x584c10bd7049 - std[617be2ca0a6fd877]::sys::backtrace::__rust_end_short_backtrace::<std[617be2ca0a6fd877]::panicking::panic_handler::{closure#0}, !>
[INFO] [stdout]                                at /rustc/e3feeb59cd1bdd011a2bfcc0747b55125d9b8527/library/std/src/sys/backtrace.rs:182:18
[INFO] [stdout]   17:     0x584c10bdf1ed - __rustc[ea4f61d10b84890b]::rust_begin_unwind
[INFO] [stdout]                                at /rustc/e3feeb59cd1bdd011a2bfcc0747b55125d9b8527/library/std/src/panicking.rs:676:5
[INFO] [stdout]   18:     0x584c10c1865c - core[a373ad73a504971]::panicking::panic_fmt
[INFO] [stdout]                                at /rustc/e3feeb59cd1bdd011a2bfcc0747b55125d9b8527/library/core/src/panicking.rs:80:14
[INFO] [stdout]   19:     0x584c10b58dd5 - doc_command[4f153a980400abbb]::selfhost_compiler::{closure#0}
[INFO] [stdout]                                at /opt/rustwide/workdir/crates/ignis/tests/doc_command.rs:43:5
[INFO] [stdout]   20:     0x584c10b58a58 - <std[617be2ca0a6fd877]::sync::once_lock::OnceLock<std[617be2ca0a6fd877]::path::PathBuf>>::get_or_init::<doc_command[4f153a980400abbb]::selfhost_compiler::{closure#0}>::{closure#0}
[INFO] [stdout]                                at /rustc/e3feeb59cd1bdd011a2bfcc0747b55125d9b8527/library/std/src/sync/once_lock.rs:350:50
[INFO] [stdout]   21:     0x584c10b589a4 - <std[617be2ca0a6fd877]::sync::once_lock::OnceLock<std[617be2ca0a6fd877]::path::PathBuf>>::initialize::<<std[617be2ca0a6fd877]::sync::once_lock::OnceLock<std[617be2ca0a6fd877]::path::PathBuf>>::get_or_init<doc_command[4f153a980400abbb]::selfhost_compiler::{closure#0}>::{closure#0}, !>::{closure#0}
[INFO] [stdout]                                at /rustc/e3feeb59cd1bdd011a2bfcc0747b55125d9b8527/library/std/src/sync/once_lock.rs:572:19
[INFO] [stdout]   22:     0x584c10b60011 - <std[617be2ca0a6fd877]::sync::once::Once>::call_once_force::<<std[617be2ca0a6fd877]::sync::once_lock::OnceLock<std[617be2ca0a6fd877]::path::PathBuf>>::initialize<<std[617be2ca0a6fd877]::sync::once_lock::OnceLock<std[617be2ca0a6fd877]::path::PathBuf>>::get_or_init<doc_command[4f153a980400abbb]::selfhost_compiler::{closure#0}>::{closure#0}, !>::{closure#0}>::{closure#0}
[INFO] [stdout]                                at /rustc/e3feeb59cd1bdd011a2bfcc0747b55125d9b8527/library/std/src/sync/once.rs:227:40
[INFO] [stdout]   23:     0x584c10be4119 - <std[617be2ca0a6fd877]::sys::sync::once::futex::Once>::call
[INFO] [stdout]                                at /rustc/e3feeb59cd1bdd011a2bfcc0747b55125d9b8527/library/std/src/sys/sync/once/futex.rs:183:21
[INFO] [stdout]   24:     0x584c10b5e659 - <std[617be2ca0a6fd877]::sync::once::Once>::call_once_force::<<std[617be2ca0a6fd877]::sync::once_lock::OnceLock<std[617be2ca0a6fd877]::path::PathBuf>>::initialize<<std[617be2ca0a6fd877]::sync::once_lock::OnceLock<std[617be2ca0a6fd877]::path::PathBuf>>::get_or_init<doc_command[4f153a980400abbb]::selfhost_compiler::{closure#0}>::{closure#0}, !>::{closure#0}>
[INFO] [stdout]                                at /rustc/e3feeb59cd1bdd011a2bfcc0747b55125d9b8527/library/std/src/sync/once.rs:227:20
[INFO] [stdout]   25:     0x584c10b5580b - <std[617be2ca0a6fd877]::sync::once_lock::OnceLock<std[617be2ca0a6fd877]::path::PathBuf>>::initialize::<<std[617be2ca0a6fd877]::sync::once_lock::OnceLock<std[617be2ca0a6fd877]::path::PathBuf>>::get_or_init<doc_command[4f153a980400abbb]::selfhost_compiler::{closure#0}>::{closure#0}, !>
[INFO] [stdout]                                at /rustc/e3feeb59cd1bdd011a2bfcc0747b55125d9b8527/library/std/src/sync/once_lock.rs:571:19
[INFO] [stdout]   26:     0x584c10b5587c - <std[617be2ca0a6fd877]::sync::once_lock::OnceLock<std[617be2ca0a6fd877]::path::PathBuf>>::get_or_try_init::<<std[617be2ca0a6fd877]::sync::once_lock::OnceLock<std[617be2ca0a6fd877]::path::PathBuf>>::get_or_init<doc_command[4f153a980400abbb]::selfhost_compiler::{closure#0}>::{closure#0}, !>
[INFO] [stdout]                                at /rustc/e3feeb59cd1bdd011a2bfcc0747b55125d9b8527/library/std/src/sync/once_lock.rs:439:14
[INFO] [stdout]   27:     0x584c10b5581d - <std[617be2ca0a6fd877]::sync::once_lock::OnceLock<std[617be2ca0a6fd877]::path::PathBuf>>::get_or_init::<doc_command[4f153a980400abbb]::selfhost_compiler::{closure#0}>
[INFO] [stdout]                                at /rustc/e3feeb59cd1bdd011a2bfcc0747b55125d9b8527/library/std/src/sync/once_lock.rs:350:20
[INFO] [stdout]   28:     0x584c10b5985d - doc_command[4f153a980400abbb]::selfhost_compiler
[INFO] [stdout]                                at /opt/rustwide/workdir/crates/ignis/tests/doc_command.rs:31:12
[INFO] [stdout]   29:     0x584c10b5baa6 - doc_command[4f153a980400abbb]::selfhost_documents_a_function_with_its_doc_comment
[INFO] [stdout]                                at /opt/rustwide/workdir/crates/ignis/tests/doc_command.rs:329:39
[INFO] [stdout]   30:     0x584c10b59257 - doc_command[4f153a980400abbb]::selfhost_documents_a_function_with_its_doc_comment::{closure#0}
[INFO] [stdout]                                at /opt/rustwide/workdir/crates/ignis/tests/doc_command.rs:328:56
[INFO] [stdout]   31:     0x584c10b632b6 - <doc_command[4f153a980400abbb]::selfhost_documents_a_function_with_its_doc_comment::{closure#0} as core[a373ad73a504971]::ops::function::FnOnce<()>>::call_once
[INFO] [stdout]                                at /rustc/e3feeb59cd1bdd011a2bfcc0747b55125d9b8527/library/core/src/ops/function.rs:250:5
[INFO] [stdout]   32:     0x584c10b635bb - <fn() -> core[a373ad73a504971]::result::Result<(), alloc[2e1b2a31b91974c5]::string::String> as core[a373ad73a504971]::ops::function::FnOnce<()>>::call_once
[INFO] [stdout]                                at /rustc/e3feeb59cd1bdd011a2bfcc0747b55125d9b8527/library/core/src/ops/function.rs:250:5
[INFO] [stdout]   33:     0x584c10b635bb - test[aada8e7e76ba119b]::__rust_begin_short_backtrace::<core[a373ad73a504971]::result::Result<(), alloc[2e1b2a31b91974c5]::string::String>, fn() -> core[a373ad73a504971]::result::Result<(), alloc[2e1b2a31b91974c5]::string::String>>
[INFO] [stdout]                                at /rustc/e3feeb59cd1bdd011a2bfcc0747b55125d9b8527/library/test/src/lib.rs:701:18
[INFO] [stdout]   34:     0x584c10b70795 - test[aada8e7e76ba119b]::run_test_in_process::{closure#0}
[INFO] [stdout]                                at /rustc/e3feeb59cd1bdd011a2bfcc0747b55125d9b8527/library/test/src/lib.rs:724:74
[INFO] [stdout]   35:     0x584c10b70795 - <core[a373ad73a504971]::panic::unwind_safe::AssertUnwindSafe<test[aada8e7e76ba119b]::run_test_in_process::{closure#0}> as core[a373ad73a504971]::ops::function::FnOnce<()>>::call_once
[INFO] [stdout]                                at /rustc/e3feeb59cd1bdd011a2bfcc0747b55125d9b8527/library/core/src/panic/unwind_safe.rs:275:9
[INFO] [stdout]   36:     0x584c10b70795 - std[617be2ca0a6fd877]::panicking::catch_unwind::do_call::<core[a373ad73a504971]::panic::unwind_safe::AssertUnwindSafe<test[aada8e7e76ba119b]::run_test_in_process::{closure#0}>, core[a373ad73a504971]::result::Result<(), alloc[2e1b2a31b91974c5]::string::String>>
[INFO] [stdout]                                at /rustc/e3feeb59cd1bdd011a2bfcc0747b55125d9b8527/library/std/src/panicking.rs:573:43
[INFO] [stdout]   37:     0x584c10b70795 - std[617be2ca0a6fd877]::panicking::catch_unwind::<core[a373ad73a504971]::result::Result<(), alloc[2e1b2a31b91974c5]::string::String>, core[a373ad73a504971]::panic::unwind_safe::AssertUnwindSafe<test[aada8e7e76ba119b]::run_test_in_process::{closure#0}>>
[INFO] [stdout]                                at /rustc/e3feeb59cd1bdd011a2bfcc0747b55125d9b8527/library/std/src/panicking.rs:541:19
[INFO] [stdout]   38:     0x584c10b70795 - std[617be2ca0a6fd877]::panic::catch_unwind::<core[a373ad73a504971]::panic::unwind_safe::AssertUnwindSafe<test[aada8e7e76ba119b]::run_test_in_process::{closure#0}>, core[a373ad73a504971]::result::Result<(), alloc[2e1b2a31b91974c5]::string::String>>
[INFO] [stdout]                                at /rustc/e3feeb59cd1bdd011a2bfcc0747b55125d9b8527/library/std/src/panic.rs:359:14
[INFO] [stdout]   39:     0x584c10b70795 - test[aada8e7e76ba119b]::run_test_in_process
[INFO] [stdout]                                at /rustc/e3feeb59cd1bdd011a2bfcc0747b55125d9b8527/library/test/src/lib.rs:724:27
[INFO] [stdout]   40:     0x584c10b70795 - test[aada8e7e76ba119b]::run_test::{closure#0}
[INFO] [stdout]                                at /rustc/e3feeb59cd1bdd011a2bfcc0747b55125d9b8527/library/test/src/lib.rs:645:43
[INFO] [stdout]   41:     0x584c10b6a084 - test[aada8e7e76ba119b]::run_test::{closure#1}
[INFO] [stdout]                                at /rustc/e3feeb59cd1bdd011a2bfcc0747b55125d9b8527/library/test/src/lib.rs:675:41
[INFO] [stdout]   42:     0x584c10b6a084 - std[617be2ca0a6fd877]::sys::backtrace::__rust_begin_short_backtrace::<test[aada8e7e76ba119b]::run_test::{closure#1}, ()>
[INFO] [stdout]                                at /rustc/e3feeb59cd1bdd011a2bfcc0747b55125d9b8527/library/std/src/sys/backtrace.rs:166:18
[INFO] [stdout]   43:     0x584c10b73822 - std[617be2ca0a6fd877]::thread::lifecycle::spawn_unchecked::<test[aada8e7e76ba119b]::run_test::{closure#1}, ()>::{closure#1}::{closure#0}
[INFO] [stdout]                                at /rustc/e3feeb59cd1bdd011a2bfcc0747b55125d9b8527/library/std/src/thread/lifecycle.rs:70:13
[INFO] [stdout]   44:     0x584c10b73822 - <core[a373ad73a504971]::panic::unwind_safe::AssertUnwindSafe<std[617be2ca0a6fd877]::thread::lifecycle::spawn_unchecked<test[aada8e7e76ba119b]::run_test::{closure#1}, ()>::{closure#1}::{closure#0}> as core[a373ad73a504971]::ops::function::FnOnce<()>>::call_once
[INFO] [stdout]                                at /rustc/e3feeb59cd1bdd011a2bfcc0747b55125d9b8527/library/core/src/panic/unwind_safe.rs:275:9
[INFO] [stdout]   45:     0x584c10b73822 - std[617be2ca0a6fd877]::panicking::catch_unwind::do_call::<core[a373ad73a504971]::panic::unwind_safe::AssertUnwindSafe<std[617be2ca0a6fd877]::thread::lifecycle::spawn_unchecked<test[aada8e7e76ba119b]::run_test::{closure#1}, ()>::{closure#1}::{closure#0}>, ()>
[INFO] [stdout]                                at /rustc/e3feeb59cd1bdd011a2bfcc0747b55125d9b8527/library/std/src/panicking.rs:573:43
[INFO] [stdout]   46:     0x584c10b73822 - std[617be2ca0a6fd877]::panicking::catch_unwind::<(), core[a373ad73a504971]::panic::unwind_safe::AssertUnwindSafe<std[617be2ca0a6fd877]::thread::lifecycle::spawn_unchecked<test[aada8e7e76ba119b]::run_test::{closure#1}, ()>::{closure#1}::{closure#0}>>
[INFO] [stdout]                                at /rustc/e3feeb59cd1bdd011a2bfcc0747b55125d9b8527/library/std/src/panicking.rs:541:19
[INFO] [stdout]   47:     0x584c10b73822 - std[617be2ca0a6fd877]::panic::catch_unwind::<core[a373ad73a504971]::panic::unwind_safe::AssertUnwindSafe<std[617be2ca0a6fd877]::thread::lifecycle::spawn_unchecked<test[aada8e7e76ba119b]::run_test::{closure#1}, ()>::{closure#1}::{closure#0}>, ()>
[INFO] [stdout]                                at /rustc/e3feeb59cd1bdd011a2bfcc0747b55125d9b8527/library/std/src/panic.rs:359:14
[INFO] [stdout]   48:     0x584c10b73822 - std[617be2ca0a6fd877]::thread::lifecycle::spawn_unchecked::<test[aada8e7e76ba119b]::run_test::{closure#1}, ()>::{closure#1}
[INFO] [stdout]                                at /rustc/e3feeb59cd1bdd011a2bfcc0747b55125d9b8527/library/std/src/thread/lifecycle.rs:68:26
[INFO] [stdout]   49:     0x584c10b73822 - <std[617be2ca0a6fd877]::thread::lifecycle::spawn_unchecked<test[aada8e7e76ba119b]::run_test::{closure#1}, ()>::{closure#1} as core[a373ad73a504971]::ops::function::FnOnce<()>>::call_once::{shim:vtable#0}
[INFO] [stdout]                                at /rustc/e3feeb59cd1bdd011a2bfcc0747b55125d9b8527/library/core/src/ops/function.rs:250:5
[INFO] [stdout]   50:     0x584c10c0281f - <alloc[2e1b2a31b91974c5]::boxed::Box<dyn core[a373ad73a504971]::ops::function::FnOnce<(), Output = ()> + core[a373ad73a504971]::marker::Send> as core[a373ad73a504971]::ops::function::FnOnce<()>>::call_once
[INFO] [stdout]                                at /rustc/e3feeb59cd1bdd011a2bfcc0747b55125d9b8527/library/alloc/src/boxed.rs:2314:9
[INFO] [stdout]   51:     0x584c10c0281f - <std[617be2ca0a6fd877]::sys::thread::unix::Thread>::new::thread_start
[INFO] [stdout]                                at /rustc/e3feeb59cd1bdd011a2bfcc0747b55125d9b8527/library/std/src/sys/thread/unix.rs:127:17
[INFO] [stdout]   52:     0x7b0b972bbdfa - <unknown>
[INFO] [stdout]   53:     0x7b0b9734f3d4 - clone
[INFO] [stdout]   54:                0x0 - <unknown>
[INFO] [stdout] 
[INFO] [stdout] ---- selfhost_carries_the_modules_own_documentation stdout ----
[INFO] [stdout] 
[INFO] [stdout] thread 'selfhost_carries_the_modules_own_documentation' (3679) panicked at crates/ignis/tests/doc_command.rs:43:5:
[INFO] [stdout] expected selfhost build to succeed
[INFO] [stdout] stdout:
[INFO] [stdout] Error[I0001]: Expected SemiColon
[INFO] [stdout]   --> /opt/rustwide/workdir/ignis/main.ign:2188:5
[INFO] [stdout]    |  
[INFO] [stdout] 2187|        Result::ERROR(reportDiscoveryFailure(&diagnostics, &file, options.verbose))
[INFO] [stdout]    |  
[INFO] [stdout] 2188|      },
[INFO] [stdout]    |       ^
[INFO] [stdout]    |  
[INFO] [stdout] 2189|    };
[INFO] [stdout] 
[INFO] [stdout] 
[INFO] [stdout] stderr:
[INFO] [stdout] Building /opt/rustwide/workdir/ignis/main.ign
[INFO] [stdout] 
[INFO] [stdout] • Scanning & parsing
[INFO] [stdout] 
[INFO] [stdout] ✗ Build failed (485ms)
[INFO] [stdout] 
[INFO] [stdout] stack backtrace:
[INFO] [stdout]    0:     0x584c10c03501 - std[617be2ca0a6fd877]::backtrace_rs::backtrace::libunwind::trace
[INFO] [stdout]                                at /rustc/e3feeb59cd1bdd011a2bfcc0747b55125d9b8527/library/std/src/../../backtrace/src/backtrace/libunwind.rs:117:9
[INFO] [stdout]    1:     0x584c10c03501 - std[617be2ca0a6fd877]::backtrace_rs::backtrace::trace_unsynchronized::<std[617be2ca0a6fd877]::sys::backtrace::_print_fmt::{closure#1}>
[INFO] [stdout]                                at /rustc/e3feeb59cd1bdd011a2bfcc0747b55125d9b8527/library/std/src/../../backtrace/src/backtrace/mod.rs:66:14
[INFO] [stdout]    2:     0x584c10c03501 - std[617be2ca0a6fd877]::sys::backtrace::_print_fmt
[INFO] [stdout]                                at /rustc/e3feeb59cd1bdd011a2bfcc0747b55125d9b8527/library/std/src/sys/backtrace.rs:74:9
[INFO] [stdout]    3:     0x584c10c03501 - <<std[617be2ca0a6fd877]::sys::backtrace::BacktraceLock>::print::DisplayBacktrace as core[a373ad73a504971]::fmt::Display>::fmt
[INFO] [stdout]                                at /rustc/e3feeb59cd1bdd011a2bfcc0747b55125d9b8527/library/std/src/sys/backtrace.rs:44:26
[INFO] [stdout]    4:     0x584c10c17eaa - <core[a373ad73a504971]::fmt::rt::Argument>::fmt
[INFO] [stdout]                                at /rustc/e3feeb59cd1bdd011a2bfcc0747b55125d9b8527/library/core/src/fmt/rt.rs:152:76
[INFO] [stdout]    5:     0x584c10c17eaa - core[a373ad73a504971]::fmt::write
[INFO] [stdout]    6:     0x584c10c0771c - core[a373ad73a504971]::io::write::default_write_fmt::<alloc[2e1b2a31b91974c5]::vec::Vec<u8>>
[INFO] [stdout]                                at /rustc/e3feeb59cd1bdd011a2bfcc0747b55125d9b8527/library/core/src/io/write.rs:402:11
[INFO] [stdout]    7:     0x584c10c0771c - <alloc[2e1b2a31b91974c5]::vec::Vec<u8> as core[a373ad73a504971]::io::write::Write>::write_fmt
[INFO] [stdout]                                at /rustc/e3feeb59cd1bdd011a2bfcc0747b55125d9b8527/library/core/src/io/write.rs:335:13
[INFO] [stdout]    8:     0x584c10bde536 - <std[617be2ca0a6fd877]::sys::backtrace::BacktraceLock>::print
[INFO] [stdout]                                at /rustc/e3feeb59cd1bdd011a2bfcc0747b55125d9b8527/library/std/src/sys/backtrace.rs:47:9
[INFO] [stdout]    9:     0x584c10bde536 - std[617be2ca0a6fd877]::panicking::default_hook::{closure#0}
[INFO] [stdout]                                at /rustc/e3feeb59cd1bdd011a2bfcc0747b55125d9b8527/library/std/src/panicking.rs:289:27
[INFO] [stdout]   10:     0x584c10bfb5b9 - std[617be2ca0a6fd877]::panicking::default_hook
[INFO] [stdout]                                at /rustc/e3feeb59cd1bdd011a2bfcc0747b55125d9b8527/library/std/src/panicking.rs:313:9
[INFO] [stdout]   11:     0x584c10b70170 - <alloc[2e1b2a31b91974c5]::boxed::Box<dyn for<'a, 'b> core[a373ad73a504971]::ops::function::Fn<(&'a std[617be2ca0a6fd877]::panic::PanicHookInfo<'b>,), Output = ()> + core[a373ad73a504971]::marker::Sync + core[a373ad73a504971]::marker::Send> as core[a373ad73a504971]::ops::function::Fn<(&std[617be2ca0a6fd877]::panic::PanicHookInfo,)>>::call
[INFO] [stdout]                                at /rustc/e3feeb59cd1bdd011a2bfcc0747b55125d9b8527/library/alloc/src/boxed.rs:2328:9
[INFO] [stdout]   12:     0x584c10b70170 - test[aada8e7e76ba119b]::test_main_inner::{closure#0}
[INFO] [stdout]                                at /rustc/e3feeb59cd1bdd011a2bfcc0747b55125d9b8527/library/test/src/lib.rs:137:21
[INFO] [stdout]   13:     0x584c10bfb772 - <alloc[2e1b2a31b91974c5]::boxed::Box<dyn for<'a, 'b> core[a373ad73a504971]::ops::function::Fn<(&'a std[617be2ca0a6fd877]::panic::PanicHookInfo<'b>,), Output = ()> + core[a373ad73a504971]::marker::Sync + core[a373ad73a504971]::marker::Send> as core[a373ad73a504971]::ops::function::Fn<(&std[617be2ca0a6fd877]::panic::PanicHookInfo,)>>::call
[INFO] [stdout]                                at /rustc/e3feeb59cd1bdd011a2bfcc0747b55125d9b8527/library/alloc/src/boxed.rs:2328:9
[INFO] [stdout]   14:     0x584c10bfb772 - std[617be2ca0a6fd877]::panicking::panic_with_hook
[INFO] [stdout]                                at /rustc/e3feeb59cd1bdd011a2bfcc0747b55125d9b8527/library/std/src/panicking.rs:819:13
[INFO] [stdout]   15:     0x584c10bde5e2 - std[617be2ca0a6fd877]::panicking::panic_handler::{closure#0}
[INFO] [stdout]                                at /rustc/e3feeb59cd1bdd011a2bfcc0747b55125d9b8527/library/std/src/panicking.rs:685:13
[INFO] [stdout]   16:     0x584c10bd7049 - std[617be2ca0a6fd877]::sys::backtrace::__rust_end_short_backtrace::<std[617be2ca0a6fd877]::panicking::panic_handler::{closure#0}, !>
[INFO] [stdout]                                at /rustc/e3feeb59cd1bdd011a2bfcc0747b55125d9b8527/library/std/src/sys/backtrace.rs:182:18
[INFO] [stdout]   17:     0x584c10bdf1ed - __rustc[ea4f61d10b84890b]::rust_begin_unwind
[INFO] [stdout]                                at /rustc/e3feeb59cd1bdd011a2bfcc0747b55125d9b8527/library/std/src/panicking.rs:676:5
[INFO] [stdout]   18:     0x584c10c1865c - core[a373ad73a504971]::panicking::panic_fmt
[INFO] [stdout]                                at /rustc/e3feeb59cd1bdd011a2bfcc0747b55125d9b8527/library/core/src/panicking.rs:80:14
[INFO] [stdout]   19:     0x584c10b58dd5 - doc_command[4f153a980400abbb]::selfhost_compiler::{closure#0}
[INFO] [stdout]                                at /opt/rustwide/workdir/crates/ignis/tests/doc_command.rs:43:5
[INFO] [stdout]   20:     0x584c10b58a58 - <std[617be2ca0a6fd877]::sync::once_lock::OnceLock<std[617be2ca0a6fd877]::path::PathBuf>>::get_or_init::<doc_command[4f153a980400abbb]::selfhost_compiler::{closure#0}>::{closure#0}
[INFO] [stdout]                                at /rustc/e3feeb59cd1bdd011a2bfcc0747b55125d9b8527/library/std/src/sync/once_lock.rs:350:50
[INFO] [stdout]   21:     0x584c10b589a4 - <std[617be2ca0a6fd877]::sync::once_lock::OnceLock<std[617be2ca0a6fd877]::path::PathBuf>>::initialize::<<std[617be2ca0a6fd877]::sync::once_lock::OnceLock<std[617be2ca0a6fd877]::path::PathBuf>>::get_or_init<doc_command[4f153a980400abbb]::selfhost_compiler::{closure#0}>::{closure#0}, !>::{closure#0}
[INFO] [stdout]                                at /rustc/e3feeb59cd1bdd011a2bfcc0747b55125d9b8527/library/std/src/sync/once_lock.rs:572:19
[INFO] [stdout]   22:     0x584c10b60011 - <std[617be2ca0a6fd877]::sync::once::Once>::call_once_force::<<std[617be2ca0a6fd877]::sync::once_lock::OnceLock<std[617be2ca0a6fd877]::path::PathBuf>>::initialize<<std[617be2ca0a6fd877]::sync::once_lock::OnceLock<std[617be2ca0a6fd877]::path::PathBuf>>::get_or_init<doc_command[4f153a980400abbb]::selfhost_compiler::{closure#0}>::{closure#0}, !>::{closure#0}>::{closure#0}
[INFO] [stdout]                                at /rustc/e3feeb59cd1bdd011a2bfcc0747b55125d9b8527/library/std/src/sync/once.rs:227:40
[INFO] [stdout]   23:     0x584c10be4119 - <std[617be2ca0a6fd877]::sys::sync::once::futex::Once>::call
[INFO] [stdout]                                at /rustc/e3feeb59cd1bdd011a2bfcc0747b55125d9b8527/library/std/src/sys/sync/once/futex.rs:183:21
[INFO] [stdout]   24:     0x584c10b5e659 - <std[617be2ca0a6fd877]::sync::once::Once>::call_once_force::<<std[617be2ca0a6fd877]::sync::once_lock::OnceLock<std[617be2ca0a6fd877]::path::PathBuf>>::initialize<<std[617be2ca0a6fd877]::sync::once_lock::OnceLock<std[617be2ca0a6fd877]::path::PathBuf>>::get_or_init<doc_command[4f153a980400abbb]::selfhost_compiler::{closure#0}>::{closure#0}, !>::{closure#0}>
[INFO] [stdout]                                at /rustc/e3feeb59cd1bdd011a2bfcc0747b55125d9b8527/library/std/src/sync/once.rs:227:20
[INFO] [stdout]   25:     0x584c10b5580b - <std[617be2ca0a6fd877]::sync::once_lock::OnceLock<std[617be2ca0a6fd877]::path::PathBuf>>::initialize::<<std[617be2ca0a6fd877]::sync::once_lock::OnceLock<std[617be2ca0a6fd877]::path::PathBuf>>::get_or_init<doc_command[4f153a980400abbb]::selfhost_compiler::{closure#0}>::{closure#0}, !>
[INFO] [stdout]                                at /rustc/e3feeb59cd1bdd011a2bfcc0747b55125d9b8527/library/std/src/sync/once_lock.rs:571:19
[INFO] [stdout]   26:     0x584c10b5587c - <std[617be2ca0a6fd877]::sync::once_lock::OnceLock<std[617be2ca0a6fd877]::path::PathBuf>>::get_or_try_init::<<std[617be2ca0a6fd877]::sync::once_lock::OnceLock<std[617be2ca0a6fd877]::path::PathBuf>>::get_or_init<doc_command[4f153a980400abbb]::selfhost_compiler::{closure#0}>::{closure#0}, !>
[INFO] [stdout]                                at /rustc/e3feeb59cd1bdd011a2bfcc0747b55125d9b8527/library/std/src/sync/once_lock.rs:439:14
[INFO] [stdout]   27:     0x584c10b5581d - <std[617be2ca0a6fd877]::sync::once_lock::OnceLock<std[617be2ca0a6fd877]::path::PathBuf>>::get_or_init::<doc_command[4f153a980400abbb]::selfhost_compiler::{closure#0}>
[INFO] [stdout]                                at /rustc/e3feeb59cd1bdd011a2bfcc0747b55125d9b8527/library/std/src/sync/once_lock.rs:350:20
[INFO] [stdout]   28:     0x584c10b5985d - doc_command[4f153a980400abbb]::selfhost_compiler
[INFO] [stdout]                                at /opt/rustwide/workdir/crates/ignis/tests/doc_command.rs:31:12
[INFO] [stdout]   29:     0x584c10b5ba66 - doc_command[4f153a980400abbb]::selfhost_carries_the_modules_own_documentation
[INFO] [stdout]                                at /opt/rustwide/workdir/crates/ignis/tests/doc_command.rs:354:30
[INFO] [stdout]   30:     0x584c10b59147 - doc_command[4f153a980400abbb]::selfhost_carries_the_modules_own_documentation::{closure#0}
[INFO] [stdout]                                at /opt/rustwide/workdir/crates/ignis/tests/doc_command.rs:353:52
[INFO] [stdout]   31:     0x584c10b63276 - <doc_command[4f153a980400abbb]::selfhost_carries_the_modules_own_documentation::{closure#0} as core[a373ad73a504971]::ops::function::FnOnce<()>>::call_once
[INFO] [stdout]                                at /rustc/e3feeb59cd1bdd011a2bfcc0747b55125d9b8527/library/core/src/ops/function.rs:250:5
[INFO] [stdout]   32:     0x584c10b635bb - <fn() -> core[a373ad73a504971]::result::Result<(), alloc[2e1b2a31b91974c5]::string::String> as core[a373ad73a504971]::ops::function::FnOnce<()>>::call_once
[INFO] [stdout]                                at /rustc/e3feeb59cd1bdd011a2bfcc0747b55125d9b8527/library/core/src/ops/function.rs:250:5
[INFO] [stdout]   33:     0x584c10b635bb - test[aada8e7e76ba119b]::__rust_begin_short_backtrace::<core[a373ad73a504971]::result::Result<(), alloc[2e1b2a31b91974c5]::string::String>, fn() -> core[a373ad73a504971]::result::Result<(), alloc[2e1b2a31b91974c5]::string::String>>
[INFO] [stdout]                                at /rustc/e3feeb59cd1bdd011a2bfcc0747b55125d9b8527/library/test/src/lib.rs:701:18
[INFO] [stdout]   34:     0x584c10b70795 - test[aada8e7e76ba119b]::run_test_in_process::{closure#0}
[INFO] [stdout]                                at /rustc/e3feeb59cd1bdd011a2bfcc0747b55125d9b8527/library/test/src/lib.rs:724:74
[INFO] [stdout]   35:     0x584c10b70795 - <core[a373ad73a504971]::panic::unwind_safe::AssertUnwindSafe<test[aada8e7e76ba119b]::run_test_in_process::{closure#0}> as core[a373ad73a504971]::ops::function::FnOnce<()>>::call_once
[INFO] [stdout]                                at /rustc/e3feeb59cd1bdd011a2bfcc0747b55125d9b8527/library/core/src/panic/unwind_safe.rs:275:9
[INFO] [stdout]   36:     0x584c10b70795 - std[617be2ca0a6fd877]::panicking::catch_unwind::do_call::<core[a373ad73a504971]::panic::unwind_safe::AssertUnwindSafe<test[aada8e7e76ba119b]::run_test_in_process::{closure#0}>, core[a373ad73a504971]::result::Result<(), alloc[2e1b2a31b91974c5]::string::String>>
[INFO] [stdout]                                at /rustc/e3feeb59cd1bdd011a2bfcc0747b55125d9b8527/library/std/src/panicking.rs:573:43
[INFO] [stdout]   37:     0x584c10b70795 - std[617be2ca0a6fd877]::panicking::catch_unwind::<core[a373ad73a504971]::result::Result<(), alloc[2e1b2a31b91974c5]::string::String>, core[a373ad73a504971]::panic::unwind_safe::AssertUnwindSafe<test[aada8e7e76ba119b]::run_test_in_process::{closure#0}>>
[INFO] [stdout]                                at /rustc/e3feeb59cd1bdd011a2bfcc0747b55125d9b8527/library/std/src/panicking.rs:541:19
[INFO] [stdout]   38:     0x584c10b70795 - std[617be2ca0a6fd877]::panic::catch_unwind::<core[a373ad73a504971]::panic::unwind_safe::AssertUnwindSafe<test[aada8e7e76ba119b]::run_test_in_process::{closure#0}>, core[a373ad73a504971]::result::Result<(), alloc[2e1b2a31b91974c5]::string::String>>
[INFO] [stdout]                                at /rustc/e3feeb59cd1bdd011a2bfcc0747b55125d9b8527/library/std/src/panic.rs:359:14
[INFO] [stdout]   39:     0x584c10b70795 - test[aada8e7e76ba119b]::run_test_in_process
[INFO] [stdout]                                at /rustc/e3feeb59cd1bdd011a2bfcc0747b55125d9b8527/library/test/src/lib.rs:724:27
[INFO] [stdout]   40:     0x584c10b70795 - test[aada8e7e76ba119b]::run_test::{closure#0}
[INFO] [stdout]                                at /rustc/e3feeb59cd1bdd011a2bfcc0747b55125d9b8527/library/test/src/lib.rs:645:43
[INFO] [stdout]   41:     0x584c10b6a084 - test[aada8e7e76ba119b]::run_test::{closure#1}
[INFO] [stdout]                                at /rustc/e3feeb59cd1bdd011a2bfcc0747b55125d9b8527/library/test/src/lib.rs:675:41
[INFO] [stdout]   42:     0x584c10b6a084 - std[617be2ca0a6fd877]::sys::backtrace::__rust_begin_short_backtrace::<test[aada8e7e76ba119b]::run_test::{closure#1}, ()>
[INFO] [stdout]                                at /rustc/e3feeb59cd1bdd011a2bfcc0747b55125d9b8527/library/std/src/sys/backtrace.rs:166:18
[INFO] [stdout]   43:     0x584c10b73822 - std[617be2ca0a6fd877]::thread::lifecycle::spawn_unchecked::<test[aada8e7e76ba119b]::run_test::{closure#1}, ()>::{closure#1}::{closure#0}
[INFO] [stdout]                                at /rustc/e3feeb59cd1bdd011a2bfcc0747b55125d9b8527/library/std/src/thread/lifecycle.rs:70:13
[INFO] [stdout]   44:     0x584c10b73822 - <core[a373ad73a504971]::panic::unwind_safe::AssertUnwindSafe<std[617be2ca0a6fd877]::thread::lifecycle::spawn_unchecked<test[aada8e7e76ba119b]::run_test::{closure#1}, ()>::{closure#1}::{closure#0}> as core[a373ad73a504971]::ops::function::FnOnce<()>>::call_once
[INFO] [stdout]                                at /rustc/e3feeb59cd1bdd011a2bfcc0747b55125d9b8527/library/core/src/panic/unwind_safe.rs:275:9
[INFO] [stdout]   45:     0x584c10b73822 - std[617be2ca0a6fd877]::panicking::catch_unwind::do_call::<core[a373ad73a504971]::panic::unwind_safe::AssertUnwindSafe<std[617be2ca0a6fd877]::thread::lifecycle::spawn_unchecked<test[aada8e7e76ba119b]::run_test::{closure#1}, ()>::{closure#1}::{closure#0}>, ()>
[INFO] [stdout]                                at /rustc/e3feeb59cd1bdd011a2bfcc0747b55125d9b8527/library/std/src/panicking.rs:573:43
[INFO] [stdout]   46:     0x584c10b73822 - std[617be2ca0a6fd877]::panicking::catch_unwind::<(), core[a373ad73a504971]::panic::unwind_safe::AssertUnwindSafe<std[617be2ca0a6fd877]::thread::lifecycle::spawn_unchecked<test[aada8e7e76ba119b]::run_test::{closure#1}, ()>::{closure#1}::{closure#0}>>
[INFO] [stdout]                                at /rustc/e3feeb59cd1bdd011a2bfcc0747b55125d9b8527/library/std/src/panicking.rs:541:19
[INFO] [stdout]   47:     0x584c10b73822 - std[617be2ca0a6fd877]::panic::catch_unwind::<core[a373ad73a504971]::panic::unwind_safe::AssertUnwindSafe<std[617be2ca0a6fd877]::thread::lifecycle::spawn_unchecked<test[aada8e7e76ba119b]::run_test::{closure#1}, ()>::{closure#1}::{closure#0}>, ()>
[INFO] [stdout]                                at /rustc/e3feeb59cd1bdd011a2bfcc0747b55125d9b8527/library/std/src/panic.rs:359:14
[INFO] [stdout]   48:     0x584c10b73822 - std[617be2ca0a6fd877]::thread::lifecycle::spawn_unchecked::<test[aada8e7e76ba119b]::run_test::{closure#1}, ()>::{closure#1}
[INFO] [stdout]                                at /rustc/e3feeb59cd1bdd011a2bfcc0747b55125d9b8527/library/std/src/thread/lifecycle.rs:68:26
[INFO] [stdout]   49:     0x584c10b73822 - <std[617be2ca0a6fd877]::thread::lifecycle::spawn_unchecked<test[aada8e7e76ba119b]::run_test::{closure#1}, ()>::{closure#1} as core[a373ad73a504971]::ops::function::FnOnce<()>>::call_once::{shim:vtable#0}
[INFO] [stdout]                                at /rustc/e3feeb59cd1bdd011a2bfcc0747b55125d9b8527/library/core/src/ops/function.rs:250:5
[INFO] [stdout]   50:     0x584c10c0281f - <alloc[2e1b2a31b91974c5]::boxed::Box<dyn core[a373ad73a504971]::ops::function::FnOnce<(), Output = ()> + core[a373ad73a504971]::marker::Send> as core[a373ad73a504971]::ops::function::FnOnce<()>>::call_once
[INFO] [stdout]                                at /rustc/e3feeb59cd1bdd011a2bfcc0747b55125d9b8527/library/alloc/src/boxed.rs:2314:9
[INFO] [stdout]   51:     0x584c10c0281f - <std[617be2ca0a6fd877]::sys::thread::unix::Thread>::new::thread_start
[INFO] [stdout]                                at /rustc/e3feeb59cd1bdd011a2bfcc0747b55125d9b8527/library/std/src/sys/thread/unix.rs:127:17
[INFO] [stdout]   52:     0x7b0b972bbdfa - <unknown>
[INFO] [stdout]   53:     0x7b0b9734f3d4 - clone
[INFO] [stdout]   54:                0x0 - <unknown>
[INFO] [stdout] 
[INFO] [stdout] ---- selfhost_renders_enum_variants_with_their_payloads stdout ----
[INFO] [stdout] 
[INFO] [stdout] thread 'selfhost_renders_enum_variants_with_their_payloads' (3690) panicked at crates/ignis/tests/doc_command.rs:43:5:
[INFO] [stdout] expected selfhost build to succeed
[INFO] [stdout] stdout:
[INFO] [stdout] Error[I0001]: Expected SemiColon
[INFO] [stdout]   --> /opt/rustwide/workdir/ignis/main.ign:2188:5
[INFO] [stdout]    |  
[INFO] [stdout] 2187|        Result::ERROR(reportDiscoveryFailure(&diagnostics, &file, options.verbose))
[INFO] [stdout]    |  
[INFO] [stdout] 2188|      },
[INFO] [stdout]    |       ^
[INFO] [stdout]    |  
[INFO] [stdout] 2189|    };
[INFO] [stdout] 
[INFO] [stdout] 
[INFO] [stdout] stderr:
[INFO] [stdout] Building /opt/rustwide/workdir/ignis/main.ign
[INFO] [stdout] 
[INFO] [stdout] • Scanning & parsing
[INFO] [stdout] 
[INFO] [stdout] ✗ Build failed (631ms)
[INFO] [stdout] 
[INFO] [stdout] stack backtrace:
[INFO] [stdout]    0:     0x584c10c03501 - std[617be2ca0a6fd877]::backtrace_rs::backtrace::libunwind::trace
[INFO] [stdout]                                at /rustc/e3feeb59cd1bdd011a2bfcc0747b55125d9b8527/library/std/src/../../backtrace/src/backtrace/libunwind.rs:117:9
[INFO] [stdout]    1:     0x584c10c03501 - std[617be2ca0a6fd877]::backtrace_rs::backtrace::trace_unsynchronized::<std[617be2ca0a6fd877]::sys::backtrace::_print_fmt::{closure#1}>
[INFO] [stdout]                                at /rustc/e3feeb59cd1bdd011a2bfcc0747b55125d9b8527/library/std/src/../../backtrace/src/backtrace/mod.rs:66:14
[INFO] [stdout]    2:     0x584c10c03501 - std[617be2ca0a6fd877]::sys::backtrace::_print_fmt
[INFO] [stdout]                                at /rustc/e3feeb59cd1bdd011a2bfcc0747b55125d9b8527/library/std/src/sys/backtrace.rs:74:9
[INFO] [stdout]    3:     0x584c10c03501 - <<std[617be2ca0a6fd877]::sys::backtrace::BacktraceLock>::print::DisplayBacktrace as core[a373ad73a504971]::fmt::Display>::fmt
[INFO] [stdout]                                at /rustc/e3feeb59cd1bdd011a2bfcc0747b55125d9b8527/library/std/src/sys/backtrace.rs:44:26
[INFO] [stdout]    4:     0x584c10c17eaa - <core[a373ad73a504971]::fmt::rt::Argument>::fmt
[INFO] [stdout]                                at /rustc/e3feeb59cd1bdd011a2bfcc0747b55125d9b8527/library/core/src/fmt/rt.rs:152:76
[INFO] [stdout]    5:     0x584c10c17eaa - core[a373ad73a504971]::fmt::write
[INFO] [stdout]    6:     0x584c10c0771c - core[a373ad73a504971]::io::write::default_write_fmt::<alloc[2e1b2a31b91974c5]::vec::Vec<u8>>
[INFO] [stdout]                                at /rustc/e3feeb59cd1bdd011a2bfcc0747b55125d9b8527/library/core/src/io/write.rs:402:11
[INFO] [stdout]    7:     0x584c10c0771c - <alloc[2e1b2a31b91974c5]::vec::Vec<u8> as core[a373ad73a504971]::io::write::Write>::write_fmt
[INFO] [stdout]                                at /rustc/e3feeb59cd1bdd011a2bfcc0747b55125d9b8527/library/core/src/io/write.rs:335:13
[INFO] [stdout]    8:     0x584c10bde536 - <std[617be2ca0a6fd877]::sys::backtrace::BacktraceLock>::print
[INFO] [stdout]                                at /rustc/e3feeb59cd1bdd011a2bfcc0747b55125d9b8527/library/std/src/sys/backtrace.rs:47:9
[INFO] [stdout]    9:     0x584c10bde536 - std[617be2ca0a6fd877]::panicking::default_hook::{closure#0}
[INFO] [stdout]                                at /rustc/e3feeb59cd1bdd011a2bfcc0747b55125d9b8527/library/std/src/panicking.rs:289:27
[INFO] [stdout]   10:     0x584c10bfb5b9 - std[617be2ca0a6fd877]::panicking::default_hook
[INFO] [stdout]                                at /rustc/e3feeb59cd1bdd011a2bfcc0747b55125d9b8527/library/std/src/panicking.rs:313:9
[INFO] [stdout]   11:     0x584c10b70170 - <alloc[2e1b2a31b91974c5]::boxed::Box<dyn for<'a, 'b> core[a373ad73a504971]::ops::function::Fn<(&'a std[617be2ca0a6fd877]::panic::PanicHookInfo<'b>,), Output = ()> + core[a373ad73a504971]::marker::Sync + core[a373ad73a504971]::marker::Send> as core[a373ad73a504971]::ops::function::Fn<(&std[617be2ca0a6fd877]::panic::PanicHookInfo,)>>::call
[INFO] [stdout]                                at /rustc/e3feeb59cd1bdd011a2bfcc0747b55125d9b8527/library/alloc/src/boxed.rs:2328:9
[INFO] [stdout]   12:     0x584c10b70170 - test[aada8e7e76ba119b]::test_main_inner::{closure#0}
[INFO] [stdout]                                at /rustc/e3feeb59cd1bdd011a2bfcc0747b55125d9b8527/library/test/src/lib.rs:137:21
[INFO] [stdout]   13:     0x584c10bfb772 - <alloc[2e1b2a31b91974c5]::boxed::Box<dyn for<'a, 'b> core[a373ad73a504971]::ops::function::Fn<(&'a std[617be2ca0a6fd877]::panic::PanicHookInfo<'b>,), Output = ()> + core[a373ad73a504971]::marker::Sync + core[a373ad73a504971]::marker::Send> as core[a373ad73a504971]::ops::function::Fn<(&std[617be2ca0a6fd877]::panic::PanicHookInfo,)>>::call
[INFO] [stdout]                                at /rustc/e3feeb59cd1bdd011a2bfcc0747b55125d9b8527/library/alloc/src/boxed.rs:2328:9
[INFO] [stdout]   14:     0x584c10bfb772 - std[617be2ca0a6fd877]::panicking::panic_with_hook
[INFO] [stdout]                                at /rustc/e3feeb59cd1bdd011a2bfcc0747b55125d9b8527/library/std/src/panicking.rs:819:13
[INFO] [stdout]   15:     0x584c10bde5e2 - std[617be2ca0a6fd877]::panicking::panic_handler::{closure#0}
[INFO] [stdout]                                at /rustc/e3feeb59cd1bdd011a2bfcc0747b55125d9b8527/library/std/src/panicking.rs:685:13
[INFO] [stdout]   16:     0x584c10bd7049 - std[617be2ca0a6fd877]::sys::backtrace::__rust_end_short_backtrace::<std[617be2ca0a6fd877]::panicking::panic_handler::{closure#0}, !>
[INFO] [stdout]                                at /rustc/e3feeb59cd1bdd011a2bfcc0747b55125d9b8527/library/std/src/sys/backtrace.rs:182:18
[INFO] [stdout]   17:     0x584c10bdf1ed - __rustc[ea4f61d10b84890b]::rust_begin_unwind
[INFO] [stdout]                                at /rustc/e3feeb59cd1bdd011a2bfcc0747b55125d9b8527/library/std/src/panicking.rs:676:5
[INFO] [stdout]   18:     0x584c10c1865c - core[a373ad73a504971]::panicking::panic_fmt
[INFO] [stdout]                                at /rustc/e3feeb59cd1bdd011a2bfcc0747b55125d9b8527/library/core/src/panicking.rs:80:14
[INFO] [stdout]   19:     0x584c10b58dd5 - doc_command[4f153a980400abbb]::selfhost_compiler::{closure#0}
[INFO] [stdout]                                at /opt/rustwide/workdir/crates/ignis/tests/doc_command.rs:43:5
[INFO] [stdout]   20:     0x584c10b58a58 - <std[617be2ca0a6fd877]::sync::once_lock::OnceLock<std[617be2ca0a6fd877]::path::PathBuf>>::get_or_init::<doc_command[4f153a980400abbb]::selfhost_compiler::{closure#0}>::{closure#0}
[INFO] [stdout]                                at /rustc/e3feeb59cd1bdd011a2bfcc0747b55125d9b8527/library/std/src/sync/once_lock.rs:350:50
[INFO] [stdout]   21:     0x584c10b589a4 - <std[617be2ca0a6fd877]::sync::once_lock::OnceLock<std[617be2ca0a6fd877]::path::PathBuf>>::initialize::<<std[617be2ca0a6fd877]::sync::once_lock::OnceLock<std[617be2ca0a6fd877]::path::PathBuf>>::get_or_init<doc_command[4f153a980400abbb]::selfhost_compiler::{closure#0}>::{closure#0}, !>::{closure#0}
[INFO] [stdout]                                at /rustc/e3feeb59cd1bdd011a2bfcc0747b55125d9b8527/library/std/src/sync/once_lock.rs:572:19
[INFO] [stdout]   22:     0x584c10b60011 - <std[617be2ca0a6fd877]::sync::once::Once>::call_once_force::<<std[617be2ca0a6fd877]::sync::once_lock::OnceLock<std[617be2ca0a6fd877]::path::PathBuf>>::initialize<<std[617be2ca0a6fd877]::sync::once_lock::OnceLock<std[617be2ca0a6fd877]::path::PathBuf>>::get_or_init<doc_command[4f153a980400abbb]::selfhost_compiler::{closure#0}>::{closure#0}, !>::{closure#0}>::{closure#0}
[INFO] [stdout]                                at /rustc/e3feeb59cd1bdd011a2bfcc0747b55125d9b8527/library/std/src/sync/once.rs:227:40
[INFO] [stdout]   23:     0x584c10be4119 - <std[617be2ca0a6fd877]::sys::sync::once::futex::Once>::call
[INFO] [stdout]                                at /rustc/e3feeb59cd1bdd011a2bfcc0747b55125d9b8527/library/std/src/sys/sync/once/futex.rs:183:21
[INFO] [stdout]   24:     0x584c10b5e659 - <std[617be2ca0a6fd877]::sync::once::Once>::call_once_force::<<std[617be2ca0a6fd877]::sync::once_lock::OnceLock<std[617be2ca0a6fd877]::path::PathBuf>>::initialize<<std[617be2ca0a6fd877]::sync::once_lock::OnceLock<std[617be2ca0a6fd877]::path::PathBuf>>::get_or_init<doc_command[4f153a980400abbb]::selfhost_compiler::{closure#0}>::{closure#0}, !>::{closure#0}>
[INFO] [stdout]                                at /rustc/e3feeb59cd1bdd011a2bfcc0747b55125d9b8527/library/std/src/sync/once.rs:227:20
[INFO] [stdout]   25:     0x584c10b5580b - <std[617be2ca0a6fd877]::sync::once_lock::OnceLock<std[617be2ca0a6fd877]::path::PathBuf>>::initialize::<<std[617be2ca0a6fd877]::sync::once_lock::OnceLock<std[617be2ca0a6fd877]::path::PathBuf>>::get_or_init<doc_command[4f153a980400abbb]::selfhost_compiler::{closure#0}>::{closure#0}, !>
[INFO] [stdout]                                at /rustc/e3feeb59cd1bdd011a2bfcc0747b55125d9b8527/library/std/src/sync/once_lock.rs:571:19
[INFO] [stdout]   26:     0x584c10b5587c - <std[617be2ca0a6fd877]::sync::once_lock::OnceLock<std[617be2ca0a6fd877]::path::PathBuf>>::get_or_try_init::<<std[617be2ca0a6fd877]::sync::once_lock::OnceLock<std[617be2ca0a6fd877]::path::PathBuf>>::get_or_init<doc_command[4f153a980400abbb]::selfhost_compiler::{closure#0}>::{closure#0}, !>
[INFO] [stdout]                                at /rustc/e3feeb59cd1bdd011a2bfcc0747b55125d9b8527/library/std/src/sync/once_lock.rs:439:14
[INFO] [stdout]   27:     0x584c10b5581d - <std[617be2ca0a6fd877]::sync::once_lock::OnceLock<std[617be2ca0a6fd877]::path::PathBuf>>::get_or_init::<doc_command[4f153a980400abbb]::selfhost_compiler::{closure#0}>
[INFO] [stdout]                                at /rustc/e3feeb59cd1bdd011a2bfcc0747b55125d9b8527/library/std/src/sync/once_lock.rs:350:20
[INFO] [stdout]   28:     0x584c10b5985d - doc_command[4f153a980400abbb]::selfhost_compiler
[INFO] [stdout]                                at /opt/rustwide/workdir/crates/ignis/tests/doc_command.rs:31:12
[INFO] [stdout]   29:     0x584c10b5bac6 - doc_command[4f153a980400abbb]::selfhost_renders_enum_variants_with_their_payloads
[INFO] [stdout]                                at /opt/rustwide/workdir/crates/ignis/tests/doc_command.rs:344:43
[INFO] [stdout]   30:     0x584c10b59287 - doc_command[4f153a980400abbb]::selfhost_renders_enum_variants_with_their_payloads::{closure#0}
[INFO] [stdout]                                at /opt/rustwide/workdir/crates/ignis/tests/doc_command.rs:343:56
[INFO] [stdout]   31:     0x584c10b632d6 - <doc_command[4f153a980400abbb]::selfhost_renders_enum_variants_with_their_payloads::{closure#0} as core[a373ad73a504971]::ops::function::FnOnce<()>>::call_once
[INFO] [stdout]                                at /rustc/e3feeb59cd1bdd011a2bfcc0747b55125d9b8527/library/core/src/ops/function.rs:250:5
[INFO] [stdout]   32:     0x584c10b635bb - <fn() -> core[a373ad73a504971]::result::Result<(), alloc[2e1b2a31b91974c5]::string::String> as core[a373ad73a504971]::ops::function::FnOnce<()>>::call_once
[INFO] [stdout]                                at /rustc/e3feeb59cd1bdd011a2bfcc0747b55125d9b8527/library/core/src/ops/function.rs:250:5
[INFO] [stdout]   33:     0x584c10b635bb - test[aada8e7e76ba119b]::__rust_begin_short_backtrace::<core[a373ad73a504971]::result::Result<(), alloc[2e1b2a31b91974c5]::string::String>, fn() -> core[a373ad73a504971]::result::Result<(), alloc[2e1b2a31b91974c5]::string::String>>
[INFO] [stdout]                                at /rustc/e3feeb59cd1bdd011a2bfcc0747b55125d9b8527/library/test/src/lib.rs:701:18
[INFO] [stdout]   34:     0x584c10b70795 - test[aada8e7e76ba119b]::run_test_in_process::{closure#0}
[INFO] [stdout]                                at /rustc/e3feeb59cd1bdd011a2bfcc0747b55125d9b8527/library/test/src/lib.rs:724:74
[INFO] [stdout]   35:     0x584c10b70795 - <core[a373ad73a504971]::panic::unwind_safe::AssertUnwindSafe<test[aada8e7e76ba119b]::run_test_in_process::{closure#0}> as core[a373ad73a504971]::ops::function::FnOnce<()>>::call_once
[INFO] [stdout]                                at /rustc/e3feeb59cd1bdd011a2bfcc0747b55125d9b8527/library/core/src/panic/unwind_safe.rs:275:9
[INFO] [stdout]   36:     0x584c10b70795 - std[617be2ca0a6fd877]::panicking::catch_unwind::do_call::<core[a373ad73a504971]::panic::unwind_safe::AssertUnwindSafe<test[aada8e7e76ba119b]::run_test_in_process::{closure#0}>, core[a373ad73a504971]::result::Result<(), alloc[2e1b2a31b91974c5]::string::String>>
[INFO] [stdout]                                at /rustc/e3feeb59cd1bdd011a2bfcc0747b55125d9b8527/library/std/src/panicking.rs:573:43
[INFO] [stdout]   37:     0x584c10b70795 - std[617be2ca0a6fd877]::panicking::catch_unwind::<core[a373ad73a504971]::result::Result<(), alloc[2e1b2a31b91974c5]::string::String>, core[a373ad73a504971]::panic::unwind_safe::AssertUnwindSafe<test[aada8e7e76ba119b]::run_test_in_process::{closure#0}>>
[INFO] [stdout]                                at /rustc/e3feeb59cd1bdd011a2bfcc0747b55125d9b8527/library/std/src/panicking.rs:541:19
[INFO] [stdout]   38:     0x584c10b70795 - std[617be2ca0a6fd877]::panic::catch_unwind::<core[a373ad73a504971]::panic::unwind_safe::AssertUnwindSafe<test[aada8e7e76ba119b]::run_test_in_process::{closure#0}>, core[a373ad73a504971]::result::Result<(), alloc[2e1b2a31b91974c5]::string::String>>
[INFO] [stdout]                                at /rustc/e3feeb59cd1bdd011a2bfcc0747b55125d9b8527/library/std/src/panic.rs:359:14
[INFO] [stdout]   39:     0x584c10b70795 - test[aada8e7e76ba119b]::run_test_in_process
[INFO] [stdout]                                at /rustc/e3feeb59cd1bdd011a2bfcc0747b55125d9b8527/library/test/src/lib.rs:724:27
[INFO] [stdout]   40:     0x584c10b70795 - test[aada8e7e76ba119b]::run_test::{closure#0}
[INFO] [stdout]                                at /rustc/e3feeb59cd1bdd011a2bfcc0747b55125d9b8527/library/test/src/lib.rs:645:43
[INFO] [stdout]   41:     0x584c10b6a084 - test[aada8e7e76ba119b]::run_test::{closure#1}
[INFO] [stdout]                                at /rustc/e3feeb59cd1bdd011a2bfcc0747b55125d9b8527/library/test/src/lib.rs:675:41
[INFO] [stdout]   42:     0x584c10b6a084 - std[617be2ca0a6fd877]::sys::backtrace::__rust_begin_short_backtrace::<test[aada8e7e76ba119b]::run_test::{closure#1}, ()>
[INFO] [stdout]                                at /rustc/e3feeb59cd1bdd011a2bfcc0747b55125d9b8527/library/std/src/sys/backtrace.rs:166:18
[INFO] [stdout]   43:     0x584c10b73822 - std[617be2ca0a6fd877]::thread::lifecycle::spawn_unchecked::<test[aada8e7e76ba119b]::run_test::{closure#1}, ()>::{closure#1}::{closure#0}
[INFO] [stdout]                                at /rustc/e3feeb59cd1bdd011a2bfcc0747b55125d9b8527/library/std/src/thread/lifecycle.rs:70:13
[INFO] [stdout]   44:     0x584c10b73822 - <core[a373ad73a504971]::panic::unwind_safe::AssertUnwindSafe<std[617be2ca0a6fd877]::thread::lifecycle::spawn_unchecked<test[aada8e7e76ba119b]::run_test::{closure#1}, ()>::{closure#1}::{closure#0}> as core[a373ad73a504971]::ops::function::FnOnce<()>>::call_once
[INFO] [stdout]                                at /rustc/e3feeb59cd1bdd011a2bfcc0747b55125d9b8527/library/core/src/panic/unwind_safe.rs:275:9
[INFO] [stdout]   45:     0x584c10b73822 - std[617be2ca0a6fd877]::panicking::catch_unwind::do_call::<core[a373ad73a504971]::panic::unwind_safe::AssertUnwindSafe<std[617be2ca0a6fd877]::thread::lifecycle::spawn_unchecked<test[aada8e7e76ba119b]::run_test::{closure#1}, ()>::{closure#1}::{closure#0}>, ()>
[INFO] [stdout]                                at /rustc/e3feeb59cd1bdd011a2bfcc0747b55125d9b8527/library/std/src/panicking.rs:573:43
[INFO] [stdout]   46:     0x584c10b73822 - std[617be2ca0a6fd877]::panicking::catch_unwind::<(), core[a373ad73a504971]::panic::unwind_safe::AssertUnwindSafe<std[617be2ca0a6fd877]::thread::lifecycle::spawn_unchecked<test[aada8e7e76ba119b]::run_test::{closure#1}, ()>::{closure#1}::{closure#0}>>
[INFO] [stdout]                                at /rustc/e3feeb59cd1bdd011a2bfcc0747b55125d9b8527/library/std/src/panicking.rs:541:19
[INFO] [stdout]   47:     0x584c10b73822 - std[617be2ca0a6fd877]::panic::catch_unwind::<core[a373ad73a504971]::panic::unwind_safe::AssertUnwindSafe<std[617be2ca0a6fd877]::thread::lifecycle::spawn_unchecked<test[aada8e7e76ba119b]::run_test::{closure#1}, ()>::{closure#1}::{closure#0}>, ()>
[INFO] [stdout]                                at /rustc/e3feeb59cd1bdd011a2bfcc0747b55125d9b8527/library/std/src/panic.rs:359:14
[INFO] [stdout]   48:     0x584c10b73822 - std[617be2ca0a6fd877]::thread::lifecycle::spawn_unchecked::<test[aada8e7e76ba119b]::run_test::{closure#1}, ()>::{closure#1}
[INFO] [stdout]                                at /rustc/e3feeb59cd1bdd011a2bfcc0747b55125d9b8527/library/std/src/thread/lifecycle.rs:68:26
[INFO] [stdout]   49:     0x584c10b73822 - <std[617be2ca0a6fd877]::thread::lifecycle::spawn_unchecked<test[aada8e7e76ba119b]::run_test::{closure#1}, ()>::{closure#1} as core[a373ad73a504971]::ops::function::FnOnce<()>>::call_once::{shim:vtable#0}
[INFO] [stdout]                                at /rustc/e3feeb59cd1bdd011a2bfcc0747b55125d9b8527/library/core/src/ops/function.rs:250:5
[INFO] [stdout]   50:     0x584c10c0281f - <alloc[2e1b2a31b91974c5]::boxed::Box<dyn core[a373ad73a504971]::ops::function::FnOnce<(), Output = ()> + core[a373ad73a504971]::marker::Send> as core[a373ad73a504971]::ops::function::FnOnce<()>>::call_once
[INFO] [stdout]                                at /rustc/e3feeb59cd1bdd011a2bfcc0747b55125d9b8527/library/alloc/src/boxed.rs:2314:9
[INFO] [stdout]   51:     0x584c10c0281f - <std[617be2ca0a6fd877]::sys::thread::unix::Thread>::new::thread_start
[INFO] [stdout]                                at /rustc/e3feeb59cd1bdd011a2bfcc0747b55125d9b8527/library/std/src/sys/thread/unix.rs:127:17
[INFO] [stdout]   52:     0x7b0b972bbdfa - <unknown>
[INFO] [stdout]   53:     0x7b0b9734f3d4 - clone
[INFO] [stdout]   54:                0x0 - <unknown>
[INFO] [stdout] 
[INFO] [stdout] ---- selfhost_renders_records_with_their_fields_and_methods stdout ----
[INFO] [stdout] 
[INFO] [stdout] thread 'selfhost_renders_records_with_their_fields_and_methods' (3692) panicked at crates/ignis/tests/doc_command.rs:43:5:
[INFO] [stdout] expected selfhost build to succeed
[INFO] [stdout] stdout:
[INFO] [stdout] Error[I0001]: Expected SemiColon
[INFO] [stdout]   --> /opt/rustwide/workdir/ignis/main.ign:2188:5
[INFO] [stdout]    |  
[INFO] [stdout] 2187|        Result::ERROR(reportDiscoveryFailure(&diagnostics, &file, options.verbose))
[INFO] [stdout]    |  
[INFO] [stdout] 2188|      },
[INFO] [stdout]    |       ^
[INFO] [stdout]    |  
[INFO] [stdout] 2189|    };
[INFO] [stdout] 
[INFO] [stdout] 
[INFO] [stdout] stderr:
[INFO] [stdout] Building /opt/rustwide/workdir/ignis/main.ign
[INFO] [stdout] 
[INFO] [stdout] • Scanning & parsing
[INFO] [stdout] 
[INFO] [stdout] ✗ Build failed (253ms)
[INFO] [stdout] 
[INFO] [stdout] stack backtrace:
[INFO] [stdout]    0:     0x584c10c03501 - std[617be2ca0a6fd877]::backtrace_rs::backtrace::libunwind::trace
[INFO] [stdout]                                at /rustc/e3feeb59cd1bdd011a2bfcc0747b55125d9b8527/library/std/src/../../backtrace/src/backtrace/libunwind.rs:117:9
[INFO] [stdout]    1:     0x584c10c03501 - std[617be2ca0a6fd877]::backtrace_rs::backtrace::trace_unsynchronized::<std[617be2ca0a6fd877]::sys::backtrace::_print_fmt::{closure#1}>
[INFO] [stdout]                                at /rustc/e3feeb59cd1bdd011a2bfcc0747b55125d9b8527/library/std/src/../../backtrace/src/backtrace/mod.rs:66:14
[INFO] [stdout]    2:     0x584c10c03501 - std[617be2ca0a6fd877]::sys::backtrace::_print_fmt
[INFO] [stdout]                                at /rustc/e3feeb59cd1bdd011a2bfcc0747b55125d9b8527/library/std/src/sys/backtrace.rs:74:9
[INFO] [stdout]    3:     0x584c10c03501 - <<std[617be2ca0a6fd877]::sys::backtrace::BacktraceLock>::print::DisplayBacktrace as core[a373ad73a504971]::fmt::Display>::fmt
[INFO] [stdout]                                at /rustc/e3feeb59cd1bdd011a2bfcc0747b55125d9b8527/library/std/src/sys/backtrace.rs:44:26
[INFO] [stdout]    4:     0x584c10c17eaa - <core[a373ad73a504971]::fmt::rt::Argument>::fmt
[INFO] [stdout]                                at /rustc/e3feeb59cd1bdd011a2bfcc0747b55125d9b8527/library/core/src/fmt/rt.rs:152:76
[INFO] [stdout]    5:     0x584c10c17eaa - core[a373ad73a504971]::fmt::write
[INFO] [stdout]    6:     0x584c10c0771c - core[a373ad73a504971]::io::write::default_write_fmt::<alloc[2e1b2a31b91974c5]::vec::Vec<u8>>
[INFO] [stdout]                                at /rustc/e3feeb59cd1bdd011a2bfcc0747b55125d9b8527/library/core/src/io/write.rs:402:11
[INFO] [stdout]    7:     0x584c10c0771c - <alloc[2e1b2a31b91974c5]::vec::Vec<u8> as core[a373ad73a504971]::io::write::Write>::write_fmt
[INFO] [stdout]                                at /rustc/e3feeb59cd1bdd011a2bfcc0747b55125d9b8527/library/core/src/io/write.rs:335:13
[INFO] [stdout]    8:     0x584c10bde536 - <std[617be2ca0a6fd877]::sys::backtrace::BacktraceLock>::print
[INFO] [stdout]                                at /rustc/e3feeb59cd1bdd011a2bfcc0747b55125d9b8527/library/std/src/sys/backtrace.rs:47:9
[INFO] [stdout]    9:     0x584c10bde536 - std[617be2ca0a6fd877]::panicking::default_hook::{closure#0}
[INFO] [stdout]                                at /rustc/e3feeb59cd1bdd011a2bfcc0747b55125d9b8527/library/std/src/panicking.rs:289:27
[INFO] [stdout]   10:     0x584c10bfb5b9 - std[617be2ca0a6fd877]::panicking::default_hook
[INFO] [stdout]                                at /rustc/e3feeb59cd1bdd011a2bfcc0747b55125d9b8527/library/std/src/panicking.rs:313:9
[INFO] [stdout]   11:     0x584c10b70170 - <alloc[2e1b2a31b91974c5]::boxed::Box<dyn for<'a, 'b> core[a373ad73a504971]::ops::function::Fn<(&'a std[617be2ca0a6fd877]::panic::PanicHookInfo<'b>,), Output = ()> + core[a373ad73a504971]::marker::Sync + core[a373ad73a504971]::marker::Send> as core[a373ad73a504971]::ops::function::Fn<(&std[617be2ca0a6fd877]::panic::PanicHookInfo,)>>::call
[INFO] [stdout]                                at /rustc/e3feeb59cd1bdd011a2bfcc0747b55125d9b8527/library/alloc/src/boxed.rs:2328:9
[INFO] [stdout]   12:     0x584c10b70170 - test[aada8e7e76ba119b]::test_main_inner::{closure#0}
[INFO] [stdout]                                at /rustc/e3feeb59cd1bdd011a2bfcc0747b55125d9b8527/library/test/src/lib.rs:137:21
[INFO] [stdout]   13:     0x584c10bfb772 - <alloc[2e1b2a31b91974c5]::boxed::Box<dyn for<'a, 'b> core[a373ad73a504971]::ops::function::Fn<(&'a std[617be2ca0a6fd877]::panic::PanicHookInfo<'b>,), Output = ()> + core[a373ad73a504971]::marker::Sync + core[a373ad73a504971]::marker::Send> as core[a373ad73a504971]::ops::function::Fn<(&std[617be2ca0a6fd877]::panic::PanicHookInfo,)>>::call
[INFO] [stdout]                                at /rustc/e3feeb59cd1bdd011a2bfcc0747b55125d9b8527/library/alloc/src/boxed.rs:2328:9
[INFO] [stdout]   14:     0x584c10bfb772 - std[617be2ca0a6fd877]::panicking::panic_with_hook
[INFO] [stdout]                                at /rustc/e3feeb59cd1bdd011a2bfcc0747b55125d9b8527/library/std/src/panicking.rs:819:13
[INFO] [stdout]   15:     0x584c10bde5e2 - std[617be2ca0a6fd877]::panicking::panic_handler::{closure#0}
[INFO] [stdout]                                at /rustc/e3feeb59cd1bdd011a2bfcc0747b55125d9b8527/library/std/src/panicking.rs:685:13
[INFO] [stdout]   16:     0x584c10bd7049 - std[617be2ca0a6fd877]::sys::backtrace::__rust_end_short_backtrace::<std[617be2ca0a6fd877]::panicking::panic_handler::{closure#0}, !>
[INFO] [stdout]                                at /rustc/e3feeb59cd1bdd011a2bfcc0747b55125d9b8527/library/std/src/sys/backtrace.rs:182:18
[INFO] [stdout]   17:     0x584c10bdf1ed - __rustc[ea4f61d10b84890b]::rust_begin_unwind
[INFO] [stdout]                                at /rustc/e3feeb59cd1bdd011a2bfcc0747b55125d9b8527/library/std/src/panicking.rs:676:5
[INFO] [stdout]   18:     0x584c10c1865c - core[a373ad73a504971]::panicking::panic_fmt
[INFO] [stdout]                                at /rustc/e3feeb59cd1bdd011a2bfcc0747b55125d9b8527/library/core/src/panicking.rs:80:14
[INFO] [stdout]   19:     0x584c10b58dd5 - doc_command[4f153a980400abbb]::selfhost_compiler::{closure#0}
[INFO] [stdout]                                at /opt/rustwide/workdir/crates/ignis/tests/doc_command.rs:43:5
[INFO] [stdout]   20:     0x584c10b58a58 - <std[617be2ca0a6fd877]::sync::once_lock::OnceLock<std[617be2ca0a6fd877]::path::PathBuf>>::get_or_init::<doc_command[4f153a980400abbb]::selfhost_compiler::{closure#0}>::{closure#0}
[INFO] [stdout]                                at /rustc/e3feeb59cd1bdd011a2bfcc0747b55125d9b8527/library/std/src/sync/once_lock.rs:350:50
[INFO] [stdout]   21:     0x584c10b589a4 - <std[617be2ca0a6fd877]::sync::once_lock::OnceLock<std[617be2ca0a6fd877]::path::PathBuf>>::initialize::<<std[617be2ca0a6fd877]::sync::once_lock::OnceLock<std[617be2ca0a6fd877]::path::PathBuf>>::get_or_init<doc_command[4f153a980400abbb]::selfhost_compiler::{closure#0}>::{closure#0}, !>::{closure#0}
[INFO] [stdout]                                at /rustc/e3feeb59cd1bdd011a2bfcc0747b55125d9b8527/library/std/src/sync/once_lock.rs:572:19
[INFO] [stdout]   22:     0x584c10b60011 - <std[617be2ca0a6fd877]::sync::once::Once>::call_once_force::<<std[617be2ca0a6fd877]::sync::once_lock::OnceLock<std[617be2ca0a6fd877]::path::PathBuf>>::initialize<<std[617be2ca0a6fd877]::sync::once_lock::OnceLock<std[617be2ca0a6fd877]::path::PathBuf>>::get_or_init<doc_command[4f153a980400abbb]::selfhost_compiler::{closure#0}>::{closure#0}, !>::{closure#0}>::{closure#0}
[INFO] [stdout]                                at /rustc/e3feeb59cd1bdd011a2bfcc0747b55125d9b8527/library/std/src/sync/once.rs:227:40
[INFO] [stdout]   23:     0x584c10be4119 - <std[617be2ca0a6fd877]::sys::sync::once::futex::Once>::call
[INFO] [stdout]                                at /rustc/e3feeb59cd1bdd011a2bfcc0747b55125d9b8527/library/std/src/sys/sync/once/futex.rs:183:21
[INFO] [stdout]   24:     0x584c10b5e659 - <std[617be2ca0a6fd877]::sync::once::Once>::call_once_force::<<std[617be2ca0a6fd877]::sync::once_lock::OnceLock<std[617be2ca0a6fd877]::path::PathBuf>>::initialize<<std[617be2ca0a6fd877]::sync::once_lock::OnceLock<std[617be2ca0a6fd877]::path::PathBuf>>::get_or_init<doc_command[4f153a980400abbb]::selfhost_compiler::{closure#0}>::{closure#0}, !>::{closure#0}>
[INFO] [stdout]                                at /rustc/e3feeb59cd1bdd011a2bfcc0747b55125d9b8527/library/std/src/sync/once.rs:227:20
[INFO] [stdout]   25:     0x584c10b5580b - <std[617be2ca0a6fd877]::sync::once_lock::OnceLock<std[617be2ca0a6fd877]::path::PathBuf>>::initialize::<<std[617be2ca0a6fd877]::sync::once_lock::OnceLock<std[617be2ca0a6fd877]::path::PathBuf>>::get_or_init<doc_command[4f153a980400abbb]::selfhost_compiler::{closure#0}>::{closure#0}, !>
[INFO] [stdout]                                at /rustc/e3feeb59cd1bdd011a2bfcc0747b55125d9b8527/library/std/src/sync/once_lock.rs:571:19
[INFO] [stdout]   26:     0x584c10b5587c - <std[617be2ca0a6fd877]::sync::once_lock::OnceLock<std[617be2ca0a6fd877]::path::PathBuf>>::get_or_try_init::<<std[617be2ca0a6fd877]::sync::once_lock::OnceLock<std[617be2ca0a6fd877]::path::PathBuf>>::get_or_init<doc_command[4f153a980400abbb]::selfhost_compiler::{closure#0}>::{closure#0}, !>
[INFO] [stdout]                                at /rustc/e3feeb59cd1bdd011a2bfcc0747b55125d9b8527/library/std/src/sync/once_lock.rs:439:14
[INFO] [stdout]   27:     0x584c10b5581d - <std[617be2ca0a6fd877]::sync::once_lock::OnceLock<std[617be2ca0a6fd877]::path::PathBuf>>::get_or_init::<doc_command[4f153a980400abbb]::selfhost_compiler::{closure#0}>
[INFO] [stdout]                                at /rustc/e3feeb59cd1bdd011a2bfcc0747b55125d9b8527/library/std/src/sync/once_lock.rs:350:20
[INFO] [stdout]   28:     0x584c10b5985d - doc_command[4f153a980400abbb]::selfhost_compiler
[INFO] [stdout]                                at /opt/rustwide/workdir/crates/ignis/tests/doc_command.rs:31:12
[INFO] [stdout]   29:     0x584c10b5bb06 - doc_command[4f153a980400abbb]::selfhost_renders_records_with_their_fields_and_methods
[INFO] [stdout]                                at /opt/rustwide/workdir/crates/ignis/tests/doc_command.rs:339:47
[INFO] [stdout]   30:     0x584c10b592e7 - doc_command[4f153a980400abbb]::selfhost_renders_records_with_their_fields_and_methods::{closure#0}
[INFO] [stdout]                                at /opt/rustwide/workdir/crates/ignis/tests/doc_command.rs:338:60
[INFO] [stdout]   31:     0x584c10b63316 - <doc_command[4f153a980400abbb]::selfhost_renders_records_with_their_fields_and_methods::{closure#0} as core[a373ad73a504971]::ops::function::FnOnce<()>>::call_once
[INFO] [stdout]                                at /rustc/e3feeb59cd1bdd011a2bfcc0747b55125d9b8527/library/core/src/ops/function.rs:250:5
[INFO] [stdout]   32:     0x584c10b635bb - <fn() -> core[a373ad73a504971]::result::Result<(), alloc[2e1b2a31b91974c5]::string::String> as core[a373ad73a504971]::ops::function::FnOnce<()>>::call_once
[INFO] [stdout]                                at /rustc/e3feeb59cd1bdd011a2bfcc0747b55125d9b8527/library/core/src/ops/function.rs:250:5
[INFO] [stdout]   33:     0x584c10b635bb - test[aada8e7e76ba119b]::__rust_begin_short_backtrace::<core[a373ad73a504971]::result::Result<(), alloc[2e1b2a31b91974c5]::string::String>, fn() -> core[a373ad73a504971]::result::Result<(), alloc[2e1b2a31b91974c5]::string::String>>
[INFO] [stdout]                                at /rustc/e3feeb59cd1bdd011a2bfcc0747b55125d9b8527/library/test/src/lib.rs:701:18
[INFO] [stdout]   34:     0x584c10b70795 - test[aada8e7e76ba119b]::run_test_in_process::{closure#0}
[INFO] [stdout]                                at /rustc/e3feeb59cd1bdd011a2bfcc0747b55125d9b8527/library/test/src/lib.rs:724:74
[INFO] [stdout]   35:     0x584c10b70795 - <core[a373ad73a504971]::panic::unwind_safe::AssertUnwindSafe<test[aada8e7e76ba119b]::run_test_in_process::{closure#0}> as core[a373ad73a504971]::ops::function::FnOnce<()>>::call_once
[INFO] [stdout]                                at /rustc/e3feeb59cd1bdd011a2bfcc0747b55125d9b8527/library/core/src/panic/unwind_safe.rs:275:9
[INFO] [stdout]   36:     0x584c10b70795 - std[617be2ca0a6fd877]::panicking::catch_unwind::do_call::<core[a373ad73a504971]::panic::unwind_safe::AssertUnwindSafe<test[aada8e7e76ba119b]::run_test_in_process::{closure#0}>, core[a373ad73a504971]::result::Result<(), alloc[2e1b2a31b91974c5]::string::String>>
[INFO] [stdout]                                at /rustc/e3feeb59cd1bdd011a2bfcc0747b55125d9b8527/library/std/src/panicking.rs:573:43
[INFO] [stdout]   37:     0x584c10b70795 - std[617be2ca0a6fd877]::panicking::catch_unwind::<core[a373ad73a504971]::result::Result<(), alloc[2e1b2a31b91974c5]::string::String>, core[a373ad73a504971]::panic::unwind_safe::AssertUnwindSafe<test[aada8e7e76ba119b]::run_test_in_process::{closure#0}>>
[INFO] [stdout]                                at /rustc/e3feeb59cd1bdd011a2bfcc0747b55125d9b8527/library/std/src/panicking.rs:541:19
[INFO] [stdout]   38:     0x584c10b70795 - std[617be2ca0a6fd877]::panic::catch_unwind::<core[a373ad73a504971]::panic::unwind_safe::AssertUnwindSafe<test[aada8e7e76ba119b]::run_test_in_process::{closure#0}>, core[a373ad73a504971]::result::Result<(), alloc[2e1b2a31b91974c5]::string::String>>
[INFO] [stdout]                                at /rustc/e3feeb59cd1bdd011a2bfcc0747b55125d9b8527/library/std/src/panic.rs:359:14
[INFO] [stdout]   39:     0x584c10b70795 - test[aada8e7e76ba119b]::run_test_in_process
[INFO] [stdout]                                at /rustc/e3feeb59cd1bdd011a2bfcc0747b55125d9b8527/library/test/src/lib.rs:724:27
[INFO] [stdout]   40:     0x584c10b70795 - test[aada8e7e76ba119b]::run_test::{closure#0}
[INFO] [stdout]                                at /rustc/e3feeb59cd1bdd011a2bfcc0747b55125d9b8527/library/test/src/lib.rs:645:43
[INFO] [stdout]   41:     0x584c10b6a084 - test[aada8e7e76ba119b]::run_test::{closure#1}
[INFO] [stdout]                                at /rustc/e3feeb59cd1bdd011a2bfcc0747b55125d9b8527/library/test/src/lib.rs:675:41
[INFO] [stdout]   42:     0x584c10b6a084 - std[617be2ca0a6fd877]::sys::backtrace::__rust_begin_short_backtrace::<test[aada8e7e76ba119b]::run_test::{closure#1}, ()>
[INFO] [stdout]                                at /rustc/e3feeb59cd1bdd011a2bfcc0747b55125d9b8527/library/std/src/sys/backtrace.rs:166:18
[INFO] [stdout]   43:     0x584c10b73822 - std[617be2ca0a6fd877]::thread::lifecycle::spawn_unchecked::<test[aada8e7e76ba119b]::run_test::{closure#1}, ()>::{closure#1}::{closure#0}
[INFO] [stdout]                                at /rustc/e3feeb59cd1bdd011a2bfcc0747b55125d9b8527/library/std/src/thread/lifecycle.rs:70:13
[INFO] [stdout]   44:     0x584c10b73822 - <core[a373ad73a504971]::panic::unwind_safe::AssertUnwindSafe<std[617be2ca0a6fd877]::thread::lifecycle::spawn_unchecked<test[aada8e7e76ba119b]::run_test::{closure#1}, ()>::{closure#1}::{closure#0}> as core[a373ad73a504971]::ops::function::FnOnce<()>>::call_once
[INFO] [stdout]                                at /rustc/e3feeb59cd1bdd011a2bfcc0747b55125d9b8527/library/core/src/panic/unwind_safe.rs:275:9
[INFO] [stdout]   45:     0x584c10b73822 - std[617be2ca0a6fd877]::panicking::catch_unwind::do_call::<core[a373ad73a504971]::panic::unwind_safe::AssertUnwindSafe<std[617be2ca0a6fd877]::thread::lifecycle::spawn_unchecked<test[aada8e7e76ba119b]::run_test::{closure#1}, ()>::{closure#1}::{closure#0}>, ()>
[INFO] [stdout]                                at /rustc/e3feeb59cd1bdd011a2bfcc0747b55125d9b8527/library/std/src/panicking.rs:573:43
[INFO] [stdout]   46:     0x584c10b73822 - std[617be2ca0a6fd877]::panicking::catch_unwind::<(), core[a373ad73a504971]::panic::unwind_safe::AssertUnwindSafe<std[617be2ca0a6fd877]::thread::lifecycle::spawn_unchecked<test[aada8e7e76ba119b]::run_test::{closure#1}, ()>::{closure#1}::{closure#0}>>
[INFO] [stdout]                                at /rustc/e3feeb59cd1bdd011a2bfcc0747b55125d9b8527/library/std/src/panicking.rs:541:19
[INFO] [stdout]   47:     0x584c10b73822 - std[617be2ca0a6fd877]::panic::catch_unwind::<core[a373ad73a504971]::panic::unwind_safe::AssertUnwindSafe<std[617be2ca0a6fd877]::thread::lifecycle::spawn_unchecked<test[aada8e7e76ba119b]::run_test::{closure#1}, ()>::{closure#1}::{closure#0}>, ()>
[INFO] [stdout]                                at /rustc/e3feeb59cd1bdd011a2bfcc0747b55125d9b8527/library/std/src/panic.rs:359:14
[INFO] [stdout]   48:     0x584c10b73822 - std[617be2ca0a6fd877]::thread::lifecycle::spawn_unchecked::<test[aada8e7e76ba119b]::run_test::{closure#1}, ()>::{closure#1}
[INFO] [stdout]                                at /rustc/e3feeb59cd1bdd011a2bfcc0747b55125d9b8527/library/std/src/thread/lifecycle.rs:68:26
[INFO] [stdout]   49:     0x584c10b73822 - <std[617be2ca0a6fd877]::thread::lifecycle::spawn_unchecked<test[aada8e7e76ba119b]::run_test::{closure#1}, ()>::{closure#1} as core[a373ad73a504971]::ops::function::FnOnce<()>>::call_once::{shim:vtable#0}
[INFO] [stdout]                                at /rustc/e3feeb59cd1bdd011a2bfcc0747b55125d9b8527/library/core/src/ops/function.rs:250:5
[INFO] [stdout]   50:     0x584c10c0281f - <alloc[2e1b2a31b91974c5]::boxed::Box<dyn core[a373ad73a504971]::ops::function::FnOnce<(), Output = ()> + core[a373ad73a504971]::marker::Send> as core[a373ad73a504971]::ops::function::FnOnce<()>>::call_once
[INFO] [stdout]                                at /rustc/e3feeb59cd1bdd011a2bfcc0747b55125d9b8527/library/alloc/src/boxed.rs:2314:9
[INFO] [stdout]   51:     0x584c10c0281f - <std[617be2ca0a6fd877]::sys::thread::unix::Thread>::new::thread_start
[INFO] [stdout]                                at /rustc/e3feeb59cd1bdd011a2bfcc0747b55125d9b8527/library/std/src/sys/thread/unix.rs:127:17
[INFO] [stdout]   52:     0x7b0b972bbdfa - <unknown>
[INFO] [stdout]   53:     0x7b0b9734f3d4 - clone
[INFO] [stdout]   54:                0x0 - <unknown>
[INFO] [stdout] 
[INFO] [stdout] ---- selfhost_qualifies_namespace_members_with_the_namespace_path stdout ----
[INFO] [stdout] 
[INFO] [stdout] thread 'selfhost_qualifies_namespace_members_with_the_namespace_path' (3689) panicked at crates/ignis/tests/doc_command.rs:43:5:
[INFO] [stdout] expected selfhost build to succeed
[INFO] [stdout] stdout:
[INFO] [stdout] Error[I0001]: Expected SemiColon
[INFO] [stdout]   --> /opt/rustwide/workdir/ignis/main.ign:2188:5
[INFO] [stdout]    |  
[INFO] [stdout] 2187|        Result::ERROR(reportDiscoveryFailure(&diagnostics, &file, options.verbose))
[INFO] [stdout]    |  
[INFO] [stdout] 2188|      },
[INFO] [stdout]    |       ^
[INFO] [stdout]    |  
[INFO] [stdout] 2189|    };
[INFO] [stdout] 
[INFO] [stdout] 
[INFO] [stdout] stderr:
[INFO] [stdout] Building /opt/rustwide/workdir/ignis/main.ign
[INFO] [stdout] 
[INFO] [stdout] • Scanning & parsing
[INFO] [stdout] 
[INFO] [stdout] ✗ Build failed (197ms)
[INFO] [stdout] 
[INFO] [stdout] stack backtrace:
[INFO] [stdout]    0:     0x584c10c03501 - std[617be2ca0a6fd877]::backtrace_rs::backtrace::libunwind::trace
[INFO] [stdout]                                at /rustc/e3feeb59cd1bdd011a2bfcc0747b55125d9b8527/library/std/src/../../backtrace/src/backtrace/libunwind.rs:117:9
[INFO] [stdout]    1:     0x584c10c03501 - std[617be2ca0a6fd877]::backtrace_rs::backtrace::trace_unsynchronized::<std[617be2ca0a6fd877]::sys::backtrace::_print_fmt::{closure#1}>
[INFO] [stdout]                                at /rustc/e3feeb59cd1bdd011a2bfcc0747b55125d9b8527/library/std/src/../../backtrace/src/backtrace/mod.rs:66:14
[INFO] [stdout]    2:     0x584c10c03501 - std[617be2ca0a6fd877]::sys::backtrace::_print_fmt
[INFO] [stdout]                                at /rustc/e3feeb59cd1bdd011a2bfcc0747b55125d9b8527/library/std/src/sys/backtrace.rs:74:9
[INFO] [stdout]    3:     0x584c10c03501 - <<std[617be2ca0a6fd877]::sys::backtrace::BacktraceLock>::print::DisplayBacktrace as core[a373ad73a504971]::fmt::Display>::fmt
[INFO] [stdout]                                at /rustc/e3feeb59cd1bdd011a2bfcc0747b55125d9b8527/library/std/src/sys/backtrace.rs:44:26
[INFO] [stdout]    4:     0x584c10c17eaa - <core[a373ad73a504971]::fmt::rt::Argument>::fmt
[INFO] [stdout]                                at /rustc/e3feeb59cd1bdd011a2bfcc0747b55125d9b8527/library/core/src/fmt/rt.rs:152:76
[INFO] [stdout]    5:     0x584c10c17eaa - core[a373ad73a504971]::fmt::write
[INFO] [stdout]    6:     0x584c10c0771c - core[a373ad73a504971]::io::write::default_write_fmt::<alloc[2e1b2a31b91974c5]::vec::Vec<u8>>
[INFO] [stdout]                                at /rustc/e3feeb59cd1bdd011a2bfcc0747b55125d9b8527/library/core/src/io/write.rs:402:11
[INFO] [stdout]    7:     0x584c10c0771c - <alloc[2e1b2a31b91974c5]::vec::Vec<u8> as core[a373ad73a504971]::io::write::Write>::write_fmt
[INFO] [stdout]                                at /rustc/e3feeb59cd1bdd011a2bfcc0747b55125d9b8527/library/core/src/io/write.rs:335:13
[INFO] [stdout]    8:     0x584c10bde536 - <std[617be2ca0a6fd877]::sys::backtrace::BacktraceLock>::print
[INFO] [stdout]                                at /rustc/e3feeb59cd1bdd011a2bfcc0747b55125d9b8527/library/std/src/sys/backtrace.rs:47:9
[INFO] [stdout]    9:     0x584c10bde536 - std[617be2ca0a6fd877]::panicking::default_hook::{closure#0}
[INFO] [stdout]                                at /rustc/e3feeb59cd1bdd011a2bfcc0747b55125d9b8527/library/std/src/panicking.rs:289:27
[INFO] [stdout]   10:     0x584c10bfb5b9 - std[617be2ca0a6fd877]::panicking::default_hook
[INFO] [stdout]                                at /rustc/e3feeb59cd1bdd011a2bfcc0747b55125d9b8527/library/std/src/panicking.rs:313:9
[INFO] [stdout]   11:     0x584c10b70170 - <alloc[2e1b2a31b91974c5]::boxed::Box<dyn for<'a, 'b> core[a373ad73a504971]::ops::function::Fn<(&'a std[617be2ca0a6fd877]::panic::PanicHookInfo<'b>,), Output = ()> + core[a373ad73a504971]::marker::Sync + core[a373ad73a504971]::marker::Send> as core[a373ad73a504971]::ops::function::Fn<(&std[617be2ca0a6fd877]::panic::PanicHookInfo,)>>::call
[INFO] [stdout]                                at /rustc/e3feeb59cd1bdd011a2bfcc0747b55125d9b8527/library/alloc/src/boxed.rs:2328:9
[INFO] [stdout]   12:     0x584c10b70170 - test[aada8e7e76ba119b]::test_main_inner::{closure#0}
[INFO] [stdout]                                at /rustc/e3feeb59cd1bdd011a2bfcc0747b55125d9b8527/library/test/src/lib.rs:137:21
[INFO] [stdout]   13:     0x584c10bfb772 - <alloc[2e1b2a31b91974c5]::boxed::Box<dyn for<'a, 'b> core[a373ad73a504971]::ops::function::Fn<(&'a std[617be2ca0a6fd877]::panic::PanicHookInfo<'b>,), Output = ()> + core[a373ad73a504971]::marker::Sync + core[a373ad73a504971]::marker::Send> as core[a373ad73a504971]::ops::function::Fn<(&std[617be2ca0a6fd877]::panic::PanicHookInfo,)>>::call
[INFO] [stdout]                                at /rustc/e3feeb59cd1bdd011a2bfcc0747b55125d9b8527/library/alloc/src/boxed.rs:2328:9
[INFO] [stdout]   14:     0x584c10bfb772 - std[617be2ca0a6fd877]::panicking::panic_with_hook
[INFO] [stdout]                                at /rustc/e3feeb59cd1bdd011a2bfcc0747b55125d9b8527/library/std/src/panicking.rs:819:13
[INFO] [stdout]   15:     0x584c10bde5e2 - std[617be2ca0a6fd877]::panicking::panic_handler::{closure#0}
[INFO] [stdout]                                at /rustc/e3feeb59cd1bdd011a2bfcc0747b55125d9b8527/library/std/src/panicking.rs:685:13
[INFO] [stdout]   16:     0x584c10bd7049 - std[617be2ca0a6fd877]::sys::backtrace::__rust_end_short_backtrace::<std[617be2ca0a6fd877]::panicking::panic_handler::{closure#0}, !>
[INFO] [stdout]                                at /rustc/e3feeb59cd1bdd011a2bfcc0747b55125d9b8527/library/std/src/sys/backtrace.rs:182:18
[INFO] [stdout]   17:     0x584c10bdf1ed - __rustc[ea4f61d10b84890b]::rust_begin_unwind
[INFO] [stdout]                                at /rustc/e3feeb59cd1bdd011a2bfcc0747b55125d9b8527/library/std/src/panicking.rs:676:5
[INFO] [stdout]   18:     0x584c10c1865c - core[a373ad73a504971]::panicking::panic_fmt
[INFO] [stdout]                                at /rustc/e3feeb59cd1bdd011a2bfcc0747b55125d9b8527/library/core/src/panicking.rs:80:14
[INFO] [stdout]   19:     0x584c10b58dd5 - doc_command[4f153a980400abbb]::selfhost_compiler::{closure#0}
[INFO] [stdout]                                at /opt/rustwide/workdir/crates/ignis/tests/doc_command.rs:43:5
[INFO] [stdout]   20:     0x584c10b58a58 - <std[617be2ca0a6fd877]::sync::once_lock::OnceLock<std[617be2ca0a6fd877]::path::PathBuf>>::get_or_init::<doc_command[4f153a980400abbb]::selfhost_compiler::{closure#0}>::{closure#0}
[INFO] [stdout]                                at /rustc/e3feeb59cd1bdd011a2bfcc0747b55125d9b8527/library/std/src/sync/once_lock.rs:350:50
[INFO] [stdout]   21:     0x584c10b589a4 - <std[617be2ca0a6fd877]::sync::once_lock::OnceLock<std[617be2ca0a6fd877]::path::PathBuf>>::initialize::<<std[617be2ca0a6fd877]::sync::once_lock::OnceLock<std[617be2ca0a6fd877]::path::PathBuf>>::get_or_init<doc_command[4f153a980400abbb]::selfhost_compiler::{closure#0}>::{closure#0}, !>::{closure#0}
[INFO] [stdout]                                at /rustc/e3feeb59cd1bdd011a2bfcc0747b55125d9b8527/library/std/src/sync/once_lock.rs:572:19
[INFO] [stdout]   22:     0x584c10b60011 - <std[617be2ca0a6fd877]::sync::once::Once>::call_once_force::<<std[617be2ca0a6fd877]::sync::once_lock::OnceLock<std[617be2ca0a6fd877]::path::PathBuf>>::initialize<<std[617be2ca0a6fd877]::sync::once_lock::OnceLock<std[617be2ca0a6fd877]::path::PathBuf>>::get_or_init<doc_command[4f153a980400abbb]::selfhost_compiler::{closure#0}>::{closure#0}, !>::{closure#0}>::{closure#0}
[INFO] [stdout]                                at /rustc/e3feeb59cd1bdd011a2bfcc0747b55125d9b8527/library/std/src/sync/once.rs:227:40
[INFO] [stdout]   23:     0x584c10be4119 - <std[617be2ca0a6fd877]::sys::sync::once::futex::Once>::call
[INFO] [stdout]                                at /rustc/e3feeb59cd1bdd011a2bfcc0747b55125d9b8527/library/std/src/sys/sync/once/futex.rs:183:21
[INFO] [stdout]   24:     0x584c10b5e659 - <std[617be2ca0a6fd877]::sync::once::Once>::call_once_force::<<std[617be2ca0a6fd877]::sync::once_lock::OnceLock<std[617be2ca0a6fd877]::path::PathBuf>>::initialize<<std[617be2ca0a6fd877]::sync::once_lock::OnceLock<std[617be2ca0a6fd877]::path::PathBuf>>::get_or_init<doc_command[4f153a980400abbb]::selfhost_compiler::{closure#0}>::{closure#0}, !>::{closure#0}>
[INFO] [stdout]                                at /rustc/e3feeb59cd1bdd011a2bfcc0747b55125d9b8527/library/std/src/sync/once.rs:227:20
[INFO] [stdout]   25:     0x584c10b5580b - <std[617be2ca0a6fd877]::sync::once_lock::OnceLock<std[617be2ca0a6fd877]::path::PathBuf>>::initialize::<<std[617be2ca0a6fd877]::sync::once_lock::OnceLock<std[617be2ca0a6fd877]::path::PathBuf>>::get_or_init<doc_command[4f153a980400abbb]::selfhost_compiler::{closure#0}>::{closure#0}, !>
[INFO] [stdout]                                at /rustc/e3feeb59cd1bdd011a2bfcc0747b55125d9b8527/library/std/src/sync/once_lock.rs:571:19
[INFO] [stderr] error: test failed, to rerun pass `-p ignis --test doc_command`
[INFO] [stdout]   26:     0x584c10b5587c - <std[617be2ca0a6fd877]::sync::once_lock::OnceLock<std[617be2ca0a6fd877]::path::PathBuf>>::get_or_try_init::<<std[617be2ca0a6fd877]::sync::once_lock::OnceLock<std[617be2ca0a6fd877]::path::PathBuf>>::get_or_init<doc_command[4f153a980400abbb]::selfhost_compiler::{closure#0}>::{closure#0}, !>
[INFO] [stdout]                                at /rustc/e3feeb59cd1bdd011a2bfcc0747b55125d9b8527/library/std/src/sync/once_lock.rs:439:14
[INFO] [stdout]   27:     0x584c10b5581d - <std[617be2ca0a6fd877]::sync::once_lock::OnceLock<std[617be2ca0a6fd877]::path::PathBuf>>::get_or_init::<doc_command[4f153a980400abbb]::selfhost_compiler::{closure#0}>
[INFO] [stdout]                                at /rustc/e3feeb59cd1bdd011a2bfcc0747b55125d9b8527/library/std/src/sync/once_lock.rs:350:20
[INFO] [stdout]   28:     0x584c10b5985d - doc_command[4f153a980400abbb]::selfhost_compiler
[INFO] [stdout]                                at /opt/rustwide/workdir/crates/ignis/tests/doc_command.rs:31:12
[INFO] [stdout]   29:     0x584c10b5bb46 - doc_command[4f153a980400abbb]::selfhost_qualifies_namespace_members_with_the_namespace_path
[INFO] [stdout]                                at /opt/rustwide/workdir/crates/ignis/tests/doc_command.rs:349:41
[INFO] [stdout]   30:     0x584c10b59347 - doc_command[4f153a980400abbb]::selfhost_qualifies_namespace_members_with_the_namespace_path::{closure#0}
[INFO] [stdout]                                at /opt/rustwide/workdir/crates/ignis/tests/doc_command.rs:348:66
[INFO] [stdout]   31:     0x584c10b63356 - <doc_command[4f153a980400abbb]::selfhost_qualifies_namespace_members_with_the_namespace_path::{closure#0} as core[a373ad73a504971]::ops::function::FnOnce<()>>::call_once
[INFO] [stdout]                                at /rustc/e3feeb59cd1bdd011a2bfcc0747b55125d9b8527/library/core/src/ops/function.rs:250:5
[INFO] [stdout]   32:     0x584c10b635bb - <fn() -> core[a373ad73a504971]::result::Result<(), alloc[2e1b2a31b91974c5]::string::String> as core[a373ad73a504971]::ops::function::FnOnce<()>>::call_once
[INFO] [stdout]                                at /rustc/e3feeb59cd1bdd011a2bfcc0747b55125d9b8527/library/core/src/ops/function.rs:250:5
[INFO] [stdout]   33:     0x584c10b635bb - test[aada8e7e76ba119b]::__rust_begin_short_backtrace::<core[a373ad73a504971]::result::Result<(), alloc[2e1b2a31b91974c5]::string::String>, fn() -> core[a373ad73a504971]::result::Result<(), alloc[2e1b2a31b91974c5]::string::String>>
[INFO] [stdout]                                at /rustc/e3feeb59cd1bdd011a2bfcc0747b55125d9b8527/library/test/src/lib.rs:701:18
[INFO] [stdout]   34:     0x584c10b70795 - test[aada8e7e76ba119b]::run_test_in_process::{closure#0}
[INFO] [stdout]                                at /rustc/e3feeb59cd1bdd011a2bfcc0747b55125d9b8527/library/test/src/lib.rs:724:74
[INFO] [stdout]   35:     0x584c10b70795 - <core[a373ad73a504971]::panic::unwind_safe::AssertUnwindSafe<test[aada8e7e76ba119b]::run_test_in_process::{closure#0}> as core[a373ad73a504971]::ops::function::FnOnce<()>>::call_once
[INFO] [stdout]                                at /rustc/e3feeb59cd1bdd011a2bfcc0747b55125d9b8527/library/core/src/panic/unwind_safe.rs:275:9
[INFO] [stdout]   36:     0x584c10b70795 - std[617be2ca0a6fd877]::panicking::catch_unwind::do_call::<core[a373ad73a504971]::panic::unwind_safe::AssertUnwindSafe<test[aada8e7e76ba119b]::run_test_in_process::{closure#0}>, core[a373ad73a504971]::result::Result<(), alloc[2e1b2a31b91974c5]::string::String>>
[INFO] [stdout]                                at /rustc/e3feeb59cd1bdd011a2bfcc0747b55125d9b8527/library/std/src/panicking.rs:573:43
[INFO] [stdout]   37:     0x584c10b70795 - std[617be2ca0a6fd877]::panicking::catch_unwind::<core[a373ad73a504971]::result::Result<(), alloc[2e1b2a31b91974c5]::string::String>, core[a373ad73a504971]::panic::unwind_safe::AssertUnwindSafe<test[aada8e7e76ba119b]::run_test_in_process::{closure#0}>>
[INFO] [stdout]                                at /rustc/e3feeb59cd1bdd011a2bfcc0747b55125d9b8527/library/std/src/panicking.rs:541:19
[INFO] [stdout]   38:     0x584c10b70795 - std[617be2ca0a6fd877]::panic::catch_unwind::<core[a373ad73a504971]::panic::unwind_safe::AssertUnwindSafe<test[aada8e7e76ba119b]::run_test_in_process::{closure#0}>, core[a373ad73a504971]::result::Result<(), alloc[2e1b2a31b91974c5]::string::String>>
[INFO] [stdout]                                at /rustc/e3feeb59cd1bdd011a2bfcc0747b55125d9b8527/library/std/src/panic.rs:359:14
[INFO] [stdout]   39:     0x584c10b70795 - test[aada8e7e76ba119b]::run_test_in_process
[INFO] [stdout]                                at /rustc/e3feeb59cd1bdd011a2bfcc0747b55125d9b8527/library/test/src/lib.rs:724:27
[INFO] [stdout]   40:     0x584c10b70795 - test[aada8e7e76ba119b]::run_test::{closure#0}
[INFO] [stdout]                                at /rustc/e3feeb59cd1bdd011a2bfcc0747b55125d9b8527/library/test/src/lib.rs:645:43
[INFO] [stdout]   41:     0x584c10b6a084 - test[aada8e7e76ba119b]::run_test::{closure#1}
[INFO] [stdout]                                at /rustc/e3feeb59cd1bdd011a2bfcc0747b55125d9b8527/library/test/src/lib.rs:675:41
[INFO] [stdout]   42:     0x584c10b6a084 - std[617be2ca0a6fd877]::sys::backtrace::__rust_begin_short_backtrace::<test[aada8e7e76ba119b]::run_test::{closure#1}, ()>
[INFO] [stdout]                                at /rustc/e3feeb59cd1bdd011a2bfcc0747b55125d9b8527/library/std/src/sys/backtrace.rs:166:18
[INFO] [stdout]   43:     0x584c10b73822 - std[617be2ca0a6fd877]::thread::lifecycle::spawn_unchecked::<test[aada8e7e76ba119b]::run_test::{closure#1}, ()>::{closure#1}::{closure#0}
[INFO] [stdout]                                at /rustc/e3feeb59cd1bdd011a2bfcc0747b55125d9b8527/library/std/src/thread/lifecycle.rs:70:13
[INFO] [stdout]   44:     0x584c10b73822 - <core[a373ad73a504971]::panic::unwind_safe::AssertUnwindSafe<std[617be2ca0a6fd877]::thread::lifecycle::spawn_unchecked<test[aada8e7e76ba119b]::run_test::{closure#1}, ()>::{closure#1}::{closure#0}> as core[a373ad73a504971]::ops::function::FnOnce<()>>::call_once
[INFO] [stdout]                                at /rustc/e3feeb59cd1bdd011a2bfcc0747b55125d9b8527/library/core/src/panic/unwind_safe.rs:275:9
[INFO] [stdout]   45:     0x584c10b73822 - std[617be2ca0a6fd877]::panicking::catch_unwind::do_call::<core[a373ad73a504971]::panic::unwind_safe::AssertUnwindSafe<std[617be2ca0a6fd877]::thread::lifecycle::spawn_unchecked<test[aada8e7e76ba119b]::run_test::{closure#1}, ()>::{closure#1}::{closure#0}>, ()>
[INFO] [stdout]                                at /rustc/e3feeb59cd1bdd011a2bfcc0747b55125d9b8527/library/std/src/panicking.rs:573:43
[INFO] [stdout]   46:     0x584c10b73822 - std[617be2ca0a6fd877]::panicking::catch_unwind::<(), core[a373ad73a504971]::panic::unwind_safe::AssertUnwindSafe<std[617be2ca0a6fd877]::thread::lifecycle::spawn_unchecked<test[aada8e7e76ba119b]::run_test::{closure#1}, ()>::{closure#1}::{closure#0}>>
[INFO] [stdout]                                at /rustc/e3feeb59cd1bdd011a2bfcc0747b55125d9b8527/library/std/src/panicking.rs:541:19
[INFO] [stdout]   47:     0x584c10b73822 - std[617be2ca0a6fd877]::panic::catch_unwind::<core[a373ad73a504971]::panic::unwind_safe::AssertUnwindSafe<std[617be2ca0a6fd877]::thread::lifecycle::spawn_unchecked<test[aada8e7e76ba119b]::run_test::{closure#1}, ()>::{closure#1}::{closure#0}>, ()>
[INFO] [stdout]                                at /rustc/e3feeb59cd1bdd011a2bfcc0747b55125d9b8527/library/std/src/panic.rs:359:14
[INFO] [stdout]   48:     0x584c10b73822 - std[617be2ca0a6fd877]::thread::lifecycle::spawn_unchecked::<test[aada8e7e76ba119b]::run_test::{closure#1}, ()>::{closure#1}
[INFO] [stdout]                                at /rustc/e3feeb59cd1bdd011a2bfcc0747b55125d9b8527/library/std/src/thread/lifecycle.rs:68:26
[INFO] [stdout]   49:     0x584c10b73822 - <std[617be2ca0a6fd877]::thread::lifecycle::spawn_unchecked<test[aada8e7e76ba119b]::run_test::{closure#1}, ()>::{closure#1} as core[a373ad73a504971]::ops::function::FnOnce<()>>::call_once::{shim:vtable#0}
[INFO] [stdout]                                at /rustc/e3feeb59cd1bdd011a2bfcc0747b55125d9b8527/library/core/src/ops/function.rs:250:5
[INFO] [stdout]   50:     0x584c10c0281f - <alloc[2e1b2a31b91974c5]::boxed::Box<dyn core[a373ad73a504971]::ops::function::FnOnce<(), Output = ()> + core[a373ad73a504971]::marker::Send> as core[a373ad73a504971]::ops::function::FnOnce<()>>::call_once
[INFO] [stdout]                                at /rustc/e3feeb59cd1bdd011a2bfcc0747b55125d9b8527/library/alloc/src/boxed.rs:2314:9
[INFO] [stdout]   51:     0x584c10c0281f - <std[617be2ca0a6fd877]::sys::thread::unix::Thread>::new::thread_start
[INFO] [stdout]                                at /rustc/e3feeb59cd1bdd011a2bfcc0747b55125d9b8527/library/std/src/sys/thread/unix.rs:127:17
[INFO] [stdout]   52:     0x7b0b972bbdfa - <unknown>
[INFO] [stdout]   53:     0x7b0b9734f3d4 - clone
[INFO] [stdout]   54:                0x0 - <unknown>
[INFO] [stdout] 
[INFO] [stdout] ---- selfhost_writes_to_a_file_when_asked stdout ----
[INFO] [stdout] 
[INFO] [stdout] thread 'selfhost_writes_to_a_file_when_asked' (3696) panicked at crates/ignis/tests/doc_command.rs:43:5:
[INFO] [stdout] expected selfhost build to succeed
[INFO] [stdout] stdout:
[INFO] [stdout] Error[I0001]: Expected SemiColon
[INFO] [stdout]   --> /opt/rustwide/workdir/ignis/main.ign:2188:5
[INFO] [stdout]    |  
[INFO] [stdout] 2187|        Result::ERROR(reportDiscoveryFailure(&diagnostics, &file, options.verbose))
[INFO] [stdout]    |  
[INFO] [stdout] 2188|      },
[INFO] [stdout]    |       ^
[INFO] [stdout]    |  
[INFO] [stdout] 2189|    };
[INFO] [stdout] 
[INFO] [stdout] 
[INFO] [stdout] stderr:
[INFO] [stdout] Building /opt/rustwide/workdir/ignis/main.ign
[INFO] [stdout] 
[INFO] [stdout] • Scanning & parsing
[INFO] [stdout] 
[INFO] [stdout] ✗ Build failed (304ms)
[INFO] [stdout] 
[INFO] [stdout] stack backtrace:
[INFO] [stdout]    0:     0x584c10c03501 - std[617be2ca0a6fd877]::backtrace_rs::backtrace::libunwind::trace
[INFO] [stdout]                                at /rustc/e3feeb59cd1bdd011a2bfcc0747b55125d9b8527/library/std/src/../../backtrace/src/backtrace/libunwind.rs:117:9
[INFO] [stdout]    1:     0x584c10c03501 - std[617be2ca0a6fd877]::backtrace_rs::backtrace::trace_unsynchronized::<std[617be2ca0a6fd877]::sys::backtrace::_print_fmt::{closure#1}>
[INFO] [stdout]                                at /rustc/e3feeb59cd1bdd011a2bfcc0747b55125d9b8527/library/std/src/../../backtrace/src/backtrace/mod.rs:66:14
[INFO] [stdout]    2:     0x584c10c03501 - std[617be2ca0a6fd877]::sys::backtrace::_print_fmt
[INFO] [stdout]                                at /rustc/e3feeb59cd1bdd011a2bfcc0747b55125d9b8527/library/std/src/sys/backtrace.rs:74:9
[INFO] [stdout]    3:     0x584c10c03501 - <<std[617be2ca0a6fd877]::sys::backtrace::BacktraceLock>::print::DisplayBacktrace as core[a373ad73a504971]::fmt::Display>::fmt
[INFO] [stdout]                                at /rustc/e3feeb59cd1bdd011a2bfcc0747b55125d9b8527/library/std/src/sys/backtrace.rs:44:26
[INFO] [stdout]    4:     0x584c10c17eaa - <core[a373ad73a504971]::fmt::rt::Argument>::fmt
[INFO] [stdout]                                at /rustc/e3feeb59cd1bdd011a2bfcc0747b55125d9b8527/library/core/src/fmt/rt.rs:152:76
[INFO] [stdout]    5:     0x584c10c17eaa - core[a373ad73a504971]::fmt::write
[INFO] [stdout]    6:     0x584c10c0771c - core[a373ad73a504971]::io::write::default_write_fmt::<alloc[2e1b2a31b91974c5]::vec::Vec<u8>>
[INFO] [stdout]                                at /rustc/e3feeb59cd1bdd011a2bfcc0747b55125d9b8527/library/core/src/io/write.rs:402:11
[INFO] [stdout]    7:     0x584c10c0771c - <alloc[2e1b2a31b91974c5]::vec::Vec<u8> as core[a373ad73a504971]::io::write::Write>::write_fmt
[INFO] [stdout]                                at /rustc/e3feeb59cd1bdd011a2bfcc0747b55125d9b8527/library/core/src/io/write.rs:335:13
[INFO] [stdout]    8:     0x584c10bde536 - <std[617be2ca0a6fd877]::sys::backtrace::BacktraceLock>::print
[INFO] [stdout]                                at /rustc/e3feeb59cd1bdd011a2bfcc0747b55125d9b8527/library/std/src/sys/backtrace.rs:47:9
[INFO] [stdout]    9:     0x584c10bde536 - std[617be2ca0a6fd877]::panicking::default_hook::{closure#0}
[INFO] [stdout]                                at /rustc/e3feeb59cd1bdd011a2bfcc0747b55125d9b8527/library/std/src/panicking.rs:289:27
[INFO] [stdout]   10:     0x584c10bfb5b9 - std[617be2ca0a6fd877]::panicking::default_hook
[INFO] [stdout]                                at /rustc/e3feeb59cd1bdd011a2bfcc0747b55125d9b8527/library/std/src/panicking.rs:313:9
[INFO] [stdout]   11:     0x584c10b70170 - <alloc[2e1b2a31b91974c5]::boxed::Box<dyn for<'a, 'b> core[a373ad73a504971]::ops::function::Fn<(&'a std[617be2ca0a6fd877]::panic::PanicHookInfo<'b>,), Output = ()> + core[a373ad73a504971]::marker::Sync + core[a373ad73a504971]::marker::Send> as core[a373ad73a504971]::ops::function::Fn<(&std[617be2ca0a6fd877]::panic::PanicHookInfo,)>>::call
[INFO] [stdout]                                at /rustc/e3feeb59cd1bdd011a2bfcc0747b55125d9b8527/library/alloc/src/boxed.rs:2328:9
[INFO] [stdout]   12:     0x584c10b70170 - test[aada8e7e76ba119b]::test_main_inner::{closure#0}
[INFO] [stdout]                                at /rustc/e3feeb59cd1bdd011a2bfcc0747b55125d9b8527/library/test/src/lib.rs:137:21
[INFO] [stdout]   13:     0x584c10bfb772 - <alloc[2e1b2a31b91974c5]::boxed::Box<dyn for<'a, 'b> core[a373ad73a504971]::ops::function::Fn<(&'a std[617be2ca0a6fd877]::panic::PanicHookInfo<'b>,), Output = ()> + core[a373ad73a504971]::marker::Sync + core[a373ad73a504971]::marker::Send> as core[a373ad73a504971]::ops::function::Fn<(&std[617be2ca0a6fd877]::panic::PanicHookInfo,)>>::call
[INFO] [stdout]                                at /rustc/e3feeb59cd1bdd011a2bfcc0747b55125d9b8527/library/alloc/src/boxed.rs:2328:9
[INFO] [stdout]   14:     0x584c10bfb772 - std[617be2ca0a6fd877]::panicking::panic_with_hook
[INFO] [stdout]                                at /rustc/e3feeb59cd1bdd011a2bfcc0747b55125d9b8527/library/std/src/panicking.rs:819:13
[INFO] [stdout]   15:     0x584c10bde5e2 - std[617be2ca0a6fd877]::panicking::panic_handler::{closure#0}
[INFO] [stdout]                                at /rustc/e3feeb59cd1bdd011a2bfcc0747b55125d9b8527/library/std/src/panicking.rs:685:13
[INFO] [stdout]   16:     0x584c10bd7049 - std[617be2ca0a6fd877]::sys::backtrace::__rust_end_short_backtrace::<std[617be2ca0a6fd877]::panicking::panic_handler::{closure#0}, !>
[INFO] [stdout]                                at /rustc/e3feeb59cd1bdd011a2bfcc0747b55125d9b8527/library/std/src/sys/backtrace.rs:182:18
[INFO] [stdout]   17:     0x584c10bdf1ed - __rustc[ea4f61d10b84890b]::rust_begin_unwind
[INFO] [stdout]                                at /rustc/e3feeb59cd1bdd011a2bfcc0747b55125d9b8527/library/std/src/panicking.rs:676:5
[INFO] [stdout]   18:     0x584c10c1865c - core[a373ad73a504971]::panicking::panic_fmt
[INFO] [stdout]                                at /rustc/e3feeb59cd1bdd011a2bfcc0747b55125d9b8527/library/core/src/panicking.rs:80:14
[INFO] [stdout]   19:     0x584c10b58dd5 - doc_command[4f153a980400abbb]::selfhost_compiler::{closure#0}
[INFO] [stdout]                                at /opt/rustwide/workdir/crates/ignis/tests/doc_command.rs:43:5
[INFO] [stdout]   20:     0x584c10b58a58 - <std[617be2ca0a6fd877]::sync::once_lock::OnceLock<std[617be2ca0a6fd877]::path::PathBuf>>::get_or_init::<doc_command[4f153a980400abbb]::selfhost_compiler::{closure#0}>::{closure#0}
[INFO] [stdout]                                at /rustc/e3feeb59cd1bdd011a2bfcc0747b55125d9b8527/library/std/src/sync/once_lock.rs:350:50
[INFO] [stdout]   21:     0x584c10b589a4 - <std[617be2ca0a6fd877]::sync::once_lock::OnceLock<std[617be2ca0a6fd877]::path::PathBuf>>::initialize::<<std[617be2ca0a6fd877]::sync::once_lock::OnceLock<std[617be2ca0a6fd877]::path::PathBuf>>::get_or_init<doc_command[4f153a980400abbb]::selfhost_compiler::{closure#0}>::{closure#0}, !>::{closure#0}
[INFO] [stdout]                                at /rustc/e3feeb59cd1bdd011a2bfcc0747b55125d9b8527/library/std/src/sync/once_lock.rs:572:19
[INFO] [stdout]   22:     0x584c10b60011 - <std[617be2ca0a6fd877]::sync::once::Once>::call_once_force::<<std[617be2ca0a6fd877]::sync::once_lock::OnceLock<std[617be2ca0a6fd877]::path::PathBuf>>::initialize<<std[617be2ca0a6fd877]::sync::once_lock::OnceLock<std[617be2ca0a6fd877]::path::PathBuf>>::get_or_init<doc_command[4f153a980400abbb]::selfhost_compiler::{closure#0}>::{closure#0}, !>::{closure#0}>::{closure#0}
[INFO] [stdout]                                at /rustc/e3feeb59cd1bdd011a2bfcc0747b55125d9b8527/library/std/src/sync/once.rs:227:40
[INFO] [stdout]   23:     0x584c10be4119 - <std[617be2ca0a6fd877]::sys::sync::once::futex::Once>::call
[INFO] [stdout]                                at /rustc/e3feeb59cd1bdd011a2bfcc0747b55125d9b8527/library/std/src/sys/sync/once/futex.rs:183:21
[INFO] [stdout]   24:     0x584c10b5e659 - <std[617be2ca0a6fd877]::sync::once::Once>::call_once_force::<<std[617be2ca0a6fd877]::sync::once_lock::OnceLock<std[617be2ca0a6fd877]::path::PathBuf>>::initialize<<std[617be2ca0a6fd877]::sync::once_lock::OnceLock<std[617be2ca0a6fd877]::path::PathBuf>>::get_or_init<doc_command[4f153a980400abbb]::selfhost_compiler::{closure#0}>::{closure#0}, !>::{closure#0}>
[INFO] [stdout]                                at /rustc/e3feeb59cd1bdd011a2bfcc0747b55125d9b8527/library/std/src/sync/once.rs:227:20
[INFO] [stdout]   25:     0x584c10b5580b - <std[617be2ca0a6fd877]::sync::once_lock::OnceLock<std[617be2ca0a6fd877]::path::PathBuf>>::initialize::<<std[617be2ca0a6fd877]::sync::once_lock::OnceLock<std[617be2ca0a6fd877]::path::PathBuf>>::get_or_init<doc_command[4f153a980400abbb]::selfhost_compiler::{closure#0}>::{closure#0}, !>
[INFO] [stdout]                                at /rustc/e3feeb59cd1bdd011a2bfcc0747b55125d9b8527/library/std/src/sync/once_lock.rs:571:19
[INFO] [stdout]   26:     0x584c10b5587c - <std[617be2ca0a6fd877]::sync::once_lock::OnceLock<std[617be2ca0a6fd877]::path::PathBuf>>::get_or_try_init::<<std[617be2ca0a6fd877]::sync::once_lock::OnceLock<std[617be2ca0a6fd877]::path::PathBuf>>::get_or_init<doc_command[4f153a980400abbb]::selfhost_compiler::{closure#0}>::{closure#0}, !>
[INFO] [stdout]                                at /rustc/e3feeb59cd1bdd011a2bfcc0747b55125d9b8527/library/std/src/sync/once_lock.rs:439:14
[INFO] [stdout]   27:     0x584c10b5581d - <std[617be2ca0a6fd877]::sync::once_lock::OnceLock<std[617be2ca0a6fd877]::path::PathBuf>>::get_or_init::<doc_command[4f153a980400abbb]::selfhost_compiler::{closure#0}>
[INFO] [stdout]                                at /rustc/e3feeb59cd1bdd011a2bfcc0747b55125d9b8527/library/std/src/sync/once_lock.rs:350:20
[INFO] [stdout]   28:     0x584c10b5985d - doc_command[4f153a980400abbb]::selfhost_compiler
[INFO] [stdout]                                at /opt/rustwide/workdir/crates/ignis/tests/doc_command.rs:31:12
[INFO] [stdout]   29:     0x584c10b5b9c6 - doc_command[4f153a980400abbb]::selfhost_writes_to_a_file_when_asked
[INFO] [stdout]                                at /opt/rustwide/workdir/crates/ignis/tests/doc_command.rs:359:37
[INFO] [stdout]   30:     0x584c10b58f17 - doc_command[4f153a980400abbb]::selfhost_writes_to_a_file_when_asked::{closure#0}
[INFO] [stdout]                                at /opt/rustwide/workdir/crates/ignis/tests/doc_command.rs:358:42
[INFO] [stdout]   31:     0x584c10b631d6 - <doc_command[4f153a980400abbb]::selfhost_writes_to_a_file_when_asked::{closure#0} as core[a373ad73a504971]::ops::function::FnOnce<()>>::call_once
[INFO] [stdout]                                at /rustc/e3feeb59cd1bdd011a2bfcc0747b55125d9b8527/library/core/src/ops/function.rs:250:5
[INFO] [stdout]   32:     0x584c10b635bb - <fn() -> core[a373ad73a504971]::result::Result<(), alloc[2e1b2a31b91974c5]::string::String> as core[a373ad73a504971]::ops::function::FnOnce<()>>::call_once
[INFO] [stdout]                                at /rustc/e3feeb59cd1bdd011a2bfcc0747b55125d9b8527/library/core/src/ops/function.rs:250:5
[INFO] [stdout]   33:     0x584c10b635bb - test[aada8e7e76ba119b]::__rust_begin_short_backtrace::<core[a373ad73a504971]::result::Result<(), alloc[2e1b2a31b91974c5]::string::String>, fn() -> core[a373ad73a504971]::result::Result<(), alloc[2e1b2a31b91974c5]::string::String>>
[INFO] [stdout]                                at /rustc/e3feeb59cd1bdd011a2bfcc0747b55125d9b8527/library/test/src/lib.rs:701:18
[INFO] [stdout]   34:     0x584c10b70795 - test[aada8e7e76ba119b]::run_test_in_process::{closure#0}
[INFO] [stdout]                                at /rustc/e3feeb59cd1bdd011a2bfcc0747b55125d9b8527/library/test/src/lib.rs:724:74
[INFO] [stdout]   35:     0x584c10b70795 - <core[a373ad73a504971]::panic::unwind_safe::AssertUnwindSafe<test[aada8e7e76ba119b]::run_test_in_process::{closure#0}> as core[a373ad73a504971]::ops::function::FnOnce<()>>::call_once
[INFO] [stdout]                                at /rustc/e3feeb59cd1bdd011a2bfcc0747b55125d9b8527/library/core/src/panic/unwind_safe.rs:275:9
[INFO] [stdout]   36:     0x584c10b70795 - std[617be2ca0a6fd877]::panicking::catch_unwind::do_call::<core[a373ad73a504971]::panic::unwind_safe::AssertUnwindSafe<test[aada8e7e76ba119b]::run_test_in_process::{closure#0}>, core[a373ad73a504971]::result::Result<(), alloc[2e1b2a31b91974c5]::string::String>>
[INFO] [stdout]                                at /rustc/e3feeb59cd1bdd011a2bfcc0747b55125d9b8527/library/std/src/panicking.rs:573:43
[INFO] [stdout]   37:     0x584c10b70795 - std[617be2ca0a6fd877]::panicking::catch_unwind::<core[a373ad73a504971]::result::Result<(), alloc[2e1b2a31b91974c5]::string::String>, core[a373ad73a504971]::panic::unwind_safe::AssertUnwindSafe<test[aada8e7e76ba119b]::run_test_in_process::{closure#0}>>
[INFO] [stdout]                                at /rustc/e3feeb59cd1bdd011a2bfcc0747b55125d9b8527/library/std/src/panicking.rs:541:19
[INFO] [stdout]   38:     0x584c10b70795 - std[617be2ca0a6fd877]::panic::catch_unwind::<core[a373ad73a504971]::panic::unwind_safe::AssertUnwindSafe<test[aada8e7e76ba119b]::run_test_in_process::{closure#0}>, core[a373ad73a504971]::result::Result<(), alloc[2e1b2a31b91974c5]::string::String>>
[INFO] [stdout]                                at /rustc/e3feeb59cd1bdd011a2bfcc0747b55125d9b8527/library/std/src/panic.rs:359:14
[INFO] [stdout]   39:     0x584c10b70795 - test[aada8e7e76ba119b]::run_test_in_process
[INFO] [stdout]                                at /rustc/e3feeb59cd1bdd011a2bfcc0747b55125d9b8527/library/test/src/lib.rs:724:27
[INFO] [stdout]   40:     0x584c10b70795 - test[aada8e7e76ba119b]::run_test::{closure#0}
[INFO] [stdout]                                at /rustc/e3feeb59cd1bdd011a2bfcc0747b55125d9b8527/library/test/src/lib.rs:645:43
[INFO] [stdout]   41:     0x584c10b6a084 - test[aada8e7e76ba119b]::run_test::{closure#1}
[INFO] [stdout]                                at /rustc/e3feeb59cd1bdd011a2bfcc0747b55125d9b8527/library/test/src/lib.rs:675:41
[INFO] [stdout]   42:     0x584c10b6a084 - std[617be2ca0a6fd877]::sys::backtrace::__rust_begin_short_backtrace::<test[aada8e7e76ba119b]::run_test::{closure#1}, ()>
[INFO] [stdout]                                at /rustc/e3feeb59cd1bdd011a2bfcc0747b55125d9b8527/library/std/src/sys/backtrace.rs:166:18
[INFO] [stdout]   43:     0x584c10b73822 - std[617be2ca0a6fd877]::thread::lifecycle::spawn_unchecked::<test[aada8e7e76ba119b]::run_test::{closure#1}, ()>::{closure#1}::{closure#0}
[INFO] [stdout]                                at /rustc/e3feeb59cd1bdd011a2bfcc0747b55125d9b8527/library/std/src/thread/lifecycle.rs:70:13
[INFO] [stdout]   44:     0x584c10b73822 - <core[a373ad73a504971]::panic::unwind_safe::AssertUnwindSafe<std[617be2ca0a6fd877]::thread::lifecycle::spawn_unchecked<test[aada8e7e76ba119b]::run_test::{closure#1}, ()>::{closure#1}::{closure#0}> as core[a373ad73a504971]::ops::function::FnOnce<()>>::call_once
[INFO] [stdout]                                at /rustc/e3feeb59cd1bdd011a2bfcc0747b55125d9b8527/library/core/src/panic/unwind_safe.rs:275:9
[INFO] [stdout]   45:     0x584c10b73822 - std[617be2ca0a6fd877]::panicking::catch_unwind::do_call::<core[a373ad73a504971]::panic::unwind_safe::AssertUnwindSafe<std[617be2ca0a6fd877]::thread::lifecycle::spawn_unchecked<test[aada8e7e76ba119b]::run_test::{closure#1}, ()>::{closure#1}::{closure#0}>, ()>
[INFO] [stdout]                                at /rustc/e3feeb59cd1bdd011a2bfcc0747b55125d9b8527/library/std/src/panicking.rs:573:43
[INFO] [stdout]   46:     0x584c10b73822 - std[617be2ca0a6fd877]::panicking::catch_unwind::<(), core[a373ad73a504971]::panic::unwind_safe::AssertUnwindSafe<std[617be2ca0a6fd877]::thread::lifecycle::spawn_unchecked<test[aada8e7e76ba119b]::run_test::{closure#1}, ()>::{closure#1}::{closure#0}>>
[INFO] [stdout]                                at /rustc/e3feeb59cd1bdd011a2bfcc0747b55125d9b8527/library/std/src/panicking.rs:541:19
[INFO] [stdout]   47:     0x584c10b73822 - std[617be2ca0a6fd877]::panic::catch_unwind::<core[a373ad73a504971]::panic::unwind_safe::AssertUnwindSafe<std[617be2ca0a6fd877]::thread::lifecycle::spawn_unchecked<test[aada8e7e76ba119b]::run_test::{closure#1}, ()>::{closure#1}::{closure#0}>, ()>
[INFO] [stdout]                                at /rustc/e3feeb59cd1bdd011a2bfcc0747b55125d9b8527/library/std/src/panic.rs:359:14
[INFO] [stdout]   48:     0x584c10b73822 - std[617be2ca0a6fd877]::thread::lifecycle::spawn_unchecked::<test[aada8e7e76ba119b]::run_test::{closure#1}, ()>::{closure#1}
[INFO] [stdout]                                at /rustc/e3feeb59cd1bdd011a2bfcc0747b55125d9b8527/library/std/src/thread/lifecycle.rs:68:26
[INFO] [stdout]   49:     0x584c10b73822 - <std[617be2ca0a6fd877]::thread::lifecycle::spawn_unchecked<test[aada8e7e76ba119b]::run_test::{closure#1}, ()>::{closure#1} as core[a373ad73a504971]::ops::function::FnOnce<()>>::call_once::{shim:vtable#0}
[INFO] [stdout]                                at /rustc/e3feeb59cd1bdd011a2bfcc0747b55125d9b8527/library/core/src/ops/function.rs:250:5
[INFO] [stdout]   50:     0x584c10c0281f - <alloc[2e1b2a31b91974c5]::boxed::Box<dyn core[a373ad73a504971]::ops::function::FnOnce<(), Output = ()> + core[a373ad73a504971]::marker::Send> as core[a373ad73a504971]::ops::function::FnOnce<()>>::call_once
[INFO] [stdout]                                at /rustc/e3feeb59cd1bdd011a2bfcc0747b55125d9b8527/library/alloc/src/boxed.rs:2314:9
[INFO] [stdout]   51:     0x584c10c0281f - <std[617be2ca0a6fd877]::sys::thread::unix::Thread>::new::thread_start
[INFO] [stdout]                                at /rustc/e3feeb59cd1bdd011a2bfcc0747b55125d9b8527/library/std/src/sys/thread/unix.rs:127:17
[INFO] [stdout]   52:     0x7b0b972bbdfa - <unknown>
[INFO] [stdout]   53:     0x7b0b9734f3d4 - clone
[INFO] [stdout]   54:                0x0 - <unknown>
[INFO] [stdout] 
[INFO] [stdout] ---- selfhost_reports_private_declarations_without_dropping_them stdout ----
[INFO] [stdout] 
[INFO] [stdout] thread 'selfhost_reports_private_declarations_without_dropping_them' (3695) panicked at crates/ignis/tests/doc_command.rs:43:5:
[INFO] [stdout] expected selfhost build to succeed
[INFO] [stdout] stdout:
[INFO] [stdout] Error[I0001]: Expected SemiColon
[INFO] [stdout]   --> /opt/rustwide/workdir/ignis/main.ign:2188:5
[INFO] [stdout]    |  
[INFO] [stdout] 2187|        Result::ERROR(reportDiscoveryFailure(&diagnostics, &file, options.verbose))
[INFO] [stdout]    |  
[INFO] [stdout] 2188|      },
[INFO] [stdout]    |       ^
[INFO] [stdout]    |  
[INFO] [stdout] 2189|    };
[INFO] [stdout] 
[INFO] [stdout] 
[INFO] [stdout] stderr:
[INFO] [stdout] Building /opt/rustwide/workdir/ignis/main.ign
[INFO] [stdout] 
[INFO] [stdout] • Scanning & parsing
[INFO] [stdout] 
[INFO] [stdout] ✗ Build failed (108ms)
[INFO] [stdout] 
[INFO] [stdout] stack backtrace:
[INFO] [stdout]    0:     0x584c10c03501 - std[617be2ca0a6fd877]::backtrace_rs::backtrace::libunwind::trace
[INFO] [stdout]                                at /rustc/e3feeb59cd1bdd011a2bfcc0747b55125d9b8527/library/std/src/../../backtrace/src/backtrace/libunwind.rs:117:9
[INFO] [stdout]    1:     0x584c10c03501 - std[617be2ca0a6fd877]::backtrace_rs::backtrace::trace_unsynchronized::<std[617be2ca0a6fd877]::sys::backtrace::_print_fmt::{closure#1}>
[INFO] [stdout]                                at /rustc/e3feeb59cd1bdd011a2bfcc0747b55125d9b8527/library/std/src/../../backtrace/src/backtrace/mod.rs:66:14
[INFO] [stdout]    2:     0x584c10c03501 - std[617be2ca0a6fd877]::sys::backtrace::_print_fmt
[INFO] [stdout]                                at /rustc/e3feeb59cd1bdd011a2bfcc0747b55125d9b8527/library/std/src/sys/backtrace.rs:74:9
[INFO] [stdout]    3:     0x584c10c03501 - <<std[617be2ca0a6fd877]::sys::backtrace::BacktraceLock>::print::DisplayBacktrace as core[a373ad73a504971]::fmt::Display>::fmt
[INFO] [stdout]                                at /rustc/e3feeb59cd1bdd011a2bfcc0747b55125d9b8527/library/std/src/sys/backtrace.rs:44:26
[INFO] [stdout]    4:     0x584c10c17eaa - <core[a373ad73a504971]::fmt::rt::Argument>::fmt
[INFO] [stdout]                                at /rustc/e3feeb59cd1bdd011a2bfcc0747b55125d9b8527/library/core/src/fmt/rt.rs:152:76
[INFO] [stdout]    5:     0x584c10c17eaa - core[a373ad73a504971]::fmt::write
[INFO] [stdout]    6:     0x584c10c0771c - core[a373ad73a504971]::io::write::default_write_fmt::<alloc[2e1b2a31b91974c5]::vec::Vec<u8>>
[INFO] [stdout]                                at /rustc/e3feeb59cd1bdd011a2bfcc0747b55125d9b8527/library/core/src/io/write.rs:402:11
[INFO] [stdout]    7:     0x584c10c0771c - <alloc[2e1b2a31b91974c5]::vec::Vec<u8> as core[a373ad73a504971]::io::write::Write>::write_fmt
[INFO] [stdout]                                at /rustc/e3feeb59cd1bdd011a2bfcc0747b55125d9b8527/library/core/src/io/write.rs:335:13
[INFO] [stdout]    8:     0x584c10bde536 - <std[617be2ca0a6fd877]::sys::backtrace::BacktraceLock>::print
[INFO] [stdout]                                at /rustc/e3feeb59cd1bdd011a2bfcc0747b55125d9b8527/library/std/src/sys/backtrace.rs:47:9
[INFO] [stdout]    9:     0x584c10bde536 - std[617be2ca0a6fd877]::panicking::default_hook::{closure#0}
[INFO] [stdout]                                at /rustc/e3feeb59cd1bdd011a2bfcc0747b55125d9b8527/library/std/src/panicking.rs:289:27
[INFO] [stdout]   10:     0x584c10bfb5b9 - std[617be2ca0a6fd877]::panicking::default_hook
[INFO] [stdout]                                at /rustc/e3feeb59cd1bdd011a2bfcc0747b55125d9b8527/library/std/src/panicking.rs:313:9
[INFO] [stdout]   11:     0x584c10b70170 - <alloc[2e1b2a31b91974c5]::boxed::Box<dyn for<'a, 'b> core[a373ad73a504971]::ops::function::Fn<(&'a std[617be2ca0a6fd877]::panic::PanicHookInfo<'b>,), Output = ()> + core[a373ad73a504971]::marker::Sync + core[a373ad73a504971]::marker::Send> as core[a373ad73a504971]::ops::function::Fn<(&std[617be2ca0a6fd877]::panic::PanicHookInfo,)>>::call
[INFO] [stdout]                                at /rustc/e3feeb59cd1bdd011a2bfcc0747b55125d9b8527/library/alloc/src/boxed.rs:2328:9
[INFO] [stdout]   12:     0x584c10b70170 - test[aada8e7e76ba119b]::test_main_inner::{closure#0}
[INFO] [stdout]                                at /rustc/e3feeb59cd1bdd011a2bfcc0747b55125d9b8527/library/test/src/lib.rs:137:21
[INFO] [stdout]   13:     0x584c10bfb772 - <alloc[2e1b2a31b91974c5]::boxed::Box<dyn for<'a, 'b> core[a373ad73a504971]::ops::function::Fn<(&'a std[617be2ca0a6fd877]::panic::PanicHookInfo<'b>,), Output = ()> + core[a373ad73a504971]::marker::Sync + core[a373ad73a504971]::marker::Send> as core[a373ad73a504971]::ops::function::Fn<(&std[617be2ca0a6fd877]::panic::PanicHookInfo,)>>::call
[INFO] [stdout]                                at /rustc/e3feeb59cd1bdd011a2bfcc0747b55125d9b8527/library/alloc/src/boxed.rs:2328:9
[INFO] [stdout]   14:     0x584c10bfb772 - std[617be2ca0a6fd877]::panicking::panic_with_hook
[INFO] [stdout]                                at /rustc/e3feeb59cd1bdd011a2bfcc0747b55125d9b8527/library/std/src/panicking.rs:819:13
[INFO] [stdout]   15:     0x584c10bde5e2 - std[617be2ca0a6fd877]::panicking::panic_handler::{closure#0}
[INFO] [stdout]                                at /rustc/e3feeb59cd1bdd011a2bfcc0747b55125d9b8527/library/std/src/panicking.rs:685:13
[INFO] [stdout]   16:     0x584c10bd7049 - std[617be2ca0a6fd877]::sys::backtrace::__rust_end_short_backtrace::<std[617be2ca0a6fd877]::panicking::panic_handler::{closure#0}, !>
[INFO] [stdout]                                at /rustc/e3feeb59cd1bdd011a2bfcc0747b55125d9b8527/library/std/src/sys/backtrace.rs:182:18
[INFO] [stdout]   17:     0x584c10bdf1ed - __rustc[ea4f61d10b84890b]::rust_begin_unwind
[INFO] [stdout]                                at /rustc/e3feeb59cd1bdd011a2bfcc0747b55125d9b8527/library/std/src/panicking.rs:676:5
[INFO] [stdout]   18:     0x584c10c1865c - core[a373ad73a504971]::panicking::panic_fmt
[INFO] [stdout]                                at /rustc/e3feeb59cd1bdd011a2bfcc0747b55125d9b8527/library/core/src/panicking.rs:80:14
[INFO] [stdout]   19:     0x584c10b58dd5 - doc_command[4f153a980400abbb]::selfhost_compiler::{closure#0}
[INFO] [stdout]                                at /opt/rustwide/workdir/crates/ignis/tests/doc_command.rs:43:5
[INFO] [stdout]   20:     0x584c10b58a58 - <std[617be2ca0a6fd877]::sync::once_lock::OnceLock<std[617be2ca0a6fd877]::path::PathBuf>>::get_or_init::<doc_command[4f153a980400abbb]::selfhost_compiler::{closure#0}>::{closure#0}
[INFO] [stdout]                                at /rustc/e3feeb59cd1bdd011a2bfcc0747b55125d9b8527/library/std/src/sync/once_lock.rs:350:50
[INFO] [stdout]   21:     0x584c10b589a4 - <std[617be2ca0a6fd877]::sync::once_lock::OnceLock<std[617be2ca0a6fd877]::path::PathBuf>>::initialize::<<std[617be2ca0a6fd877]::sync::once_lock::OnceLock<std[617be2ca0a6fd877]::path::PathBuf>>::get_or_init<doc_command[4f153a980400abbb]::selfhost_compiler::{closure#0}>::{closure#0}, !>::{closure#0}
[INFO] [stdout]                                at /rustc/e3feeb59cd1bdd011a2bfcc0747b55125d9b8527/library/std/src/sync/once_lock.rs:572:19
[INFO] [stdout]   22:     0x584c10b60011 - <std[617be2ca0a6fd877]::sync::once::Once>::call_once_force::<<std[617be2ca0a6fd877]::sync::once_lock::OnceLock<std[617be2ca0a6fd877]::path::PathBuf>>::initialize<<std[617be2ca0a6fd877]::sync::once_lock::OnceLock<std[617be2ca0a6fd877]::path::PathBuf>>::get_or_init<doc_command[4f153a980400abbb]::selfhost_compiler::{closure#0}>::{closure#0}, !>::{closure#0}>::{closure#0}
[INFO] [stdout]                                at /rustc/e3feeb59cd1bdd011a2bfcc0747b55125d9b8527/library/std/src/sync/once.rs:227:40
[INFO] [stdout]   23:     0x584c10be4119 - <std[617be2ca0a6fd877]::sys::sync::once::futex::Once>::call
[INFO] [stdout]                                at /rustc/e3feeb59cd1bdd011a2bfcc0747b55125d9b8527/library/std/src/sys/sync/once/futex.rs:183:21
[INFO] [stdout]   24:     0x584c10b5e659 - <std[617be2ca0a6fd877]::sync::once::Once>::call_once_force::<<std[617be2ca0a6fd877]::sync::once_lock::OnceLock<std[617be2ca0a6fd877]::path::PathBuf>>::initialize<<std[617be2ca0a6fd877]::sync::once_lock::OnceLock<std[617be2ca0a6fd877]::path::PathBuf>>::get_or_init<doc_command[4f153a980400abbb]::selfhost_compiler::{closure#0}>::{closure#0}, !>::{closure#0}>
[INFO] [stdout]                                at /rustc/e3feeb59cd1bdd011a2bfcc0747b55125d9b8527/library/std/src/sync/once.rs:227:20
[INFO] [stdout]   25:     0x584c10b5580b - <std[617be2ca0a6fd877]::sync::once_lock::OnceLock<std[617be2ca0a6fd877]::path::PathBuf>>::initialize::<<std[617be2ca0a6fd877]::sync::once_lock::OnceLock<std[617be2ca0a6fd877]::path::PathBuf>>::get_or_init<doc_command[4f153a980400abbb]::selfhost_compiler::{closure#0}>::{closure#0}, !>
[INFO] [stdout]                                at /rustc/e3feeb59cd1bdd011a2bfcc0747b55125d9b8527/library/std/src/sync/once_lock.rs:571:19
[INFO] [stdout]   26:     0x584c10b5587c - <std[617be2ca0a6fd877]::sync::once_lock::OnceLock<std[617be2ca0a6fd877]::path::PathBuf>>::get_or_try_init::<<std[617be2ca0a6fd877]::sync::once_lock::OnceLock<std[617be2ca0a6fd877]::path::PathBuf>>::get_or_init<doc_command[4f153a980400abbb]::selfhost_compiler::{closure#0}>::{closure#0}, !>
[INFO] [stdout]                                at /rustc/e3feeb59cd1bdd011a2bfcc0747b55125d9b8527/library/std/src/sync/once_lock.rs:439:14
[INFO] [stdout]   27:     0x584c10b5581d - <std[617be2ca0a6fd877]::sync::once_lock::OnceLock<std[617be2ca0a6fd877]::path::PathBuf>>::get_or_init::<doc_command[4f153a980400abbb]::selfhost_compiler::{closure#0}>
[INFO] [stdout]                                at /rustc/e3feeb59cd1bdd011a2bfcc0747b55125d9b8527/library/std/src/sync/once_lock.rs:350:20
[INFO] [stdout]   28:     0x584c10b5985d - doc_command[4f153a980400abbb]::selfhost_compiler
[INFO] [stdout]                                at /opt/rustwide/workdir/crates/ignis/tests/doc_command.rs:31:12
[INFO] [stdout]   29:     0x584c10b5bb26 - doc_command[4f153a980400abbb]::selfhost_reports_private_declarations_without_dropping_them
[INFO] [stdout]                                at /opt/rustwide/workdir/crates/ignis/tests/doc_command.rs:334:39
[INFO] [stdout]   30:     0x584c10b59317 - doc_command[4f153a980400abbb]::selfhost_reports_private_declarations_without_dropping_them::{closure#0}
[INFO] [stdout]                                at /opt/rustwide/workdir/crates/ignis/tests/doc_command.rs:333:65
[INFO] [stdout]   31:     0x584c10b63336 - <doc_command[4f153a980400abbb]::selfhost_reports_private_declarations_without_dropping_them::{closure#0} as core[a373ad73a504971]::ops::function::FnOnce<()>>::call_once
[INFO] [stdout]                                at /rustc/e3feeb59cd1bdd011a2bfcc0747b55125d9b8527/library/core/src/ops/function.rs:250:5
[INFO] [stdout]   32:     0x584c10b635bb - <fn() -> core[a373ad73a504971]::result::Result<(), alloc[2e1b2a31b91974c5]::string::String> as core[a373ad73a504971]::ops::function::FnOnce<()>>::call_once
[INFO] [stdout]                                at /rustc/e3feeb59cd1bdd011a2bfcc0747b55125d9b8527/library/core/src/ops/function.rs:250:5
[INFO] [stdout]   33:     0x584c10b635bb - test[aada8e7e76ba119b]::__rust_begin_short_backtrace::<core[a373ad73a504971]::result::Result<(), alloc[2e1b2a31b91974c5]::string::String>, fn() -> core[a373ad73a504971]::result::Result<(), alloc[2e1b2a31b91974c5]::string::String>>
[INFO] [stdout]                                at /rustc/e3feeb59cd1bdd011a2bfcc0747b55125d9b8527/library/test/src/lib.rs:701:18
[INFO] [stdout]   34:     0x584c10b70795 - test[aada8e7e76ba119b]::run_test_in_process::{closure#0}
[INFO] [stdout]                                at /rustc/e3feeb59cd1bdd011a2bfcc0747b55125d9b8527/library/test/src/lib.rs:724:74
[INFO] [stdout]   35:     0x584c10b70795 - <core[a373ad73a504971]::panic::unwind_safe::AssertUnwindSafe<test[aada8e7e76ba119b]::run_test_in_process::{closure#0}> as core[a373ad73a504971]::ops::function::FnOnce<()>>::call_once
[INFO] [stdout]                                at /rustc/e3feeb59cd1bdd011a2bfcc0747b55125d9b8527/library/core/src/panic/unwind_safe.rs:275:9
[INFO] [stdout]   36:     0x584c10b70795 - std[617be2ca0a6fd877]::panicking::catch_unwind::do_call::<core[a373ad73a504971]::panic::unwind_safe::AssertUnwindSafe<test[aada8e7e76ba119b]::run_test_in_process::{closure#0}>, core[a373ad73a504971]::result::Result<(), alloc[2e1b2a31b91974c5]::string::String>>
[INFO] [stdout]                                at /rustc/e3feeb59cd1bdd011a2bfcc0747b55125d9b8527/library/std/src/panicking.rs:573:43
[INFO] [stdout]   37:     0x584c10b70795 - std[617be2ca0a6fd877]::panicking::catch_unwind::<core[a373ad73a504971]::result::Result<(), alloc[2e1b2a31b91974c5]::string::String>, core[a373ad73a504971]::panic::unwind_safe::AssertUnwindSafe<test[aada8e7e76ba119b]::run_test_in_process::{closure#0}>>
[INFO] [stdout]                                at /rustc/e3feeb59cd1bdd011a2bfcc0747b55125d9b8527/library/std/src/panicking.rs:541:19
[INFO] [stdout]   38:     0x584c10b70795 - std[617be2ca0a6fd877]::panic::catch_unwind::<core[a373ad73a504971]::panic::unwind_safe::AssertUnwindSafe<test[aada8e7e76ba119b]::run_test_in_process::{closure#0}>, core[a373ad73a504971]::result::Result<(), alloc[2e1b2a31b91974c5]::string::String>>
[INFO] [stdout]                                at /rustc/e3feeb59cd1bdd011a2bfcc0747b55125d9b8527/library/std/src/panic.rs:359:14
[INFO] [stdout]   39:     0x584c10b70795 - test[aada8e7e76ba119b]::run_test_in_process
[INFO] [stdout]                                at /rustc/e3feeb59cd1bdd011a2bfcc0747b55125d9b8527/library/test/src/lib.rs:724:27
[INFO] [stdout]   40:     0x584c10b70795 - test[aada8e7e76ba119b]::run_test::{closure#0}
[INFO] [stdout]                                at /rustc/e3feeb59cd1bdd011a2bfcc0747b55125d9b8527/library/test/src/lib.rs:645:43
[INFO] [stdout]   41:     0x584c10b6a084 - test[aada8e7e76ba119b]::run_test::{closure#1}
[INFO] [stdout]                                at /rustc/e3feeb59cd1bdd011a2bfcc0747b55125d9b8527/library/test/src/lib.rs:675:41
[INFO] [stdout]   42:     0x584c10b6a084 - std[617be2ca0a6fd877]::sys::backtrace::__rust_begin_short_backtrace::<test[aada8e7e76ba119b]::run_test::{closure#1}, ()>
[INFO] [stdout]                                at /rustc/e3feeb59cd1bdd011a2bfcc0747b55125d9b8527/library/std/src/sys/backtrace.rs:166:18
[INFO] [stdout]   43:     0x584c10b73822 - std[617be2ca0a6fd877]::thread::lifecycle::spawn_unchecked::<test[aada8e7e76ba119b]::run_test::{closure#1}, ()>::{closure#1}::{closure#0}
[INFO] [stdout]                                at /rustc/e3feeb59cd1bdd011a2bfcc0747b55125d9b8527/library/std/src/thread/lifecycle.rs:70:13
[INFO] [stdout]   44:     0x584c10b73822 - <core[a373ad73a504971]::panic::unwind_safe::AssertUnwindSafe<std[617be2ca0a6fd877]::thread::lifecycle::spawn_unchecked<test[aada8e7e76ba119b]::run_test::{closure#1}, ()>::{closure#1}::{closure#0}> as core[a373ad73a504971]::ops::function::FnOnce<()>>::call_once
[INFO] [stdout]                                at /rustc/e3feeb59cd1bdd011a2bfcc0747b55125d9b8527/library/core/src/panic/unwind_safe.rs:275:9
[INFO] [stdout]   45:     0x584c10b73822 - std[617be2ca0a6fd877]::panicking::catch_unwind::do_call::<core[a373ad73a504971]::panic::unwind_safe::AssertUnwindSafe<std[617be2ca0a6fd877]::thread::lifecycle::spawn_unchecked<test[aada8e7e76ba119b]::run_test::{closure#1}, ()>::{closure#1}::{closure#0}>, ()>
[INFO] [stdout]                                at /rustc/e3feeb59cd1bdd011a2bfcc0747b55125d9b8527/library/std/src/panicking.rs:573:43
[INFO] [stdout]   46:     0x584c10b73822 - std[617be2ca0a6fd877]::panicking::catch_unwind::<(), core[a373ad73a504971]::panic::unwind_safe::AssertUnwindSafe<std[617be2ca0a6fd877]::thread::lifecycle::spawn_unchecked<test[aada8e7e76ba119b]::run_test::{closure#1}, ()>::{closure#1}::{closure#0}>>
[INFO] [stdout]                                at /rustc/e3feeb59cd1bdd011a2bfcc0747b55125d9b8527/library/std/src/panicking.rs:541:19
[INFO] [stdout]   47:     0x584c10b73822 - std[617be2ca0a6fd877]::panic::catch_unwind::<core[a373ad73a504971]::panic::unwind_safe::AssertUnwindSafe<std[617be2ca0a6fd877]::thread::lifecycle::spawn_unchecked<test[aada8e7e76ba119b]::run_test::{closure#1}, ()>::{closure#1}::{closure#0}>, ()>
[INFO] [stdout]                                at /rustc/e3feeb59cd1bdd011a2bfcc0747b55125d9b8527/library/std/src/panic.rs:359:14
[INFO] [stdout]   48:     0x584c10b73822 - std[617be2ca0a6fd877]::thread::lifecycle::spawn_unchecked::<test[aada8e7e76ba119b]::run_test::{closure#1}, ()>::{closure#1}
[INFO] [stdout]                                at /rustc/e3feeb59cd1bdd011a2bfcc0747b55125d9b8527/library/std/src/thread/lifecycle.rs:68:26
[INFO] [stdout]   49:     0x584c10b73822 - <std[617be2ca0a6fd877]::thread::lifecycle::spawn_unchecked<test[aada8e7e76ba119b]::run_test::{closure#1}, ()>::{closure#1} as core[a373ad73a504971]::ops::function::FnOnce<()>>::call_once::{shim:vtable#0}
[INFO] [stdout]                                at /rustc/e3feeb59cd1bdd011a2bfcc0747b55125d9b8527/library/core/src/ops/function.rs:250:5
[INFO] [stdout]   50:     0x584c10c0281f - <alloc[2e1b2a31b91974c5]::boxed::Box<dyn core[a373ad73a504971]::ops::function::FnOnce<(), Output = ()> + core[a373ad73a504971]::marker::Send> as core[a373ad73a504971]::ops::function::FnOnce<()>>::call_once
[INFO] [stdout]                                at /rustc/e3feeb59cd1bdd011a2bfcc0747b55125d9b8527/library/alloc/src/boxed.rs:2314:9
[INFO] [stdout]   51:     0x584c10c0281f - <std[617be2ca0a6fd877]::sys::thread::unix::Thread>::new::thread_start
[INFO] [stdout]                                at /rustc/e3feeb59cd1bdd011a2bfcc0747b55125d9b8527/library/std/src/sys/thread/unix.rs:127:17
[INFO] [stdout]   52:     0x7b0b972bbdfa - <unknown>
[INFO] [stdout]   53:     0x7b0b9734f3d4 - clone
[INFO] [stdout]   54:                0x0 - <unknown>
[INFO] [stdout] 
[INFO] [stdout] 
[INFO] [stdout] failures:
[INFO] [stdout]     selfhost_carries_the_modules_own_documentation
[INFO] [stdout]     selfhost_documents_a_function_with_its_doc_comment
[INFO] [stdout]     selfhost_qualifies_namespace_members_with_the_namespace_path
[INFO] [stdout]     selfhost_renders_enum_variants_with_their_payloads
[INFO] [stdout]     selfhost_renders_records_with_their_fields_and_methods
[INFO] [stdout]     selfhost_reports_private_declarations_without_dropping_them
[INFO] [stdout]     selfhost_writes_to_a_file_when_asked
[INFO] [stdout] 
[INFO] [stdout] test result: FAILED. 7 passed; 7 failed; 0 ignored; 0 measured; 0 filtered out; finished in 3.09s
[INFO] [stdout] 
[INFO] running `Command { std: "docker" "inspect" "14cf9bd72c4934370777865a300847d52ee7d01b43af54c6b0e99f15030ae8fa", kill_on_drop: false }`
[INFO] running `Command { std: "docker" "rm" "-f" "14cf9bd72c4934370777865a300847d52ee7d01b43af54c6b0e99f15030ae8fa", kill_on_drop: false }`
[INFO] [stdout] 14cf9bd72c4934370777865a300847d52ee7d01b43af54c6b0e99f15030ae8fa
