[INFO] cloning repository https://github.com/Chosen9115/sumer
[INFO] running `Command { std: "git" "-c" "credential.helper=" "-c" "credential.helper=/workspace/cargo-home/bin/git-credential-null" "clone" "--bare" "https://github.com/Chosen9115/sumer" "/workspace/cache/git-repos/https%3A%2F%2Fgithub.com%2FChosen9115%2Fsumer", kill_on_drop: false }`
[INFO] [stderr] Cloning into bare repository '/workspace/cache/git-repos/https%3A%2F%2Fgithub.com%2FChosen9115%2Fsumer'...
[INFO] running `Command { std: "git" "rev-parse" "HEAD", kill_on_drop: false }`
[INFO] [stdout] 2623153ad9d90e9d44351cb651b70a77be6da27c
[INFO] testing Chosen9115/sumer against 1.99.0-beta.8 for beta-1.100-3
[INFO] running `Command { std: "git" "clone" "/workspace/cache/git-repos/https%3A%2F%2Fgithub.com%2FChosen9115%2Fsumer" "/workspace/builds/worker-7-tc1/source", kill_on_drop: false }`
[INFO] [stderr] Cloning into '/workspace/builds/worker-7-tc1/source'...
[INFO] [stderr] done.
[INFO] started tweaking git repo https://github.com/Chosen9115/sumer
[INFO] finished tweaking git repo https://github.com/Chosen9115/sumer
[INFO] tweaked toml for git repo https://github.com/Chosen9115/sumer written to /workspace/builds/worker-7-tc1/source/Cargo.toml
[INFO] validating manifest of git repo https://github.com/Chosen9115/sumer on toolchain 1.99.0-beta.8
[INFO] running `Command { std: CARGO_HOME="/workspace/cargo-home" RUSTUP_HOME="/workspace/rustup-home" "/workspace/cargo-home/bin/cargo" "+1.99.0-beta.8" "metadata" "--manifest-path" "Cargo.toml" "--no-deps", kill_on_drop: false }`
[INFO] crate git repo https://github.com/Chosen9115/sumer already has a lockfile, it will not be regenerated
[INFO] running `Command { std: CARGO_HOME="/workspace/cargo-home" RUSTUP_HOME="/workspace/rustup-home" "/workspace/cargo-home/bin/cargo" "+1.99.0-beta.8" "fetch" "--manifest-path" "Cargo.toml", kill_on_drop: false }`
[INFO] [stderr]     Blocking waiting for file lock on package cache
[INFO] [stderr]     Updating crates.io index
[INFO] [stderr]     Blocking waiting for file lock on package cache
[INFO] [stderr]  Downloading crates ...
[INFO] [stderr]   Downloaded utf8-zero v0.8.1
[INFO] [stderr]   Downloaded windows-link v0.2.1
[INFO] [stderr]   Downloaded rsqlite-vfs v0.1.1
[INFO] [stderr]   Downloaded wait-timeout v0.2.1
[INFO] [stderr]   Downloaded unarray v0.1.4
[INFO] [stderr]   Downloaded fallible-streaming-iterator v0.1.9
[INFO] [stderr]   Downloaded autocfg v1.5.1
[INFO] [stderr]   Downloaded zeroize v1.9.0
[INFO] [stderr]   Downloaded rusty-fork v0.3.1
[INFO] [stderr]   Downloaded thiserror v2.0.20
[INFO] [stderr]   Downloaded getrandom v0.3.4
[INFO] [stderr]   Downloaded block-buffer v0.12.1
[INFO] [stderr]   Downloaded tokio-macros v2.7.2
[INFO] [stderr]   Downloaded bit-set v0.8.0
[INFO] [stderr]   Downloaded rand_xorshift v0.4.0
[INFO] [stderr]   Downloaded quick-error v1.2.3
[INFO] [stderr]   Downloaded crypto-common v0.2.2
[INFO] [stderr]   Downloaded wasm-bindgen-shared v0.2.128
[INFO] [stderr]   Downloaded find-msvc-tools v0.1.12
[INFO] [stderr]   Downloaded zmij v1.0.23
[INFO] [stderr]   Downloaded rand_chacha v0.9.0
[INFO] [stderr]   Downloaded num-integer v0.1.47
[INFO] [stderr]   Downloaded smallvec v1.16.0
[INFO] [stderr]   Downloaded fallible-iterator v0.3.0
[INFO] [stderr]   Downloaded foldhash v0.2.0
[INFO] [stderr]   Downloaded signal-hook-registry v1.4.8
[INFO] [stderr]   Downloaded digest v0.11.3
[INFO] [stderr]   Downloaded thiserror-impl v2.0.20
[INFO] [stderr]   Downloaded rand_core v0.9.5
[INFO] [stderr]   Downloaded r-efi v5.3.0
[INFO] [stderr]   Downloaded cfg-if v1.0.4
[INFO] [stderr]   Downloaded bit-vec v0.8.0
[INFO] [stderr]   Downloaded wasm-bindgen-macro v0.2.128
[INFO] [stderr]   Downloaded ppv-lite86 v0.2.21
[INFO] [stderr]   Downloaded wasi v0.11.1+wasi-snapshot-preview1
[INFO] [stderr]   Downloaded hashlink v0.12.2
[INFO] [stderr]   Downloaded sha2 v0.11.0
[INFO] [stderr]   Downloaded cc v1.4.5
[INFO] [stderr]   Downloaded hybrid-array v0.4.14
[INFO] [stderr]   Downloaded unicode-ident v1.0.24
[INFO] [stderr]   Downloaded bitflags v2.13.1
[INFO] [stderr]   Downloaded serde_derive v1.0.229
[INFO] [stderr]   Downloaded r-efi v6.0.0
[INFO] [stderr]   Downloaded const-oid v0.10.2
[INFO] [stderr]   Downloaded wasm-bindgen v0.2.128
[INFO] [stderr]   Downloaded ureq-proto v0.6.2
[INFO] [stderr]   Downloaded wit-bindgen v0.57.1
[INFO] [stderr]   Downloaded js-sys v0.3.105
[INFO] [stderr]   Downloaded zerocopy-derive v0.8.56
[INFO] [stderr]   Downloaded rand v0.9.5
[INFO] [stderr]   Downloaded typenum v1.20.1
[INFO] [stderr]   Downloaded bumpalo v3.20.3
[INFO] [stderr]   Downloaded mio v1.2.3
[INFO] [stderr]   Downloaded wasm-bindgen-macro-support v0.2.128
[INFO] [stderr]   Downloaded num-bigint v0.4.8
[INFO] [stderr]   Downloaded ureq v3.4.1
[INFO] [stderr]   Downloaded webpki-roots v1.0.9
[INFO] [stderr]   Downloaded wasip2 v1.0.4+wasi-0.2.12
[INFO] [stderr]   Downloaded hashbrown v0.16.1
[INFO] [stderr]   Downloaded serde_json v1.0.151
[INFO] [stderr]   Downloaded rusqlite v0.40.2
[INFO] [stderr]   Downloaded proptest v1.11.0
[INFO] [stderr]   Downloaded zerocopy v0.8.56
[INFO] [stderr]   Downloaded syn v3.0.5
[INFO] [stderr]   Downloaded syn v2.0.119
[INFO] [stderr]   Downloaded regex-syntax v0.8.11
[INFO] [stderr]   Downloaded rustls v0.23.44
[INFO] [stderr]   Downloaded rustix v1.1.4
[INFO] [stderr]   Downloaded libc v0.2.189
[INFO] [stderr]   Downloaded tokio v1.53.1
[INFO] [stderr]   Downloaded windows-sys v0.61.2
[INFO] [stderr]   Downloaded libsqlite3-sys v0.38.2
[INFO] [stderr]   Downloaded sqlite-wasm-rs v0.5.5
[INFO] running `Command { std: "docker" "create" "-v" "/var/lib/crater-agent-workspace/builds/worker-7-tc1/source:/opt/rustwide/workdir:ro,Z" "-v" "/var/lib/crater-agent-workspace/builds/worker-7-tc1/target:/opt/rustwide/target:rw,Z" "-v" "/var/lib/crater-agent-workspace/cargo-home:/opt/rustwide/cargo-home:ro,Z" "-v" "/var/lib/crater-agent-workspace/rustup-home:/opt/rustwide/rustup-home:ro,Z" "-m" "1610612736" "--network" "none" "ghcr.io/rust-lang/crates-build-env/linux@sha256:77db811e55d90add9212f6832c23229e3de5f1c1f9905e8cb07319ea15df73ac" "sleep" "infinity", kill_on_drop: false }`
[INFO] [stdout] 95166cdf00711efb04e6af680d31bc7bae34c755a876004da6f6b9a6e4a9c371
[INFO] running `Command { std: "docker" "start" "95166cdf00711efb04e6af680d31bc7bae34c755a876004da6f6b9a6e4a9c371", kill_on_drop: false }`
[INFO] running `Command { std: "docker" "inspect" "95166cdf00711efb04e6af680d31bc7bae34c755a876004da6f6b9a6e4a9c371", kill_on_drop: false }`
[INFO] running `Command { std: "docker" "exec" "-e" "SOURCE_DIR=/opt/rustwide/workdir" "-e" "CARGO_HOME=/opt/rustwide/cargo-home" "-e" "RUSTUP_HOME=/opt/rustwide/rustup-home" "-e" "CARGO_TARGET_DIR=/opt/rustwide/target" "-w" "/opt/rustwide/workdir" "--user" "0:0" "95166cdf00711efb04e6af680d31bc7bae34c755a876004da6f6b9a6e4a9c371" "/opt/rustwide/cargo-home/bin/cargo" "+1.99.0-beta.8" "metadata" "--no-deps" "--format-version=1", kill_on_drop: false }`
[INFO] running `Command { std: "docker" "inspect" "95166cdf00711efb04e6af680d31bc7bae34c755a876004da6f6b9a6e4a9c371", kill_on_drop: false }`
[INFO] running `Command { std: "docker" "exec" "-e" "SOURCE_DIR=/opt/rustwide/workdir" "-e" "CARGO_HOME=/opt/rustwide/cargo-home" "-e" "RUSTUP_HOME=/opt/rustwide/rustup-home" "-e" "CARGO_TARGET_DIR=/opt/rustwide/target" "-e" "CARGO_INCREMENTAL=0" "-e" "RUST_BACKTRACE=full" "-e" "RUSTFLAGS=--cap-lints=warn" "-e" "RUSTDOCFLAGS=--cap-lints=warn" "-w" "/opt/rustwide/workdir" "--user" "0:0" "95166cdf00711efb04e6af680d31bc7bae34c755a876004da6f6b9a6e4a9c371" "/opt/rustwide/cargo-home/bin/cargo" "+1.99.0-beta.8" "build" "--frozen" "--message-format=json", kill_on_drop: false }`
[INFO] [stderr]    Compiling proc-macro2 v1.0.107
[INFO] [stderr]    Compiling libc v0.2.189
[INFO] [stderr]    Compiling quote v1.0.47
[INFO] [stderr]    Compiling unicode-ident v1.0.24
[INFO] [stderr]    Compiling shlex v2.0.1
[INFO] [stderr]    Compiling find-msvc-tools v0.1.12
[INFO] [stderr]    Compiling autocfg v1.5.1
[INFO] [stderr]    Compiling serde_core v1.0.229
[INFO] [stderr]    Compiling itoa v1.0.18
[INFO] [stderr]    Compiling zmij v1.0.23
[INFO] [stderr]    Compiling thiserror v2.0.20
[INFO] [stderr]    Compiling bytes v1.12.1
[INFO] [stderr]    Compiling serde v1.0.229
[INFO] [stderr]    Compiling cfg-if v1.0.4
[INFO] [stderr]    Compiling serde_json v1.0.151
[INFO] [stderr]    Compiling memchr v2.8.3
[INFO] [stderr]    Compiling typenum v1.20.1
[INFO] [stderr]    Compiling pin-project-lite v0.2.17
[INFO] [stderr]    Compiling vcpkg v0.2.15
[INFO] [stderr]    Compiling pkg-config v0.3.34
[INFO] [stderr]    Compiling cc v1.4.5
[INFO] [stderr]    Compiling zeroize v1.9.0
[INFO] [stderr]    Compiling httparse v1.10.1
[INFO] [stderr]    Compiling foldhash v0.2.0
[INFO] [stderr]    Compiling untrusted v0.9.0
[INFO] [stderr]    Compiling const-oid v0.10.2
[INFO] [stderr]    Compiling rustls v0.23.44
[INFO] [stderr]    Compiling rustls-pki-types v1.15.1
[INFO] [stderr]    Compiling hashbrown v0.17.1
[INFO] [stderr]    Compiling log v0.4.34
[INFO] [stderr]    Compiling http v1.5.0
[INFO] [stderr]    Compiling num-traits v0.2.19
[INFO] [stderr]    Compiling subtle v2.6.1
[INFO] [stderr]    Compiling once_cell v1.21.4
[INFO] [stderr]    Compiling cpufeatures v0.3.1
[INFO] [stderr]    Compiling bitflags v2.13.1
[INFO] [stderr]    Compiling smallvec v1.16.0
[INFO] [stderr]    Compiling base64 v0.23.1
[INFO] [stderr]    Compiling fallible-streaming-iterator v0.1.9
[INFO] [stderr]    Compiling fallible-iterator v0.3.0
[INFO] [stderr]    Compiling webpki-roots v1.0.9
[INFO] [stderr]    Compiling hashlink v0.12.2
[INFO] [stderr]    Compiling utf8-zero v0.8.1
[INFO] [stderr]    Compiling percent-encoding v2.3.2
[INFO] [stderr]    Compiling syn v3.0.5
[INFO] [stderr]    Compiling hybrid-array v0.4.14
[INFO] [stderr]    Compiling ring v0.17.14
[INFO] [stderr]    Compiling libsqlite3-sys v0.38.2
[INFO] [stderr]    Compiling ureq-proto v0.6.2
[INFO] [stderr]    Compiling num-integer v0.1.47
[INFO] [stderr]    Compiling num-bigint v0.4.8
[INFO] [stderr]    Compiling crypto-common v0.2.2
[INFO] [stderr]    Compiling block-buffer v0.12.1
[INFO] [stderr]    Compiling errno v0.3.14
[INFO] [stderr]    Compiling mio v1.2.3
[INFO] [stderr]    Compiling getrandom v0.2.17
[INFO] [stderr]    Compiling signal-hook-registry v1.4.8
[INFO] [stderr]    Compiling digest v0.11.3
[INFO] [stderr]    Compiling sha2 v0.11.0
[INFO] [stderr]    Compiling serde_derive v1.0.229
[INFO] [stderr]    Compiling thiserror-impl v2.0.20
[INFO] [stderr]    Compiling tokio-macros v2.7.2
[INFO] [stderr]    Compiling tokio v1.53.1
[INFO] [stderr]    Compiling rustls-webpki v0.103.15
[INFO] [stderr]    Compiling sumer-money v0.1.0 (/opt/rustwide/workdir/core/money)
[INFO] [stderr]    Compiling sumer-wire v0.1.0 (/opt/rustwide/workdir/core/wire)
[INFO] [stderr]    Compiling sumer-host v0.1.0 (/opt/rustwide/workdir/core/host)
[INFO] [stderr]    Compiling sumer-conformance v0.1.0 (/opt/rustwide/workdir/conformance)
[INFO] [stderr]    Compiling ureq v3.4.1
[INFO] [stderr]    Compiling rusqlite v0.40.2
[INFO] [stderr]    Compiling sumer-bitcoin-adapter v0.1.0 (/opt/rustwide/workdir/adapters/bitcoin)
[INFO] [stderr]    Compiling sumer-store v0.1.0 (/opt/rustwide/workdir/core/store)
[INFO] [stderr]     Finished `dev` profile [unoptimized + debuginfo] target(s) in 48.70s
[INFO] running `Command { std: "docker" "inspect" "95166cdf00711efb04e6af680d31bc7bae34c755a876004da6f6b9a6e4a9c371", kill_on_drop: false }`
[INFO] running `Command { std: "docker" "exec" "-e" "SOURCE_DIR=/opt/rustwide/workdir" "-e" "CARGO_HOME=/opt/rustwide/cargo-home" "-e" "RUSTUP_HOME=/opt/rustwide/rustup-home" "-e" "CARGO_TARGET_DIR=/opt/rustwide/target" "-e" "CARGO_INCREMENTAL=0" "-e" "RUST_BACKTRACE=full" "-e" "RUSTFLAGS=--cap-lints=warn" "-e" "RUSTDOCFLAGS=--cap-lints=warn" "-w" "/opt/rustwide/workdir" "--user" "0:0" "95166cdf00711efb04e6af680d31bc7bae34c755a876004da6f6b9a6e4a9c371" "/opt/rustwide/cargo-home/bin/cargo" "+1.99.0-beta.8" "test" "--frozen" "--no-run" "--message-format=json", kill_on_drop: false }`
[INFO] [stderr]    Compiling bitflags v2.13.1
[INFO] [stderr]    Compiling getrandom v0.3.4
[INFO] [stderr]    Compiling rustix v1.1.4
[INFO] [stderr]    Compiling getrandom v0.4.3
[INFO] [stderr]    Compiling zerocopy v0.8.56
[INFO] [stderr]    Compiling linux-raw-sys v0.12.1
[INFO] [stderr]    Compiling fastrand v2.5.0
[INFO] [stderr]    Compiling wait-timeout v0.2.1
[INFO] [stderr]    Compiling quick-error v1.2.3
[INFO] [stderr]    Compiling fnv v1.0.7
[INFO] [stderr]    Compiling bit-vec v0.8.0
[INFO] [stderr]    Compiling regex-syntax v0.8.11
[INFO] [stderr]    Compiling unarray v0.1.4
[INFO] [stderr]    Compiling sumer-conformance v0.1.0 (/opt/rustwide/workdir/conformance)
[INFO] [stderr]    Compiling sumer-bitcoin-adapter v0.1.0 (/opt/rustwide/workdir/adapters/bitcoin)
[INFO] [stderr]    Compiling rusqlite v0.40.2
[INFO] [stderr]    Compiling bit-set v0.8.0
[INFO] [stderr]    Compiling sumer-host v0.1.0 (/opt/rustwide/workdir/core/host)
[INFO] [stderr]    Compiling rand_core v0.9.5
[INFO] [stderr]    Compiling rand_xorshift v0.4.0
[INFO] [stderr]    Compiling rand v0.9.5
[INFO] [stderr]    Compiling sumer-store v0.1.0 (/opt/rustwide/workdir/core/store)
[INFO] [stderr]    Compiling tempfile v3.27.0
[INFO] [stderr]    Compiling rusty-fork v0.3.1
[INFO] [stderr]    Compiling ppv-lite86 v0.2.21
[INFO] [stderr]    Compiling rand_chacha v0.9.0
[INFO] [stderr]    Compiling proptest v1.11.0
[INFO] [stderr]    Compiling sumer-money v0.1.0 (/opt/rustwide/workdir/core/money)
[INFO] [stderr]    Compiling sumer-wire v0.1.0 (/opt/rustwide/workdir/core/wire)
[INFO] [stderr]     Finished `test` profile [unoptimized + debuginfo] target(s) in 42.56s
[INFO] running `Command { std: "docker" "inspect" "95166cdf00711efb04e6af680d31bc7bae34c755a876004da6f6b9a6e4a9c371", kill_on_drop: false }`
[INFO] running `Command { std: "docker" "exec" "-e" "SOURCE_DIR=/opt/rustwide/workdir" "-e" "CARGO_HOME=/opt/rustwide/cargo-home" "-e" "RUSTUP_HOME=/opt/rustwide/rustup-home" "-e" "CARGO_TARGET_DIR=/opt/rustwide/target" "-e" "CARGO_INCREMENTAL=0" "-e" "RUST_BACKTRACE=full" "-e" "RUSTFLAGS=--cap-lints=warn" "-e" "RUSTDOCFLAGS=--cap-lints=warn" "-w" "/opt/rustwide/workdir" "--user" "0:0" "95166cdf00711efb04e6af680d31bc7bae34c755a876004da6f6b9a6e4a9c371" "/opt/rustwide/cargo-home/bin/cargo" "+1.99.0-beta.8" "test" "--frozen", kill_on_drop: false }`
[INFO] [stderr]     Finished `test` profile [unoptimized + debuginfo] target(s) in 0.17s
[INFO] [stderr]      Running unittests src/main.rs (/opt/rustwide/target/debug/deps/sumer_bitcoin_adapter-c667c2e0cd6ce6bd)
[INFO] [stdout] 
[INFO] [stdout] running 50 tests
[INFO] [stdout] test map::tests::a_coinbase_input_spends_nothing_and_does_not_panic ... ok
[INFO] [stdout] test map::tests::every_description_is_plain_text ... ok
[INFO] [stdout] test map::tests::local_id_is_namespaced_by_resource ... ok
[INFO] [stdout] test map::tests::the_confirmed_mark_survives_a_mempool_suffix ... ok
[INFO] [stdout] test map::tests::the_confirmed_section_sorts_before_the_mempool_section ... ok
[INFO] [stdout] test map::tests::a_cursor_this_adapter_never_issued_is_rejected ... ok
[INFO] [stdout] test map::tests::unix_seconds_become_rfc3339_utc ... ok
[INFO] [stdout] test map::tests::cursor_round_trips_including_the_mempool_suffix ... ok
[INFO] [stdout] test map::tests::stats_net_is_funded_minus_spent ... ok
[INFO] [stdout] test map::tests::the_mempool_section_resumes_after_its_own_txid ... ok
[INFO] [stdout] test map::tests::unconfirmed_may_be_negative_and_unknown_is_null_never_zero ... ok
[INFO] [stdout] test seen::tests::a_write_that_cannot_happen_leaves_no_file ... ok
[INFO] [stdout] test map::tests::a_zero_net_delta_is_legal_and_is_provider_positive ... ok
[INFO] [stdout] test map::tests::cursors_increase_strictly_and_nothing_is_lost_across_a_split_block ... ok
[INFO] [stdout] test map::tests::a_page_never_spends_more_than_its_budget ... ok
[INFO] [stdout] test map::tests::a_self_transfer_nets_to_minus_the_fee ... ok
[INFO] [stdout] test map::tests::the_mempool_section_is_emitted_regardless_of_the_cursor ... ok
[INFO] [stdout] test source::tests::a_capped_body_is_cut_on_a_character_boundary ... ok
[INFO] [stdout] test map::tests::a_confirmed_transaction_at_or_below_the_cursor_is_not_reemitted ... ok
[INFO] [stdout] test map::tests::a_payment_in_nets_positive_and_carries_no_fee ... ok
[INFO] [stdout] test source::tests::corpus_names_are_flat_and_unambiguous ... ok
[INFO] [stdout] test seen::tests::corrupt_state_is_a_first_run_never_a_partial_parse ... ok
[INFO] [stdout] test seen::tests::no_state_dir_means_no_state ... ok
[INFO] [stdout] test map::tests::a_page_cuts_in_the_middle_of_a_block ... ok
[INFO] [stdout] test tests::a_status_entry_never_carries_a_credential_clock ... ok
[INFO] [stdout] test seen::tests::state_round_trips ... ok
[INFO] [stdout] test source::tests::a_404_is_not_found_and_a_429_is_rate_limited ... ok
[INFO] [stdout] test source::tests::provider_detail_carries_the_status_and_body_verbatim ... ok
[INFO] [stdout] test source::tests::a_huge_error_body_is_capped_and_says_so ... ok
[INFO] [stdout] test tests::a_failed_fetch_suppresses_the_diff_entirely ... ok
[INFO] [stdout] test tests::an_undeclared_op_is_an_err_that_does_not_end_the_connection ... ok
[INFO] [stdout] test tests::a_window_page_request_is_refused_without_naming_a_resource ... ok
[INFO] [stdout] test tests::a_repeated_resource_id_is_refused_without_naming_it ... ok
[INFO] [stdout] test tests::an_oversized_source_is_a_usage_error_not_a_truncation ... ok
[INFO] [stdout] test tests::hello_refuses_a_version_it_was_not_offered ... ok
[INFO] [stdout] test tests::an_unconfigured_resource_is_not_fetched_never_gone ... ok
[INFO] [stdout] test tests::hello_declares_the_four_read_capabilities_and_the_derivation ... ok
[INFO] [stdout] test map::tests::an_oversized_observation_loses_its_provider_extra_and_nothing_else ... ok
[INFO] [stdout] test wallet::tests::sha256_matches_the_published_vectors ... ok
[INFO] [stdout] test wallet::tests::config_accepts_a_wallet_and_defaults_its_label ... ok
[INFO] [stdout] test wallet::tests::the_address_hash_depends_on_the_set_not_the_order ... ok
[INFO] [stdout] test tests::history_never_restamps_the_balances_it_did_not_fetch ... ok
[INFO] [stdout] test wallet::tests::config_rejects_what_would_escape_a_path_or_double_count ... ok
[INFO] [stdout] test tests::a_provider_error_body_cannot_overflow_a_frame ... ok
[INFO] [stdout] test map::tests::an_observation_step_one_cannot_save_is_omitted_and_reported ... ok
[INFO] [stdout] test tests::a_reply_too_large_for_a_frame_is_answered_with_an_err ... ok
[INFO] [stdout] test tests::a_giant_block_hash_is_truncated_rather_than_fatal ... ok
[INFO] [stdout] test tests::later_pages_of_a_crawl_are_served_from_the_snapshot ... ok
[INFO] [stdout] test tests::every_status_entry_is_reserved_before_any_observation ... ok
[INFO] [stderr]      Running unittests src/lib.rs (/opt/rustwide/target/debug/deps/sumer_conformance-d76a5566c497dee1)
[INFO] [stdout] test tests::two_resources_share_one_frames_budget ... ok
[INFO] [stdout] 
[INFO] [stdout] test result: ok. 50 passed; 0 failed; 0 ignored; 0 measured; 0 filtered out; finished in 1.49s
[INFO] [stdout] 
[INFO] [stdout] 
[INFO] [stdout] running 19 tests
[INFO] [stdout] test assert::tests::subset_diff_ignores_unmentioned_fields ... ok
[INFO] [stdout] test assert::tests::amount_field_compares_numerically_not_by_string ... ok
[INFO] [stdout] test assert::tests::status_coverage_flags_missing_and_duplicate ... ok
[INFO] [stdout] test ledger::tests::reordering_fails ... ok
[INFO] [stdout] test ledger::tests::truncated_accepts_a_prefix_and_a_suffix_but_not_a_gap ... ok
[INFO] [stdout] test assert::tests::amount_field_null_vs_value_is_a_hard_mismatch ... ok
[INFO] [stdout] test assert::tests::subset_diff_flags_missing_field ... ok
[INFO] [stdout] test runner::tests::a9_compares_the_whole_history_not_just_the_final_state ... ok
[INFO] [stdout] test runner::tests::content_diff_catches_same_ids_with_different_money ... ok
[INFO] [stdout] test ledger::tests::equal_sequences_pass ... ok
[INFO] [stdout] test exec::tests::provider_extra_targets_scans_prose ... ok
[INFO] [stdout] test ledger::tests::truncated_still_catches_content_and_orphans ... ok
[INFO] [stdout] test ledger::tests::an_omitted_entry_leaves_the_sequence_and_is_remembered ... ok
[INFO] [stdout] test exec::tests::a_null_in_an_expected_status_entry_means_absent_not_any_value ... ok
[INFO] [stdout] test exec::tests::request_shape_hides_cursor_bytes_and_nothing_else ... ok
[INFO] [stdout] test ledger::tests::duplicate_collapse_fails ... ok
[INFO] [stdout] test exec::tests::one_byte_over_the_cap_is_not ... ok
[INFO] [stdout] test exec::tests::an_observation_exactly_at_the_cap_is_legal ... ok
[INFO] [stdout] test exec::tests::the_decoded_form_is_not_the_wire_form ... ok
[INFO] [stdout] 
[INFO] [stdout] test result: ok. 19 passed; 0 failed; 0 ignored; 0 measured; 0 filtered out; finished in 0.05s
[INFO] [stdout] 
[INFO] [stderr]      Running unittests src/main.rs (/opt/rustwide/target/debug/deps/sumer_conformance-15faae34fe01f718)
[INFO] [stdout] 
[INFO] [stderr]      Running tests/conformance_bitcoin.rs (/opt/rustwide/target/debug/deps/conformance_bitcoin-dead30c3af176657)
[INFO] [stdout] running 0 tests
[INFO] [stdout] 
[INFO] [stdout] test result: ok. 0 passed; 0 failed; 0 ignored; 0 measured; 0 filtered out; finished in 0.00s
[INFO] [stdout] 
[INFO] [stdout] 
[INFO] [stdout] running 1 test
[INFO] [stderr]    Compiling libc v0.2.189
[INFO] [stderr]    Compiling syn v3.0.5
[INFO] [stderr]    Compiling ring v0.17.14
[INFO] [stderr]    Compiling getrandom v0.2.17
[INFO] [stderr]    Compiling serde_derive v1.0.229
[INFO] [stderr]    Compiling thiserror-impl v2.0.20
[INFO] [stderr]    Compiling rustls v0.23.44
[INFO] [stderr]    Compiling thiserror v2.0.20
[INFO] [stderr]    Compiling rustls-webpki v0.103.15
[INFO] [stderr]    Compiling serde v1.0.229
[INFO] [stderr]    Compiling sumer-money v0.1.0 (/opt/rustwide/workdir/core/money)
[INFO] [stderr]    Compiling sumer-wire v0.1.0 (/opt/rustwide/workdir/core/wire)
[INFO] [stderr]    Compiling ureq v3.4.1
[INFO] [stderr]    Compiling sumer-bitcoin-adapter v0.1.0 (/opt/rustwide/workdir/adapters/bitcoin)
[INFO] [stderr]     Finished `dev` profile [unoptimized + debuginfo] target(s) in 20.47s
[INFO] [stdout] test the_bitcoin_adapter_passes_every_bitcoin_case ... ok
[INFO] [stdout] 
[INFO] [stdout] test result: ok. 1 passed; 0 failed; 0 ignored; 0 measured; 0 filtered out; finished in 21.22s
[INFO] [stdout] 
[INFO] [stderr]      Running tests/conformance_fake.rs (/opt/rustwide/target/debug/deps/conformance_fake-63f1870712d0bfd9)
[INFO] [stdout] 
[INFO] [stdout] running 1 test
[INFO] [stdout] test fake_adapter_passes_every_case ... ok
[INFO] [stderr]      Running tests/live_bitcoin.rs (/opt/rustwide/target/debug/deps/live_bitcoin-d9c593a319940445)
[INFO] [stdout] 
[INFO] [stdout] test result: ok. 1 passed; 0 failed; 0 ignored; 0 measured; 0 filtered out; finished in 3.96s
[INFO] [stdout] 
[INFO] [stdout] 
[INFO] [stderr]      Running tests/mutations.rs (/opt/rustwide/target/debug/deps/mutations-e8c58395dc2030ac)
[INFO] [stdout] running 1 test
[INFO] [stdout] test the_live_invariants_hold ... ignored, live: talks to a public Esplora deployment; nightly only
[INFO] [stdout] 
[INFO] [stdout] test result: ok. 0 passed; 0 failed; 1 ignored; 0 measured; 0 filtered out; finished in 0.00s
[INFO] [stdout] 
[INFO] [stdout] 
[INFO] [stdout] running 3 tests
[INFO] [stdout] test the_coverage_table_is_backed_by_mutants ... ok
[INFO] [stdout] test the_equivalent_mutants_could_still_fire ... ok
[INFO] [stdout] test every_mutant_is_caught_by_exactly_the_assertions_it_names ... ok
[INFO] [stdout] 
[INFO] [stdout] test result: ok. 3 passed; 0 failed; 0 ignored; 0 measured; 0 filtered out; finished in 40.55s
[INFO] [stdout] 
[INFO] [stderr]      Running unittests src/lib.rs (/opt/rustwide/target/debug/deps/sumer_host-85a6050c6cfd1012)
[INFO] [stdout] 
[INFO] [stdout] running 26 tests
[INFO] [stdout] test fold::tests::bitcoin_reorg_chain_active_tombstoned_active ... ok
[INFO] [stdout] test fold::tests::bank_pending_to_posted_chain_is_retained_in_full ... ok
[INFO] [stdout] test fold::tests::dedup_by_provider_id_alone_is_forbidden_by_construction ... ok
[INFO] [stdout] test fold::tests::revision_counters_are_independent_per_local_id ... ok
[INFO] [stdout] test paging::tests::none_resumable_always_resends_the_original_window ... ok
[INFO] [stdout] test paging::tests::batch_restart_always_resends_the_original_start_mid_batch ... ok
[INFO] [stdout] test paging::tests::absent_start_means_from_the_beginning_of_history ... ok
[INFO] [stdout] test mux::tests::id_exhaustion_is_an_explicit_outcome_not_a_panic ... ok
[INFO] [stdout] test time::tests::a_numeric_offset_names_the_same_instant_as_z ... ok
[INFO] [stdout] test time::tests::a_shorter_fraction_is_coarser_not_smaller ... ok
[INFO] [stdout] test paging::tests::exact_reaches_a_terminal_none_when_drained ... ok
[INFO] [stdout] test process::tests::spawn_rejects_empty_argv ... ok
[INFO] [stdout] test time::tests::days_from_civil_inverts_civil_from_days ... ok
[INFO] [stdout] test time::tests::now_rfc3339_is_well_formed_and_recent ... ok
[INFO] [stdout] test time::tests::fractional_seconds_order_as_instants_not_as_text ... ok
[INFO] [stdout] test fold::tests::same_page_two_surfaces_orders_by_surface_bytewise_not_arrival ... ok
[INFO] [stdout] test fold::tests::two_adapters_sharing_a_local_id_keep_separate_chains ... ok
[INFO] [stdout] test time::tests::civil_from_days_matches_known_dates ... ok
[INFO] [stdout] test paging::tests::batch_restart_still_resends_start_once_the_batch_finishes ... ok
[INFO] [stdout] test mux::tests::a_violation_cannot_be_published_while_the_verdict_is_held ... ok
[INFO] [stdout] test paging::tests::exact_resumes_from_the_last_completed_pages_next ... ok
[INFO] [stdout] test process::tests::an_established_violation_outranks_a_process_that_already_exited ... ok
[INFO] [stdout] test fold::tests::revision_assigned_by_arrival_order_per_adapter_and_local_id ... ok
[INFO] [stdout] test process::tests::env_allowlist_hides_unlisted_variables ... ok
[INFO] [stdout] test process::tests::extra_env_is_forwarded ... ok
[INFO] [stderr]      Running tests/supervisor.rs (/opt/rustwide/target/debug/deps/supervisor-d58b16f342109784)
[INFO] [stdout] test mux::tests::queued_request_expires_before_ever_being_sent ... ok
[INFO] [stdout] 
[INFO] [stdout] test result: ok. 26 passed; 0 failed; 0 ignored; 0 measured; 0 filtered out; finished in 0.31s
[INFO] [stdout] 
[INFO] [stdout] 
[INFO] [stdout] running 35 tests
[INFO] [stdout] test adapter_supplied_received_at_is_rejected_as_invalid_request ... ok
[INFO] [stdout] test a_duplicate_field_inside_the_ok_payload_is_rejected ... ok
[INFO] [stdout] test adapter_refusing_the_protocol_surfaces_as_a_wire_error ... ok
[INFO] [stdout] test a_duplicate_ok_field_is_rejected_on_the_real_transport ... ok
[INFO] [stdout] test a_protocol_version_that_was_never_offered_is_rejected ... ok
[INFO] [stdout] test a_violation_wins_over_an_immediately_following_exit ... ok
[INFO] [stdout] test a_reply_naming_one_resource_twice_is_refused_on_every_read ... ok
[INFO] [stdout] test a_violation_behind_a_delivered_reply_is_visible_at_once ... ok
[INFO] [stdout] test an_adapter_that_exits_at_stdin_eof_closes_cleanly ... ok
[INFO] [stdout] test an_observation_over_the_cap_is_dropped_and_reported ... ok
[INFO] [stdout] test a_balance_naming_another_adapter_is_refused ... ok
[INFO] [stdout] test an_off_resource_observation_gets_no_invented_status_and_no_invented_freshness ... ok
[INFO] [stdout] test garbage_on_stdout_is_a_fatal_violation ... ok
[INFO] [stdout] test an_adapter_side_degrade_does_not_destroy_the_staleness_it_reported ... ok
[INFO] [stdout] test a_queued_requests_fresh_deadline_starts_only_once_it_is_sent ... FAILED
[INFO] [stdout] test hello_succeeds_and_negotiates_capabilities ... ok
[INFO] [stdout] test concurrent_adapter_can_receive_both_requests_before_either_is_answered ... ok
[INFO] [stdout] test host_stamps_received_at_and_computes_live_staleness ... ok
[INFO] [stdout] test crash_mid_request_resolves_as_adapter_crashed ... ok
[INFO] [stdout] test pre_hello_stdout_output_kills_the_handshake ... ok
[INFO] [stdout] test an_exited_adapter_is_never_blamed_for_ignoring_stdin_eof ... ok
[INFO] [stdout] test never_issued_id_is_a_fatal_violation ... ok
[INFO] [stdout] test trailing_garbage_without_a_newline_is_caught_at_the_close ... ok
[INFO] [stdout] test staleness_comes_from_each_resources_own_status_outcome ... ok
[INFO] [stdout] test oversize_frame_is_a_fatal_violation ... ok
[INFO] [stdout] test trailing_garbage_with_a_newline_is_caught_at_the_close ... ok
[INFO] [stdout] test a_failed_write_reports_the_real_terminal_reason_not_a_guess ... ok
[INFO] [stdout] test duplicate_reply_is_a_fatal_violation ... ok
[INFO] [stdout] test hang_past_deadline_times_out ... ok
[INFO] [stdout] test a_write_the_adapter_never_drains_expires_with_its_deadline ... ok
[INFO] [stdout] test an_adapter_that_ignores_stdin_eof_is_a_protocol_violation ... ok
[INFO] [stdout] test serial_adapter_never_receives_a_second_request_before_answering_the_first ... ok
[INFO] [stdout] test a_writer_that_outlives_the_adapter_is_not_a_clean_close ... ok
[INFO] [stdout] test tombstoned_reply_is_discarded_and_the_connection_survives ... ok
[INFO] [stdout] test a_held_verdict_does_not_freeze_the_connection_or_invent_a_violation ... ok
[INFO] [stdout] 
[INFO] [stdout] failures:
[INFO] [stdout] 
[INFO] [stdout] ---- a_queued_requests_fresh_deadline_starts_only_once_it_is_sent stdout ----
[INFO] [stdout] 
[INFO] [stdout] thread 'a_queued_requests_fresh_deadline_starts_only_once_it_is_sent' (3550) panicked at core/host/tests/supervisor.rs:324:10:
[INFO] [stdout] handshake: Timeout
[INFO] [stdout] stack backtrace:
[INFO] [stdout]    0:     0x5ab591c81231 - std[70759c8f55707aa4]::backtrace_rs::backtrace::libunwind::trace
[INFO] [stdout]                                at /rustc/dfb0accb7f508ae8be965d8629557221c889dd98/library/std/src/../../backtrace/src/backtrace/libunwind.rs:117:9
[INFO] [stdout]    1:     0x5ab591c81231 - std[70759c8f55707aa4]::backtrace_rs::backtrace::trace_unsynchronized::<std[70759c8f55707aa4]::sys::backtrace::_print_fmt::{closure#1}>
[INFO] [stdout]                                at /rustc/dfb0accb7f508ae8be965d8629557221c889dd98/library/std/src/../../backtrace/src/backtrace/mod.rs:66:14
[INFO] [stdout]    2:     0x5ab591c81231 - std[70759c8f55707aa4]::sys::backtrace::_print_fmt
[INFO] [stdout]                                at /rustc/dfb0accb7f508ae8be965d8629557221c889dd98/library/std/src/sys/backtrace.rs:74:9
[INFO] [stdout]    3:     0x5ab591c81231 - <<std[70759c8f55707aa4]::sys::backtrace::BacktraceLock>::print::DisplayBacktrace as core[df12db4294e9bfd3]::fmt::Display>::fmt
[INFO] [stdout]                                at /rustc/dfb0accb7f508ae8be965d8629557221c889dd98/library/std/src/sys/backtrace.rs:44:26
[INFO] [stdout]    4:     0x5ab591c9653a - <core[df12db4294e9bfd3]::fmt::rt::Argument>::fmt
[INFO] [stdout]                                at /rustc/dfb0accb7f508ae8be965d8629557221c889dd98/library/core/src/fmt/rt.rs:152:76
[INFO] [stdout]    5:     0x5ab591c9653a - core[df12db4294e9bfd3]::fmt::write
[INFO] [stdout]    6:     0x5ab591c8586c - core[df12db4294e9bfd3]::io::write::default_write_fmt::<alloc[2182bb758b4b3781]::vec::Vec<u8>>
[INFO] [stdout]                                at /rustc/dfb0accb7f508ae8be965d8629557221c889dd98/library/core/src/io/write.rs:402:11
[INFO] [stdout]    7:     0x5ab591c8586c - <alloc[2182bb758b4b3781]::vec::Vec<u8> as core[df12db4294e9bfd3]::io::write::Write>::write_fmt
[INFO] [stdout]                                at /rustc/dfb0accb7f508ae8be965d8629557221c889dd98/library/core/src/io/write.rs:335:13
[INFO] [stdout]    8:     0x5ab591c5cc26 - <std[70759c8f55707aa4]::sys::backtrace::BacktraceLock>::print
[INFO] [stdout]                                at /rustc/dfb0accb7f508ae8be965d8629557221c889dd98/library/std/src/sys/backtrace.rs:47:9
[INFO] [stdout]    9:     0x5ab591c5cc26 - std[70759c8f55707aa4]::panicking::default_hook::{closure#0}
[INFO] [stdout]                                at /rustc/dfb0accb7f508ae8be965d8629557221c889dd98/library/std/src/panicking.rs:292:27
[INFO] [stdout]   10:     0x5ab591c79679 - std[70759c8f55707aa4]::panicking::default_hook
[INFO] [stdout]                                at /rustc/dfb0accb7f508ae8be965d8629557221c889dd98/library/std/src/panicking.rs:316:9
[INFO] [stdout]   11:     0x5ab591af3f60 - <alloc[2182bb758b4b3781]::boxed::Box<dyn for<'a, 'b> core[df12db4294e9bfd3]::ops::function::Fn<(&'a std[70759c8f55707aa4]::panic::PanicHookInfo<'b>,), Output = ()> + core[df12db4294e9bfd3]::marker::Send + core[df12db4294e9bfd3]::marker::Sync> as core[df12db4294e9bfd3]::ops::function::Fn<(&std[70759c8f55707aa4]::panic::PanicHookInfo,)>>::call
[INFO] [stdout]                                at /rustc/dfb0accb7f508ae8be965d8629557221c889dd98/library/alloc/src/boxed.rs:2334:9
[INFO] [stdout]   12:     0x5ab591af3f60 - test[9d35eded1c95d3be]::test_main_inner::<test[9d35eded1c95d3be]::test_main_static::{closure#0}>::{closure#0}
[INFO] [stdout]                                at /rustc/dfb0accb7f508ae8be965d8629557221c889dd98/library/test/src/lib.rs:155:21
[INFO] [stdout]   13:     0x5ab591c799a2 - <alloc[2182bb758b4b3781]::boxed::Box<dyn for<'a, 'b> core[df12db4294e9bfd3]::ops::function::Fn<(&'a std[70759c8f55707aa4]::panic::PanicHookInfo<'b>,), Output = ()> + core[df12db4294e9bfd3]::marker::Send + core[df12db4294e9bfd3]::marker::Sync> as core[df12db4294e9bfd3]::ops::function::Fn<(&std[70759c8f55707aa4]::panic::PanicHookInfo,)>>::call
[INFO] [stdout]                                at /rustc/dfb0accb7f508ae8be965d8629557221c889dd98/library/alloc/src/boxed.rs:2334:9
[INFO] [stdout]   14:     0x5ab591c799a2 - std[70759c8f55707aa4]::panicking::panic_with_hook
[INFO] [stdout]                                at /rustc/dfb0accb7f508ae8be965d8629557221c889dd98/library/std/src/panicking.rs:823:13
[INFO] [stdout]   15:     0x5ab591c5ccd2 - std[70759c8f55707aa4]::panicking::panic_handler::{closure#0}
[INFO] [stdout]                                at /rustc/dfb0accb7f508ae8be965d8629557221c889dd98/library/std/src/panicking.rs:688:13
[INFO] [stdout]   16:     0x5ab591c55a59 - std[70759c8f55707aa4]::sys::backtrace::__rust_end_short_backtrace::<std[70759c8f55707aa4]::panicking::panic_handler::{closure#0}, !>
[INFO] [stdout]                                at /rustc/dfb0accb7f508ae8be965d8629557221c889dd98/library/std/src/sys/backtrace.rs:182:18
[INFO] [stdout]   17:     0x5ab591c5d8cd - __rustc[8fa7c3cbc660c2b3]::rust_begin_unwind
[INFO] [stdout]                                at /rustc/dfb0accb7f508ae8be965d8629557221c889dd98/library/std/src/panicking.rs:679:5
[INFO] [stdout]   18:     0x5ab591c96d5c - core[df12db4294e9bfd3]::panicking::panic_fmt
[INFO] [stdout]                                at /rustc/dfb0accb7f508ae8be965d8629557221c889dd98/library/core/src/panicking.rs:80:14
[INFO] [stdout]   19:     0x5ab591c96ab2 - core[df12db4294e9bfd3]::result::unwrap_failed
[INFO] [stdout]                                at /rustc/dfb0accb7f508ae8be965d8629557221c889dd98/library/core/src/result.rs:1871:5
[INFO] [stdout]   20:     0x5ab591a8a6b4 - <core[df12db4294e9bfd3]::result::Result<sumer_host[a32562bd546e21f2]::AdapterHandle, sumer_host[a32562bd546e21f2]::HostError>>::expect
[INFO] [stdout]                                at /rustc/dfb0accb7f508ae8be965d8629557221c889dd98/library/core/src/result.rs:1184:23
[INFO] [stdout]   21:     0x5ab591a42db0 - supervisor[f71f85a0a74c994c]::a_queued_requests_fresh_deadline_starts_only_once_it_is_sent::{closure#0}
[INFO] [stdout]                                at /opt/rustwide/workdir/core/host/tests/supervisor.rs:324:10
[INFO] [stdout]   22:     0x5ab591ad5f72 - <core[df12db4294e9bfd3]::pin::Pin<&mut dyn core[df12db4294e9bfd3]::future::future::Future<Output = ()>> as core[df12db4294e9bfd3]::future::future::Future>::poll
[INFO] [stdout]                                at /rustc/dfb0accb7f508ae8be965d8629557221c889dd98/library/core/src/future/future.rs:133:9
[INFO] [stdout]   23:     0x5ab591ad5fed - <core[df12db4294e9bfd3]::pin::Pin<&mut core[df12db4294e9bfd3]::pin::Pin<&mut dyn core[df12db4294e9bfd3]::future::future::Future<Output = ()>>> as core[df12db4294e9bfd3]::future::future::Future>::poll
[INFO] [stdout]                                at /rustc/dfb0accb7f508ae8be965d8629557221c889dd98/library/core/src/future/future.rs:133:9
[INFO] [stdout]   24:     0x5ab591aab2fd - <tokio[e25de22979d11fa6]::runtime::scheduler::current_thread::CoreGuard>::block_on::<core[df12db4294e9bfd3]::pin::Pin<&mut core[df12db4294e9bfd3]::pin::Pin<&mut dyn core[df12db4294e9bfd3]::future::future::Future<Output = ()>>>>::{closure#0}::{closure#0}::{closure#0}
[INFO] [stdout]                                at /opt/rustwide/cargo-home/registry/src/index.crates.io-1949cf8c6b5b557f/tokio-1.53.1/src/runtime/scheduler/current_thread/mod.rs:830:70
[INFO] [stdout]   25:     0x5ab591aab235 - tokio[e25de22979d11fa6]::task::coop::with_budget::<core[df12db4294e9bfd3]::task::poll::Poll<()>, <tokio[e25de22979d11fa6]::runtime::scheduler::current_thread::CoreGuard>::block_on<core[df12db4294e9bfd3]::pin::Pin<&mut core[df12db4294e9bfd3]::pin::Pin<&mut dyn core[df12db4294e9bfd3]::future::future::Future<Output = ()>>>>::{closure#0}::{closure#0}::{closure#0}>
[INFO] [stdout]                                at /opt/rustwide/cargo-home/registry/src/index.crates.io-1949cf8c6b5b557f/tokio-1.53.1/src/task/coop/mod.rs:167:5
[INFO] [stdout]   26:     0x5ab591aab235 - tokio[e25de22979d11fa6]::task::coop::budget::<core[df12db4294e9bfd3]::task::poll::Poll<()>, <tokio[e25de22979d11fa6]::runtime::scheduler::current_thread::CoreGuard>::block_on<core[df12db4294e9bfd3]::pin::Pin<&mut core[df12db4294e9bfd3]::pin::Pin<&mut dyn core[df12db4294e9bfd3]::future::future::Future<Output = ()>>>>::{closure#0}::{closure#0}::{closure#0}>
[INFO] [stdout]                                at /opt/rustwide/cargo-home/registry/src/index.crates.io-1949cf8c6b5b557f/tokio-1.53.1/src/task/coop/mod.rs:133:5
[INFO] [stdout]   27:     0x5ab591aab235 - <tokio[e25de22979d11fa6]::runtime::scheduler::current_thread::CoreGuard>::block_on::<core[df12db4294e9bfd3]::pin::Pin<&mut core[df12db4294e9bfd3]::pin::Pin<&mut dyn core[df12db4294e9bfd3]::future::future::Future<Output = ()>>>>::{closure#0}::{closure#0}
[INFO] [stdout]                                at /opt/rustwide/cargo-home/registry/src/index.crates.io-1949cf8c6b5b557f/tokio-1.53.1/src/runtime/scheduler/current_thread/mod.rs:830:25
[INFO] [stdout]   28:     0x5ab591aa2cf2 - <tokio[e25de22979d11fa6]::runtime::scheduler::current_thread::Context>::enter::<core[df12db4294e9bfd3]::task::poll::Poll<()>, <tokio[e25de22979d11fa6]::runtime::scheduler::current_thread::CoreGuard>::block_on<core[df12db4294e9bfd3]::pin::Pin<&mut core[df12db4294e9bfd3]::pin::Pin<&mut dyn core[df12db4294e9bfd3]::future::future::Future<Output = ()>>>>::{closure#0}::{closure#0}>
[INFO] [stdout]                                at /opt/rustwide/cargo-home/registry/src/index.crates.io-1949cf8c6b5b557f/tokio-1.53.1/src/runtime/scheduler/current_thread/mod.rs:488:19
[INFO] [stdout]   29:     0x5ab591aa92cd - <tokio[e25de22979d11fa6]::runtime::scheduler::current_thread::CoreGuard>::block_on::<core[df12db4294e9bfd3]::pin::Pin<&mut core[df12db4294e9bfd3]::pin::Pin<&mut dyn core[df12db4294e9bfd3]::future::future::Future<Output = ()>>>>::{closure#0}
[INFO] [stdout]                                at /opt/rustwide/cargo-home/registry/src/index.crates.io-1949cf8c6b5b557f/tokio-1.53.1/src/runtime/scheduler/current_thread/mod.rs:829:44
[INFO] [stdout]   30:     0x5ab591aa8564 - <tokio[e25de22979d11fa6]::runtime::scheduler::current_thread::CoreGuard>::enter::<<tokio[e25de22979d11fa6]::runtime::scheduler::current_thread::CoreGuard>::block_on<core[df12db4294e9bfd3]::pin::Pin<&mut core[df12db4294e9bfd3]::pin::Pin<&mut dyn core[df12db4294e9bfd3]::future::future::Future<Output = ()>>>>::{closure#0}, core[df12db4294e9bfd3]::option::Option<()>>::{closure#0}
[INFO] [stdout]                                at /opt/rustwide/cargo-home/registry/src/index.crates.io-1949cf8c6b5b557f/tokio-1.53.1/src/runtime/scheduler/current_thread/mod.rs:906:68
[INFO] [stdout]   31:     0x5ab591ac9beb - <tokio[e25de22979d11fa6]::runtime::context::scoped::Scoped<tokio[e25de22979d11fa6]::runtime::scheduler::Context>>::set::<<tokio[e25de22979d11fa6]::runtime::scheduler::current_thread::CoreGuard>::enter<<tokio[e25de22979d11fa6]::runtime::scheduler::current_thread::CoreGuard>::block_on<core[df12db4294e9bfd3]::pin::Pin<&mut core[df12db4294e9bfd3]::pin::Pin<&mut dyn core[df12db4294e9bfd3]::future::future::Future<Output = ()>>>>::{closure#0}, core[df12db4294e9bfd3]::option::Option<()>>::{closure#0}, (alloc[2182bb758b4b3781]::boxed::Box<tokio[e25de22979d11fa6]::runtime::scheduler::current_thread::Core>, core[df12db4294e9bfd3]::option::Option<()>)>
[INFO] [stdout]                                at /opt/rustwide/cargo-home/registry/src/index.crates.io-1949cf8c6b5b557f/tokio-1.53.1/src/runtime/context/scoped.rs:40:9
[INFO] [stdout]   32:     0x5ab591aa11a9 - tokio[e25de22979d11fa6]::runtime::context::set_scheduler::<(alloc[2182bb758b4b3781]::boxed::Box<tokio[e25de22979d11fa6]::runtime::scheduler::current_thread::Core>, core[df12db4294e9bfd3]::option::Option<()>), <tokio[e25de22979d11fa6]::runtime::scheduler::current_thread::CoreGuard>::enter<<tokio[e25de22979d11fa6]::runtime::scheduler::current_thread::CoreGuard>::block_on<core[df12db4294e9bfd3]::pin::Pin<&mut core[df12db4294e9bfd3]::pin::Pin<&mut dyn core[df12db4294e9bfd3]::future::future::Future<Output = ()>>>>::{closure#0}, core[df12db4294e9bfd3]::option::Option<()>>::{closure#0}>::{closure#0}
[INFO] [stdout]                                at /opt/rustwide/cargo-home/registry/src/index.crates.io-1949cf8c6b5b557f/tokio-1.53.1/src/runtime/context.rs:187:38
[INFO] [stdout]   33:     0x5ab591aaca5f - <std[70759c8f55707aa4]::thread::local::LocalKey<tokio[e25de22979d11fa6]::runtime::context::Context>>::try_with::<tokio[e25de22979d11fa6]::runtime::context::set_scheduler<(alloc[2182bb758b4b3781]::boxed::Box<tokio[e25de22979d11fa6]::runtime::scheduler::current_thread::Core>, core[df12db4294e9bfd3]::option::Option<()>), <tokio[e25de22979d11fa6]::runtime::scheduler::current_thread::CoreGuard>::enter<<tokio[e25de22979d11fa6]::runtime::scheduler::current_thread::CoreGuard>::block_on<core[df12db4294e9bfd3]::pin::Pin<&mut core[df12db4294e9bfd3]::pin::Pin<&mut dyn core[df12db4294e9bfd3]::future::future::Future<Output = ()>>>>::{closure#0}, core[df12db4294e9bfd3]::option::Option<()>>::{closure#0}>::{closure#0}, (alloc[2182bb758b4b3781]::boxed::Box<tokio[e25de22979d11fa6]::runtime::scheduler::current_thread::Core>, core[df12db4294e9bfd3]::option::Option<()>)>
[INFO] [stdout]                                at /rustc/dfb0accb7f508ae8be965d8629557221c889dd98/library/std/src/thread/local.rs:463:12
[INFO] [stdout]   34:     0x5ab591aac60e - <std[70759c8f55707aa4]::thread::local::LocalKey<tokio[e25de22979d11fa6]::runtime::context::Context>>::with::<tokio[e25de22979d11fa6]::runtime::context::set_scheduler<(alloc[2182bb758b4b3781]::boxed::Box<tokio[e25de22979d11fa6]::runtime::scheduler::current_thread::Core>, core[df12db4294e9bfd3]::option::Option<()>), <tokio[e25de22979d11fa6]::runtime::scheduler::current_thread::CoreGuard>::enter<<tokio[e25de22979d11fa6]::runtime::scheduler::current_thread::CoreGuard>::block_on<core[df12db4294e9bfd3]::pin::Pin<&mut core[df12db4294e9bfd3]::pin::Pin<&mut dyn core[df12db4294e9bfd3]::future::future::Future<Output = ()>>>>::{closure#0}, core[df12db4294e9bfd3]::option::Option<()>>::{closure#0}>::{closure#0}, (alloc[2182bb758b4b3781]::boxed::Box<tokio[e25de22979d11fa6]::runtime::scheduler::current_thread::Core>, core[df12db4294e9bfd3]::option::Option<()>)>
[INFO] [stdout]                                at /rustc/dfb0accb7f508ae8be965d8629557221c889dd98/library/std/src/thread/local.rs:427:20
[INFO] [stdout]   35:     0x5ab591aa0b2d - tokio[e25de22979d11fa6]::runtime::context::set_scheduler::<(alloc[2182bb758b4b3781]::boxed::Box<tokio[e25de22979d11fa6]::runtime::scheduler::current_thread::Core>, core[df12db4294e9bfd3]::option::Option<()>), <tokio[e25de22979d11fa6]::runtime::scheduler::current_thread::CoreGuard>::enter<<tokio[e25de22979d11fa6]::runtime::scheduler::current_thread::CoreGuard>::block_on<core[df12db4294e9bfd3]::pin::Pin<&mut core[df12db4294e9bfd3]::pin::Pin<&mut dyn core[df12db4294e9bfd3]::future::future::Future<Output = ()>>>>::{closure#0}, core[df12db4294e9bfd3]::option::Option<()>>::{closure#0}>
[INFO] [stdout]                                at /opt/rustwide/cargo-home/registry/src/index.crates.io-1949cf8c6b5b557f/tokio-1.53.1/src/runtime/context.rs:187:17
[INFO] [stdout]   36:     0x5ab591aa56a0 - <tokio[e25de22979d11fa6]::runtime::scheduler::current_thread::CoreGuard>::enter::<<tokio[e25de22979d11fa6]::runtime::scheduler::current_thread::CoreGuard>::block_on<core[df12db4294e9bfd3]::pin::Pin<&mut core[df12db4294e9bfd3]::pin::Pin<&mut dyn core[df12db4294e9bfd3]::future::future::Future<Output = ()>>>>::{closure#0}, core[df12db4294e9bfd3]::option::Option<()>>
[INFO] [stdout]                                at /opt/rustwide/cargo-home/registry/src/index.crates.io-1949cf8c6b5b557f/tokio-1.53.1/src/runtime/scheduler/current_thread/mod.rs:906:27
[INFO] [stdout]   37:     0x5ab591aa5996 - <tokio[e25de22979d11fa6]::runtime::scheduler::current_thread::CoreGuard>::block_on::<core[df12db4294e9bfd3]::pin::Pin<&mut core[df12db4294e9bfd3]::pin::Pin<&mut dyn core[df12db4294e9bfd3]::future::future::Future<Output = ()>>>>
[INFO] [stdout]                                at /opt/rustwide/cargo-home/registry/src/index.crates.io-1949cf8c6b5b557f/tokio-1.53.1/src/runtime/scheduler/current_thread/mod.rs:817:24
[INFO] [stdout]   38:     0x5ab591aa8310 - <tokio[e25de22979d11fa6]::runtime::scheduler::current_thread::CurrentThread>::block_on::<core[df12db4294e9bfd3]::pin::Pin<&mut dyn core[df12db4294e9bfd3]::future::future::Future<Output = ()>>>::{closure#0}
[INFO] [stdout]                                at /opt/rustwide/cargo-home/registry/src/index.crates.io-1949cf8c6b5b557f/tokio-1.53.1/src/runtime/scheduler/current_thread/mod.rs:218:33
[INFO] [stdout]   39:     0x5ab591aa6938 - tokio[e25de22979d11fa6]::runtime::context::runtime::enter_runtime::<<tokio[e25de22979d11fa6]::runtime::scheduler::current_thread::CurrentThread>::block_on<core[df12db4294e9bfd3]::pin::Pin<&mut dyn core[df12db4294e9bfd3]::future::future::Future<Output = ()>>>::{closure#0}, ()>
[INFO] [stdout]                                at /opt/rustwide/cargo-home/registry/src/index.crates.io-1949cf8c6b5b557f/tokio-1.53.1/src/runtime/context/runtime.rs:65:16
[INFO] [stdout]   40:     0x5ab591aa22d4 - <tokio[e25de22979d11fa6]::runtime::scheduler::current_thread::CurrentThread>::block_on::<core[df12db4294e9bfd3]::pin::Pin<&mut dyn core[df12db4294e9bfd3]::future::future::Future<Output = ()>>>
[INFO] [stdout]                                at /opt/rustwide/cargo-home/registry/src/index.crates.io-1949cf8c6b5b557f/tokio-1.53.1/src/runtime/scheduler/current_thread/mod.rs:206:9
[INFO] [stdout]   41:     0x5ab591aac04f - <tokio[e25de22979d11fa6]::runtime::runtime::Runtime>::block_on_inner::<core[df12db4294e9bfd3]::pin::Pin<&mut dyn core[df12db4294e9bfd3]::future::future::Future<Output = ()>>>
[INFO] [stdout]                                at /opt/rustwide/cargo-home/registry/src/index.crates.io-1949cf8c6b5b557f/tokio-1.53.1/src/runtime/runtime.rs:374:52
[INFO] [stdout]   42:     0x5ab591aac19b - <tokio[e25de22979d11fa6]::runtime::runtime::Runtime>::block_on::<core[df12db4294e9bfd3]::pin::Pin<&mut dyn core[df12db4294e9bfd3]::future::future::Future<Output = ()>>>
[INFO] [stdout]                                at /opt/rustwide/cargo-home/registry/src/index.crates.io-1949cf8c6b5b557f/tokio-1.53.1/src/runtime/runtime.rs:343:18
[INFO] [stdout]   43:     0x5ab591a4b11e - supervisor[f71f85a0a74c994c]::a_queued_requests_fresh_deadline_starts_only_once_it_is_sent
[INFO] [stdout]                                at /opt/rustwide/workdir/core/host/tests/supervisor.rs:330:6
[INFO] [stdout]   44:     0x5ab591a32577 - supervisor[f71f85a0a74c994c]::a_queued_requests_fresh_deadline_starts_only_once_it_is_sent::{closure#0}
[INFO] [stdout]                                at /opt/rustwide/workdir/core/host/tests/supervisor.rs:310:72
[INFO] [stdout]   45:     0x5ab591a85396 - <supervisor[f71f85a0a74c994c]::a_queued_requests_fresh_deadline_starts_only_once_it_is_sent::{closure#0} as core[df12db4294e9bfd3]::ops::function::FnOnce<()>>::call_once
[INFO] [stdout]                                at /rustc/dfb0accb7f508ae8be965d8629557221c889dd98/library/core/src/ops/function.rs:250:5
[INFO] [stdout]   46:     0x5ab591ae724b - <fn() -> core[df12db4294e9bfd3]::result::Result<(), alloc[2182bb758b4b3781]::string::String> as core[df12db4294e9bfd3]::ops::function::FnOnce<()>>::call_once
[INFO] [stdout]                                at /rustc/dfb0accb7f508ae8be965d8629557221c889dd98/library/core/src/ops/function.rs:250:5
[INFO] [stdout]   47:     0x5ab591ae724b - test[9d35eded1c95d3be]::__rust_begin_short_backtrace::<core[df12db4294e9bfd3]::result::Result<(), alloc[2182bb758b4b3781]::string::String>, fn() -> core[df12db4294e9bfd3]::result::Result<(), alloc[2182bb758b4b3781]::string::String>>
[INFO] [stdout]                                at /rustc/dfb0accb7f508ae8be965d8629557221c889dd98/library/test/src/lib.rs:733:18
[INFO] [stdout]   48:     0x5ab591af48b5 - test[9d35eded1c95d3be]::run_test_in_process::{closure#0}
[INFO] [stdout]                                at /rustc/dfb0accb7f508ae8be965d8629557221c889dd98/library/test/src/lib.rs:756:74
[INFO] [stdout]   49:     0x5ab591af48b5 - <core[df12db4294e9bfd3]::panic::unwind_safe::AssertUnwindSafe<test[9d35eded1c95d3be]::run_test_in_process::{closure#0}> as core[df12db4294e9bfd3]::ops::function::FnOnce<()>>::call_once
[INFO] [stdout]                                at /rustc/dfb0accb7f508ae8be965d8629557221c889dd98/library/core/src/panic/unwind_safe.rs:275:9
[INFO] [stdout]   50:     0x5ab591af48b5 - std[70759c8f55707aa4]::panicking::catch_unwind::do_call::<core[df12db4294e9bfd3]::panic::unwind_safe::AssertUnwindSafe<test[9d35eded1c95d3be]::run_test_in_process::{closure#0}>, core[df12db4294e9bfd3]::result::Result<(), alloc[2182bb758b4b3781]::string::String>>
[INFO] [stdout]                                at /rustc/dfb0accb7f508ae8be965d8629557221c889dd98/library/std/src/panicking.rs:576:43
[INFO] [stdout]   51:     0x5ab591af48b5 - std[70759c8f55707aa4]::panicking::catch_unwind::<core[df12db4294e9bfd3]::result::Result<(), alloc[2182bb758b4b3781]::string::String>, core[df12db4294e9bfd3]::panic::unwind_safe::AssertUnwindSafe<test[9d35eded1c95d3be]::run_test_in_process::{closure#0}>>
[INFO] [stdout]                                at /rustc/dfb0accb7f508ae8be965d8629557221c889dd98/library/std/src/panicking.rs:544:19
[INFO] [stdout]   52:     0x5ab591af48b5 - std[70759c8f55707aa4]::panic::catch_unwind::<core[df12db4294e9bfd3]::panic::unwind_safe::AssertUnwindSafe<test[9d35eded1c95d3be]::run_test_in_process::{closure#0}>, core[df12db4294e9bfd3]::result::Result<(), alloc[2182bb758b4b3781]::string::String>>
[INFO] [stdout]                                at /rustc/dfb0accb7f508ae8be965d8629557221c889dd98/library/std/src/panic.rs:359:14
[INFO] [stdout]   53:     0x5ab591af48b5 - test[9d35eded1c95d3be]::run_test_in_process
[INFO] [stdout]                                at /rustc/dfb0accb7f508ae8be965d8629557221c889dd98/library/test/src/lib.rs:756:27
[INFO] [stdout]   54:     0x5ab591af48b5 - test[9d35eded1c95d3be]::run_test::{closure#0}
[INFO] [stdout]                                at /rustc/dfb0accb7f508ae8be965d8629557221c889dd98/library/test/src/lib.rs:677:43
[INFO] [stdout]   55:     0x5ab591aee174 - test[9d35eded1c95d3be]::run_test::{closure#1}
[INFO] [stdout]                                at /rustc/dfb0accb7f508ae8be965d8629557221c889dd98/library/test/src/lib.rs:707:41
[INFO] [stdout]   56:     0x5ab591aee174 - std[70759c8f55707aa4]::sys::backtrace::__rust_begin_short_backtrace::<test[9d35eded1c95d3be]::run_test::{closure#1}, ()>
[INFO] [stdout]                                at /rustc/dfb0accb7f508ae8be965d8629557221c889dd98/library/std/src/sys/backtrace.rs:166:18
[INFO] [stdout]   57:     0x5ab591af7a12 - std[70759c8f55707aa4]::thread::lifecycle::spawn_unchecked::<test[9d35eded1c95d3be]::run_test::{closure#1}, ()>::{closure#1}::{closure#0}
[INFO] [stdout]                                at /rustc/dfb0accb7f508ae8be965d8629557221c889dd98/library/std/src/thread/lifecycle.rs:70:13
[INFO] [stdout]   58:     0x5ab591af7a12 - <core[df12db4294e9bfd3]::panic::unwind_safe::AssertUnwindSafe<std[70759c8f55707aa4]::thread::lifecycle::spawn_unchecked<test[9d35eded1c95d3be]::run_test::{closure#1}, ()>::{closure#1}::{closure#0}> as core[df12db4294e9bfd3]::ops::function::FnOnce<()>>::call_once
[INFO] [stdout]                                at /rustc/dfb0accb7f508ae8be965d8629557221c889dd98/library/core/src/panic/unwind_safe.rs:275:9
[INFO] [stdout]   59:     0x5ab591af7a12 - std[70759c8f55707aa4]::panicking::catch_unwind::do_call::<core[df12db4294e9bfd3]::panic::unwind_safe::AssertUnwindSafe<std[70759c8f55707aa4]::thread::lifecycle::spawn_unchecked<test[9d35eded1c95d3be]::run_test::{closure#1}, ()>::{closure#1}::{closure#0}>, ()>
[INFO] [stdout]                                at /rustc/dfb0accb7f508ae8be965d8629557221c889dd98/library/std/src/panicking.rs:576:43
[INFO] [stdout]   60:     0x5ab591af7a12 - std[70759c8f55707aa4]::panicking::catch_unwind::<(), core[df12db4294e9bfd3]::panic::unwind_safe::AssertUnwindSafe<std[70759c8f55707aa4]::thread::lifecycle::spawn_unchecked<test[9d35eded1c95d3be]::run_test::{closure#1}, ()>::{closure#1}::{closure#0}>>
[INFO] [stdout]                                at /rustc/dfb0accb7f508ae8be965d8629557221c889dd98/library/std/src/panicking.rs:544:19
[INFO] [stdout]   61:     0x5ab591af7a12 - std[70759c8f55707aa4]::panic::catch_unwind::<core[df12db4294e9bfd3]::panic::unwind_safe::AssertUnwindSafe<std[70759c8f55707aa4]::thread::lifecycle::spawn_unchecked<test[9d35eded1c95d3be]::run_test::{closure#1}, ()>::{closure#1}::{closure#0}>, ()>
[INFO] [stdout]                                at /rustc/dfb0accb7f508ae8be965d8629557221c889dd98/library/std/src/panic.rs:359:14
[INFO] [stdout]   62:     0x5ab591af7a12 - std[70759c8f55707aa4]::thread::lifecycle::spawn_unchecked::<test[9d35eded1c95d3be]::run_test::{closure#1}, ()>::{closure#1}
[INFO] [stdout]                                at /rustc/dfb0accb7f508ae8be965d8629557221c889dd98/library/std/src/thread/lifecycle.rs:68:26
[INFO] [stdout]   63:     0x5ab591af7a12 - <std[70759c8f55707aa4]::thread::lifecycle::spawn_unchecked<test[9d35eded1c95d3be]::run_test::{closure#1}, ()>::{closure#1} as core[df12db4294e9bfd3]::ops::function::FnOnce<()>>::call_once::{shim:vtable#0}
[INFO] [stdout]                                at /rustc/dfb0accb7f508ae8be965d8629557221c889dd98/library/core/src/ops/function.rs:250:5
[INFO] [stdout]   64:     0x5ab591c80af9 - <alloc[2182bb758b4b3781]::boxed::Box<dyn core[df12db4294e9bfd3]::ops::function::FnOnce<(), Output = ()> + core[df12db4294e9bfd3]::marker::Send> as core[df12db4294e9bfd3]::ops::function::FnOnce<()>>::call_once
[INFO] [stdout]                                at /rustc/dfb0accb7f508ae8be965d8629557221c889dd98/library/alloc/src/boxed.rs:2320:9
[INFO] [stdout]   65:     0x5ab591c80af9 - <std[70759c8f55707aa4]::sys::thread::unix::Thread>::new::thread_start
[INFO] [stdout]                                at /rustc/dfb0accb7f508ae8be965d8629557221c889dd98/library/std/src/sys/thread/unix.rs:123:17
[INFO] [stdout]   66:     0x7e2ff81a9dfa - <unknown>
[INFO] [stdout]   67:     0x7e2ff823d3d4 - clone
[INFO] [stdout]   68:                0x0 - <unknown>
[INFO] [stdout] 
[INFO] [stdout] 
[INFO] [stdout] failures:
[INFO] [stdout]     a_queued_requests_fresh_deadline_starts_only_once_it_is_sent
[INFO] [stdout] 
[INFO] [stdout] test result: FAILED. 34 passed; 1 failed; 0 ignored; 0 measured; 0 filtered out; finished in 3.35s
[INFO] [stdout] 
[INFO] [stderr] error: test failed, to rerun pass `-p sumer-host --test supervisor`
[INFO] running `Command { std: "docker" "inspect" "95166cdf00711efb04e6af680d31bc7bae34c755a876004da6f6b9a6e4a9c371", kill_on_drop: false }`
[INFO] running `Command { std: "docker" "rm" "-f" "95166cdf00711efb04e6af680d31bc7bae34c755a876004da6f6b9a6e4a9c371", kill_on_drop: false }`
[INFO] [stdout] 95166cdf00711efb04e6af680d31bc7bae34c755a876004da6f6b9a6e4a9c371
