[INFO] fetching crate syster-lsp 0.5.1-alpha...
[INFO] testing syster-lsp-0.5.1-alpha against 1.100.0-beta.1 for beta-1.100-3
[INFO] extracting crate syster-lsp 0.5.1-alpha into /workspace/builds/worker-6-tc2/source
[INFO] started tweaking crates.io crate syster-lsp 0.5.1-alpha
[INFO] removed 0 missing tests
[INFO] finished tweaking crates.io crate syster-lsp 0.5.1-alpha
[INFO] tweaked toml for crates.io crate syster-lsp 0.5.1-alpha written to /workspace/builds/worker-6-tc2/source/Cargo.toml
[INFO] validating manifest of crates.io crate syster-lsp 0.5.1-alpha on toolchain 1.100.0-beta.1
[INFO] running `Command { std: CARGO_HOME="/workspace/cargo-home" RUSTUP_HOME="/workspace/rustup-home" "/workspace/cargo-home/bin/cargo" "+1.100.0-beta.1" "metadata" "--manifest-path" "Cargo.toml" "--no-deps", kill_on_drop: false }`
[INFO] crate crates.io crate syster-lsp 0.5.1-alpha already has a lockfile, it will not be regenerated
[INFO] running `Command { std: CARGO_HOME="/workspace/cargo-home" RUSTUP_HOME="/workspace/rustup-home" "/workspace/cargo-home/bin/cargo" "+1.100.0-beta.1" "fetch" "--manifest-path" "Cargo.toml", kill_on_drop: false }`
[INFO] running `Command { std: "docker" "create" "-v" "/var/lib/crater-agent-workspace/builds/worker-6-tc2/source:/opt/rustwide/workdir:ro,Z" "-v" "/var/lib/crater-agent-workspace/builds/worker-6-tc2/target:/opt/rustwide/target:rw,Z" "-v" "/var/lib/crater-agent-workspace/cargo-home:/opt/rustwide/cargo-home:ro,Z" "-v" "/var/lib/crater-agent-workspace/rustup-home:/opt/rustwide/rustup-home:ro,Z" "-m" "1610612736" "--network" "none" "ghcr.io/rust-lang/crates-build-env/linux@sha256:77db811e55d90add9212f6832c23229e3de5f1c1f9905e8cb07319ea15df73ac" "sleep" "infinity", kill_on_drop: false }`
[INFO] [stdout] e2393df2e1ff7d99d9aace4ad36d4a2c2184f5d698bcc3a355304ad8722e5501
[INFO] running `Command { std: "docker" "start" "e2393df2e1ff7d99d9aace4ad36d4a2c2184f5d698bcc3a355304ad8722e5501", kill_on_drop: false }`
[INFO] running `Command { std: "docker" "inspect" "e2393df2e1ff7d99d9aace4ad36d4a2c2184f5d698bcc3a355304ad8722e5501", kill_on_drop: false }`
[INFO] running `Command { std: "docker" "exec" "-e" "SOURCE_DIR=/opt/rustwide/workdir" "-e" "CARGO_HOME=/opt/rustwide/cargo-home" "-e" "RUSTUP_HOME=/opt/rustwide/rustup-home" "-e" "CARGO_TARGET_DIR=/opt/rustwide/target" "-w" "/opt/rustwide/workdir" "--user" "0:0" "e2393df2e1ff7d99d9aace4ad36d4a2c2184f5d698bcc3a355304ad8722e5501" "/opt/rustwide/cargo-home/bin/cargo" "+1.100.0-beta.1" "metadata" "--no-deps" "--format-version=1", kill_on_drop: false }`
[INFO] running `Command { std: "docker" "inspect" "e2393df2e1ff7d99d9aace4ad36d4a2c2184f5d698bcc3a355304ad8722e5501", kill_on_drop: false }`
[INFO] running `Command { std: "docker" "exec" "-e" "SOURCE_DIR=/opt/rustwide/workdir" "-e" "CARGO_HOME=/opt/rustwide/cargo-home" "-e" "RUSTUP_HOME=/opt/rustwide/rustup-home" "-e" "CARGO_TARGET_DIR=/opt/rustwide/target" "-e" "CARGO_INCREMENTAL=0" "-e" "RUST_BACKTRACE=full" "-e" "RUSTFLAGS=--cap-lints=warn" "-e" "RUSTDOCFLAGS=--cap-lints=warn" "-w" "/opt/rustwide/workdir" "--user" "0:0" "e2393df2e1ff7d99d9aace4ad36d4a2c2184f5d698bcc3a355304ad8722e5501" "/opt/rustwide/cargo-home/bin/cargo" "+1.100.0-beta.1" "build" "--frozen" "--message-format=json", kill_on_drop: false }`
[INFO] [stderr]    Compiling unicode-ident v1.0.24
[INFO] [stderr]    Compiling quote v1.0.46
[INFO] [stderr]    Compiling smallvec v1.15.2
[INFO] [stderr]    Compiling crossbeam-utils v0.8.22
[INFO] [stderr]    Compiling zerocopy v0.8.53
[INFO] [stderr]    Compiling serde_core v1.0.228
[INFO] [stderr]    Compiling memchr v2.8.2
[INFO] [stderr]    Compiling serde v1.0.228
[INFO] [stderr]    Compiling ahash v0.8.12
[INFO] [stderr]    Compiling crossbeam-epoch v0.9.20
[INFO] [stderr]    Compiling semver v1.0.28
[INFO] [stderr]    Compiling tracing-core v0.1.36
[INFO] [stderr]    Compiling crossbeam-deque v0.8.7
[INFO] [stderr]    Compiling lazy_static v1.5.0
[INFO] [stderr]    Compiling crc32fast v1.5.0
[INFO] [stderr]    Compiling rustversion v1.0.23
[INFO] [stderr]    Compiling proc-macro2 v1.0.106
[INFO] [stderr]    Compiling simd-adler32 v0.3.9
[INFO] [stderr]    Compiling parking_lot_core v0.9.12
[INFO] [stderr]    Compiling log v0.4.33
[INFO] [stderr]    Compiling serde_json v1.0.150
[INFO] [stderr]    Compiling rayon-core v1.13.0
[INFO] [stderr]    Compiling regex-syntax v0.8.11
[INFO] [stderr]    Compiling rustc_version v0.4.1
[INFO] [stderr]    Compiling bytes v1.12.0
[INFO] [stderr]    Compiling parking_lot v0.12.5
[INFO] [stderr]    Compiling fnv v1.0.7
[INFO] [stderr]    Compiling beef v0.5.2
[INFO] [stderr]    Compiling rustix v1.1.4
[INFO] [stderr]    Compiling adler2 v2.0.1
[INFO] [stderr]    Compiling getrandom v0.4.3
[INFO] [stderr]    Compiling form_urlencoded v1.2.2
[INFO] [stderr]    Compiling miniz_oxide v0.8.9
[INFO] [stderr]    Compiling zip v2.4.2
[INFO] [stderr]    Compiling logos-codegen v0.15.1
[INFO] [stderr]    Compiling linux-raw-sys v0.12.1
[INFO] [stderr]    Compiling syn v2.0.118
[INFO] [stderr]    Compiling either v1.16.0
[INFO] [stderr]    Compiling bumpalo v3.20.3
[INFO] [stderr]    Compiling bitflags v2.13.0
[INFO] [stderr]    Compiling crossbeam-queue v0.3.13
[INFO] [stderr]    Compiling boxcar v0.2.14
[INFO] [stderr]    Compiling text-size v1.1.1
[INFO] [stderr]    Compiling salsa-macro-rules v0.1.0
[INFO] [stderr]    Compiling unsafe-libyaml v0.2.11
[INFO] [stderr]    Compiling zopfli v0.8.3
[INFO] [stderr]    Compiling countme v3.0.1
[INFO] [stderr]    Compiling tower-layer v0.3.3
[INFO] [stderr]    Compiling rustc-hash v2.1.3
[INFO] [stderr]    Compiling tower-service v0.3.3
[INFO] [stderr]    Compiling uuid v1.23.4
[INFO] [stderr]    Compiling quick-xml v0.37.5
[INFO] [stderr]    Compiling arc-swap v1.9.2
[INFO] [stderr]    Compiling tracing-log v0.2.0
[INFO] [stderr]    Compiling flate2 v1.1.9
[INFO] [stderr]    Compiling sharded-slab v0.1.7
[INFO] [stderr]    Compiling thread_local v1.1.9
[INFO] [stderr]    Compiling smol_str v0.3.6
[INFO] [stderr]    Compiling rayon v1.12.0
[INFO] [stderr]    Compiling nu-ansi-term v0.50.3
[INFO] [stderr]    Compiling syster-lsp v0.5.1-alpha (/opt/rustwide/workdir)
[INFO] [stderr]    Compiling tower v0.5.3
[INFO] [stderr]    Compiling tracing-subscriber v0.3.23
[INFO] [stderr]    Compiling waitpid-any v0.3.0
[INFO] [stderr]    Compiling hashbrown v0.14.5
[INFO] [stderr]    Compiling hashlink v0.9.1
[INFO] [stderr]    Compiling dashmap v6.2.1
[INFO] [stderr]    Compiling rowan v0.16.1
[INFO] [stderr]    Compiling synstructure v0.13.2
[INFO] [stderr]    Compiling zerofrom-derive v0.1.7
[INFO] [stderr]    Compiling yoke-derive v0.8.2
[INFO] [stderr]    Compiling displaydoc v0.2.6
[INFO] [stderr]    Compiling zerovec-derive v0.11.3
[INFO] [stderr]    Compiling serde_derive v1.0.228
[INFO] [stderr]    Compiling futures-macro v0.3.32
[INFO] [stderr]    Compiling thiserror-impl v2.0.18
[INFO] [stderr]    Compiling tokio-macros v2.7.0
[INFO] [stderr]    Compiling tracing-attributes v0.1.31
[INFO] [stderr]    Compiling salsa-macros v0.18.0
[INFO] [stderr]    Compiling serde_repr v0.1.20
[INFO] [stderr]    Compiling tokio v1.52.3
[INFO] [stderr]    Compiling futures-util v0.3.32
[INFO] [stderr]    Compiling zerofrom v0.1.8
[INFO] [stderr]    Compiling logos-derive v0.15.1
[INFO] [stderr]    Compiling thiserror v2.0.18
[INFO] [stderr]    Compiling yoke v0.8.3
[INFO] [stderr]    Compiling tracing v0.1.44
[INFO] [stderr]    Compiling logos v0.15.1
[INFO] [stderr]    Compiling zerovec v0.11.6
[INFO] [stderr]    Compiling zerotrie v0.2.4
[INFO] [stderr]    Compiling salsa v0.18.0
[INFO] [stderr]    Compiling tinystr v0.8.3
[INFO] [stderr]    Compiling potential_utf v0.1.5
[INFO] [stderr]    Compiling icu_collections v2.2.0
[INFO] [stderr]    Compiling icu_locale_core v2.2.0
[INFO] [stderr]    Compiling icu_provider v2.2.0
[INFO] [stderr]    Compiling icu_properties v2.2.0
[INFO] [stderr]    Compiling icu_normalizer v2.2.0
[INFO] [stderr]    Compiling serde_yaml v0.9.34+deprecated
[INFO] [stderr]    Compiling futures-executor v0.3.32
[INFO] [stderr]    Compiling futures v0.3.32
[INFO] [stderr]    Compiling idna_adapter v1.2.2
[INFO] [stderr]    Compiling idna v1.1.0
[INFO] [stderr]    Compiling url v2.5.8
[INFO] [stderr]    Compiling lsp-types v0.95.1
[INFO] [stderr]    Compiling tokio-util v0.7.18
[INFO] [stderr]    Compiling syster-base v0.5.1-alpha
[INFO] [stderr]    Compiling async-lsp v0.2.4
[INFO] [stderr]     Finished `dev` profile [unoptimized + debuginfo] target(s) in 24.50s
[INFO] running `Command { std: "docker" "inspect" "e2393df2e1ff7d99d9aace4ad36d4a2c2184f5d698bcc3a355304ad8722e5501", kill_on_drop: false }`
[INFO] running `Command { std: "docker" "exec" "-e" "SOURCE_DIR=/opt/rustwide/workdir" "-e" "CARGO_HOME=/opt/rustwide/cargo-home" "-e" "RUSTUP_HOME=/opt/rustwide/rustup-home" "-e" "CARGO_TARGET_DIR=/opt/rustwide/target" "-e" "CARGO_INCREMENTAL=0" "-e" "RUST_BACKTRACE=full" "-e" "RUSTFLAGS=--cap-lints=warn" "-e" "RUSTDOCFLAGS=--cap-lints=warn" "-w" "/opt/rustwide/workdir" "--user" "0:0" "e2393df2e1ff7d99d9aace4ad36d4a2c2184f5d698bcc3a355304ad8722e5501" "/opt/rustwide/cargo-home/bin/cargo" "+1.100.0-beta.1" "test" "--frozen" "--no-run" "--message-format=json", kill_on_drop: false }`
[INFO] [stderr]    Compiling syster-lsp v0.5.1-alpha (/opt/rustwide/workdir)
[INFO] [stderr]     Finished `test` profile [unoptimized + debuginfo] target(s) in 5.74s
[INFO] running `Command { std: "docker" "inspect" "e2393df2e1ff7d99d9aace4ad36d4a2c2184f5d698bcc3a355304ad8722e5501", kill_on_drop: false }`
[INFO] running `Command { std: "docker" "exec" "-e" "SOURCE_DIR=/opt/rustwide/workdir" "-e" "CARGO_HOME=/opt/rustwide/cargo-home" "-e" "RUSTUP_HOME=/opt/rustwide/rustup-home" "-e" "CARGO_TARGET_DIR=/opt/rustwide/target" "-e" "CARGO_INCREMENTAL=0" "-e" "RUST_BACKTRACE=full" "-e" "RUSTFLAGS=--cap-lints=warn" "-e" "RUSTDOCFLAGS=--cap-lints=warn" "-w" "/opt/rustwide/workdir" "--user" "0:0" "e2393df2e1ff7d99d9aace4ad36d4a2c2184f5d698bcc3a355304ad8722e5501" "/opt/rustwide/cargo-home/bin/cargo" "+1.100.0-beta.1" "test" "--frozen", kill_on_drop: false }`
[INFO] [stderr]     Finished `test` profile [unoptimized + debuginfo] target(s) in 0.23s
[INFO] [stderr]      Running unittests src/lib.rs (/opt/rustwide/target/debug/build/syster-lsp/1ffe13e46e1e91c0/out/syster_lsp-1ffe13e46e1e91c0)
[INFO] [stdout] 
[INFO] [stdout] running 458 tests
[INFO] [stdout] test server::diagram::tests::test_convert_import_symbol_returns_none ... ok
[INFO] [stdout] test server::diagram::tests::test_convert_definition_symbol ... ok
[INFO] [stdout] test server::diagram::tests::test_convert_usage_symbol ... ok
[INFO] [stdout] test server::diagram::tests::test_convert_alias_symbol_returns_none ... ok
[INFO] [stdout] test server::diagram::tests::test_convert_package_symbol ... ok
[INFO] [stdout] test server::diagram::tests::test_definition_kind_format ... ok
[INFO] [stdout] test server::diagram::tests::test_diagram_data_serialization ... ok
[INFO] [stdout] test server::diagram::tests::test_diagram_symbol_serialization ... ok
[INFO] [stdout] test server::diagram::tests::test_extract_parent ... ok
[INFO] [stdout] test server::diagram::tests::test_get_diagram_params_default_view_type ... ok
[INFO] [stdout] test server::diagram::tests::test_get_diagram_params_explicit_view_type ... ok
[INFO] [stdout] test server::diagram::tests::test_get_diagram_params_no_uri ... ok
[INFO] [stdout] test server::diagram::tests::test_usage_kind_format ... ok
[INFO] [stdout] test server::tests::tests_code_lens::test_code_lens_invalid_uri ... ok
[INFO] [stdout] test server::tests::tests_code_lens::test_code_lens_classifier ... ok
[INFO] [stdout] test server::tests::tests_core_lspserver::test_folding_ranges_character_positions ... ok
[INFO] [stdout] test server::tests::tests_code_lens::test_code_lens_no_references ... ok
[INFO] [stdout] test server::tests::tests_code_lens::test_code_lens_multiple_references ... ok
[INFO] [stdout] test server::tests::tests_code_lens::test_code_lens_features_with_references ... ok
[INFO] [stdout] test server::tests::tests_core_lspserver::test_folding_ranges_empty_file ... ok
[INFO] [stdout] test server::tests::tests_code_lens::test_code_lens_usages_with_references ... ok
[INFO] [stdout] test server::tests::tests_code_lens::test_code_lens_basic ... ok
[INFO] [stdout] test server::tests::tests_core_lspserver::test_folding_ranges_deeply_nested_packages ... ok
[INFO] [stdout] test server::tests::tests_core_lspserver::test_folding_ranges_comment_validity ... ok
[INFO] [stdout] test server::tests::tests_core_lspserver::test_folding_ranges_basic_package ... ok
[INFO] [stdout] test server::tests::tests_core_lspserver::test_folding_ranges_nonexistent_file ... ok
[INFO] [stdout] test server::tests::tests_core_lspserver::test_folding_ranges_has_region_kinds ... ok
[INFO] [stdout] test server::tests::tests_core_lspserver::test_folding_ranges_kerml_file ... ok
[INFO] [stdout] test server::tests::tests_core_lspserver::test_folding_ranges_multiple_top_level_elements ... ok
[INFO] [stdout] test server::tests::tests_core_lspserver::test_folding_ranges_only_comments ... ok
[INFO] [stdout] test server::tests::tests_core_lspserver::test_folding_ranges_single_line_no_fold ... ok
[INFO] [stdout] test server::tests::tests_core_lspserver::test_folding_ranges_line_boundaries ... ok
[INFO] [stdout] test server::tests::tests_core_lspserver::test_folding_ranges_nested_structures ... ok
[INFO] [stdout] test server::tests::tests_core_lspserver::test_folding_ranges_mixed_kerml_sysml_syntax ... ok
[INFO] [stdout] test server::tests::tests_core_lspserver::test_folding_ranges_sort_stability ... ok
[INFO] [stdout] test server::tests::tests_core_lspserver::test_inlay_hints_basic_structure ... ok
[INFO] [stdout] test server::tests::tests_core_lspserver::test_inlay_hints_nonexistent_file ... ok
[INFO] [stdout] test server::tests::tests_core_lspserver::test_inlay_hints_out_of_bounds_range ... ok
[INFO] [stdout] test server::tests::tests_core_lspserver::test_inlay_hints_empty_file ... ok
[INFO] [stdout] test server::tests::tests_core_lspserver::test_folding_ranges_with_comments ... ok
[INFO] [stdout] test server::tests::tests_core_lspserver::test_inlay_hints_multiline_range ... ok
[INFO] [stdout] test server::tests::tests_core_lspserver::test_folding_ranges_with_attributes ... ok
[INFO] [stdout] test server::tests::tests_core_lspserver::test_inlay_hints_multiple_files ... ok
[INFO] [stdout] test server::tests::tests_core_lspserver::test_inlay_hints_padding_fields ... ok
[INFO] [stdout] test server::tests::tests_core_lspserver::test_inlay_hints_position_accuracy ... ok
[INFO] [stdout] test server::tests::tests_core_lspserver::test_inlay_hints_parameter_hints ... ok
[INFO] [stdout] test server::tests::tests_core_lspserver::test_selection_ranges_ascii_positions ... ok
[INFO] [stdout] test server::tests::tests_core_lspserver::test_inlay_hints_label_format ... ok
[INFO] [stdout] test server::tests::tests_core_lspserver::test_inlay_hints_type_annotations ... ok
[INFO] [stdout] test server::tests::tests_core_lspserver::test_inlay_hints_specific_range ... ok
[INFO] [stdout] test server::tests::tests_core_lspserver::test_selection_ranges_at_line_end ... ok
[INFO] [stdout] test server::tests::tests_core_lspserver::test_selection_ranges_basic_element ... ok
[INFO] [stdout] test server::tests::tests_core_lspserver::test_inlay_hints_kind_assignment ... ok
[INFO] [stdout] test server::tests::tests_core_lspserver::test_selection_ranges_between_elements ... ok
[INFO] [stdout] test server::tests::tests_core_lspserver::test_selection_ranges_at_line_start ... ok
[INFO] [stdout] test server::tests::tests_core_lspserver::test_inlay_hints_zero_width_range ... ok
[INFO] [stdout] test server::tests::tests_core_lspserver::test_selection_ranges_build_chain_single_span ... ok
[INFO] [stdout] test server::tests::tests_core_lspserver::test_selection_ranges_build_chain_ordering ... ok
[INFO] [stdout] test server::tests::tests_core_lspserver::test_selection_ranges_chain_ordering ... ok
[INFO] [stdout] test server::tests::tests_core_lspserver::test_selection_ranges_default_range_validity ... ok
[INFO] [stdout] test server::tests::tests_core_lspserver::test_selection_ranges_nonexistent_file ... ok
[INFO] [stdout] test server::tests::tests_core_lspserver::test_selection_ranges_empty_file ... ok
[INFO] [stdout] test server::tests::tests_core_lspserver::test_selection_ranges_chain_parent_exists ... ok
[INFO] [stdout] test server::tests::tests_core_lspserver::test_selection_ranges_out_of_bounds ... ok
[INFO] [stdout] test server::tests::tests_core_lspserver::test_selection_ranges_nested_structure ... ok
[INFO] [stdout] test server::tests::tests_core_lspserver::test_selection_ranges_same_position_multiple_times ... ok
[INFO] [stdout] test server::tests::tests_core_lspserver::test_selection_ranges_multiple_positions_independence ... ok
[INFO] [stdout] test server::tests::tests_core_lspserver::test_selection_ranges_empty_positions_vec ... ok
[INFO] [stdout] test server::tests::tests_core_lspserver::test_semantic_tokens_legend_has_required_types ... ok
[INFO] [stdout] test server::tests::tests_core_lspserver::test_semantic_tokens_legend_no_modifiers ... ok
[INFO] [stdout] test server::tests::tests_core_lspserver::test_selection_ranges_whitespace_position ... ok
[INFO] [stdout] test server::tests::tests_core_lspserver::test_semantic_tokens_nonexistent_file ... ok
[INFO] [stdout] test server::tests::tests_core_lspserver::test_semantic_tokens_basic_package ... ok
[INFO] [stdout] test server::tests::tests_core_lspserver::test_semantic_tokens_empty_file ... ok
[INFO] [stdout] test server::tests::tests_core_lspserver::test_semantic_tokens_legend_consistent ... ok
[INFO] [stdout] test server::tests::tests_document_links::test_document_links_empty_file ... ok
[INFO] [stdout] test server::tests::tests_core_lspserver::test_semantic_tokens_utf16_encoding ... ok
[INFO] [stdout] test server::tests::tests_core_lspserver::test_selection_ranges_multiple_positions ... ok
[INFO] [stdout] test server::tests::tests_document_links::test_document_links_invalid_file ... ok
[INFO] [stdout] test server::tests::tests_core_lspserver::test_semantic_tokens_multiple_symbols ... ok
[INFO] [stdout] test server::tests::tests_core_lspserver::test_semantic_tokens_multiline_structure ... ok
[INFO] [stdout] test server::tests::tests_document_links::test_document_links_no_imports ... ok
[INFO] [stdout] test server::tests::tests_core_lspserver::test_semantic_tokens_with_index ... ok
[INFO] [stdout] test server::tests::tests_document_links::test_document_links_kerml_file ... ok
[INFO] [stdout] test server::tests::tests_document_links::test_document_links_nonexistent_import ... ok
[INFO] [stdout] test server::tests::tests_document_links::test_document_links_multiple_imports ... ok
[INFO] [stdout] test server::tests::tests_document_links::test_document_links_specialization ... ok
[INFO] [stdout] test server::tests::tests_document_links::test_document_links_sysml_file ... ok
[INFO] [stdout] test server::tests::tests_formatting::test_format_preserves_comments ... ok
[INFO] [stdout] test server::tests::tests_formatting::test_format_nested_kerml ... ok
[INFO] [stdout] test server::tests::tests_formatting::test_format_with_tabs ... ok
[INFO] [stdout] test server::tests::tests_formatting::test_lsp_format_normalizes_whitespace ... ok
[INFO] [stdout] test server::tests::tests_formatting::test_format_basic_kerml ... ok
[INFO] [stdout] test server::tests::tests_document_links::test_document_links_typing ... ok
[INFO] [stdout] test server::tests::tests_formatting::test_format_normalizes_excessive_whitespace ... ok
[INFO] [stdout] test server::tests::tests_document_links::test_document_links_multiple_type_references ... ok
[INFO] [stdout] test server::tests::tests_helpers::test_apply_text_edit_across_lines ... ok
[INFO] [stdout] test server::tests::tests_helpers::test_apply_text_edit_insertion ... ok
[INFO] [stdout] test server::tests::tests_helpers::test_apply_text_edit_beyond_char_offset ... ok
[INFO] [stdout] test server::tests::tests_formatting::test_lsp_range_format_normalizes_whitespace ... ok
[INFO] [stdout] test server::tests::tests_helpers::test_apply_text_edit_complete_replacement ... ok
[INFO] [stdout] test server::tests::tests_helpers::test_apply_text_edit_deletion ... ok
[INFO] [stdout] test server::tests::tests_helpers::test_apply_text_edit_invalid_range ... ok
[INFO] [stdout] test server::tests::tests_helpers::test_apply_text_edit_empty_text ... ok
[INFO] [stdout] test server::tests::tests_helpers::test_apply_text_edit_out_of_bounds_line ... ok
[INFO] [stdout] test server::tests::tests_helpers::test_apply_text_edit_multi_line ... ok
[INFO] [stdout] test server::tests::tests_document_links::test_document_links_subsetting ... ok
[INFO] [stdout] test server::tests::tests_helpers::test_apply_text_edit_simple_replacement ... ok
[INFO] [stdout] test server::tests::tests_document_links::test_document_links_wildcard_import ... ok
[INFO] [stdout] test server::tests::tests_helpers::test_char_offset_to_byte_ascii ... ok
[INFO] [stdout] test server::tests::tests_helpers::test_apply_text_edit_with_unicode ... ok
[INFO] [stdout] test server::tests::tests_helpers::test_char_offset_to_byte_emoji ... ok
[INFO] [stdout] test server::tests::tests_helpers::test_char_offset_to_byte_empty_string ... ok
[INFO] [stdout] test server::tests::tests_helpers::test_char_offset_to_byte_mixed_content ... ok
[INFO] [stdout] test server::tests::tests_helpers::test_char_offset_to_byte_multi_byte_utf8 ... ok
[INFO] [stdout] test server::tests::tests_helpers::test_char_offset_to_utf16_ascii ... ok
[INFO] [stdout] test server::tests::tests_helpers::test_char_offset_to_utf16_emoji ... ok
[INFO] [stdout] test server::tests::tests_helpers::test_char_offset_to_utf16_empty_string ... ok
[INFO] [stdout] test server::tests::tests_helpers::test_char_offset_to_utf16_mixed_content ... ok
[INFO] [stdout] test server::tests::tests_helpers::test_char_offset_to_utf16_multiple_emoji ... ok
[INFO] [stdout] test server::tests::tests_helpers::test_char_offset_to_utf16_unicode_characters ... ok
[INFO] [stdout] test server::tests::tests_helpers::test_decode_uri_component_mixed ... ok
[INFO] [stdout] test server::tests::tests_helpers::test_position_to_byte_offset_single_line ... ok
[INFO] [stdout] test server::tests::tests_helpers::test_position_to_byte_offset_out_of_bounds ... ok
[INFO] [stdout] test server::tests::tests_helpers::test_position_to_byte_offset_empty_text ... ok
[INFO] [stdout] test server::tests::tests_helpers::test_position_to_byte_offset_end_of_document ... ok
[INFO] [stdout] test server::tests::tests_helpers::test_position_to_byte_offset_multi_line ... ok
[INFO] [stdout] test server::tests::tests_helpers::test_decode_uri_component_no_encoding ... ok
[INFO] [stdout] test server::tests::tests_helpers::test_decode_uri_component_with_special_chars ... ok
[INFO] [stdout] test server::tests::tests_helpers_apply_text_edit::test_apply_text_edit_add_sysml_annotation ... ok
[INFO] [stdout] test server::tests::tests_helpers_apply_text_edit::test_apply_text_edit_at_document_end ... ok
[INFO] [stdout] test server::tests::tests_helpers_apply_text_edit::test_apply_text_edit_at_document_start ... ok
[INFO] [stdout] test server::tests::tests_helpers_apply_text_edit::test_apply_text_edit_at_line_boundary ... ok
[INFO] [stdout] test server::tests::tests_helpers_apply_text_edit::test_apply_text_edit_beyond_char_offset ... ok
[INFO] [stdout] test server::tests::tests_helpers_apply_text_edit::test_apply_text_edit_complete_replacement ... ok
[INFO] [stdout] test server::tests::tests_helpers_apply_text_edit::test_apply_text_edit_deletion ... ok
[INFO] [stdout] test server::tests::tests_helpers_apply_text_edit::test_apply_text_edit_emoji_at_boundaries ... ok
[INFO] [stdout] test server::tests::tests_helpers_apply_text_edit::test_apply_text_edit_empty_replacement ... ok
[INFO] [stdout] test server::tests::tests_helpers_apply_text_edit::test_apply_text_edit_empty_text ... ok
[INFO] [stdout] test server::tests::tests_helpers_apply_text_edit::test_apply_text_edit_entire_document ... ok
[INFO] [stdout] test server::tests::tests_helpers_apply_text_edit::test_apply_text_edit_insert_at_line_end ... ok
[INFO] [stdout] test server::tests::tests_helpers_apply_text_edit::test_apply_text_edit_insert_at_line_start ... ok
[INFO] [stdout] test server::tests::tests_helpers::test_position_to_byte_offset_with_unicode ... ok
[INFO] [stdout] test server::tests::tests_helpers::test_decode_uri_component_with_spaces ... ok
[INFO] [stdout] test server::tests::tests_helpers::test_url_path_segments_needs_decoding ... ok
[INFO] [stdout] test server::tests::tests_helpers_apply_text_edit::test_apply_text_edit_across_lines ... ok
[INFO] [stdout] test server::tests::tests_helpers_apply_text_edit::test_apply_text_edit_insertion ... ok
[INFO] [stdout] test server::tests::tests_helpers_apply_text_edit::test_apply_text_edit_invalid_range_start_after_end ... ok
[INFO] [stdout] test server::tests::tests_helpers_apply_text_edit::test_apply_text_edit_mixed_unicode ... ok
[INFO] [stdout] test server::tests::tests_helpers_apply_text_edit::test_apply_text_edit_no_change ... ok
[INFO] [stdout] test server::tests::tests_helpers_apply_text_edit::test_apply_text_edit_out_of_bounds_line ... ok
[INFO] [stdout] test server::tests::tests_helpers_apply_text_edit::test_apply_text_edit_large_replacement ... ok
[INFO] [stdout] test server::tests::tests_helpers_apply_text_edit::test_apply_text_edit_multiple_lines ... ok
[INFO] [stdout] test server::tests::tests_helpers_apply_text_edit::test_apply_text_edit_large_text ... ok
[INFO] [stdout] test server::tests::tests_helpers_apply_text_edit::test_apply_text_edit_sysml_identifier ... ok
[INFO] [stdout] test server::tests::tests_helpers_apply_text_edit::test_apply_text_edit_sysml_keyword ... ok
[INFO] [stdout] test server::tests::tests_helpers_apply_text_edit::test_apply_text_edit_many_lines ... ok
[INFO] [stdout] test server::tests::tests_helpers_apply_text_edit::test_apply_text_edit_tabs_and_spaces ... ok
[INFO] [stdout] test server::tests::tests_helpers_apply_text_edit::test_apply_text_edit_unicode_multiline ... ok
[INFO] [stdout] test server::tests::tests_helpers_apply_text_edit::test_apply_text_edit_with_emoji ... ok
[INFO] [stdout] test server::tests::tests_helpers_apply_text_edit::test_apply_text_edit_with_unicode ... ok
[INFO] [stdout] test server::tests::tests_helpers_apply_text_edit::test_apply_text_edit_zero_length_range ... ok
[INFO] [stdout] test server::tests::tests_helpers_char_offset_to_byte::test_arabic_characters ... ok
[INFO] [stdout] test server::tests::tests_helpers_char_offset_to_byte::test_ascii_full_string ... ok
[INFO] [stdout] test server::tests::tests_helpers_char_offset_to_byte::test_ascii_offset_beyond_length ... ok
[INFO] [stdout] test server::tests::tests_helpers_char_offset_to_byte::test_ascii_single_char ... ok
[INFO] [stdout] test server::tests::tests_helpers_char_offset_to_byte::test_ascii_zero_offset ... ok
[INFO] [stdout] test server::tests::tests_helpers_char_offset_to_byte::test_ascii_multiple_chars ... ok
[INFO] [stdout] test server::tests::tests_helpers_char_offset_to_byte::test_combining_diacritics ... ok
[INFO] [stdout] test server::tests::tests_helpers_char_offset_to_byte::test_chinese_characters ... ok
[INFO] [stdout] test server::tests::tests_helpers_char_offset_to_byte::test_cyrillic_characters ... ok
[INFO] [stdout] test server::tests::tests_helpers_char_offset_to_byte::test_empty_string ... ok
[INFO] [stdout] test server::tests::tests_helpers_char_offset_to_byte::test_grapheme_cluster_emoji ... ok
[INFO] [stdout] test server::tests::tests_helpers_char_offset_to_byte::test_idempotent_at_length ... ok
[INFO] [stdout] test server::tests::tests_helpers_char_offset_to_byte::test_empty_string_with_offset ... ok
[INFO] [stdout] test server::tests::tests_helpers_char_offset_to_byte::test_import_statement_with_qualified_name ... ok
[INFO] [stdout] test server::tests::tests_helpers_char_offset_to_byte::test_integration_with_multiline_text ... ok
[INFO] [stdout] test server::tests::tests_helpers_char_offset_to_byte::test_long_ascii_string ... ok
[INFO] [stdout] test server::tests::tests_helpers_char_offset_to_byte::test_long_multibyte_string ... ok
[INFO] [stdout] test server::tests::tests_helpers_char_offset_to_byte::test_monotonic_increase ... ok
[INFO] [stdout] test server::tests::tests_helpers_char_offset_to_byte::test_multiple_emojis ... ok
[INFO] [stdout] test server::tests::tests_helpers_apply_text_edit::test_apply_text_edit_replace_middle_word ... ok
[INFO] [stdout] test server::tests::tests_helpers_char_offset_to_byte::test_round_trip_consistency ... ok
[INFO] [stdout] test server::tests::tests_helpers_apply_text_edit::test_apply_text_edit_preserve_leading_whitespace ... ok
[INFO] [stdout] test server::tests::tests_helpers_char_offset_to_byte::test_mixed_ascii_and_multibyte ... ok
[INFO] [stdout] test server::tests::tests_helpers_char_offset_to_byte::test_single_2byte_char ... ok
[INFO] [stdout] test server::tests::tests_helpers_char_offset_to_byte::test_single_3byte_char ... ok
[INFO] [stdout] test server::tests::tests_helpers_apply_text_edit::test_apply_text_edit_single_character ... ok
[INFO] [stdout] test server::tests::tests_helpers_char_offset_to_byte::test_single_4byte_emoji ... ok
[INFO] [stdout] test server::tests::tests_helpers_apply_text_edit::test_apply_text_edit_start_line_out_of_bounds ... ok
[INFO] [stdout] test server::tests::tests_helpers_apply_text_edit::test_apply_text_edit_single_line_in_multiline ... ok
[INFO] [stdout] test server::tests::tests_helpers_apply_text_edit::test_apply_text_edit_sysml_block ... ok
[INFO] [stdout] test server::tests::tests_helpers_apply_text_edit::test_apply_text_edit_preserve_trailing_whitespace ... ok
[INFO] [stdout] test server::tests::tests_helpers_char_offset_to_byte::test_sysml_code_with_unicode_identifier ... ok
[INFO] [stdout] test server::tests::tests_helpers_apply_text_edit::test_apply_text_edit_simple_replacement ... ok
[INFO] [stdout] test server::tests::tests_helpers_char_offset_to_byte::test_special_unicode_symbols ... ok
[INFO] [stdout] test server::tests::tests_helpers_char_offset_to_byte::test_whitespace_only ... ok
[INFO] [stdout] test server::tests::tests_helpers_char_offset_to_byte::test_zero_width_joiner ... ok
[INFO] [stdout] test server::tests::tests_helpers_char_offset_to_utf16::test_ascii_char_equals_utf16 ... ok
[INFO] [stdout] test server::tests::tests_helpers_char_offset_to_utf16::test_arabic_characters ... ok
[INFO] [stdout] test server::tests::tests_helpers_char_offset_to_utf16::test_ascii_full_string ... ok
[INFO] [stdout] test server::tests::tests_helpers_char_offset_to_utf16::test_ascii_offset_beyond_length ... ok
[INFO] [stdout] test server::tests::tests_helpers_char_offset_to_byte::test_sysml_comment_with_emoji ... ok
[INFO] [stdout] test server::tests::tests_helpers_char_offset_to_utf16::test_ascii_single_char ... ok
[INFO] [stdout] test server::tests::tests_helpers_char_offset_to_utf16::test_ascii_zero_offset ... ok
[INFO] [stdout] test server::tests::tests_helpers_char_offset_to_utf16::test_attribute_with_greek_symbol ... ok
[INFO] [stdout] test server::tests::tests_helpers_char_offset_to_byte::test_tabs_and_newlines ... ok
[INFO] [stdout] test server::tests::tests_helpers_char_offset_to_utf16::test_checkmark_symbol ... ok
[INFO] [stdout] test server::tests::tests_helpers_char_offset_to_utf16::test_chinese_characters ... ok
[INFO] [stdout] test server::tests::tests_helpers_char_offset_to_utf16::test_combining_diacritics ... ok
[INFO] [stdout] test server::tests::tests_helpers_char_offset_to_utf16::test_consistency_with_string_encode_utf16 ... ok
[INFO] [stdout] test server::tests::tests_helpers_char_offset_to_utf16::test_cyrillic_characters ... ok
[INFO] [stdout] test server::tests::tests_helpers_char_offset_to_utf16::test_emoji_at_start ... ok
[INFO] [stdout] test server::tests::tests_helpers_char_offset_to_utf16::test_alternating_ascii_emoji ... ok
[INFO] [stdout] test server::tests::tests_helpers_char_offset_to_utf16::test_emoji_doubles_utf16_count ... ok
[INFO] [stdout] test server::tests::tests_helpers_char_offset_to_utf16::test_emoji_with_text ... ok
[INFO] [stdout] test server::tests::tests_helpers_char_offset_to_utf16::test_ascii_multiple_chars ... ok
[INFO] [stdout] test server::tests::tests_helpers_char_offset_to_utf16::test_empty_string ... ok
[INFO] [stdout] test server::tests::tests_helpers_char_offset_to_utf16::test_euro_sign ... ok
[INFO] [stdout] test server::tests::tests_helpers_char_offset_to_utf16::test_grapheme_cluster_emoji ... ok
[INFO] [stdout] test server::tests::tests_helpers_char_offset_to_utf16::test_idempotent_at_length ... ok
[INFO] [stdout] test server::tests::tests_helpers_char_offset_to_utf16::test_import_statement_with_qualified_name ... ok
[INFO] [stdout] test server::tests::tests_helpers_char_offset_to_utf16::test_all_bmp_chars_equal_utf16 ... ok
[INFO] [stdout] test server::tests::tests_helpers_char_offset_to_utf16::test_long_ascii_string ... ok
[INFO] [stdout] test server::tests::tests_helpers_char_offset_to_utf16::test_long_bmp_unicode_string ... ok
[INFO] [stdout] test server::tests::tests_helpers_char_offset_to_utf16::test_empty_string_with_offset ... ok
[INFO] [stdout] test server::tests::tests_helpers_char_offset_to_byte::test_sysml_code_ascii ... ok
[INFO] [stdout] test server::tests::tests_helpers_char_offset_to_utf16::test_long_emoji_string ... ok
[INFO] [stdout] test server::tests::tests_helpers_char_offset_to_utf16::test_mixed_ascii_and_emoji ... ok
[INFO] [stdout] test server::tests::tests_helpers_char_offset_to_utf16::test_mixed_unicode_and_emoji ... ok
[INFO] [stdout] test server::tests::tests_helpers_char_offset_to_utf16::test_monotonic_increase ... ok
[INFO] [stdout] test server::tests::tests_helpers_char_offset_to_utf16::test_multiple_emojis ... ok
[INFO] [stdout] test server::tests::tests_helpers_char_offset_to_utf16::test_musical_symbols ... ok
[INFO] [stdout] test server::tests::tests_helpers_char_offset_to_utf16::test_newline_characters ... ok
[INFO] [stdout] test server::tests::tests_helpers_char_offset_to_utf16::test_offset_zero_always_returns_zero ... ok
[INFO] [stdout] test server::tests::tests_helpers_char_offset_to_utf16::test_only_emojis ... ok
[INFO] [stdout] test server::tests::tests_helpers_char_offset_to_utf16::test_partial_string_utf16_encoding ... ok
[INFO] [stdout] test server::tests::tests_helpers_char_offset_to_utf16::test_party_emojis ... ok
[INFO] [stdout] test server::tests::tests_helpers_char_offset_to_utf16::test_rocket_emoji ... ok
[INFO] [stdout] test server::background_tasks::tests::tests_background_tasks::test_debounce_independent_keys ... ok
[INFO] [stdout] test server::tests::tests_helpers_char_offset_to_utf16::test_single_accented_char ... ok
[INFO] [stdout] test server::tests::tests_helpers_char_offset_to_utf16::test_single_emoji ... ok
[INFO] [stdout] test server::tests::tests_helpers_char_offset_to_utf16::test_single_emoji_full_offset ... ok
[INFO] [stdout] test server::tests::tests_helpers_char_offset_to_utf16::test_special_unicode_arrows ... ok
[INFO] [stdout] test server::tests::tests_helpers_char_offset_to_utf16::test_sysml_code_ascii ... ok
[INFO] [stdout] test server::background_tasks::tests::tests_background_tasks::test_debounce_waits_before_emit ... ok
[INFO] [stdout] test server::tests::tests_helpers_char_offset_to_utf16::test_sysml_code_with_unicode_identifier ... ok
[INFO] [stdout] test server::tests::tests_helpers_char_offset_to_utf16::test_sysml_comment_with_emoji ... ok
[INFO] [stdout] test server::tests::tests_helpers_char_offset_to_utf16::test_very_large_offset ... ok
[INFO] [stdout] test server::tests::tests_helpers_char_offset_to_utf16::test_tabs_and_newlines ... ok
[INFO] [stdout] test server::tests::tests_helpers_char_offset_to_utf16::test_zero_width_joiner ... ok
[INFO] [stdout] test server::tests::tests_helpers_position_to_byte_offset::test_position_to_byte_offset_at_document_end ... ok
[INFO] [stdout] test server::tests::tests_helpers_position_to_byte_offset::test_position_to_byte_offset_beyond_document ... ok
[INFO] [stdout] test server::tests::tests_helpers_position_to_byte_offset::test_position_to_byte_offset_beyond_line_length ... ok
[INFO] [stdout] test server::tests::tests_helpers_position_to_byte_offset::test_position_to_byte_offset_crlf_edit_at_semicolon ... ok
[INFO] [stdout] test server::tests::tests_helpers_position_to_byte_offset::test_position_to_byte_offset_crlf_end_of_document ... ok
[INFO] [stdout] test server::tests::tests_helpers_position_to_byte_offset::test_position_to_byte_offset_crlf_multiline ... ok
[INFO] [stdout] test server::tests::tests_helpers_position_to_byte_offset::test_position_to_byte_offset_crlf_second_line_middle ... ok
[INFO] [stdout] test server::tests::tests_helpers_char_offset_to_utf16::test_whitespace_only ... ok
[INFO] [stdout] test server::tests::tests_helpers_position_to_byte_offset::test_position_to_byte_offset_crlf_second_line_start ... ok
[INFO] [stdout] test server::tests::tests_helpers_position_to_byte_offset::test_position_to_byte_offset_crlf_single_char_lines ... ok
[INFO] [stdout] test server::tests::tests_helpers_position_to_byte_offset::test_position_to_byte_offset_crlf_vs_lf_difference ... ok
[INFO] [stdout] test server::tests::tests_helpers_position_to_byte_offset::test_position_to_byte_offset_empty_document ... ok
[INFO] [stdout] test server::tests::tests_helpers_position_to_byte_offset::test_position_to_byte_offset_end_of_line ... ok
[INFO] [stdout] test server::tests::tests_helpers_position_to_byte_offset::test_position_to_byte_offset_middle_of_line ... ok
[INFO] [stdout] test server::tests::tests_helpers_position_to_byte_offset::test_position_to_byte_offset_multiline_complex ... ok
[INFO] [stdout] test server::tests::tests_helpers_position_to_byte_offset::test_position_to_byte_offset_newline_handling ... ok
[INFO] [stdout] test server::tests::tests_helpers_position_to_byte_offset::test_position_to_byte_offset_second_line_middle ... ok
[INFO] [stdout] test server::tests::tests_helpers_position_to_byte_offset::test_position_to_byte_offset_second_line_start ... ok
[INFO] [stdout] test server::tests::tests_helpers_position_to_byte_offset::test_position_to_byte_offset_start_of_document ... ok
[INFO] [stdout] test server::tests::tests_helpers_position_to_byte_offset::test_position_to_byte_offset_with_emoji ... ok
[INFO] [stdout] test server::tests::tests_helpers_position_to_byte_offset::test_position_to_byte_offset_with_unicode ... ok
[INFO] [stdout] test server::tests::tests_lsp_server_state::test_completion_empty_file ... ok
[INFO] [stdout] test server::tests::tests_lsp_server_state::test_completion_invalid_position ... ok
[INFO] [stdout] test server::tests::tests_lsp_server_state::test_completion_keywords ... ok
[INFO] [stdout] test server::tests::tests_lsp_server_state::test_did_change_full_sync ... ok
[INFO] [stdout] test server::tests::tests_lsp_server_state::test_definition_no_symbol ... ok
[INFO] [stdout] test server::tests::tests_lsp_server_state::test_did_change_incremental_delete ... ok
[INFO] [stdout] test server::tests::tests_lsp_server_state::test_did_change_incremental_insert ... ok
[INFO] [stdout] test server::tests::tests_lsp_server_state::test_definition_from_definition ... ok
[INFO] [stdout] test server::tests::tests_lsp_server_state::test_did_close_document ... ok
[INFO] [stdout] test server::tests::tests_lsp_server_state::test_definition_nested_elements ... ok
[INFO] [stdout] test server::tests::tests_lsp_server_state::test_did_close_nonexistent ... ok
[INFO] [stdout] test server::tests::tests_lsp_server_state::test_definition_basic ... ok
[INFO] [stdout] test server::tests::tests_lsp_server_state::test_completion_type_context ... ok
[INFO] [stdout] test server::tests::tests_lsp_server_state::test_did_open_multiple_documents ... ok
[INFO] [stdout] test server::tests::tests_lsp_server_state::test_did_change_incremental_replace ... ok
[INFO] [stdout] test server::tests::tests_lsp_server_state::test_did_open_valid_document ... ok
[INFO] [stdout] test server::tests::tests_lsp_server_state::test_document_symbol_nonexistent_file ... ok
[INFO] [stdout] test server::tests::tests_lsp_server_state::test_folding_range_empty_file ... ok
[INFO] [stdout] test server::tests::tests_lsp_server_state::test_did_open_invalid_document ... ok
[INFO] [stdout] test server::tests::tests_lsp_server_state::test_document_symbol_empty_file ... ok
[INFO] [stdout] test server::tests::tests_lsp_server_state::test_document_symbol_nested_hierarchy ... ok
[INFO] [stdout] test server::tests::tests_lsp_server_state::test_did_save_document ... ok
[INFO] [stdout] test server::tests::tests_lsp_server_state::test_folding_range_basic ... ok
[INFO] [stdout] test server::tests::tests_lsp_server_state::test_formatting_basic ... ok
[INFO] [stdout] test server::tests::tests_lsp_server_state::test_folding_range_nested ... ok
[INFO] [stdout] test server::tests::tests_lsp_server_state::test_folding_range_single_line ... ok
[INFO] [stdout] test server::tests::tests_lsp_server_state::test_formatting_empty_file ... ok
[INFO] [stdout] test server::tests::tests_lsp_server_state::test_initialize_with_custom_stdlib_path ... ok
[INFO] [stdout] test server::tests::tests_lsp_server_state::test_initialize_with_stdlib_disabled ... ok
[INFO] [stdout] test server::tests::tests_lsp_server_state::test_hover_no_symbol_at_position ... ok
[INFO] [stdout] test server::tests::tests_lsp_server_state::test_hover_basic ... ok
[INFO] [stdout] test server::tests::tests_lsp_server_state::test_hover_multiline_document ... ok
[INFO] [stdout] test server::tests::tests_lsp_server_state::test_hover_returns_range ... ok
[INFO] [stdout] test server::tests::tests_lsp_server_state::test_inlay_hint_empty_file ... ok
[INFO] [stdout] test server::tests::tests_lsp_server_state::test_initialize_returns_capabilities ... ok
[INFO] [stdout] test server::tests::tests_lsp_server_state::test_new_router_setup ... ok
[INFO] [stdout] test server::tests::tests_lsp_server_state::test_formatting_preserves_structure ... ok
[INFO] [stdout] test server::tests::tests_lsp_server_state::test_hover_with_specialization ... ok
[INFO] [stdout] test server::tests::tests_lsp_server_state::test_hover_with_typing_relationship ... ok
[INFO] [stdout] test server::tests::tests_lsp_server_state::test_prepare_rename_on_usage ... ok
[INFO] [stdout] test server::tests::tests_lsp_server_state::test_references_no_usages ... ok
[INFO] [stdout] test server::tests::tests_lsp_server_state::test_inlay_hint_basic ... ok
[INFO] [stdout] test server::tests::tests_lsp_server_state::test_references_exclude_declaration ... ok
[INFO] [stdout] test server::tests::tests_lsp_server_state::test_rename_basic ... ok
[INFO] [stdout] test server::tests::tests_lsp_server_state::test_prepare_rename_returns_correct_range ... ok
[INFO] [stdout] test server::tests::tests_lsp_server_state::test_references_basic ... ok
[INFO] [stdout] test server::tests::tests_lsp_server_state::test_document_symbol_basic ... ok
[INFO] [stdout] test server::tests::tests_lsp_server_state::test_rename_no_symbol ... ok
[INFO] [stdout] test server::tests::tests_lsp_server_state::test_prepare_rename_no_symbol ... ok
[INFO] [stdout] test server::tests::tests_lsp_server_state::test_rename_from_usage ... ok
[INFO] [stdout] test server::tests::tests_lsp_server_state::test_selection_range_basic ... ok
[INFO] [stdout] test server::tests::tests_lsp_server_state::test_selection_range_empty_file ... ok
[INFO] [stdout] test server::tests::tests_lsp_server_state::test_router_handles_multiple_operations ... ok
[INFO] [stdout] test server::tests::tests_lsp_server_state::test_rename_preserves_other_symbols ... ok
[INFO] [stdout] test server::tests::tests_lsp_server_state::test_semantic_tokens_full_empty_file ... ok
[INFO] [stdout] test server::tests::tests_lsp_server_state::test_selection_range_nested_structure ... ok
[INFO] [stdout] test server::tests::tests_lsp_server_state::test_selection_range_invalid_position ... ok
[INFO] [stdout] test server::tests::tests_lsp_server_state::test_prepare_rename_on_definition ... ok
[INFO] [stdout] test server::tests::tests_lsp_server_state::test_rename_with_multiple_usages ... ok
[INFO] [stdout] test server::tests::tests_lsp_server_state::test_selection_range_multiple_positions ... ok
[INFO] [stdout] test server::tests::tests_lsp_server_state::test_rename_qualified_name ... ok
[INFO] [stdout] test server::tests::tests_lsp_server_state::test_semantic_tokens_full_basic ... ok
[INFO] [stdout] test server::tests::tests_lsp_server_state::test_references_no_symbol ... ok
[INFO] [stdout] test server::tests::tests_lsp_server_state::test_inlay_hint_out_of_range ... ok
[INFO] [stdout] test server::tests::tests_lsp_server_state::test_semantic_tokens_full_nonexistent_file ... ok
[INFO] [stdout] test server::tests::tests_server::test_close_document ... ok
[INFO] [stdout] test server::tests::tests_lsp_server_state::test_semantic_tokens_full_multiline ... ok
[INFO] [stdout] test server::tests::tests_server::test_change_document ... ok
[INFO] [stdout] test server::tests::tests_lsp_server_state::test_semantic_tokens_full_with_index ... ok
[INFO] [stdout] test server::tests::tests_server::test_change_document_with_error ... ok
[INFO] [stdout] test server::tests::tests_server::test_change_nonexistent_document ... ok
[INFO] [stdout] test server::tests::tests_server::test_code_completion_file_types ... ok
[INFO] [stdout] test server::tests::tests_server::test_code_completion_keywords ... ok
[INFO] [stdout] test server::tests::tests_server::test_completion_empty_file ... ok
[INFO] [stdout] test server::tests::tests_server::test_completion_handles_invalid_position ... ok
[INFO] [stdout] test server::tests::tests_server::test_completion_after_specializes_suggests_compatible_types ... ok
[INFO] [stdout] test server::tests::tests_server::test_completion_filters_by_context ... ok
[INFO] [stdout] test server::tests::tests_server::test_completion_includes_imported_symbols ... ok
[INFO] [stdout] test server::tests::tests_server::test_completion_respects_scope ... ok
[INFO] [stdout] test server::tests::tests_server::test_cross_file_reference_resolution_basic ... ok
[INFO] [stdout] test server::tests::tests_server::test_dimension_one_unit_cross_file_resolution ... ok
[INFO] [stdout] test server::tests::tests_server::test_completion_in_incomplete_expression ... ok
[INFO] [stdout] test server::tests::tests_server::test_document_symbols ... ok
[INFO] [stdout] test server::tests::tests_server::test_document_symbols_deeply_nested ... ok
[INFO] [stdout] test server::tests::tests_server::test_document_symbols_mixed_hierarchy ... ok
[INFO] [stdout] test server::tests::tests_server::test_find_references_exclude_declaration ... ok
[INFO] [stdout] test server::background_tasks::tests::tests_background_tasks::test_debounce_stops_on_channel_close ... ok
[INFO] [stdout] test server::background_tasks::tests::tests_background_tasks::test_debounce_stops_on_emit_false ... ok
[INFO] [stdout] test server::tests::tests_server::test_find_references_no_references ... ok
[INFO] [stdout] test server::tests::tests_server::test_find_references_from_usage ... ok
[INFO] [stdout] test server::tests::tests_server::test_document_symbols_hierarchical ... ok
[INFO] [stdout] test server::tests::tests_server::test_find_references_nested_elements ... ok
[INFO] [stdout] test server::tests::tests_server::test_folding_ranges_attribute_def_with_body ... ok
[INFO] [stdout] test server::tests::tests_server::test_folding_ranges_enumeration_def ... ok
[INFO] [stdout] test server::tests::tests_server::test_folding_ranges_action_def ... ok
[INFO] [stdout] test server::tests::tests_server::test_folding_ranges_empty_file ... ok
[INFO] [stdout] test server::tests::tests_server::test_find_references_same_file ... ok
[INFO] [stdout] test server::tests::tests_server::test_folding_ranges_maintains_character_positions ... ok
[INFO] [stdout] test server::tests::tests_server::test_folding_ranges_for_definitions ... ok
[INFO] [stdout] test server::tests::tests_server::test_folding_ranges_deeply_nested ... ok
[INFO] [stdout] test server::tests::tests_server::test_folding_ranges_mixed_content ... ok
[INFO] [stdout] test server::tests::tests_server::test_folding_ranges_connection_def ... ok
[INFO] [stdout] test server::tests::tests_server::test_folding_ranges_no_single_line ... ok
[INFO] [stdout] test server::tests::tests_server::test_folding_ranges_multiline_comments ... ok
[INFO] [stdout] test server::tests::tests_server::test_folding_ranges_multiple_top_level_elements ... ok
[INFO] [stdout] test server::tests::tests_server::test_folding_ranges_interface_def ... ok
[INFO] [stdout] test server::tests::tests_server::test_get_diagnostics_for_nonexistent_file ... ok
[INFO] [stdout] test server::tests::tests_server::test_folding_ranges_nested_packages ... ok
[INFO] [stdout] test server::tests::tests_server::test_get_diagnostics_for_parse_error ... ok
[INFO] [stdout] test server::tests::tests_server::test_folding_ranges_nonexistent_file ... ok
[INFO] [stdout] test server::tests::tests_server::test_folding_ranges_part_def_with_body ... ok
[INFO] [stdout] test server::tests::tests_server::test_folding_ranges_sorted_output ... ok
[INFO] [stdout] test server::tests::tests_server::test_folding_ranges_requirement_def ... ok
[INFO] [stdout] test server::tests::tests_server::test_get_diagnostics_for_valid_file ... ok
[INFO] [stdout] test server::tests::tests_server::test_folding_ranges_whitespace_only ... ok
[INFO] [stdout] test server::tests::tests_server::test_folding_ranges_simple_package ... ok
[INFO] [stdout] test server::tests::tests_server::test_get_diagnostics_clears_on_fix ... ok
[INFO] [stdout] test server::tests::tests_server::test_hover_on_whitespace ... ok
[INFO] [stdout] test server::tests::tests_server::test_goto_definition_on_definition ... ok
[INFO] [stdout] test server::tests::tests_server::test_folding_ranges_with_imports ... ok
[INFO] [stdout] test server::tests::tests_server::test_goto_definition_nested_elements ... ok
[INFO] [stdout] test server::tests::tests_server::test_hover_multiline ... ok
[INFO] [stdout] test server::tests::tests_server::test_hover_assume_constraint_reference ... ok
[INFO] [stdout] test server::tests::tests_server::test_hover_shows_precise_range ... ok
[INFO] [stdout] test server::tests::tests_server::test_incremental_change_on_unopened_file ... ok
[INFO] [stdout] test server::tests::tests_server::test_hover_with_index ... ok
[INFO] [stdout] test server::tests::tests_server::test_hover_metadata_annotation_reference ... ok
[INFO] [stdout] test server::tests::tests_server::test_goto_definition_same_file ... ok
[INFO] [stdout] test server::tests::tests_server::test_hover_refinement_dependency_to_reference ... ok
[INFO] [stdout] test server::tests::tests_server::test_goto_definition_unknown_symbol ... ok
[INFO] [stdout] test server::tests::tests_server::test_hover_on_symbol ... ok
[INFO] [stdout] test server::tests::tests_server::test_incremental_change_preserves_diagnostics ... ok
[INFO] [stdout] test server::tests::tests_server::test_hover_on_unknown_symbol ... ok
[INFO] [stdout] test server::tests::tests_server::test_incremental_change_updates_references ... ok
[INFO] [stdout] test server::tests::tests_server::test_hover_derivation_connection_references ... ok
[INFO] [stdout] test server::tests::tests_server::test_incremental_insert_at_end_of_document ... ok
[INFO] [stdout] test server::tests::tests_server::test_incremental_delete_range ... ok
[INFO] [stdout] test server::tests::tests_server::test_incremental_insert_at_start ... ok
[INFO] [stdout] test server::tests::tests_server::test_open_unsupported_extension ... ok
[INFO] [stdout] test server::tests::tests_server::test_incremental_insert_in_middle ... ok
[INFO] [stdout] test server::tests::tests_server::test_open_invalid_sysml ... ok
[INFO] [stdout] test server::tests::tests_server::test_incremental_change_updates_semantic_tokens ... ok
[INFO] [stdout] test server::background_tasks::tests::tests_background_tasks::test_debounce_resets_on_same_key ... ok
[INFO] [stdout] test server::tests::tests_server::test_incremental_replace_range ... ok
[INFO] [stdout] test server::tests::tests_server::test_prepare_rename_returns_correct_range ... ok
[INFO] [stdout] test server::tests::tests_server::test_incremental_multiple_changes ... ok
[INFO] [stdout] test server::tests::tests_server::test_prepare_rename_on_usage ... ok
[INFO] [stdout] test server::tests::tests_server::test_prepare_rename_nonexistent_symbol ... ok
[INFO] [stdout] test server::tests::tests_server::test_measurement_references_file_directly ... ok
[INFO] [stdout] test server::tests::tests_server::test_references_symbol_not_found ... ok
[INFO] [stdout] test server::tests::tests_server::test_open_sysml_document ... ok
[INFO] [stdout] test server::tests::tests_server::test_references_across_files ... ok
[INFO] [stdout] test server::tests::tests_server::test_references_to_imported_symbol ... ok
[INFO] [stdout] test server::tests::tests_server::test_open_document_provides_semantic_tokens ... ok
[INFO] [stdout] test server::tests::tests_server::test_incremental_multiline_insert ... ok
[INFO] [stdout] test server::tests::tests_server::test_references_exclude_declaration ... ok
[INFO] [stdout] test server::tests::tests_server::test_references_with_include_declaration ... ok
[INFO] [stdout] test server::tests::tests_server::test_references_qualified_name_fallback ... ok
[INFO] [stdout] test server::tests::tests_server::test_new_file_then_incremental_update ... ok
[INFO] [stdout] test server::tests::tests_server::test_references_break_when_definition_renamed_without_usages ... ok
[INFO] [stdout] test server::tests::tests_server::test_rename_across_multiple_files ... ok
[INFO] [stdout] test server::tests::tests_server::test_references_with_shadowing ... ok
[INFO] [stdout] test server::tests::tests_server::test_rename_nonexistent_symbol ... ok
[INFO] [stdout] test server::tests::tests_server::test_rename_from_usage ... ok
[INFO] [stdout] test server::tests::tests_server::test_prepare_rename_on_definition ... ok
[INFO] [stdout] test server::tests::tests_server::test_rename_qualified_name ... ok
[INFO] [stdout] test server::tests::tests_server::test_rename_preserves_other_symbols ... ok
[INFO] [stdout] test server::tests::tests_server::test_open_kerml_file ... ok
[INFO] [stdout] test server::tests::tests_server::test_references_update_after_change_document ... ok
[INFO] [stdout] test server::tests::tests_server::test_rename_with_no_usages ... ok
[INFO] [stdout] test server::tests::tests_server::test_semantic_tokens_exact_positions ... ok
[INFO] [stdout] test server::tests::tests_server::test_semantic_tokens_stdlib_package_position ... ok
[INFO] [stdout] test server::tests::tests_server::test_rename_symbol ... ok
[INFO] [stdout] test server::tests::tests_server::test_semantic_tokens ... ok
[INFO] [stdout] test server::tests::tests_server::test_semantic_tokens_simple_vehicle_model ... ok
[INFO] [stdout] test server::tests::tests_server::test_server_creation ... ok
[INFO] [stdout] test server::tests::tests_server::test_workspace_symbols_query ... ok
[INFO] [stdout] test server::tests::tests_server::test_cross_file_stdlib_reference_resolution ... FAILED
[INFO] [stdout] test server::tests::tests_server::test_stdlib_files_actually_load ... FAILED
[INFO] [stdout] test server::tests::tests_views::test_get_sysml_views_returns_standard_views ... FAILED
[INFO] [stdout] test server::tests::tests_views::test_apply_view_implementation ... FAILED
[INFO] [stdout] test server::tests::tests_views::test_interconnection_view_filtering ... FAILED
[INFO] [stdout] test server::tests::tests_views::test_stdlib_loads_view_definitions ... FAILED
[INFO] [stdout] test server::tests::tests_views::test_view_def_symbol_names ... FAILED
[INFO] [stdout] test server::tests::tests_views::test_view_definitions_have_correct_qualified_names ... FAILED
[INFO] [stdout] test server::tests::tests_document_links::test_document_links_with_stdlib_import ... ok
[INFO] [stdout] 
[INFO] [stdout] failures:
[INFO] [stdout] 
[INFO] [stdout] ---- server::tests::tests_server::test_cross_file_stdlib_reference_resolution stdout ----
[INFO] [stdout] 
[INFO] [stdout] thread 'server::tests::tests_server::test_cross_file_stdlib_reference_resolution' (2498) panicked at src/server/tests/tests_server.rs:2223:38:
[INFO] [stdout] called `Result::unwrap()` on an `Err` value: "stdlib path does not exist: /opt/rustwide/target/debug/build/syster-lsp/1ffe13e46e1e91c0/sysml.library"
[INFO] [stdout] stack backtrace:
[INFO] [stdout]    0:     0x55bc9a6c8551 - std[617be2ca0a6fd877]::backtrace_rs::backtrace::libunwind::trace
[INFO] [stdout]                                at /rustc/e3feeb59cd1bdd011a2bfcc0747b55125d9b8527/library/std/src/../../backtrace/src/backtrace/libunwind.rs:117:9
[INFO] [stdout]    1:     0x55bc9a6c8551 - std[617be2ca0a6fd877]::backtrace_rs::backtrace::trace_unsynchronized::<std[617be2ca0a6fd877]::sys::backtrace::_print_fmt::{closure#1}>
[INFO] [stdout]                                at /rustc/e3feeb59cd1bdd011a2bfcc0747b55125d9b8527/library/std/src/../../backtrace/src/backtrace/mod.rs:66:14
[INFO] [stdout]    2:     0x55bc9a6c8551 - std[617be2ca0a6fd877]::sys::backtrace::_print_fmt
[INFO] [stdout]                                at /rustc/e3feeb59cd1bdd011a2bfcc0747b55125d9b8527/library/std/src/sys/backtrace.rs:74:9
[INFO] [stdout]    3:     0x55bc9a6c8551 - <<std[617be2ca0a6fd877]::sys::backtrace::BacktraceLock>::print::DisplayBacktrace as core[a373ad73a504971]::fmt::Display>::fmt
[INFO] [stdout]                                at /rustc/e3feeb59cd1bdd011a2bfcc0747b55125d9b8527/library/std/src/sys/backtrace.rs:44:26
[INFO] [stdout]    4:     0x55bc9a6de85a - <core[a373ad73a504971]::fmt::rt::Argument>::fmt
[INFO] [stdout]                                at /rustc/e3feeb59cd1bdd011a2bfcc0747b55125d9b8527/library/core/src/fmt/rt.rs:152:76
[INFO] [stdout]    5:     0x55bc9a6de85a - core[a373ad73a504971]::fmt::write
[INFO] [stdout]    6:     0x55bc9a6ccbfc - core[a373ad73a504971]::io::write::default_write_fmt::<alloc[2e1b2a31b91974c5]::vec::Vec<u8>>
[INFO] [stdout]                                at /rustc/e3feeb59cd1bdd011a2bfcc0747b55125d9b8527/library/core/src/io/write.rs:402:11
[INFO] [stdout]    7:     0x55bc9a6ccbfc - <alloc[2e1b2a31b91974c5]::vec::Vec<u8> as core[a373ad73a504971]::io::write::Write>::write_fmt
[INFO] [stdout]                                at /rustc/e3feeb59cd1bdd011a2bfcc0747b55125d9b8527/library/core/src/io/write.rs:335:13
[INFO] [stdout]    8:     0x55bc9a6a3766 - <std[617be2ca0a6fd877]::sys::backtrace::BacktraceLock>::print
[INFO] [stdout]                                at /rustc/e3feeb59cd1bdd011a2bfcc0747b55125d9b8527/library/std/src/sys/backtrace.rs:47:9
[INFO] [stdout]    9:     0x55bc9a6a3766 - std[617be2ca0a6fd877]::panicking::default_hook::{closure#0}
[INFO] [stdout]                                at /rustc/e3feeb59cd1bdd011a2bfcc0747b55125d9b8527/library/std/src/panicking.rs:289:27
[INFO] [stdout]   10:     0x55bc9a6c0369 - std[617be2ca0a6fd877]::panicking::default_hook
[INFO] [stdout]                                at /rustc/e3feeb59cd1bdd011a2bfcc0747b55125d9b8527/library/std/src/panicking.rs:313:9
[INFO] [stdout]   11:     0x55bc9a2f1de0 - <alloc[2e1b2a31b91974c5]::boxed::Box<dyn for<'a, 'b> core[a373ad73a504971]::ops::function::Fn<(&'a std[617be2ca0a6fd877]::panic::PanicHookInfo<'b>,), Output = ()> + core[a373ad73a504971]::marker::Sync + core[a373ad73a504971]::marker::Send> as core[a373ad73a504971]::ops::function::Fn<(&std[617be2ca0a6fd877]::panic::PanicHookInfo,)>>::call
[INFO] [stdout]                                at /rustc/e3feeb59cd1bdd011a2bfcc0747b55125d9b8527/library/alloc/src/boxed.rs:2328:9
[INFO] [stdout]   12:     0x55bc9a2f1de0 - test[aada8e7e76ba119b]::test_main_inner::{closure#0}
[INFO] [stdout]                                at /rustc/e3feeb59cd1bdd011a2bfcc0747b55125d9b8527/library/test/src/lib.rs:137:21
[INFO] [stdout]   13:     0x55bc9a6c0692 - <alloc[2e1b2a31b91974c5]::boxed::Box<dyn for<'a, 'b> core[a373ad73a504971]::ops::function::Fn<(&'a std[617be2ca0a6fd877]::panic::PanicHookInfo<'b>,), Output = ()> + core[a373ad73a504971]::marker::Sync + core[a373ad73a504971]::marker::Send> as core[a373ad73a504971]::ops::function::Fn<(&std[617be2ca0a6fd877]::panic::PanicHookInfo,)>>::call
[INFO] [stdout]                                at /rustc/e3feeb59cd1bdd011a2bfcc0747b55125d9b8527/library/alloc/src/boxed.rs:2328:9
[INFO] [stdout]   14:     0x55bc9a6c0692 - std[617be2ca0a6fd877]::panicking::panic_with_hook
[INFO] [stdout]                                at /rustc/e3feeb59cd1bdd011a2bfcc0747b55125d9b8527/library/std/src/panicking.rs:819:13
[INFO] [stdout]   15:     0x55bc9a6a3812 - std[617be2ca0a6fd877]::panicking::panic_handler::{closure#0}
[INFO] [stdout]                                at /rustc/e3feeb59cd1bdd011a2bfcc0747b55125d9b8527/library/std/src/panicking.rs:685:13
[INFO] [stdout]   16:     0x55bc9a69c2f9 - std[617be2ca0a6fd877]::sys::backtrace::__rust_end_short_backtrace::<std[617be2ca0a6fd877]::panicking::panic_handler::{closure#0}, !>
[INFO] [stdout]                                at /rustc/e3feeb59cd1bdd011a2bfcc0747b55125d9b8527/library/std/src/sys/backtrace.rs:182:18
[INFO] [stdout]   17:     0x55bc9a6a441d - __rustc[ea4f61d10b84890b]::rust_begin_unwind
[INFO] [stdout]                                at /rustc/e3feeb59cd1bdd011a2bfcc0747b55125d9b8527/library/std/src/panicking.rs:676:5
[INFO] [stdout]   18:     0x55bc9a6df0ac - core[a373ad73a504971]::panicking::panic_fmt
[INFO] [stdout]                                at /rustc/e3feeb59cd1bdd011a2bfcc0747b55125d9b8527/library/core/src/panicking.rs:80:14
[INFO] [stdout]   19:     0x55bc9a6dedd2 - core[a373ad73a504971]::result::unwrap_failed
[INFO] [stdout]                                at /rustc/e3feeb59cd1bdd011a2bfcc0747b55125d9b8527/library/core/src/result.rs:1870:5
[INFO] [stdout]   20:     0x55bc9a1bf3d9 - <core[a373ad73a504971]::result::Result<(), alloc[2e1b2a31b91974c5]::string::String>>::unwrap
[INFO] [stdout]                                at /rustc/e3feeb59cd1bdd011a2bfcc0747b55125d9b8527/library/core/src/result.rs:1232:23
[INFO] [stdout]   21:     0x55bc9a1bf3d9 - syster_lsp[23576b66522817f5]::server::tests::tests_server::test_cross_file_stdlib_reference_resolution
[INFO] [stdout]                                at /opt/rustwide/workdir/src/server/tests/tests_server.rs:2223:38
[INFO] [stdout]   22:     0x55bc9a19ed67 - syster_lsp[23576b66522817f5]::server::tests::tests_server::test_cross_file_stdlib_reference_resolution::{closure#0}
[INFO] [stdout]                                at /opt/rustwide/workdir/src/server/tests/tests_server.rs:2203:49
[INFO] [stdout]   23:     0x55bc9a2c9e16 - <syster_lsp[23576b66522817f5]::server::tests::tests_server::test_cross_file_stdlib_reference_resolution::{closure#0} as core[a373ad73a504971]::ops::function::FnOnce<()>>::call_once
[INFO] [stdout]                                at /rustc/e3feeb59cd1bdd011a2bfcc0747b55125d9b8527/library/core/src/ops/function.rs:250:5
[INFO] [stdout]   24:     0x55bc9a2e522b - <fn() -> core[a373ad73a504971]::result::Result<(), alloc[2e1b2a31b91974c5]::string::String> as core[a373ad73a504971]::ops::function::FnOnce<()>>::call_once
[INFO] [stdout]                                at /rustc/e3feeb59cd1bdd011a2bfcc0747b55125d9b8527/library/core/src/ops/function.rs:250:5
[INFO] [stdout]   25:     0x55bc9a2e522b - test[aada8e7e76ba119b]::__rust_begin_short_backtrace::<core[a373ad73a504971]::result::Result<(), alloc[2e1b2a31b91974c5]::string::String>, fn() -> core[a373ad73a504971]::result::Result<(), alloc[2e1b2a31b91974c5]::string::String>>
[INFO] [stdout]                                at /rustc/e3feeb59cd1bdd011a2bfcc0747b55125d9b8527/library/test/src/lib.rs:701:18
[INFO] [stdout]   26:     0x55bc9a2f2405 - test[aada8e7e76ba119b]::run_test_in_process::{closure#0}
[INFO] [stdout]                                at /rustc/e3feeb59cd1bdd011a2bfcc0747b55125d9b8527/library/test/src/lib.rs:724:74
[INFO] [stdout]   27:     0x55bc9a2f2405 - <core[a373ad73a504971]::panic::unwind_safe::AssertUnwindSafe<test[aada8e7e76ba119b]::run_test_in_process::{closure#0}> as core[a373ad73a504971]::ops::function::FnOnce<()>>::call_once
[INFO] [stdout]                                at /rustc/e3feeb59cd1bdd011a2bfcc0747b55125d9b8527/library/core/src/panic/unwind_safe.rs:275:9
[INFO] [stdout]   28:     0x55bc9a2f2405 - std[617be2ca0a6fd877]::panicking::catch_unwind::do_call::<core[a373ad73a504971]::panic::unwind_safe::AssertUnwindSafe<test[aada8e7e76ba119b]::run_test_in_process::{closure#0}>, core[a373ad73a504971]::result::Result<(), alloc[2e1b2a31b91974c5]::string::String>>
[INFO] [stdout]                                at /rustc/e3feeb59cd1bdd011a2bfcc0747b55125d9b8527/library/std/src/panicking.rs:573:43
[INFO] [stdout]   29:     0x55bc9a2f2405 - std[617be2ca0a6fd877]::panicking::catch_unwind::<core[a373ad73a504971]::result::Result<(), alloc[2e1b2a31b91974c5]::string::String>, core[a373ad73a504971]::panic::unwind_safe::AssertUnwindSafe<test[aada8e7e76ba119b]::run_test_in_process::{closure#0}>>
[INFO] [stdout]                                at /rustc/e3feeb59cd1bdd011a2bfcc0747b55125d9b8527/library/std/src/panicking.rs:541:19
[INFO] [stdout]   30:     0x55bc9a2f2405 - std[617be2ca0a6fd877]::panic::catch_unwind::<core[a373ad73a504971]::panic::unwind_safe::AssertUnwindSafe<test[aada8e7e76ba119b]::run_test_in_process::{closure#0}>, core[a373ad73a504971]::result::Result<(), alloc[2e1b2a31b91974c5]::string::String>>
[INFO] [stdout]                                at /rustc/e3feeb59cd1bdd011a2bfcc0747b55125d9b8527/library/std/src/panic.rs:359:14
[INFO] [stdout]   31:     0x55bc9a2f2405 - test[aada8e7e76ba119b]::run_test_in_process
[INFO] [stdout]                                at /rustc/e3feeb59cd1bdd011a2bfcc0747b55125d9b8527/library/test/src/lib.rs:724:27
[INFO] [stdout]   32:     0x55bc9a2f2405 - test[aada8e7e76ba119b]::run_test::{closure#0}
[INFO] [stdout]                                at /rustc/e3feeb59cd1bdd011a2bfcc0747b55125d9b8527/library/test/src/lib.rs:645:43
[INFO] [stdout]   33:     0x55bc9a2ebcf4 - test[aada8e7e76ba119b]::run_test::{closure#1}
[INFO] [stdout]                                at /rustc/e3feeb59cd1bdd011a2bfcc0747b55125d9b8527/library/test/src/lib.rs:675:41
[INFO] [stdout]   34:     0x55bc9a2ebcf4 - std[617be2ca0a6fd877]::sys::backtrace::__rust_begin_short_backtrace::<test[aada8e7e76ba119b]::run_test::{closure#1}, ()>
[INFO] [stdout]                                at /rustc/e3feeb59cd1bdd011a2bfcc0747b55125d9b8527/library/std/src/sys/backtrace.rs:166:18
[INFO] [stdout]   35:     0x55bc9a2f5492 - std[617be2ca0a6fd877]::thread::lifecycle::spawn_unchecked::<test[aada8e7e76ba119b]::run_test::{closure#1}, ()>::{closure#1}::{closure#0}
[INFO] [stdout]                                at /rustc/e3feeb59cd1bdd011a2bfcc0747b55125d9b8527/library/std/src/thread/lifecycle.rs:70:13
[INFO] [stdout]   36:     0x55bc9a2f5492 - <core[a373ad73a504971]::panic::unwind_safe::AssertUnwindSafe<std[617be2ca0a6fd877]::thread::lifecycle::spawn_unchecked<test[aada8e7e76ba119b]::run_test::{closure#1}, ()>::{closure#1}::{closure#0}> as core[a373ad73a504971]::ops::function::FnOnce<()>>::call_once
[INFO] [stdout]                                at /rustc/e3feeb59cd1bdd011a2bfcc0747b55125d9b8527/library/core/src/panic/unwind_safe.rs:275:9
[INFO] [stdout]   37:     0x55bc9a2f5492 - std[617be2ca0a6fd877]::panicking::catch_unwind::do_call::<core[a373ad73a504971]::panic::unwind_safe::AssertUnwindSafe<std[617be2ca0a6fd877]::thread::lifecycle::spawn_unchecked<test[aada8e7e76ba119b]::run_test::{closure#1}, ()>::{closure#1}::{closure#0}>, ()>
[INFO] [stdout]                                at /rustc/e3feeb59cd1bdd011a2bfcc0747b55125d9b8527/library/std/src/panicking.rs:573:43
[INFO] [stdout]   38:     0x55bc9a2f5492 - std[617be2ca0a6fd877]::panicking::catch_unwind::<(), core[a373ad73a504971]::panic::unwind_safe::AssertUnwindSafe<std[617be2ca0a6fd877]::thread::lifecycle::spawn_unchecked<test[aada8e7e76ba119b]::run_test::{closure#1}, ()>::{closure#1}::{closure#0}>>
[INFO] [stdout]                                at /rustc/e3feeb59cd1bdd011a2bfcc0747b55125d9b8527/library/std/src/panicking.rs:541:19
[INFO] [stdout]   39:     0x55bc9a2f5492 - std[617be2ca0a6fd877]::panic::catch_unwind::<core[a373ad73a504971]::panic::unwind_safe::AssertUnwindSafe<std[617be2ca0a6fd877]::thread::lifecycle::spawn_unchecked<test[aada8e7e76ba119b]::run_test::{closure#1}, ()>::{closure#1}::{closure#0}>, ()>
[INFO] [stdout]                                at /rustc/e3feeb59cd1bdd011a2bfcc0747b55125d9b8527/library/std/src/panic.rs:359:14
[INFO] [stdout]   40:     0x55bc9a2f5492 - std[617be2ca0a6fd877]::thread::lifecycle::spawn_unchecked::<test[aada8e7e76ba119b]::run_test::{closure#1}, ()>::{closure#1}
[INFO] [stdout]                                at /rustc/e3feeb59cd1bdd011a2bfcc0747b55125d9b8527/library/std/src/thread/lifecycle.rs:68:26
[INFO] [stdout]   41:     0x55bc9a2f5492 - <std[617be2ca0a6fd877]::thread::lifecycle::spawn_unchecked<test[aada8e7e76ba119b]::run_test::{closure#1}, ()>::{closure#1} as core[a373ad73a504971]::ops::function::FnOnce<()>>::call_once::{shim:vtable#0}
[INFO] [stdout]                                at /rustc/e3feeb59cd1bdd011a2bfcc0747b55125d9b8527/library/core/src/ops/function.rs:250:5
[INFO] [stdout]   42:     0x55bc9a6c7a0f - <alloc[2e1b2a31b91974c5]::boxed::Box<dyn core[a373ad73a504971]::ops::function::FnOnce<(), Output = ()> + core[a373ad73a504971]::marker::Send> as core[a373ad73a504971]::ops::function::FnOnce<()>>::call_once
[INFO] [stdout]                                at /rustc/e3feeb59cd1bdd011a2bfcc0747b55125d9b8527/library/alloc/src/boxed.rs:2314:9
[INFO] [stdout]   43:     0x55bc9a6c7a0f - <std[617be2ca0a6fd877]::sys::thread::unix::Thread>::new::thread_start
[INFO] [stdout]                                at /rustc/e3feeb59cd1bdd011a2bfcc0747b55125d9b8527/library/std/src/sys/thread/unix.rs:127:17
[INFO] [stdout]   44:     0x74bdef96ddfa - <unknown>
[INFO] [stdout]   45:     0x74bdefa013d4 - clone
[INFO] [stdout]   46:                0x0 - <unknown>
[INFO] [stdout] 
[INFO] [stdout] ---- server::tests::tests_server::test_stdlib_files_actually_load stdout ----
[INFO] [stdout] 
[INFO] [stdout] thread 'server::tests::tests_server::test_stdlib_files_actually_load' (2591) panicked at src/server/tests/tests_server.rs:2304:5:
[INFO] [stdout] Stdlib files should be loaded into workspace
[INFO] [stdout] stack backtrace:
[INFO] [stdout]    0:     0x55bc9a6c8551 - std[617be2ca0a6fd877]::backtrace_rs::backtrace::libunwind::trace
[INFO] [stdout]                                at /rustc/e3feeb59cd1bdd011a2bfcc0747b55125d9b8527/library/std/src/../../backtrace/src/backtrace/libunwind.rs:117:9
[INFO] [stdout]    1:     0x55bc9a6c8551 - std[617be2ca0a6fd877]::backtrace_rs::backtrace::trace_unsynchronized::<std[617be2ca0a6fd877]::sys::backtrace::_print_fmt::{closure#1}>
[INFO] [stdout]                                at /rustc/e3feeb59cd1bdd011a2bfcc0747b55125d9b8527/library/std/src/../../backtrace/src/backtrace/mod.rs:66:14
[INFO] [stdout]    2:     0x55bc9a6c8551 - std[617be2ca0a6fd877]::sys::backtrace::_print_fmt
[INFO] [stdout]                                at /rustc/e3feeb59cd1bdd011a2bfcc0747b55125d9b8527/library/std/src/sys/backtrace.rs:74:9
[INFO] [stdout]    3:     0x55bc9a6c8551 - <<std[617be2ca0a6fd877]::sys::backtrace::BacktraceLock>::print::DisplayBacktrace as core[a373ad73a504971]::fmt::Display>::fmt
[INFO] [stdout]                                at /rustc/e3feeb59cd1bdd011a2bfcc0747b55125d9b8527/library/std/src/sys/backtrace.rs:44:26
[INFO] [stdout]    4:     0x55bc9a6de85a - <core[a373ad73a504971]::fmt::rt::Argument>::fmt
[INFO] [stdout]                                at /rustc/e3feeb59cd1bdd011a2bfcc0747b55125d9b8527/library/core/src/fmt/rt.rs:152:76
[INFO] [stdout]    5:     0x55bc9a6de85a - core[a373ad73a504971]::fmt::write
[INFO] [stdout]    6:     0x55bc9a6ccbfc - core[a373ad73a504971]::io::write::default_write_fmt::<alloc[2e1b2a31b91974c5]::vec::Vec<u8>>
[INFO] [stdout]                                at /rustc/e3feeb59cd1bdd011a2bfcc0747b55125d9b8527/library/core/src/io/write.rs:402:11
[INFO] [stdout]    7:     0x55bc9a6ccbfc - <alloc[2e1b2a31b91974c5]::vec::Vec<u8> as core[a373ad73a504971]::io::write::Write>::write_fmt
[INFO] [stdout]                                at /rustc/e3feeb59cd1bdd011a2bfcc0747b55125d9b8527/library/core/src/io/write.rs:335:13
[INFO] [stdout]    8:     0x55bc9a6a3766 - <std[617be2ca0a6fd877]::sys::backtrace::BacktraceLock>::print
[INFO] [stdout]                                at /rustc/e3feeb59cd1bdd011a2bfcc0747b55125d9b8527/library/std/src/sys/backtrace.rs:47:9
[INFO] [stdout]    9:     0x55bc9a6a3766 - std[617be2ca0a6fd877]::panicking::default_hook::{closure#0}
[INFO] [stdout]                                at /rustc/e3feeb59cd1bdd011a2bfcc0747b55125d9b8527/library/std/src/panicking.rs:289:27
[INFO] [stdout]   10:     0x55bc9a6c0369 - std[617be2ca0a6fd877]::panicking::default_hook
[INFO] [stdout]                                at /rustc/e3feeb59cd1bdd011a2bfcc0747b55125d9b8527/library/std/src/panicking.rs:313:9
[INFO] [stdout]   11:     0x55bc9a2f1de0 - <alloc[2e1b2a31b91974c5]::boxed::Box<dyn for<'a, 'b> core[a373ad73a504971]::ops::function::Fn<(&'a std[617be2ca0a6fd877]::panic::PanicHookInfo<'b>,), Output = ()> + core[a373ad73a504971]::marker::Sync + core[a373ad73a504971]::marker::Send> as core[a373ad73a504971]::ops::function::Fn<(&std[617be2ca0a6fd877]::panic::PanicHookInfo,)>>::call
[INFO] [stdout]                                at /rustc/e3feeb59cd1bdd011a2bfcc0747b55125d9b8527/library/alloc/src/boxed.rs:2328:9
[INFO] [stdout]   12:     0x55bc9a2f1de0 - test[aada8e7e76ba119b]::test_main_inner::{closure#0}
[INFO] [stdout]                                at /rustc/e3feeb59cd1bdd011a2bfcc0747b55125d9b8527/library/test/src/lib.rs:137:21
[INFO] [stdout]   13:     0x55bc9a6c0692 - <alloc[2e1b2a31b91974c5]::boxed::Box<dyn for<'a, 'b> core[a373ad73a504971]::ops::function::Fn<(&'a std[617be2ca0a6fd877]::panic::PanicHookInfo<'b>,), Output = ()> + core[a373ad73a504971]::marker::Sync + core[a373ad73a504971]::marker::Send> as core[a373ad73a504971]::ops::function::Fn<(&std[617be2ca0a6fd877]::panic::PanicHookInfo,)>>::call
[INFO] [stdout]                                at /rustc/e3feeb59cd1bdd011a2bfcc0747b55125d9b8527/library/alloc/src/boxed.rs:2328:9
[INFO] [stdout]   14:     0x55bc9a6c0692 - std[617be2ca0a6fd877]::panicking::panic_with_hook
[INFO] [stdout]                                at /rustc/e3feeb59cd1bdd011a2bfcc0747b55125d9b8527/library/std/src/panicking.rs:819:13
[INFO] [stdout]   15:     0x55bc9a6a3844 - std[617be2ca0a6fd877]::panicking::panic_handler::{closure#0}
[INFO] [stdout]                                at /rustc/e3feeb59cd1bdd011a2bfcc0747b55125d9b8527/library/std/src/panicking.rs:678:13
[INFO] [stdout]   16:     0x55bc9a69c2f9 - std[617be2ca0a6fd877]::sys::backtrace::__rust_end_short_backtrace::<std[617be2ca0a6fd877]::panicking::panic_handler::{closure#0}, !>
[INFO] [stdout]                                at /rustc/e3feeb59cd1bdd011a2bfcc0747b55125d9b8527/library/std/src/sys/backtrace.rs:182:18
[INFO] [stdout]   17:     0x55bc9a6a441d - __rustc[ea4f61d10b84890b]::rust_begin_unwind
[INFO] [stdout]                                at /rustc/e3feeb59cd1bdd011a2bfcc0747b55125d9b8527/library/std/src/panicking.rs:676:5
[INFO] [stdout]   18:     0x55bc9a6df0ac - core[a373ad73a504971]::panicking::panic_fmt
[INFO] [stdout]                                at /rustc/e3feeb59cd1bdd011a2bfcc0747b55125d9b8527/library/core/src/panicking.rs:80:14
[INFO] [stdout]   19:     0x55bc9a1ab626 - syster_lsp[23576b66522817f5]::server::tests::tests_server::test_stdlib_files_actually_load
[INFO] [stdout]                                at /opt/rustwide/workdir/src/server/tests/tests_server.rs:2304:5
[INFO] [stdout]   20:     0x55bc9a19e257 - syster_lsp[23576b66522817f5]::server::tests::tests_server::test_stdlib_files_actually_load::{closure#0}
[INFO] [stdout]                                at /opt/rustwide/workdir/src/server/tests/tests_server.rs:2283:37
[INFO] [stdout]   21:     0x55bc9a2c96b6 - <syster_lsp[23576b66522817f5]::server::tests::tests_server::test_stdlib_files_actually_load::{closure#0} as core[a373ad73a504971]::ops::function::FnOnce<()>>::call_once
[INFO] [stdout]                                at /rustc/e3feeb59cd1bdd011a2bfcc0747b55125d9b8527/library/core/src/ops/function.rs:250:5
[INFO] [stdout]   22:     0x55bc9a2e522b - <fn() -> core[a373ad73a504971]::result::Result<(), alloc[2e1b2a31b91974c5]::string::String> as core[a373ad73a504971]::ops::function::FnOnce<()>>::call_once
[INFO] [stdout]                                at /rustc/e3feeb59cd1bdd011a2bfcc0747b55125d9b8527/library/core/src/ops/function.rs:250:5
[INFO] [stdout]   23:     0x55bc9a2e522b - test[aada8e7e76ba119b]::__rust_begin_short_backtrace::<core[a373ad73a504971]::result::Result<(), alloc[2e1b2a31b91974c5]::string::String>, fn() -> core[a373ad73a504971]::result::Result<(), alloc[2e1b2a31b91974c5]::string::String>>
[INFO] [stdout]                                at /rustc/e3feeb59cd1bdd011a2bfcc0747b55125d9b8527/library/test/src/lib.rs:701:18
[INFO] [stdout]   24:     0x55bc9a2f2405 - test[aada8e7e76ba119b]::run_test_in_process::{closure#0}
[INFO] [stdout]                                at /rustc/e3feeb59cd1bdd011a2bfcc0747b55125d9b8527/library/test/src/lib.rs:724:74
[INFO] [stdout]   25:     0x55bc9a2f2405 - <core[a373ad73a504971]::panic::unwind_safe::AssertUnwindSafe<test[aada8e7e76ba119b]::run_test_in_process::{closure#0}> as core[a373ad73a504971]::ops::function::FnOnce<()>>::call_once
[INFO] [stdout]                                at /rustc/e3feeb59cd1bdd011a2bfcc0747b55125d9b8527/library/core/src/panic/unwind_safe.rs:275:9
[INFO] [stdout]   26:     0x55bc9a2f2405 - std[617be2ca0a6fd877]::panicking::catch_unwind::do_call::<core[a373ad73a504971]::panic::unwind_safe::AssertUnwindSafe<test[aada8e7e76ba119b]::run_test_in_process::{closure#0}>, core[a373ad73a504971]::result::Result<(), alloc[2e1b2a31b91974c5]::string::String>>
[INFO] [stdout]                                at /rustc/e3feeb59cd1bdd011a2bfcc0747b55125d9b8527/library/std/src/panicking.rs:573:43
[INFO] [stdout]   27:     0x55bc9a2f2405 - std[617be2ca0a6fd877]::panicking::catch_unwind::<core[a373ad73a504971]::result::Result<(), alloc[2e1b2a31b91974c5]::string::String>, core[a373ad73a504971]::panic::unwind_safe::AssertUnwindSafe<test[aada8e7e76ba119b]::run_test_in_process::{closure#0}>>
[INFO] [stdout]                                at /rustc/e3feeb59cd1bdd011a2bfcc0747b55125d9b8527/library/std/src/panicking.rs:541:19
[INFO] [stdout]   28:     0x55bc9a2f2405 - std[617be2ca0a6fd877]::panic::catch_unwind::<core[a373ad73a504971]::panic::unwind_safe::AssertUnwindSafe<test[aada8e7e76ba119b]::run_test_in_process::{closure#0}>, core[a373ad73a504971]::result::Result<(), alloc[2e1b2a31b91974c5]::string::String>>
[INFO] [stdout]                                at /rustc/e3feeb59cd1bdd011a2bfcc0747b55125d9b8527/library/std/src/panic.rs:359:14
[INFO] [stdout]   29:     0x55bc9a2f2405 - test[aada8e7e76ba119b]::run_test_in_process
[INFO] [stdout]                                at /rustc/e3feeb59cd1bdd011a2bfcc0747b55125d9b8527/library/test/src/lib.rs:724:27
[INFO] [stdout]   30:     0x55bc9a2f2405 - test[aada8e7e76ba119b]::run_test::{closure#0}
[INFO] [stdout]                                at /rustc/e3feeb59cd1bdd011a2bfcc0747b55125d9b8527/library/test/src/lib.rs:645:43
[INFO] [stdout]   31:     0x55bc9a2ebcf4 - test[aada8e7e76ba119b]::run_test::{closure#1}
[INFO] [stdout]                                at /rustc/e3feeb59cd1bdd011a2bfcc0747b55125d9b8527/library/test/src/lib.rs:675:41
[INFO] [stdout]   32:     0x55bc9a2ebcf4 - std[617be2ca0a6fd877]::sys::backtrace::__rust_begin_short_backtrace::<test[aada8e7e76ba119b]::run_test::{closure#1}, ()>
[INFO] [stdout]                                at /rustc/e3feeb59cd1bdd011a2bfcc0747b55125d9b8527/library/std/src/sys/backtrace.rs:166:18
[INFO] [stdout]   33:     0x55bc9a2f5492 - std[617be2ca0a6fd877]::thread::lifecycle::spawn_unchecked::<test[aada8e7e76ba119b]::run_test::{closure#1}, ()>::{closure#1}::{closure#0}
[INFO] [stdout]                                at /rustc/e3feeb59cd1bdd011a2bfcc0747b55125d9b8527/library/std/src/thread/lifecycle.rs:70:13
[INFO] [stdout]   34:     0x55bc9a2f5492 - <core[a373ad73a504971]::panic::unwind_safe::AssertUnwindSafe<std[617be2ca0a6fd877]::thread::lifecycle::spawn_unchecked<test[aada8e7e76ba119b]::run_test::{closure#1}, ()>::{closure#1}::{closure#0}> as core[a373ad73a504971]::ops::function::FnOnce<()>>::call_once
[INFO] [stdout]                                at /rustc/e3feeb59cd1bdd011a2bfcc0747b55125d9b8527/library/core/src/panic/unwind_safe.rs:275:9
[INFO] [stdout]   35:     0x55bc9a2f5492 - std[617be2ca0a6fd877]::panicking::catch_unwind::do_call::<core[a373ad73a504971]::panic::unwind_safe::AssertUnwindSafe<std[617be2ca0a6fd877]::thread::lifecycle::spawn_unchecked<test[aada8e7e76ba119b]::run_test::{closure#1}, ()>::{closure#1}::{closure#0}>, ()>
[INFO] [stdout]                                at /rustc/e3feeb59cd1bdd011a2bfcc0747b55125d9b8527/library/std/src/panicking.rs:573:43
[INFO] [stdout]   36:     0x55bc9a2f5492 - std[617be2ca0a6fd877]::panicking::catch_unwind::<(), core[a373ad73a504971]::panic::unwind_safe::AssertUnwindSafe<std[617be2ca0a6fd877]::thread::lifecycle::spawn_unchecked<test[aada8e7e76ba119b]::run_test::{closure#1}, ()>::{closure#1}::{closure#0}>>
[INFO] [stdout]                                at /rustc/e3feeb59cd1bdd011a2bfcc0747b55125d9b8527/library/std/src/panicking.rs:541:19
[INFO] [stdout]   37:     0x55bc9a2f5492 - std[617be2ca0a6fd877]::panic::catch_unwind::<core[a373ad73a504971]::panic::unwind_safe::AssertUnwindSafe<std[617be2ca0a6fd877]::thread::lifecycle::spawn_unchecked<test[aada8e7e76ba119b]::run_test::{closure#1}, ()>::{closure#1}::{closure#0}>, ()>
[INFO] [stdout]                                at /rustc/e3feeb59cd1bdd011a2bfcc0747b55125d9b8527/library/std/src/panic.rs:359:14
[INFO] [stdout]   38:     0x55bc9a2f5492 - std[617be2ca0a6fd877]::thread::lifecycle::spawn_unchecked::<test[aada8e7e76ba119b]::run_test::{closure#1}, ()>::{closure#1}
[INFO] [stdout]                                at /rustc/e3feeb59cd1bdd011a2bfcc0747b55125d9b8527/library/std/src/thread/lifecycle.rs:68:26
[INFO] [stdout]   39:     0x55bc9a2f5492 - <std[617be2ca0a6fd877]::thread::lifecycle::spawn_unchecked<test[aada8e7e76ba119b]::run_test::{closure#1}, ()>::{closure#1} as core[a373ad73a504971]::ops::function::FnOnce<()>>::call_once::{shim:vtable#0}
[INFO] [stdout]                                at /rustc/e3feeb59cd1bdd011a2bfcc0747b55125d9b8527/library/core/src/ops/function.rs:250:5
[INFO] [stdout]   40:     0x55bc9a6c7a0f - <alloc[2e1b2a31b91974c5]::boxed::Box<dyn core[a373ad73a504971]::ops::function::FnOnce<(), Output = ()> + core[a373ad73a504971]::marker::Send> as core[a373ad73a504971]::ops::function::FnOnce<()>>::call_once
[INFO] [stdout]                                at /rustc/e3feeb59cd1bdd011a2bfcc0747b55125d9b8527/library/alloc/src/boxed.rs:2314:9
[INFO] [stdout]   41:     0x55bc9a6c7a0f - <std[617be2ca0a6fd877]::sys::thread::unix::Thread>::new::thread_start
[INFO] [stdout]                                at /rustc/e3feeb59cd1bdd011a2bfcc0747b55125d9b8527/library/std/src/sys/thread/unix.rs:127:17
[INFO] [stdout]   42:     0x74bdef96ddfa - <unknown>
[INFO] [stdout]   43:     0x74bdefa013d4 - clone
[INFO] [stdout]   44:                0x0 - <unknown>
[INFO] [stdout] 
[INFO] [stdout] ---- server::tests::tests_views::test_get_sysml_views_returns_standard_views stdout ----
[INFO] [stdout] Views returned: 0
[INFO] [stdout] 
[INFO] [stdout] thread 'server::tests::tests_views::test_get_sysml_views_returns_standard_views' (2594) panicked at src/server/tests/tests_views.rs:64:5:
[INFO] [stdout] Should return standard views
[INFO] [stdout] stack backtrace:
[INFO] [stdout]    0:     0x55bc9a6c8551 - std[617be2ca0a6fd877]::backtrace_rs::backtrace::libunwind::trace
[INFO] [stdout]                                at /rustc/e3feeb59cd1bdd011a2bfcc0747b55125d9b8527/library/std/src/../../backtrace/src/backtrace/libunwind.rs:117:9
[INFO] [stdout]    1:     0x55bc9a6c8551 - std[617be2ca0a6fd877]::backtrace_rs::backtrace::trace_unsynchronized::<std[617be2ca0a6fd877]::sys::backtrace::_print_fmt::{closure#1}>
[INFO] [stdout]                                at /rustc/e3feeb59cd1bdd011a2bfcc0747b55125d9b8527/library/std/src/../../backtrace/src/backtrace/mod.rs:66:14
[INFO] [stdout]    2:     0x55bc9a6c8551 - std[617be2ca0a6fd877]::sys::backtrace::_print_fmt
[INFO] [stdout]                                at /rustc/e3feeb59cd1bdd011a2bfcc0747b55125d9b8527/library/std/src/sys/backtrace.rs:74:9
[INFO] [stdout]    3:     0x55bc9a6c8551 - <<std[617be2ca0a6fd877]::sys::backtrace::BacktraceLock>::print::DisplayBacktrace as core[a373ad73a504971]::fmt::Display>::fmt
[INFO] [stdout]                                at /rustc/e3feeb59cd1bdd011a2bfcc0747b55125d9b8527/library/std/src/sys/backtrace.rs:44:26
[INFO] [stdout]    4:     0x55bc9a6de85a - <core[a373ad73a504971]::fmt::rt::Argument>::fmt
[INFO] [stdout]                                at /rustc/e3feeb59cd1bdd011a2bfcc0747b55125d9b8527/library/core/src/fmt/rt.rs:152:76
[INFO] [stdout]    5:     0x55bc9a6de85a - core[a373ad73a504971]::fmt::write
[INFO] [stdout]    6:     0x55bc9a6ccbfc - core[a373ad73a504971]::io::write::default_write_fmt::<alloc[2e1b2a31b91974c5]::vec::Vec<u8>>
[INFO] [stdout]                                at /rustc/e3feeb59cd1bdd011a2bfcc0747b55125d9b8527/library/core/src/io/write.rs:402:11
[INFO] [stdout]    7:     0x55bc9a6ccbfc - <alloc[2e1b2a31b91974c5]::vec::Vec<u8> as core[a373ad73a504971]::io::write::Write>::write_fmt
[INFO] [stdout]                                at /rustc/e3feeb59cd1bdd011a2bfcc0747b55125d9b8527/library/core/src/io/write.rs:335:13
[INFO] [stdout]    8:     0x55bc9a6a3766 - <std[617be2ca0a6fd877]::sys::backtrace::BacktraceLock>::print
[INFO] [stdout]                                at /rustc/e3feeb59cd1bdd011a2bfcc0747b55125d9b8527/library/std/src/sys/backtrace.rs:47:9
[INFO] [stdout]    9:     0x55bc9a6a3766 - std[617be2ca0a6fd877]::panicking::default_hook::{closure#0}
[INFO] [stdout]                                at /rustc/e3feeb59cd1bdd011a2bfcc0747b55125d9b8527/library/std/src/panicking.rs:289:27
[INFO] [stdout]   10:     0x55bc9a6c0369 - std[617be2ca0a6fd877]::panicking::default_hook
[INFO] [stdout]                                at /rustc/e3feeb59cd1bdd011a2bfcc0747b55125d9b8527/library/std/src/panicking.rs:313:9
[INFO] [stdout]   11:     0x55bc9a2f1de0 - <alloc[2e1b2a31b91974c5]::boxed::Box<dyn for<'a, 'b> core[a373ad73a504971]::ops::function::Fn<(&'a std[617be2ca0a6fd877]::panic::PanicHookInfo<'b>,), Output = ()> + core[a373ad73a504971]::marker::Sync + core[a373ad73a504971]::marker::Send> as core[a373ad73a504971]::ops::function::Fn<(&std[617be2ca0a6fd877]::panic::PanicHookInfo,)>>::call
[INFO] [stdout]                                at /rustc/e3feeb59cd1bdd011a2bfcc0747b55125d9b8527/library/alloc/src/boxed.rs:2328:9
[INFO] [stdout]   12:     0x55bc9a2f1de0 - test[aada8e7e76ba119b]::test_main_inner::{closure#0}
[INFO] [stdout]                                at /rustc/e3feeb59cd1bdd011a2bfcc0747b55125d9b8527/library/test/src/lib.rs:137:21
[INFO] [stdout]   13:     0x55bc9a6c0692 - <alloc[2e1b2a31b91974c5]::boxed::Box<dyn for<'a, 'b> core[a373ad73a504971]::ops::function::Fn<(&'a std[617be2ca0a6fd877]::panic::PanicHookInfo<'b>,), Output = ()> + core[a373ad73a504971]::marker::Sync + core[a373ad73a504971]::marker::Send> as core[a373ad73a504971]::ops::function::Fn<(&std[617be2ca0a6fd877]::panic::PanicHookInfo,)>>::call
[INFO] [stdout]                                at /rustc/e3feeb59cd1bdd011a2bfcc0747b55125d9b8527/library/alloc/src/boxed.rs:2328:9
[INFO] [stdout]   14:     0x55bc9a6c0692 - std[617be2ca0a6fd877]::panicking::panic_with_hook
[INFO] [stdout]                                at /rustc/e3feeb59cd1bdd011a2bfcc0747b55125d9b8527/library/std/src/panicking.rs:819:13
[INFO] [stdout]   15:     0x55bc9a6a3844 - std[617be2ca0a6fd877]::panicking::panic_handler::{closure#0}
[INFO] [stdout]                                at /rustc/e3feeb59cd1bdd011a2bfcc0747b55125d9b8527/library/std/src/panicking.rs:678:13
[INFO] [stdout]   16:     0x55bc9a69c2f9 - std[617be2ca0a6fd877]::sys::backtrace::__rust_end_short_backtrace::<std[617be2ca0a6fd877]::panicking::panic_handler::{closure#0}, !>
[INFO] [stdout]                                at /rustc/e3feeb59cd1bdd011a2bfcc0747b55125d9b8527/library/std/src/sys/backtrace.rs:182:18
[INFO] [stdout]   17:     0x55bc9a6a441d - __rustc[ea4f61d10b84890b]::rust_begin_unwind
[INFO] [stdout]                                at /rustc/e3feeb59cd1bdd011a2bfcc0747b55125d9b8527/library/std/src/panicking.rs:676:5
[INFO] [stdout]   18:     0x55bc9a6df0ac - core[a373ad73a504971]::panicking::panic_fmt
[INFO] [stdout]                                at /rustc/e3feeb59cd1bdd011a2bfcc0747b55125d9b8527/library/core/src/panicking.rs:80:14
[INFO] [stdout]   19:     0x55bc9a25bbab - syster_lsp[23576b66522817f5]::server::tests::tests_views::test_get_sysml_views_returns_standard_views
[INFO] [stdout]                                at /opt/rustwide/workdir/src/server/tests/tests_views.rs:64:5
[INFO] [stdout]   20:     0x55bc9a258057 - syster_lsp[23576b66522817f5]::server::tests::tests_views::test_get_sysml_views_returns_standard_views::{closure#0}
[INFO] [stdout]                                at /opt/rustwide/workdir/src/server/tests/tests_views.rs:44:49
[INFO] [stdout]   21:     0x55bc9a2c91f6 - <syster_lsp[23576b66522817f5]::server::tests::tests_views::test_get_sysml_views_returns_standard_views::{closure#0} as core[a373ad73a504971]::ops::function::FnOnce<()>>::call_once
[INFO] [stdout]                                at /rustc/e3feeb59cd1bdd011a2bfcc0747b55125d9b8527/library/core/src/ops/function.rs:250:5
[INFO] [stdout]   22:     0x55bc9a2e522b - <fn() -> core[a373ad73a504971]::result::Result<(), alloc[2e1b2a31b91974c5]::string::String> as core[a373ad73a504971]::ops::function::FnOnce<()>>::call_once
[INFO] [stdout]                                at /rustc/e3feeb59cd1bdd011a2bfcc0747b55125d9b8527/library/core/src/ops/function.rs:250:5
[INFO] [stdout]   23:     0x55bc9a2e522b - test[aada8e7e76ba119b]::__rust_begin_short_backtrace::<core[a373ad73a504971]::result::Result<(), alloc[2e1b2a31b91974c5]::string::String>, fn() -> core[a373ad73a504971]::result::Result<(), alloc[2e1b2a31b91974c5]::string::String>>
[INFO] [stdout]                                at /rustc/e3feeb59cd1bdd011a2bfcc0747b55125d9b8527/library/test/src/lib.rs:701:18
[INFO] [stdout]   24:     0x55bc9a2f2405 - test[aada8e7e76ba119b]::run_test_in_process::{closure#0}
[INFO] [stdout]                                at /rustc/e3feeb59cd1bdd011a2bfcc0747b55125d9b8527/library/test/src/lib.rs:724:74
[INFO] [stdout]   25:     0x55bc9a2f2405 - <core[a373ad73a504971]::panic::unwind_safe::AssertUnwindSafe<test[aada8e7e76ba119b]::run_test_in_process::{closure#0}> as core[a373ad73a504971]::ops::function::FnOnce<()>>::call_once
[INFO] [stdout]                                at /rustc/e3feeb59cd1bdd011a2bfcc0747b55125d9b8527/library/core/src/panic/unwind_safe.rs:275:9
[INFO] [stdout]   26:     0x55bc9a2f2405 - std[617be2ca0a6fd877]::panicking::catch_unwind::do_call::<core[a373ad73a504971]::panic::unwind_safe::AssertUnwindSafe<test[aada8e7e76ba119b]::run_test_in_process::{closure#0}>, core[a373ad73a504971]::result::Result<(), alloc[2e1b2a31b91974c5]::string::String>>
[INFO] [stdout]                                at /rustc/e3feeb59cd1bdd011a2bfcc0747b55125d9b8527/library/std/src/panicking.rs:573:43
[INFO] [stdout]   27:     0x55bc9a2f2405 - std[617be2ca0a6fd877]::panicking::catch_unwind::<core[a373ad73a504971]::result::Result<(), alloc[2e1b2a31b91974c5]::string::String>, core[a373ad73a504971]::panic::unwind_safe::AssertUnwindSafe<test[aada8e7e76ba119b]::run_test_in_process::{closure#0}>>
[INFO] [stdout]                                at /rustc/e3feeb59cd1bdd011a2bfcc0747b55125d9b8527/library/std/src/panicking.rs:541:19
[INFO] [stdout]   28:     0x55bc9a2f2405 - std[617be2ca0a6fd877]::panic::catch_unwind::<core[a373ad73a504971]::panic::unwind_safe::AssertUnwindSafe<test[aada8e7e76ba119b]::run_test_in_process::{closure#0}>, core[a373ad73a504971]::result::Result<(), alloc[2e1b2a31b91974c5]::string::String>>
[INFO] [stdout]                                at /rustc/e3feeb59cd1bdd011a2bfcc0747b55125d9b8527/library/std/src/panic.rs:359:14
[INFO] [stdout]   29:     0x55bc9a2f2405 - test[aada8e7e76ba119b]::run_test_in_process
[INFO] [stdout]                                at /rustc/e3feeb59cd1bdd011a2bfcc0747b55125d9b8527/library/test/src/lib.rs:724:27
[INFO] [stdout]   30:     0x55bc9a2f2405 - test[aada8e7e76ba119b]::run_test::{closure#0}
[INFO] [stdout]                                at /rustc/e3feeb59cd1bdd011a2bfcc0747b55125d9b8527/library/test/src/lib.rs:645:43
[INFO] [stdout]   31:     0x55bc9a2ebcf4 - test[aada8e7e76ba119b]::run_test::{closure#1}
[INFO] [stdout]                                at /rustc/e3feeb59cd1bdd011a2bfcc0747b55125d9b8527/library/test/src/lib.rs:675:41
[INFO] [stdout]   32:     0x55bc9a2ebcf4 - std[617be2ca0a6fd877]::sys::backtrace::__rust_begin_short_backtrace::<test[aada8e7e76ba119b]::run_test::{closure#1}, ()>
[INFO] [stdout]                                at /rustc/e3feeb59cd1bdd011a2bfcc0747b55125d9b8527/library/std/src/sys/backtrace.rs:166:18
[INFO] [stdout]   33:     0x55bc9a2f5492 - std[617be2ca0a6fd877]::thread::lifecycle::spawn_unchecked::<test[aada8e7e76ba119b]::run_test::{closure#1}, ()>::{closure#1}::{closure#0}
[INFO] [stdout]                                at /rustc/e3feeb59cd1bdd011a2bfcc0747b55125d9b8527/library/std/src/thread/lifecycle.rs:70:13
[INFO] [stdout]   34:     0x55bc9a2f5492 - <core[a373ad73a504971]::panic::unwind_safe::AssertUnwindSafe<std[617be2ca0a6fd877]::thread::lifecycle::spawn_unchecked<test[aada8e7e76ba119b]::run_test::{closure#1}, ()>::{closure#1}::{closure#0}> as core[a373ad73a504971]::ops::function::FnOnce<()>>::call_once
[INFO] [stdout]                                at /rustc/e3feeb59cd1bdd011a2bfcc0747b55125d9b8527/library/core/src/panic/unwind_safe.rs:275:9
[INFO] [stdout]   35:     0x55bc9a2f5492 - std[617be2ca0a6fd877]::panicking::catch_unwind::do_call::<core[a373ad73a504971]::panic::unwind_safe::AssertUnwindSafe<std[617be2ca0a6fd877]::thread::lifecycle::spawn_unchecked<test[aada8e7e76ba119b]::run_test::{closure#1}, ()>::{closure#1}::{closure#0}>, ()>
[INFO] [stdout]                                at /rustc/e3feeb59cd1bdd011a2bfcc0747b55125d9b8527/library/std/src/panicking.rs:573:43
[INFO] [stdout]   36:     0x55bc9a2f5492 - std[617be2ca0a6fd877]::panicking::catch_unwind::<(), core[a373ad73a504971]::panic::unwind_safe::AssertUnwindSafe<std[617be2ca0a6fd877]::thread::lifecycle::spawn_unchecked<test[aada8e7e76ba119b]::run_test::{closure#1}, ()>::{closure#1}::{closure#0}>>
[INFO] [stdout]                                at /rustc/e3feeb59cd1bdd011a2bfcc0747b55125d9b8527/library/std/src/panicking.rs:541:19
[INFO] [stdout]   37:     0x55bc9a2f5492 - std[617be2ca0a6fd877]::panic::catch_unwind::<core[a373ad73a504971]::panic::unwind_safe::AssertUnwindSafe<std[617be2ca0a6fd877]::thread::lifecycle::spawn_unchecked<test[aada8e7e76ba119b]::run_test::{closure#1}, ()>::{closure#1}::{closure#0}>, ()>
[INFO] [stdout]                                at /rustc/e3feeb59cd1bdd011a2bfcc0747b55125d9b8527/library/std/src/panic.rs:359:14
[INFO] [stdout]   38:     0x55bc9a2f5492 - std[617be2ca0a6fd877]::thread::lifecycle::spawn_unchecked::<test[aada8e7e76ba119b]::run_test::{closure#1}, ()>::{closure#1}
[INFO] [stdout]                                at /rustc/e3feeb59cd1bdd011a2bfcc0747b55125d9b8527/library/std/src/thread/lifecycle.rs:68:26
[INFO] [stdout]   39:     0x55bc9a2f5492 - <std[617be2ca0a6fd877]::thread::lifecycle::spawn_unchecked<test[aada8e7e76ba119b]::run_test::{closure#1}, ()>::{closure#1} as core[a373ad73a504971]::ops::function::FnOnce<()>>::call_once::{shim:vtable#0}
[INFO] [stdout]                                at /rustc/e3feeb59cd1bdd011a2bfcc0747b55125d9b8527/library/core/src/ops/function.rs:250:5
[INFO] [stdout]   40:     0x55bc9a6c7a0f - <alloc[2e1b2a31b91974c5]::boxed::Box<dyn core[a373ad73a504971]::ops::function::FnOnce<(), Output = ()> + core[a373ad73a504971]::marker::Send> as core[a373ad73a504971]::ops::function::FnOnce<()>>::call_once
[INFO] [stdout]                                at /rustc/e3feeb59cd1bdd011a2bfcc0747b55125d9b8527/library/alloc/src/boxed.rs:2314:9
[INFO] [stdout]   41:     0x55bc9a6c7a0f - <std[617be2ca0a6fd877]::sys::thread::unix::Thread>::new::thread_start
[INFO] [stdout]                                at /rustc/e3feeb59cd1bdd011a2bfcc0747b55125d9b8527/library/std/src/sys/thread/unix.rs:127:17
[INFO] [stdout]   42:     0x74bdef96ddfa - <unknown>
[INFO] [stdout]   43:     0x74bdefa013d4 - clone
[INFO] [stdout]   44:                0x0 - <unknown>
[INFO] [stdout] 
[INFO] [stdout] ---- server::tests::tests_views::test_apply_view_implementation stdout ----
[INFO] [stdout] 
[INFO] [stdout] thread 'server::tests::tests_views::test_apply_view_implementation' (2593) panicked at src/server/tests/tests_views.rs:274:41:
[INFO] [stdout] called `Result::unwrap()` on an `Err` value: "stdlib path does not exist: /opt/rustwide/target/debug/build/syster-lsp/1ffe13e46e1e91c0/sysml.library"
[INFO] [stdout] stack backtrace:
[INFO] [stdout]    0:     0x55bc9a6c8551 - std[617be2ca0a6fd877]::backtrace_rs::backtrace::libunwind::trace
[INFO] [stdout]                                at /rustc/e3feeb59cd1bdd011a2bfcc0747b55125d9b8527/library/std/src/../../backtrace/src/backtrace/libunwind.rs:117:9
[INFO] [stdout]    1:     0x55bc9a6c8551 - std[617be2ca0a6fd877]::backtrace_rs::backtrace::trace_unsynchronized::<std[617be2ca0a6fd877]::sys::backtrace::_print_fmt::{closure#1}>
[INFO] [stdout]                                at /rustc/e3feeb59cd1bdd011a2bfcc0747b55125d9b8527/library/std/src/../../backtrace/src/backtrace/mod.rs:66:14
[INFO] [stdout]    2:     0x55bc9a6c8551 - std[617be2ca0a6fd877]::sys::backtrace::_print_fmt
[INFO] [stdout]                                at /rustc/e3feeb59cd1bdd011a2bfcc0747b55125d9b8527/library/std/src/sys/backtrace.rs:74:9
[INFO] [stdout]    3:     0x55bc9a6c8551 - <<std[617be2ca0a6fd877]::sys::backtrace::BacktraceLock>::print::DisplayBacktrace as core[a373ad73a504971]::fmt::Display>::fmt
[INFO] [stdout]                                at /rustc/e3feeb59cd1bdd011a2bfcc0747b55125d9b8527/library/std/src/sys/backtrace.rs:44:26
[INFO] [stdout]    4:     0x55bc9a6de85a - <core[a373ad73a504971]::fmt::rt::Argument>::fmt
[INFO] [stdout]                                at /rustc/e3feeb59cd1bdd011a2bfcc0747b55125d9b8527/library/core/src/fmt/rt.rs:152:76
[INFO] [stdout]    5:     0x55bc9a6de85a - core[a373ad73a504971]::fmt::write
[INFO] [stdout]    6:     0x55bc9a6ccbfc - core[a373ad73a504971]::io::write::default_write_fmt::<alloc[2e1b2a31b91974c5]::vec::Vec<u8>>
[INFO] [stdout]                                at /rustc/e3feeb59cd1bdd011a2bfcc0747b55125d9b8527/library/core/src/io/write.rs:402:11
[INFO] [stdout]    7:     0x55bc9a6ccbfc - <alloc[2e1b2a31b91974c5]::vec::Vec<u8> as core[a373ad73a504971]::io::write::Write>::write_fmt
[INFO] [stdout]                                at /rustc/e3feeb59cd1bdd011a2bfcc0747b55125d9b8527/library/core/src/io/write.rs:335:13
[INFO] [stdout]    8:     0x55bc9a6a3766 - <std[617be2ca0a6fd877]::sys::backtrace::BacktraceLock>::print
[INFO] [stdout]                                at /rustc/e3feeb59cd1bdd011a2bfcc0747b55125d9b8527/library/std/src/sys/backtrace.rs:47:9
[INFO] [stdout]    9:     0x55bc9a6a3766 - std[617be2ca0a6fd877]::panicking::default_hook::{closure#0}
[INFO] [stdout]                                at /rustc/e3feeb59cd1bdd011a2bfcc0747b55125d9b8527/library/std/src/panicking.rs:289:27
[INFO] [stdout]   10:     0x55bc9a6c0369 - std[617be2ca0a6fd877]::panicking::default_hook
[INFO] [stdout]                                at /rustc/e3feeb59cd1bdd011a2bfcc0747b55125d9b8527/library/std/src/panicking.rs:313:9
[INFO] [stdout]   11:     0x55bc9a2f1de0 - <alloc[2e1b2a31b91974c5]::boxed::Box<dyn for<'a, 'b> core[a373ad73a504971]::ops::function::Fn<(&'a std[617be2ca0a6fd877]::panic::PanicHookInfo<'b>,), Output = ()> + core[a373ad73a504971]::marker::Sync + core[a373ad73a504971]::marker::Send> as core[a373ad73a504971]::ops::function::Fn<(&std[617be2ca0a6fd877]::panic::PanicHookInfo,)>>::call
[INFO] [stdout]                                at /rustc/e3feeb59cd1bdd011a2bfcc0747b55125d9b8527/library/alloc/src/boxed.rs:2328:9
[INFO] [stdout]   12:     0x55bc9a2f1de0 - test[aada8e7e76ba119b]::test_main_inner::{closure#0}
[INFO] [stdout]                                at /rustc/e3feeb59cd1bdd011a2bfcc0747b55125d9b8527/library/test/src/lib.rs:137:21
[INFO] [stdout]   13:     0x55bc9a6c0692 - <alloc[2e1b2a31b91974c5]::boxed::Box<dyn for<'a, 'b> core[a373ad73a504971]::ops::function::Fn<(&'a std[617be2ca0a6fd877]::panic::PanicHookInfo<'b>,), Output = ()> + core[a373ad73a504971]::marker::Sync + core[a373ad73a504971]::marker::Send> as core[a373ad73a504971]::ops::function::Fn<(&std[617be2ca0a6fd877]::panic::PanicHookInfo,)>>::call
[INFO] [stdout]                                at /rustc/e3feeb59cd1bdd011a2bfcc0747b55125d9b8527/library/alloc/src/boxed.rs:2328:9
[INFO] [stdout]   14:     0x55bc9a6c0692 - std[617be2ca0a6fd877]::panicking::panic_with_hook
[INFO] [stdout]                                at /rustc/e3feeb59cd1bdd011a2bfcc0747b55125d9b8527/library/std/src/panicking.rs:819:13
[INFO] [stdout]   15:     0x55bc9a6a3812 - std[617be2ca0a6fd877]::panicking::panic_handler::{closure#0}
[INFO] [stdout]                                at /rustc/e3feeb59cd1bdd011a2bfcc0747b55125d9b8527/library/std/src/panicking.rs:685:13
[INFO] [stdout]   16:     0x55bc9a69c2f9 - std[617be2ca0a6fd877]::sys::backtrace::__rust_end_short_backtrace::<std[617be2ca0a6fd877]::panicking::panic_handler::{closure#0}, !>
[INFO] [stdout]                                at /rustc/e3feeb59cd1bdd011a2bfcc0747b55125d9b8527/library/std/src/sys/backtrace.rs:182:18
[INFO] [stdout]   17:     0x55bc9a6a441d - __rustc[ea4f61d10b84890b]::rust_begin_unwind
[INFO] [stdout]                                at /rustc/e3feeb59cd1bdd011a2bfcc0747b55125d9b8527/library/std/src/panicking.rs:676:5
[INFO] [stdout]   18:     0x55bc9a6df0ac - core[a373ad73a504971]::panicking::panic_fmt
[INFO] [stdout]                                at /rustc/e3feeb59cd1bdd011a2bfcc0747b55125d9b8527/library/core/src/panicking.rs:80:14
[INFO] [stdout]   19:     0x55bc9a6dedd2 - core[a373ad73a504971]::result::unwrap_failed
[INFO] [stdout]                                at /rustc/e3feeb59cd1bdd011a2bfcc0747b55125d9b8527/library/core/src/result.rs:1870:5
[INFO] [stdout]   20:     0x55bc9a25a0b3 - <core[a373ad73a504971]::result::Result<(), alloc[2e1b2a31b91974c5]::string::String>>::unwrap
[INFO] [stdout]                                at /rustc/e3feeb59cd1bdd011a2bfcc0747b55125d9b8527/library/core/src/result.rs:1232:23
[INFO] [stdout]   21:     0x55bc9a25a0b3 - syster_lsp[23576b66522817f5]::server::tests::tests_views::test_apply_view_implementation
[INFO] [stdout]                                at /opt/rustwide/workdir/src/server/tests/tests_views.rs:274:41
[INFO] [stdout]   22:     0x55bc9a257fc7 - syster_lsp[23576b66522817f5]::server::tests::tests_views::test_apply_view_implementation::{closure#0}
[INFO] [stdout]                                at /opt/rustwide/workdir/src/server/tests/tests_views.rs:261:36
[INFO] [stdout]   23:     0x55bc9a2c9196 - <syster_lsp[23576b66522817f5]::server::tests::tests_views::test_apply_view_implementation::{closure#0} as core[a373ad73a504971]::ops::function::FnOnce<()>>::call_once
[INFO] [stdout]                                at /rustc/e3feeb59cd1bdd011a2bfcc0747b55125d9b8527/library/core/src/ops/function.rs:250:5
[INFO] [stdout]   24:     0x55bc9a2e522b - <fn() -> core[a373ad73a504971]::result::Result<(), alloc[2e1b2a31b91974c5]::string::String> as core[a373ad73a504971]::ops::function::FnOnce<()>>::call_once
[INFO] [stdout]                                at /rustc/e3feeb59cd1bdd011a2bfcc0747b55125d9b8527/library/core/src/ops/function.rs:250:5
[INFO] [stdout]   25:     0x55bc9a2e522b - test[aada8e7e76ba119b]::__rust_begin_short_backtrace::<core[a373ad73a504971]::result::Result<(), alloc[2e1b2a31b91974c5]::string::String>, fn() -> core[a373ad73a504971]::result::Result<(), alloc[2e1b2a31b91974c5]::string::String>>
[INFO] [stdout]                                at /rustc/e3feeb59cd1bdd011a2bfcc0747b55125d9b8527/library/test/src/lib.rs:701:18
[INFO] [stdout]   26:     0x55bc9a2f2405 - test[aada8e7e76ba119b]::run_test_in_process::{closure#0}
[INFO] [stdout]                                at /rustc/e3feeb59cd1bdd011a2bfcc0747b55125d9b8527/library/test/src/lib.rs:724:74
[INFO] [stdout]   27:     0x55bc9a2f2405 - <core[a373ad73a504971]::panic::unwind_safe::AssertUnwindSafe<test[aada8e7e76ba119b]::run_test_in_process::{closure#0}> as core[a373ad73a504971]::ops::function::FnOnce<()>>::call_once
[INFO] [stdout]                                at /rustc/e3feeb59cd1bdd011a2bfcc0747b55125d9b8527/library/core/src/panic/unwind_safe.rs:275:9
[INFO] [stdout]   28:     0x55bc9a2f2405 - std[617be2ca0a6fd877]::panicking::catch_unwind::do_call::<core[a373ad73a504971]::panic::unwind_safe::AssertUnwindSafe<test[aada8e7e76ba119b]::run_test_in_process::{closure#0}>, core[a373ad73a504971]::result::Result<(), alloc[2e1b2a31b91974c5]::string::String>>
[INFO] [stdout]                                at /rustc/e3feeb59cd1bdd011a2bfcc0747b55125d9b8527/library/std/src/panicking.rs:573:43
[INFO] [stdout]   29:     0x55bc9a2f2405 - std[617be2ca0a6fd877]::panicking::catch_unwind::<core[a373ad73a504971]::result::Result<(), alloc[2e1b2a31b91974c5]::string::String>, core[a373ad73a504971]::panic::unwind_safe::AssertUnwindSafe<test[aada8e7e76ba119b]::run_test_in_process::{closure#0}>>
[INFO] [stdout]                                at /rustc/e3feeb59cd1bdd011a2bfcc0747b55125d9b8527/library/std/src/panicking.rs:541:19
[INFO] [stdout]   30:     0x55bc9a2f2405 - std[617be2ca0a6fd877]::panic::catch_unwind::<core[a373ad73a504971]::panic::unwind_safe::AssertUnwindSafe<test[aada8e7e76ba119b]::run_test_in_process::{closure#0}>, core[a373ad73a504971]::result::Result<(), alloc[2e1b2a31b91974c5]::string::String>>
[INFO] [stdout]                                at /rustc/e3feeb59cd1bdd011a2bfcc0747b55125d9b8527/library/std/src/panic.rs:359:14
[INFO] [stdout]   31:     0x55bc9a2f2405 - test[aada8e7e76ba119b]::run_test_in_process
[INFO] [stdout]                                at /rustc/e3feeb59cd1bdd011a2bfcc0747b55125d9b8527/library/test/src/lib.rs:724:27
[INFO] [stdout]   32:     0x55bc9a2f2405 - test[aada8e7e76ba119b]::run_test::{closure#0}
[INFO] [stdout]                                at /rustc/e3feeb59cd1bdd011a2bfcc0747b55125d9b8527/library/test/src/lib.rs:645:43
[INFO] [stdout]   33:     0x55bc9a2ebcf4 - test[aada8e7e76ba119b]::run_test::{closure#1}
[INFO] [stdout]                                at /rustc/e3feeb59cd1bdd011a2bfcc0747b55125d9b8527/library/test/src/lib.rs:675:41
[INFO] [stdout]   34:     0x55bc9a2ebcf4 - std[617be2ca0a6fd877]::sys::backtrace::__rust_begin_short_backtrace::<test[aada8e7e76ba119b]::run_test::{closure#1}, ()>
[INFO] [stdout]                                at /rustc/e3feeb59cd1bdd011a2bfcc0747b55125d9b8527/library/std/src/sys/backtrace.rs:166:18
[INFO] [stdout]   35:     0x55bc9a2f5492 - std[617be2ca0a6fd877]::thread::lifecycle::spawn_unchecked::<test[aada8e7e76ba119b]::run_test::{closure#1}, ()>::{closure#1}::{closure#0}
[INFO] [stdout]                                at /rustc/e3feeb59cd1bdd011a2bfcc0747b55125d9b8527/library/std/src/thread/lifecycle.rs:70:13
[INFO] [stdout]   36:     0x55bc9a2f5492 - <core[a373ad73a504971]::panic::unwind_safe::AssertUnwindSafe<std[617be2ca0a6fd877]::thread::lifecycle::spawn_unchecked<test[aada8e7e76ba119b]::run_test::{closure#1}, ()>::{closure#1}::{closure#0}> as core[a373ad73a504971]::ops::function::FnOnce<()>>::call_once
[INFO] [stdout]                                at /rustc/e3feeb59cd1bdd011a2bfcc0747b55125d9b8527/library/core/src/panic/unwind_safe.rs:275:9
[INFO] [stdout]   37:     0x55bc9a2f5492 - std[617be2ca0a6fd877]::panicking::catch_unwind::do_call::<core[a373ad73a504971]::panic::unwind_safe::AssertUnwindSafe<std[617be2ca0a6fd877]::thread::lifecycle::spawn_unchecked<test[aada8e7e76ba119b]::run_test::{closure#1}, ()>::{closure#1}::{closure#0}>, ()>
[INFO] [stdout]                                at /rustc/e3feeb59cd1bdd011a2bfcc0747b55125d9b8527/library/std/src/panicking.rs:573:43
[INFO] [stdout]   38:     0x55bc9a2f5492 - std[617be2ca0a6fd877]::panicking::catch_unwind::<(), core[a373ad73a504971]::panic::unwind_safe::AssertUnwindSafe<std[617be2ca0a6fd877]::thread::lifecycle::spawn_unchecked<test[aada8e7e76ba119b]::run_test::{closure#1}, ()>::{closure#1}::{closure#0}>>
[INFO] [stdout]                                at /rustc/e3feeb59cd1bdd011a2bfcc0747b55125d9b8527/library/std/src/panicking.rs:541:19
[INFO] [stdout]   39:     0x55bc9a2f5492 - std[617be2ca0a6fd877]::panic::catch_unwind::<core[a373ad73a504971]::panic::unwind_safe::AssertUnwindSafe<std[617be2ca0a6fd877]::thread::lifecycle::spawn_unchecked<test[aada8e7e76ba119b]::run_test::{closure#1}, ()>::{closure#1}::{closure#0}>, ()>
[INFO] [stdout]                                at /rustc/e3feeb59cd1bdd011a2bfcc0747b55125d9b8527/library/std/src/panic.rs:359:14
[INFO] [stdout]   40:     0x55bc9a2f5492 - std[617be2ca0a6fd877]::thread::lifecycle::spawn_unchecked::<test[aada8e7e76ba119b]::run_test::{closure#1}, ()>::{closure#1}
[INFO] [stdout]                                at /rustc/e3feeb59cd1bdd011a2bfcc0747b55125d9b8527/library/std/src/thread/lifecycle.rs:68:26
[INFO] [stdout]   41:     0x55bc9a2f5492 - <std[617be2ca0a6fd877]::thread::lifecycle::spawn_unchecked<test[aada8e7e76ba119b]::run_test::{closure#1}, ()>::{closure#1} as core[a373ad73a504971]::ops::function::FnOnce<()>>::call_once::{shim:vtable#0}
[INFO] [stdout]                                at /rustc/e3feeb59cd1bdd011a2bfcc0747b55125d9b8527/library/core/src/ops/function.rs:250:5
[INFO] [stdout]   42:     0x55bc9a6c7a0f - <alloc[2e1b2a31b91974c5]::boxed::Box<dyn core[a373ad73a504971]::ops::function::FnOnce<(), Output = ()> + core[a373ad73a504971]::marker::Send> as core[a373ad73a504971]::ops::function::FnOnce<()>>::call_once
[INFO] [stdout]                                at /rustc/e3feeb59cd1bdd011a2bfcc0747b55125d9b8527/library/alloc/src/boxed.rs:2314:9
[INFO] [stdout]   43:     0x55bc9a6c7a0f - <std[617be2ca0a6fd877]::sys::thread::unix::Thread>::new::thread_start
[INFO] [stdout]                                at /rustc/e3feeb59cd1bdd011a2bfcc0747b55125d9b8527/library/std/src/sys/thread/unix.rs:127:17
[INFO] [stdout]   44:     0x74bdef96ddfa - <unknown>
[INFO] [stdout]   45:     0x74bdefa013d4 - clone
[INFO] [stdout]   46:                0x0 - <unknown>
[INFO] [stdout] 
[INFO] [stdout] ---- server::tests::tests_views::test_interconnection_view_filtering stdout ----
[INFO] [stdout] 
[INFO] [stdout] thread 'server::tests::tests_views::test_interconnection_view_filtering' (2595) panicked at src/server/tests/tests_views.rs:211:41:
[INFO] [stdout] called `Result::unwrap()` on an `Err` value: "stdlib path does not exist: /opt/rustwide/target/debug/build/syster-lsp/1ffe13e46e1e91c0/sysml.library"
[INFO] [stdout] stack backtrace:
[INFO] [stdout]    0:     0x55bc9a6c8551 - std[617be2ca0a6fd877]::backtrace_rs::backtrace::libunwind::trace
[INFO] [stdout]                                at /rustc/e3feeb59cd1bdd011a2bfcc0747b55125d9b8527/library/std/src/../../backtrace/src/backtrace/libunwind.rs:117:9
[INFO] [stdout]    1:     0x55bc9a6c8551 - std[617be2ca0a6fd877]::backtrace_rs::backtrace::trace_unsynchronized::<std[617be2ca0a6fd877]::sys::backtrace::_print_fmt::{closure#1}>
[INFO] [stdout]                                at /rustc/e3feeb59cd1bdd011a2bfcc0747b55125d9b8527/library/std/src/../../backtrace/src/backtrace/mod.rs:66:14
[INFO] [stdout]    2:     0x55bc9a6c8551 - std[617be2ca0a6fd877]::sys::backtrace::_print_fmt
[INFO] [stdout]                                at /rustc/e3feeb59cd1bdd011a2bfcc0747b55125d9b8527/library/std/src/sys/backtrace.rs:74:9
[INFO] [stdout]    3:     0x55bc9a6c8551 - <<std[617be2ca0a6fd877]::sys::backtrace::BacktraceLock>::print::DisplayBacktrace as core[a373ad73a504971]::fmt::Display>::fmt
[INFO] [stdout]                                at /rustc/e3feeb59cd1bdd011a2bfcc0747b55125d9b8527/library/std/src/sys/backtrace.rs:44:26
[INFO] [stdout]    4:     0x55bc9a6de85a - <core[a373ad73a504971]::fmt::rt::Argument>::fmt
[INFO] [stdout]                                at /rustc/e3feeb59cd1bdd011a2bfcc0747b55125d9b8527/library/core/src/fmt/rt.rs:152:76
[INFO] [stdout]    5:     0x55bc9a6de85a - core[a373ad73a504971]::fmt::write
[INFO] [stdout]    6:     0x55bc9a6ccbfc - core[a373ad73a504971]::io::write::default_write_fmt::<alloc[2e1b2a31b91974c5]::vec::Vec<u8>>
[INFO] [stdout]                                at /rustc/e3feeb59cd1bdd011a2bfcc0747b55125d9b8527/library/core/src/io/write.rs:402:11
[INFO] [stdout]    7:     0x55bc9a6ccbfc - <alloc[2e1b2a31b91974c5]::vec::Vec<u8> as core[a373ad73a504971]::io::write::Write>::write_fmt
[INFO] [stdout]                                at /rustc/e3feeb59cd1bdd011a2bfcc0747b55125d9b8527/library/core/src/io/write.rs:335:13
[INFO] [stdout]    8:     0x55bc9a6a3766 - <std[617be2ca0a6fd877]::sys::backtrace::BacktraceLock>::print
[INFO] [stdout]                                at /rustc/e3feeb59cd1bdd011a2bfcc0747b55125d9b8527/library/std/src/sys/backtrace.rs:47:9
[INFO] [stdout]    9:     0x55bc9a6a3766 - std[617be2ca0a6fd877]::panicking::default_hook::{closure#0}
[INFO] [stdout]                                at /rustc/e3feeb59cd1bdd011a2bfcc0747b55125d9b8527/library/std/src/panicking.rs:289:27
[INFO] [stdout]   10:     0x55bc9a6c0369 - std[617be2ca0a6fd877]::panicking::default_hook
[INFO] [stdout]                                at /rustc/e3feeb59cd1bdd011a2bfcc0747b55125d9b8527/library/std/src/panicking.rs:313:9
[INFO] [stdout]   11:     0x55bc9a2f1de0 - <alloc[2e1b2a31b91974c5]::boxed::Box<dyn for<'a, 'b> core[a373ad73a504971]::ops::function::Fn<(&'a std[617be2ca0a6fd877]::panic::PanicHookInfo<'b>,), Output = ()> + core[a373ad73a504971]::marker::Sync + core[a373ad73a504971]::marker::Send> as core[a373ad73a504971]::ops::function::Fn<(&std[617be2ca0a6fd877]::panic::PanicHookInfo,)>>::call
[INFO] [stdout]                                at /rustc/e3feeb59cd1bdd011a2bfcc0747b55125d9b8527/library/alloc/src/boxed.rs:2328:9
[INFO] [stdout]   12:     0x55bc9a2f1de0 - test[aada8e7e76ba119b]::test_main_inner::{closure#0}
[INFO] [stdout]                                at /rustc/e3feeb59cd1bdd011a2bfcc0747b55125d9b8527/library/test/src/lib.rs:137:21
[INFO] [stdout]   13:     0x55bc9a6c0692 - <alloc[2e1b2a31b91974c5]::boxed::Box<dyn for<'a, 'b> core[a373ad73a504971]::ops::function::Fn<(&'a std[617be2ca0a6fd877]::panic::PanicHookInfo<'b>,), Output = ()> + core[a373ad73a504971]::marker::Sync + core[a373ad73a504971]::marker::Send> as core[a373ad73a504971]::ops::function::Fn<(&std[617be2ca0a6fd877]::panic::PanicHookInfo,)>>::call
[INFO] [stdout]                                at /rustc/e3feeb59cd1bdd011a2bfcc0747b55125d9b8527/library/alloc/src/boxed.rs:2328:9
[INFO] [stdout]   14:     0x55bc9a6c0692 - std[617be2ca0a6fd877]::panicking::panic_with_hook
[INFO] [stdout]                                at /rustc/e3feeb59cd1bdd011a2bfcc0747b55125d9b8527/library/std/src/panicking.rs:819:13
[INFO] [stdout]   15:     0x55bc9a6a3812 - std[617be2ca0a6fd877]::panicking::panic_handler::{closure#0}
[INFO] [stdout]                                at /rustc/e3feeb59cd1bdd011a2bfcc0747b55125d9b8527/library/std/src/panicking.rs:685:13
[INFO] [stdout]   16:     0x55bc9a69c2f9 - std[617be2ca0a6fd877]::sys::backtrace::__rust_end_short_backtrace::<std[617be2ca0a6fd877]::panicking::panic_handler::{closure#0}, !>
[INFO] [stdout]                                at /rustc/e3feeb59cd1bdd011a2bfcc0747b55125d9b8527/library/std/src/sys/backtrace.rs:182:18
[INFO] [stdout]   17:     0x55bc9a6a441d - __rustc[ea4f61d10b84890b]::rust_begin_unwind
[INFO] [stdout]                                at /rustc/e3feeb59cd1bdd011a2bfcc0747b55125d9b8527/library/std/src/panicking.rs:676:5
[INFO] [stdout]   18:     0x55bc9a6df0ac - core[a373ad73a504971]::panicking::panic_fmt
[INFO] [stdout]                                at /rustc/e3feeb59cd1bdd011a2bfcc0747b55125d9b8527/library/core/src/panicking.rs:80:14
[INFO] [stdout]   19:     0x55bc9a6dedd2 - core[a373ad73a504971]::result::unwrap_failed
[INFO] [stdout]                                at /rustc/e3feeb59cd1bdd011a2bfcc0747b55125d9b8527/library/core/src/result.rs:1870:5
[INFO] [stdout]   20:     0x55bc9a25ac10 - <core[a373ad73a504971]::result::Result<(), alloc[2e1b2a31b91974c5]::string::String>>::unwrap
[INFO] [stdout]                                at /rustc/e3feeb59cd1bdd011a2bfcc0747b55125d9b8527/library/core/src/result.rs:1232:23
[INFO] [stdout]   21:     0x55bc9a25ac10 - syster_lsp[23576b66522817f5]::server::tests::tests_views::test_interconnection_view_filtering
[INFO] [stdout]                                at /opt/rustwide/workdir/src/server/tests/tests_views.rs:211:41
[INFO] [stdout]   22:     0x55bc9a258027 - syster_lsp[23576b66522817f5]::server::tests::tests_views::test_interconnection_view_filtering::{closure#0}
[INFO] [stdout]                                at /opt/rustwide/workdir/src/server/tests/tests_views.rs:161:41
[INFO] [stdout]   23:     0x55bc9a2c91d6 - <syster_lsp[23576b66522817f5]::server::tests::tests_views::test_interconnection_view_filtering::{closure#0} as core[a373ad73a504971]::ops::function::FnOnce<()>>::call_once
[INFO] [stdout]                                at /rustc/e3feeb59cd1bdd011a2bfcc0747b55125d9b8527/library/core/src/ops/function.rs:250:5
[INFO] [stdout]   24:     0x55bc9a2e522b - <fn() -> core[a373ad73a504971]::result::Result<(), alloc[2e1b2a31b91974c5]::string::String> as core[a373ad73a504971]::ops::function::FnOnce<()>>::call_once
[INFO] [stdout]                                at /rustc/e3feeb59cd1bdd011a2bfcc0747b55125d9b8527/library/core/src/ops/function.rs:250:5
[INFO] [stdout]   25:     0x55bc9a2e522b - test[aada8e7e76ba119b]::__rust_begin_short_backtrace::<core[a373ad73a504971]::result::Result<(), alloc[2e1b2a31b91974c5]::string::String>, fn() -> core[a373ad73a504971]::result::Result<(), alloc[2e1b2a31b91974c5]::string::String>>
[INFO] [stdout]                                at /rustc/e3feeb59cd1bdd011a2bfcc0747b55125d9b8527/library/test/src/lib.rs:701:18
[INFO] [stdout]   26:     0x55bc9a2f2405 - test[aada8e7e76ba119b]::run_test_in_process::{closure#0}
[INFO] [stdout]                                at /rustc/e3feeb59cd1bdd011a2bfcc0747b55125d9b8527/library/test/src/lib.rs:724:74
[INFO] [stdout]   27:     0x55bc9a2f2405 - <core[a373ad73a504971]::panic::unwind_safe::AssertUnwindSafe<test[aada8e7e76ba119b]::run_test_in_process::{closure#0}> as core[a373ad73a504971]::ops::function::FnOnce<()>>::call_once
[INFO] [stdout]                                at /rustc/e3feeb59cd1bdd011a2bfcc0747b55125d9b8527/library/core/src/panic/unwind_safe.rs:275:9
[INFO] [stdout]   28:     0x55bc9a2f2405 - std[617be2ca0a6fd877]::panicking::catch_unwind::do_call::<core[a373ad73a504971]::panic::unwind_safe::AssertUnwindSafe<test[aada8e7e76ba119b]::run_test_in_process::{closure#0}>, core[a373ad73a504971]::result::Result<(), alloc[2e1b2a31b91974c5]::string::String>>
[INFO] [stdout]                                at /rustc/e3feeb59cd1bdd011a2bfcc0747b55125d9b8527/library/std/src/panicking.rs:573:43
[INFO] [stdout]   29:     0x55bc9a2f2405 - std[617be2ca0a6fd877]::panicking::catch_unwind::<core[a373ad73a504971]::result::Result<(), alloc[2e1b2a31b91974c5]::string::String>, core[a373ad73a504971]::panic::unwind_safe::AssertUnwindSafe<test[aada8e7e76ba119b]::run_test_in_process::{closure#0}>>
[INFO] [stdout]                                at /rustc/e3feeb59cd1bdd011a2bfcc0747b55125d9b8527/library/std/src/panicking.rs:541:19
[INFO] [stdout]   30:     0x55bc9a2f2405 - std[617be2ca0a6fd877]::panic::catch_unwind::<core[a373ad73a504971]::panic::unwind_safe::AssertUnwindSafe<test[aada8e7e76ba119b]::run_test_in_process::{closure#0}>, core[a373ad73a504971]::result::Result<(), alloc[2e1b2a31b91974c5]::string::String>>
[INFO] [stdout]                                at /rustc/e3feeb59cd1bdd011a2bfcc0747b55125d9b8527/library/std/src/panic.rs:359:14
[INFO] [stdout]   31:     0x55bc9a2f2405 - test[aada8e7e76ba119b]::run_test_in_process
[INFO] [stdout]                                at /rustc/e3feeb59cd1bdd011a2bfcc0747b55125d9b8527/library/test/src/lib.rs:724:27
[INFO] [stdout]   32:     0x55bc9a2f2405 - test[aada8e7e76ba119b]::run_test::{closure#0}
[INFO] [stdout]                                at /rustc/e3feeb59cd1bdd011a2bfcc0747b55125d9b8527/library/test/src/lib.rs:645:43
[INFO] [stdout]   33:     0x55bc9a2ebcf4 - test[aada8e7e76ba119b]::run_test::{closure#1}
[INFO] [stdout]                                at /rustc/e3feeb59cd1bdd011a2bfcc0747b55125d9b8527/library/test/src/lib.rs:675:41
[INFO] [stdout]   34:     0x55bc9a2ebcf4 - std[617be2ca0a6fd877]::sys::backtrace::__rust_begin_short_backtrace::<test[aada8e7e76ba119b]::run_test::{closure#1}, ()>
[INFO] [stdout]                                at /rustc/e3feeb59cd1bdd011a2bfcc0747b55125d9b8527/library/std/src/sys/backtrace.rs:166:18
[INFO] [stdout]   35:     0x55bc9a2f5492 - std[617be2ca0a6fd877]::thread::lifecycle::spawn_unchecked::<test[aada8e7e76ba119b]::run_test::{closure#1}, ()>::{closure#1}::{closure#0}
[INFO] [stdout]                                at /rustc/e3feeb59cd1bdd011a2bfcc0747b55125d9b8527/library/std/src/thread/lifecycle.rs:70:13
[INFO] [stdout]   36:     0x55bc9a2f5492 - <core[a373ad73a504971]::panic::unwind_safe::AssertUnwindSafe<std[617be2ca0a6fd877]::thread::lifecycle::spawn_unchecked<test[aada8e7e76ba119b]::run_test::{closure#1}, ()>::{closure#1}::{closure#0}> as core[a373ad73a504971]::ops::function::FnOnce<()>>::call_once
[INFO] [stdout]                                at /rustc/e3feeb59cd1bdd011a2bfcc0747b55125d9b8527/library/core/src/panic/unwind_safe.rs:275:9
[INFO] [stdout]   37:     0x55bc9a2f5492 - std[617be2ca0a6fd877]::panicking::catch_unwind::do_call::<core[a373ad73a504971]::panic::unwind_safe::AssertUnwindSafe<std[617be2ca0a6fd877]::thread::lifecycle::spawn_unchecked<test[aada8e7e76ba119b]::run_test::{closure#1}, ()>::{closure#1}::{closure#0}>, ()>
[INFO] [stdout]                                at /rustc/e3feeb59cd1bdd011a2bfcc0747b55125d9b8527/library/std/src/panicking.rs:573:43
[INFO] [stdout]   38:     0x55bc9a2f5492 - std[617be2ca0a6fd877]::panicking::catch_unwind::<(), core[a373ad73a504971]::panic::unwind_safe::AssertUnwindSafe<std[617be2ca0a6fd877]::thread::lifecycle::spawn_unchecked<test[aada8e7e76ba119b]::run_test::{closure#1}, ()>::{closure#1}::{closure#0}>>
[INFO] [stdout]                                at /rustc/e3feeb59cd1bdd011a2bfcc0747b55125d9b8527/library/std/src/panicking.rs:541:19
[INFO] [stdout]   39:     0x55bc9a2f5492 - std[617be2ca0a6fd877]::panic::catch_unwind::<core[a373ad73a504971]::panic::unwind_safe::AssertUnwindSafe<std[617be2ca0a6fd877]::thread::lifecycle::spawn_unchecked<test[aada8e7e76ba119b]::run_test::{closure#1}, ()>::{closure#1}::{closure#0}>, ()>
[INFO] [stdout]                                at /rustc/e3feeb59cd1bdd011a2bfcc0747b55125d9b8527/library/std/src/panic.rs:359:14
[INFO] [stdout]   40:     0x55bc9a2f5492 - std[617be2ca0a6fd877]::thread::lifecycle::spawn_unchecked::<test[aada8e7e76ba119b]::run_test::{closure#1}, ()>::{closure#1}
[INFO] [stdout]                                at /rustc/e3feeb59cd1bdd011a2bfcc0747b55125d9b8527/library/std/src/thread/lifecycle.rs:68:26
[INFO] [stdout]   41:     0x55bc9a2f5492 - <std[617be2ca0a6fd877]::thread::lifecycle::spawn_unchecked<test[aada8e7e76ba119b]::run_test::{closure#1}, ()>::{closure#1} as core[a373ad73a504971]::ops::function::FnOnce<()>>::call_once::{shim:vtable#0}
[INFO] [stdout]                                at /rustc/e3feeb59cd1bdd011a2bfcc0747b55125d9b8527/library/core/src/ops/function.rs:250:5
[INFO] [stdout]   42:     0x55bc9a6c7a0f - <alloc[2e1b2a31b91974c5]::boxed::Box<dyn core[a373ad73a504971]::ops::function::FnOnce<(), Output = ()> + core[a373ad73a504971]::marker::Send> as core[a373ad73a504971]::ops::function::FnOnce<()>>::call_once
[INFO] [stdout]                                at /rustc/e3feeb59cd1bdd011a2bfcc0747b55125d9b8527/library/alloc/src/boxed.rs:2314:9
[INFO] [stdout]   43:     0x55bc9a6c7a0f - <std[617be2ca0a6fd877]::sys::thread::unix::Thread>::new::thread_start
[INFO] [stdout]                                at /rustc/e3feeb59cd1bdd011a2bfcc0747b55125d9b8527/library/std/src/sys/thread/unix.rs:127:17
[INFO] [stdout]   44:     0x74bdef96ddfa - <unknown>
[INFO] [stdout]   45:     0x74bdefa013d4 - clone
[INFO] [stdout]   46:                0x0 - <unknown>
[INFO] [stdout] 
[INFO] [stdout] ---- server::tests::tests_views::test_stdlib_loads_view_definitions stdout ----
[INFO] [stdout] 
[INFO] [stdout] thread 'server::tests::tests_views::test_stdlib_loads_view_definitions' (2596) panicked at src/server/tests/tests_views.rs:16:5:
[INFO] [stdout] Standard library should be loaded
[INFO] [stdout] stack backtrace:
[INFO] [stdout]    0:     0x55bc9a6c8551 - std[617be2ca0a6fd877]::backtrace_rs::backtrace::libunwind::trace
[INFO] [stdout]                                at /rustc/e3feeb59cd1bdd011a2bfcc0747b55125d9b8527/library/std/src/../../backtrace/src/backtrace/libunwind.rs:117:9
[INFO] [stdout]    1:     0x55bc9a6c8551 - std[617be2ca0a6fd877]::backtrace_rs::backtrace::trace_unsynchronized::<std[617be2ca0a6fd877]::sys::backtrace::_print_fmt::{closure#1}>
[INFO] [stdout]                                at /rustc/e3feeb59cd1bdd011a2bfcc0747b55125d9b8527/library/std/src/../../backtrace/src/backtrace/mod.rs:66:14
[INFO] [stdout]    2:     0x55bc9a6c8551 - std[617be2ca0a6fd877]::sys::backtrace::_print_fmt
[INFO] [stdout]                                at /rustc/e3feeb59cd1bdd011a2bfcc0747b55125d9b8527/library/std/src/sys/backtrace.rs:74:9
[INFO] [stdout]    3:     0x55bc9a6c8551 - <<std[617be2ca0a6fd877]::sys::backtrace::BacktraceLock>::print::DisplayBacktrace as core[a373ad73a504971]::fmt::Display>::fmt
[INFO] [stdout]                                at /rustc/e3feeb59cd1bdd011a2bfcc0747b55125d9b8527/library/std/src/sys/backtrace.rs:44:26
[INFO] [stdout]    4:     0x55bc9a6de85a - <core[a373ad73a504971]::fmt::rt::Argument>::fmt
[INFO] [stdout]                                at /rustc/e3feeb59cd1bdd011a2bfcc0747b55125d9b8527/library/core/src/fmt/rt.rs:152:76
[INFO] [stdout]    5:     0x55bc9a6de85a - core[a373ad73a504971]::fmt::write
[INFO] [stdout]    6:     0x55bc9a6ccbfc - core[a373ad73a504971]::io::write::default_write_fmt::<alloc[2e1b2a31b91974c5]::vec::Vec<u8>>
[INFO] [stdout]                                at /rustc/e3feeb59cd1bdd011a2bfcc0747b55125d9b8527/library/core/src/io/write.rs:402:11
[INFO] [stdout]    7:     0x55bc9a6ccbfc - <alloc[2e1b2a31b91974c5]::vec::Vec<u8> as core[a373ad73a504971]::io::write::Write>::write_fmt
[INFO] [stdout]                                at /rustc/e3feeb59cd1bdd011a2bfcc0747b55125d9b8527/library/core/src/io/write.rs:335:13
[INFO] [stdout]    8:     0x55bc9a6a3766 - <std[617be2ca0a6fd877]::sys::backtrace::BacktraceLock>::print
[INFO] [stdout]                                at /rustc/e3feeb59cd1bdd011a2bfcc0747b55125d9b8527/library/std/src/sys/backtrace.rs:47:9
[INFO] [stdout]    9:     0x55bc9a6a3766 - std[617be2ca0a6fd877]::panicking::default_hook::{closure#0}
[INFO] [stdout]                                at /rustc/e3feeb59cd1bdd011a2bfcc0747b55125d9b8527/library/std/src/panicking.rs:289:27
[INFO] [stdout]   10:     0x55bc9a6c0369 - std[617be2ca0a6fd877]::panicking::default_hook
[INFO] [stdout]                                at /rustc/e3feeb59cd1bdd011a2bfcc0747b55125d9b8527/library/std/src/panicking.rs:313:9
[INFO] [stdout]   11:     0x55bc9a2f1de0 - <alloc[2e1b2a31b91974c5]::boxed::Box<dyn for<'a, 'b> core[a373ad73a504971]::ops::function::Fn<(&'a std[617be2ca0a6fd877]::panic::PanicHookInfo<'b>,), Output = ()> + core[a373ad73a504971]::marker::Sync + core[a373ad73a504971]::marker::Send> as core[a373ad73a504971]::ops::function::Fn<(&std[617be2ca0a6fd877]::panic::PanicHookInfo,)>>::call
[INFO] [stdout]                                at /rustc/e3feeb59cd1bdd011a2bfcc0747b55125d9b8527/library/alloc/src/boxed.rs:2328:9
[INFO] [stdout]   12:     0x55bc9a2f1de0 - test[aada8e7e76ba119b]::test_main_inner::{closure#0}
[INFO] [stdout]                                at /rustc/e3feeb59cd1bdd011a2bfcc0747b55125d9b8527/library/test/src/lib.rs:137:21
[INFO] [stdout]   13:     0x55bc9a6c0692 - <alloc[2e1b2a31b91974c5]::boxed::Box<dyn for<'a, 'b> core[a373ad73a504971]::ops::function::Fn<(&'a std[617be2ca0a6fd877]::panic::PanicHookInfo<'b>,), Output = ()> + core[a373ad73a504971]::marker::Sync + core[a373ad73a504971]::marker::Send> as core[a373ad73a504971]::ops::function::Fn<(&std[617be2ca0a6fd877]::panic::PanicHookInfo,)>>::call
[INFO] [stdout]                                at /rustc/e3feeb59cd1bdd011a2bfcc0747b55125d9b8527/library/alloc/src/boxed.rs:2328:9
[INFO] [stdout]   14:     0x55bc9a6c0692 - std[617be2ca0a6fd877]::panicking::panic_with_hook
[INFO] [stdout]                                at /rustc/e3feeb59cd1bdd011a2bfcc0747b55125d9b8527/library/std/src/panicking.rs:819:13
[INFO] [stdout]   15:     0x55bc9a6a3844 - std[617be2ca0a6fd877]::panicking::panic_handler::{closure#0}
[INFO] [stdout]                                at /rustc/e3feeb59cd1bdd011a2bfcc0747b55125d9b8527/library/std/src/panicking.rs:678:13
[INFO] [stdout]   16:     0x55bc9a69c2f9 - std[617be2ca0a6fd877]::sys::backtrace::__rust_end_short_backtrace::<std[617be2ca0a6fd877]::panicking::panic_handler::{closure#0}, !>
[INFO] [stdout]                                at /rustc/e3feeb59cd1bdd011a2bfcc0747b55125d9b8527/library/std/src/sys/backtrace.rs:182:18
[INFO] [stdout]   17:     0x55bc9a6a441d - __rustc[ea4f61d10b84890b]::rust_begin_unwind
[INFO] [stdout]                                at /rustc/e3feeb59cd1bdd011a2bfcc0747b55125d9b8527/library/std/src/panicking.rs:676:5
[INFO] [stdout]   18:     0x55bc9a6df0ac - core[a373ad73a504971]::panicking::panic_fmt
[INFO] [stdout]                                at /rustc/e3feeb59cd1bdd011a2bfcc0747b55125d9b8527/library/core/src/panicking.rs:80:14
[INFO] [stdout]   19:     0x55bc9a25a6a1 - syster_lsp[23576b66522817f5]::server::tests::tests_views::test_stdlib_loads_view_definitions
[INFO] [stdout]                                at /opt/rustwide/workdir/src/server/tests/tests_views.rs:16:5
[INFO] [stdout]   20:     0x55bc9a257ff7 - syster_lsp[23576b66522817f5]::server::tests::tests_views::test_stdlib_loads_view_definitions::{closure#0}
[INFO] [stdout]                                at /opt/rustwide/workdir/src/server/tests/tests_views.rs:12:40
[INFO] [stdout]   21:     0x55bc9a2c91b6 - <syster_lsp[23576b66522817f5]::server::tests::tests_views::test_stdlib_loads_view_definitions::{closure#0} as core[a373ad73a504971]::ops::function::FnOnce<()>>::call_once
[INFO] [stdout]                                at /rustc/e3feeb59cd1bdd011a2bfcc0747b55125d9b8527/library/core/src/ops/function.rs:250:5
[INFO] [stdout]   22:     0x55bc9a2e522b - <fn() -> core[a373ad73a504971]::result::Result<(), alloc[2e1b2a31b91974c5]::string::String> as core[a373ad73a504971]::ops::function::FnOnce<()>>::call_once
[INFO] [stdout]                                at /rustc/e3feeb59cd1bdd011a2bfcc0747b55125d9b8527/library/core/src/ops/function.rs:250:5
[INFO] [stdout]   23:     0x55bc9a2e522b - test[aada8e7e76ba119b]::__rust_begin_short_backtrace::<core[a373ad73a504971]::result::Result<(), alloc[2e1b2a31b91974c5]::string::String>, fn() -> core[a373ad73a504971]::result::Result<(), alloc[2e1b2a31b91974c5]::string::String>>
[INFO] [stdout]                                at /rustc/e3feeb59cd1bdd011a2bfcc0747b55125d9b8527/library/test/src/lib.rs:701:18
[INFO] [stdout]   24:     0x55bc9a2f2405 - test[aada8e7e76ba119b]::run_test_in_process::{closure#0}
[INFO] [stdout]                                at /rustc/e3feeb59cd1bdd011a2bfcc0747b55125d9b8527/library/test/src/lib.rs:724:74
[INFO] [stdout]   25:     0x55bc9a2f2405 - <core[a373ad73a504971]::panic::unwind_safe::AssertUnwindSafe<test[aada8e7e76ba119b]::run_test_in_process::{closure#0}> as core[a373ad73a504971]::ops::function::FnOnce<()>>::call_once
[INFO] [stdout]                                at /rustc/e3feeb59cd1bdd011a2bfcc0747b55125d9b8527/library/core/src/panic/unwind_safe.rs:275:9
[INFO] [stdout]   26:     0x55bc9a2f2405 - std[617be2ca0a6fd877]::panicking::catch_unwind::do_call::<core[a373ad73a504971]::panic::unwind_safe::AssertUnwindSafe<test[aada8e7e76ba119b]::run_test_in_process::{closure#0}>, core[a373ad73a504971]::result::Result<(), alloc[2e1b2a31b91974c5]::string::String>>
[INFO] [stdout]                                at /rustc/e3feeb59cd1bdd011a2bfcc0747b55125d9b8527/library/std/src/panicking.rs:573:43
[INFO] [stdout]   27:     0x55bc9a2f2405 - std[617be2ca0a6fd877]::panicking::catch_unwind::<core[a373ad73a504971]::result::Result<(), alloc[2e1b2a31b91974c5]::string::String>, core[a373ad73a504971]::panic::unwind_safe::AssertUnwindSafe<test[aada8e7e76ba119b]::run_test_in_process::{closure#0}>>
[INFO] [stdout]                                at /rustc/e3feeb59cd1bdd011a2bfcc0747b55125d9b8527/library/std/src/panicking.rs:541:19
[INFO] [stdout]   28:     0x55bc9a2f2405 - std[617be2ca0a6fd877]::panic::catch_unwind::<core[a373ad73a504971]::panic::unwind_safe::AssertUnwindSafe<test[aada8e7e76ba119b]::run_test_in_process::{closure#0}>, core[a373ad73a504971]::result::Result<(), alloc[2e1b2a31b91974c5]::string::String>>
[INFO] [stdout]                                at /rustc/e3feeb59cd1bdd011a2bfcc0747b55125d9b8527/library/std/src/panic.rs:359:14
[INFO] [stdout]   29:     0x55bc9a2f2405 - test[aada8e7e76ba119b]::run_test_in_process
[INFO] [stdout]                                at /rustc/e3feeb59cd1bdd011a2bfcc0747b55125d9b8527/library/test/src/lib.rs:724:27
[INFO] [stdout]   30:     0x55bc9a2f2405 - test[aada8e7e76ba119b]::run_test::{closure#0}
[INFO] [stdout]                                at /rustc/e3feeb59cd1bdd011a2bfcc0747b55125d9b8527/library/test/src/lib.rs:645:43
[INFO] [stdout]   31:     0x55bc9a2ebcf4 - test[aada8e7e76ba119b]::run_test::{closure#1}
[INFO] [stdout]                                at /rustc/e3feeb59cd1bdd011a2bfcc0747b55125d9b8527/library/test/src/lib.rs:675:41
[INFO] [stdout]   32:     0x55bc9a2ebcf4 - std[617be2ca0a6fd877]::sys::backtrace::__rust_begin_short_backtrace::<test[aada8e7e76ba119b]::run_test::{closure#1}, ()>
[INFO] [stdout]                                at /rustc/e3feeb59cd1bdd011a2bfcc0747b55125d9b8527/library/std/src/sys/backtrace.rs:166:18
[INFO] [stdout]   33:     0x55bc9a2f5492 - std[617be2ca0a6fd877]::thread::lifecycle::spawn_unchecked::<test[aada8e7e76ba119b]::run_test::{closure#1}, ()>::{closure#1}::{closure#0}
[INFO] [stdout]                                at /rustc/e3feeb59cd1bdd011a2bfcc0747b55125d9b8527/library/std/src/thread/lifecycle.rs:70:13
[INFO] [stdout]   34:     0x55bc9a2f5492 - <core[a373ad73a504971]::panic::unwind_safe::AssertUnwindSafe<std[617be2ca0a6fd877]::thread::lifecycle::spawn_unchecked<test[aada8e7e76ba119b]::run_test::{closure#1}, ()>::{closure#1}::{closure#0}> as core[a373ad73a504971]::ops::function::FnOnce<()>>::call_once
[INFO] [stdout]                                at /rustc/e3feeb59cd1bdd011a2bfcc0747b55125d9b8527/library/core/src/panic/unwind_safe.rs:275:9
[INFO] [stdout]   35:     0x55bc9a2f5492 - std[617be2ca0a6fd877]::panicking::catch_unwind::do_call::<core[a373ad73a504971]::panic::unwind_safe::AssertUnwindSafe<std[617be2ca0a6fd877]::thread::lifecycle::spawn_unchecked<test[aada8e7e76ba119b]::run_test::{closure#1}, ()>::{closure#1}::{closure#0}>, ()>
[INFO] [stdout]                                at /rustc/e3feeb59cd1bdd011a2bfcc0747b55125d9b8527/library/std/src/panicking.rs:573:43
[INFO] [stdout]   36:     0x55bc9a2f5492 - std[617be2ca0a6fd877]::panicking::catch_unwind::<(), core[a373ad73a504971]::panic::unwind_safe::AssertUnwindSafe<std[617be2ca0a6fd877]::thread::lifecycle::spawn_unchecked<test[aada8e7e76ba119b]::run_test::{closure#1}, ()>::{closure#1}::{closure#0}>>
[INFO] [stdout]                                at /rustc/e3feeb59cd1bdd011a2bfcc0747b55125d9b8527/library/std/src/panicking.rs:541:19
[INFO] [stdout]   37:     0x55bc9a2f5492 - std[617be2ca0a6fd877]::panic::catch_unwind::<core[a373ad73a504971]::panic::unwind_safe::AssertUnwindSafe<std[617be2ca0a6fd877]::thread::lifecycle::spawn_unchecked<test[aada8e7e76ba119b]::run_test::{closure#1}, ()>::{closure#1}::{closure#0}>, ()>
[INFO] [stdout]                                at /rustc/e3feeb59cd1bdd011a2bfcc0747b55125d9b8527/library/std/src/panic.rs:359:14
[INFO] [stdout]   38:     0x55bc9a2f5492 - std[617be2ca0a6fd877]::thread::lifecycle::spawn_unchecked::<test[aada8e7e76ba119b]::run_test::{closure#1}, ()>::{closure#1}
[INFO] [stdout]                                at /rustc/e3feeb59cd1bdd011a2bfcc0747b55125d9b8527/library/std/src/thread/lifecycle.rs:68:26
[INFO] [stdout]   39:     0x55bc9a2f5492 - <std[617be2ca0a6fd877]::thread::lifecycle::spawn_unchecked<test[aada8e7e76ba119b]::run_test::{closure#1}, ()>::{closure#1} as core[a373ad73a504971]::ops::function::FnOnce<()>>::call_once::{shim:vtable#0}
[INFO] [stdout]                                at /rustc/e3feeb59cd1bdd011a2bfcc0747b55125d9b8527/library/core/src/ops/function.rs:250:5
[INFO] [stdout]   40:     0x55bc9a6c7a0f - <alloc[2e1b2a31b91974c5]::boxed::Box<dyn core[a373ad73a504971]::ops::function::FnOnce<(), Output = ()> + core[a373ad73a504971]::marker::Send> as core[a373ad73a504971]::ops::function::FnOnce<()>>::call_once
[INFO] [stdout]                                at /rustc/e3feeb59cd1bdd011a2bfcc0747b55125d9b8527/library/alloc/src/boxed.rs:2314:9
[INFO] [stdout]   41:     0x55bc9a6c7a0f - <std[617be2ca0a6fd877]::sys::thread::unix::Thread>::new::thread_start
[INFO] [stdout]                                at /rustc/e3feeb59cd1bdd011a2bfcc0747b55125d9b8527/library/std/src/sys/thread/unix.rs:127:17
[INFO] [stdout]   42:     0x74bdef96ddfa - <unknown>
[INFO] [stdout]   43:     0x74bdefa013d4 - clone
[INFO] [stdout]   44:                0x0 - <unknown>
[INFO] [stdout] 
[INFO] [stdout] ---- server::tests::tests_views::test_view_def_symbol_names stdout ----
[INFO] [stdout] Finding GeneralView:
[INFO] [stdout]   by name 'GeneralView': None
[INFO] [stdout]   by name 'gv': None
[INFO] [stdout]   by qname 'StandardViewDefinitions::GeneralView': None
[INFO] [stdout]   by qname 'StandardViewDefinitions::gv': None
[INFO] [stdout] 
[INFO] [stdout] thread 'server::tests::tests_views::test_view_def_symbol_names' (2597) panicked at src/server/tests/tests_views.rs:151:5:
[INFO] [stdout] Should be able to find GeneralView by some name
[INFO] [stdout] stack backtrace:
[INFO] [stdout]    0:     0x55bc9a6c8551 - std[617be2ca0a6fd877]::backtrace_rs::backtrace::libunwind::trace
[INFO] [stdout]                                at /rustc/e3feeb59cd1bdd011a2bfcc0747b55125d9b8527/library/std/src/../../backtrace/src/backtrace/libunwind.rs:117:9
[INFO] [stdout]    1:     0x55bc9a6c8551 - std[617be2ca0a6fd877]::backtrace_rs::backtrace::trace_unsynchronized::<std[617be2ca0a6fd877]::sys::backtrace::_print_fmt::{closure#1}>
[INFO] [stdout]                                at /rustc/e3feeb59cd1bdd011a2bfcc0747b55125d9b8527/library/std/src/../../backtrace/src/backtrace/mod.rs:66:14
[INFO] [stdout]    2:     0x55bc9a6c8551 - std[617be2ca0a6fd877]::sys::backtrace::_print_fmt
[INFO] [stdout]                                at /rustc/e3feeb59cd1bdd011a2bfcc0747b55125d9b8527/library/std/src/sys/backtrace.rs:74:9
[INFO] [stdout]    3:     0x55bc9a6c8551 - <<std[617be2ca0a6fd877]::sys::backtrace::BacktraceLock>::print::DisplayBacktrace as core[a373ad73a504971]::fmt::Display>::fmt
[INFO] [stdout]                                at /rustc/e3feeb59cd1bdd011a2bfcc0747b55125d9b8527/library/std/src/sys/backtrace.rs:44:26
[INFO] [stdout]    4:     0x55bc9a6de85a - <core[a373ad73a504971]::fmt::rt::Argument>::fmt
[INFO] [stdout]                                at /rustc/e3feeb59cd1bdd011a2bfcc0747b55125d9b8527/library/core/src/fmt/rt.rs:152:76
[INFO] [stdout]    5:     0x55bc9a6de85a - core[a373ad73a504971]::fmt::write
[INFO] [stdout]    6:     0x55bc9a6ccbfc - core[a373ad73a504971]::io::write::default_write_fmt::<alloc[2e1b2a31b91974c5]::vec::Vec<u8>>
[INFO] [stdout]                                at /rustc/e3feeb59cd1bdd011a2bfcc0747b55125d9b8527/library/core/src/io/write.rs:402:11
[INFO] [stdout]    7:     0x55bc9a6ccbfc - <alloc[2e1b2a31b91974c5]::vec::Vec<u8> as core[a373ad73a504971]::io::write::Write>::write_fmt
[INFO] [stdout]                                at /rustc/e3feeb59cd1bdd011a2bfcc0747b55125d9b8527/library/core/src/io/write.rs:335:13
[INFO] [stdout]    8:     0x55bc9a6a3766 - <std[617be2ca0a6fd877]::sys::backtrace::BacktraceLock>::print
[INFO] [stdout]                                at /rustc/e3feeb59cd1bdd011a2bfcc0747b55125d9b8527/library/std/src/sys/backtrace.rs:47:9
[INFO] [stdout]    9:     0x55bc9a6a3766 - std[617be2ca0a6fd877]::panicking::default_hook::{closure#0}
[INFO] [stdout]                                at /rustc/e3feeb59cd1bdd011a2bfcc0747b55125d9b8527/library/std/src/panicking.rs:289:27
[INFO] [stdout]   10:     0x55bc9a6c0369 - std[617be2ca0a6fd877]::panicking::default_hook
[INFO] [stdout]                                at /rustc/e3feeb59cd1bdd011a2bfcc0747b55125d9b8527/library/std/src/panicking.rs:313:9
[INFO] [stdout]   11:     0x55bc9a2f1de0 - <alloc[2e1b2a31b91974c5]::boxed::Box<dyn for<'a, 'b> core[a373ad73a504971]::ops::function::Fn<(&'a std[617be2ca0a6fd877]::panic::PanicHookInfo<'b>,), Output = ()> + core[a373ad73a504971]::marker::Sync + core[a373ad73a504971]::marker::Send> as core[a373ad73a504971]::ops::function::Fn<(&std[617be2ca0a6fd877]::panic::PanicHookInfo,)>>::call
[INFO] [stdout]                                at /rustc/e3feeb59cd1bdd011a2bfcc0747b55125d9b8527/library/alloc/src/boxed.rs:2328:9
[INFO] [stdout]   12:     0x55bc9a2f1de0 - test[aada8e7e76ba119b]::test_main_inner::{closure#0}
[INFO] [stdout]                                at /rustc/e3feeb59cd1bdd011a2bfcc0747b55125d9b8527/library/test/src/lib.rs:137:21
[INFO] [stdout]   13:     0x55bc9a6c0692 - <alloc[2e1b2a31b91974c5]::boxed::Box<dyn for<'a, 'b> core[a373ad73a504971]::ops::function::Fn<(&'a std[617be2ca0a6fd877]::panic::PanicHookInfo<'b>,), Output = ()> + core[a373ad73a504971]::marker::Sync + core[a373ad73a504971]::marker::Send> as core[a373ad73a504971]::ops::function::Fn<(&std[617be2ca0a6fd877]::panic::PanicHookInfo,)>>::call
[INFO] [stdout]                                at /rustc/e3feeb59cd1bdd011a2bfcc0747b55125d9b8527/library/alloc/src/boxed.rs:2328:9
[INFO] [stdout]   14:     0x55bc9a6c0692 - std[617be2ca0a6fd877]::panicking::panic_with_hook
[INFO] [stdout]                                at /rustc/e3feeb59cd1bdd011a2bfcc0747b55125d9b8527/library/std/src/panicking.rs:819:13
[INFO] [stdout]   15:     0x55bc9a6a3844 - std[617be2ca0a6fd877]::panicking::panic_handler::{closure#0}
[INFO] [stdout]                                at /rustc/e3feeb59cd1bdd011a2bfcc0747b55125d9b8527/library/std/src/panicking.rs:678:13
[INFO] [stdout]   16:     0x55bc9a69c2f9 - std[617be2ca0a6fd877]::sys::backtrace::__rust_end_short_backtrace::<std[617be2ca0a6fd877]::panicking::panic_handler::{closure#0}, !>
[INFO] [stdout]                                at /rustc/e3feeb59cd1bdd011a2bfcc0747b55125d9b8527/library/std/src/sys/backtrace.rs:182:18
[INFO] [stdout]   17:     0x55bc9a6a441d - __rustc[ea4f61d10b84890b]::rust_begin_unwind
[INFO] [stdout]                                at /rustc/e3feeb59cd1bdd011a2bfcc0747b55125d9b8527/library/std/src/panicking.rs:676:5
[INFO] [stdout]   18:     0x55bc9a6df0ac - core[a373ad73a504971]::panicking::panic_fmt
[INFO] [stdout]                                at /rustc/e3feeb59cd1bdd011a2bfcc0747b55125d9b8527/library/core/src/panicking.rs:80:14
[INFO] [stdout]   19:     0x55bc9a259e98 - syster_lsp[23576b66522817f5]::server::tests::tests_views::test_view_def_symbol_names
[INFO] [stdout]                                at /opt/rustwide/workdir/src/server/tests/tests_views.rs:151:5
[INFO] [stdout]   20:     0x55bc9a257f97 - syster_lsp[23576b66522817f5]::server::tests::tests_views::test_view_def_symbol_names::{closure#0}
[INFO] [stdout]                                at /opt/rustwide/workdir/src/server/tests/tests_views.rs:123:32
[INFO] [stdout]   21:     0x55bc9a2c9176 - <syster_lsp[23576b66522817f5]::server::tests::tests_views::test_view_def_symbol_names::{closure#0} as core[a373ad73a504971]::ops::function::FnOnce<()>>::call_once
[INFO] [stdout]                                at /rustc/e3feeb59cd1bdd011a2bfcc0747b55125d9b8527/library/core/src/ops/function.rs:250:5
[INFO] [stdout]   22:     0x55bc9a2e522b - <fn() -> core[a373ad73a504971]::result::Result<(), alloc[2e1b2a31b91974c5]::string::String> as core[a373ad73a504971]::ops::function::FnOnce<()>>::call_once
[INFO] [stdout]                                at /rustc/e3feeb59cd1bdd011a2bfcc0747b55125d9b8527/library/core/src/ops/function.rs:250:5
[INFO] [stdout]   23:     0x55bc9a2e522b - test[aada8e7e76ba119b]::__rust_begin_short_backtrace::<core[a373ad73a504971]::result::Result<(), alloc[2e1b2a31b91974c5]::string::String>, fn() -> core[a373ad73a504971]::result::Result<(), alloc[2e1b2a31b91974c5]::string::String>>
[INFO] [stdout]                                at /rustc/e3feeb59cd1bdd011a2bfcc0747b55125d9b8527/library/test/src/lib.rs:701:18
[INFO] [stdout]   24:     0x55bc9a2f2405 - test[aada8e7e76ba119b]::run_test_in_process::{closure#0}
[INFO] [stdout]                                at /rustc/e3feeb59cd1bdd011a2bfcc0747b55125d9b8527/library/test/src/lib.rs:724:74
[INFO] [stdout]   25:     0x55bc9a2f2405 - <core[a373ad73a504971]::panic::unwind_safe::AssertUnwindSafe<test[aada8e7e76ba119b]::run_test_in_process::{closure#0}> as core[a373ad73a504971]::ops::function::FnOnce<()>>::call_once
[INFO] [stdout]                                at /rustc/e3feeb59cd1bdd011a2bfcc0747b55125d9b8527/library/core/src/panic/unwind_safe.rs:275:9
[INFO] [stdout]   26:     0x55bc9a2f2405 - std[617be2ca0a6fd877]::panicking::catch_unwind::do_call::<core[a373ad73a504971]::panic::unwind_safe::AssertUnwindSafe<test[aada8e7e76ba119b]::run_test_in_process::{closure#0}>, core[a373ad73a504971]::result::Result<(), alloc[2e1b2a31b91974c5]::string::String>>
[INFO] [stdout]                                at /rustc/e3feeb59cd1bdd011a2bfcc0747b55125d9b8527/library/std/src/panicking.rs:573:43
[INFO] [stdout]   27:     0x55bc9a2f2405 - std[617be2ca0a6fd877]::panicking::catch_unwind::<core[a373ad73a504971]::result::Result<(), alloc[2e1b2a31b91974c5]::string::String>, core[a373ad73a504971]::panic::unwind_safe::AssertUnwindSafe<test[aada8e7e76ba119b]::run_test_in_process::{closure#0}>>
[INFO] [stdout]                                at /rustc/e3feeb59cd1bdd011a2bfcc0747b55125d9b8527/library/std/src/panicking.rs:541:19
[INFO] [stdout]   28:     0x55bc9a2f2405 - std[617be2ca0a6fd877]::panic::catch_unwind::<core[a373ad73a504971]::panic::unwind_safe::AssertUnwindSafe<test[aada8e7e76ba119b]::run_test_in_process::{closure#0}>, core[a373ad73a504971]::result::Result<(), alloc[2e1b2a31b91974c5]::string::String>>
[INFO] [stdout]                                at /rustc/e3feeb59cd1bdd011a2bfcc0747b55125d9b8527/library/std/src/panic.rs:359:14
[INFO] [stdout]   29:     0x55bc9a2f2405 - test[aada8e7e76ba119b]::run_test_in_process
[INFO] [stdout]                                at /rustc/e3feeb59cd1bdd011a2bfcc0747b55125d9b8527/library/test/src/lib.rs:724:27
[INFO] [stdout]   30:     0x55bc9a2f2405 - test[aada8e7e76ba119b]::run_test::{closure#0}
[INFO] [stdout]                                at /rustc/e3feeb59cd1bdd011a2bfcc0747b55125d9b8527/library/test/src/lib.rs:645:43
[INFO] [stdout]   31:     0x55bc9a2ebcf4 - test[aada8e7e76ba119b]::run_test::{closure#1}
[INFO] [stdout]                                at /rustc/e3feeb59cd1bdd011a2bfcc0747b55125d9b8527/library/test/src/lib.rs:675:41
[INFO] [stdout]   32:     0x55bc9a2ebcf4 - std[617be2ca0a6fd877]::sys::backtrace::__rust_begin_short_backtrace::<test[aada8e7e76ba119b]::run_test::{closure#1}, ()>
[INFO] [stdout]                                at /rustc/e3feeb59cd1bdd011a2bfcc0747b55125d9b8527/library/std/src/sys/backtrace.rs:166:18
[INFO] [stdout]   33:     0x55bc9a2f5492 - std[617be2ca0a6fd877]::thread::lifecycle::spawn_unchecked::<test[aada8e7e76ba119b]::run_test::{closure#1}, ()>::{closure#1}::{closure#0}
[INFO] [stdout]                                at /rustc/e3feeb59cd1bdd011a2bfcc0747b55125d9b8527/library/std/src/thread/lifecycle.rs:70:13
[INFO] [stdout]   34:     0x55bc9a2f5492 - <core[a373ad73a504971]::panic::unwind_safe::AssertUnwindSafe<std[617be2ca0a6fd877]::thread::lifecycle::spawn_unchecked<test[aada8e7e76ba119b]::run_test::{closure#1}, ()>::{closure#1}::{closure#0}> as core[a373ad73a504971]::ops::function::FnOnce<()>>::call_once
[INFO] [stdout]                                at /rustc/e3feeb59cd1bdd011a2bfcc0747b55125d9b8527/library/core/src/panic/unwind_safe.rs:275:9
[INFO] [stdout]   35:     0x55bc9a2f5492 - std[617be2ca0a6fd877]::panicking::catch_unwind::do_call::<core[a373ad73a504971]::panic::unwind_safe::AssertUnwindSafe<std[617be2ca0a6fd877]::thread::lifecycle::spawn_unchecked<test[aada8e7e76ba119b]::run_test::{closure#1}, ()>::{closure#1}::{closure#0}>, ()>
[INFO] [stdout]                                at /rustc/e3feeb59cd1bdd011a2bfcc0747b55125d9b8527/library/std/src/panicking.rs:573:43
[INFO] [stdout]   36:     0x55bc9a2f5492 - std[617be2ca0a6fd877]::panicking::catch_unwind::<(), core[a373ad73a504971]::panic::unwind_safe::AssertUnwindSafe<std[617be2ca0a6fd877]::thread::lifecycle::spawn_unchecked<test[aada8e7e76ba119b]::run_test::{closure#1}, ()>::{closure#1}::{closure#0}>>
[INFO] [stdout]                                at /rustc/e3feeb59cd1bdd011a2bfcc0747b55125d9b8527/library/std/src/panicking.rs:541:19
[INFO] [stdout]   37:     0x55bc9a2f5492 - std[617be2ca0a6fd877]::panic::catch_unwind::<core[a373ad73a504971]::panic::unwind_safe::AssertUnwindSafe<std[617be2ca0a6fd877]::thread::lifecycle::spawn_unchecked<test[aada8e7e76ba119b]::run_test::{closure#1}, ()>::{closure#1}::{closure#0}>, ()>
[INFO] [stdout]                                at /rustc/e3feeb59cd1bdd011a2bfcc0747b55125d9b8527/library/std/src/panic.rs:359:14
[INFO] [stdout]   38:     0x55bc9a2f5492 - std[617be2ca0a6fd877]::thread::lifecycle::spawn_unchecked::<test[aada8e7e76ba119b]::run_test::{closure#1}, ()>::{closure#1}
[INFO] [stdout]                                at /rustc/e3feeb59cd1bdd011a2bfcc0747b55125d9b8527/library/std/src/thread/lifecycle.rs:68:26
[INFO] [stdout]   39:     0x55bc9a2f5492 - <std[617be2ca0a6fd877]::thread::lifecycle::spawn_unchecked<test[aada8e7e76ba119b]::run_test::{closure#1}, ()>::{closure#1} as core[a373ad73a504971]::ops::function::FnOnce<()>>::call_once::{shim:vtable#0}
[INFO] [stdout]                                at /rustc/e3feeb59cd1bdd011a2bfcc0747b55125d9b8527/library/core/src/ops/function.rs:250:5
[INFO] [stdout]   40:     0x55bc9a6c7a0f - <alloc[2e1b2a31b91974c5]::boxed::Box<dyn core[a373ad73a504971]::ops::function::FnOnce<(), Output = ()> + core[a373ad73a504971]::marker::Send> as core[a373ad73a504971]::ops::function::FnOnce<()>>::call_once
[INFO] [stdout]                                at /rustc/e3feeb59cd1bdd011a2bfcc0747b55125d9b8527/library/alloc/src/boxed.rs:2314:9
[INFO] [stdout]   41:     0x55bc9a6c7a0f - <std[617be2ca0a6fd877]::sys::thread::unix::Thread>::new::thread_start
[INFO] [stdout]                                at /rustc/e3feeb59cd1bdd011a2bfcc0747b55125d9b8527/library/std/src/sys/thread/unix.rs:127:17
[INFO] [stdout]   42:     0x74bdef96ddfa - <unknown>
[INFO] [stdout]   43:     0x74bdefa013d4 - clone
[INFO] [stdout]   44:                0x0 - <unknown>
[INFO] [stdout] 
[INFO] [stdout] ---- server::tests::tests_views::test_view_definitions_have_correct_qualified_names stdout ----
[INFO] [stdout] ViewDef symbols:
[INFO] [stdout] 
[INFO] [stdout] Standard ViewDefs: 0
[INFO] [stdout] 
[INFO] [stdout] thread 'server::tests::tests_views::test_view_definitions_have_correct_qualified_names' (2598) panicked at src/server/tests/tests_views.rs:116:5:
[INFO] [stdout] Should have ViewDefs in StandardViewDefinitions
[INFO] [stdout] stack backtrace:
[INFO] [stdout]    0:     0x55bc9a6c8551 - std[617be2ca0a6fd877]::backtrace_rs::backtrace::libunwind::trace
[INFO] [stdout]                                at /rustc/e3feeb59cd1bdd011a2bfcc0747b55125d9b8527/library/std/src/../../backtrace/src/backtrace/libunwind.rs:117:9
[INFO] [stdout]    1:     0x55bc9a6c8551 - std[617be2ca0a6fd877]::backtrace_rs::backtrace::trace_unsynchronized::<std[617be2ca0a6fd877]::sys::backtrace::_print_fmt::{closure#1}>
[INFO] [stdout]                                at /rustc/e3feeb59cd1bdd011a2bfcc0747b55125d9b8527/library/std/src/../../backtrace/src/backtrace/mod.rs:66:14
[INFO] [stdout]    2:     0x55bc9a6c8551 - std[617be2ca0a6fd877]::sys::backtrace::_print_fmt
[INFO] [stdout]                                at /rustc/e3feeb59cd1bdd011a2bfcc0747b55125d9b8527/library/std/src/sys/backtrace.rs:74:9
[INFO] [stdout]    3:     0x55bc9a6c8551 - <<std[617be2ca0a6fd877]::sys::backtrace::BacktraceLock>::print::DisplayBacktrace as core[a373ad73a504971]::fmt::Display>::fmt
[INFO] [stdout]                                at /rustc/e3feeb59cd1bdd011a2bfcc0747b55125d9b8527/library/std/src/sys/backtrace.rs:44:26
[INFO] [stdout]    4:     0x55bc9a6de85a - <core[a373ad73a504971]::fmt::rt::Argument>::fmt
[INFO] [stdout]                                at /rustc/e3feeb59cd1bdd011a2bfcc0747b55125d9b8527/library/core/src/fmt/rt.rs:152:76
[INFO] [stdout]    5:     0x55bc9a6de85a - core[a373ad73a504971]::fmt::write
[INFO] [stdout]    6:     0x55bc9a6ccbfc - core[a373ad73a504971]::io::write::default_write_fmt::<alloc[2e1b2a31b91974c5]::vec::Vec<u8>>
[INFO] [stdout]                                at /rustc/e3feeb59cd1bdd011a2bfcc0747b55125d9b8527/library/core/src/io/write.rs:402:11
[INFO] [stdout]    7:     0x55bc9a6ccbfc - <alloc[2e1b2a31b91974c5]::vec::Vec<u8> as core[a373ad73a504971]::io::write::Write>::write_fmt
[INFO] [stdout]                                at /rustc/e3feeb59cd1bdd011a2bfcc0747b55125d9b8527/library/core/src/io/write.rs:335:13
[INFO] [stdout]    8:     0x55bc9a6a3766 - <std[617be2ca0a6fd877]::sys::backtrace::BacktraceLock>::print
[INFO] [stdout]                                at /rustc/e3feeb59cd1bdd011a2bfcc0747b55125d9b8527/library/std/src/sys/backtrace.rs:47:9
[INFO] [stdout]    9:     0x55bc9a6a3766 - std[617be2ca0a6fd877]::panicking::default_hook::{closure#0}
[INFO] [stdout]                                at /rustc/e3feeb59cd1bdd011a2bfcc0747b55125d9b8527/library/std/src/panicking.rs:289:27
[INFO] [stdout]   10:     0x55bc9a6c0369 - std[617be2ca0a6fd877]::panicking::default_hook
[INFO] [stdout]                                at /rustc/e3feeb59cd1bdd011a2bfcc0747b55125d9b8527/library/std/src/panicking.rs:313:9
[INFO] [stdout]   11:     0x55bc9a2f1de0 - <alloc[2e1b2a31b91974c5]::boxed::Box<dyn for<'a, 'b> core[a373ad73a504971]::ops::function::Fn<(&'a std[617be2ca0a6fd877]::panic::PanicHookInfo<'b>,), Output = ()> + core[a373ad73a504971]::marker::Sync + core[a373ad73a504971]::marker::Send> as core[a373ad73a504971]::ops::function::Fn<(&std[617be2ca0a6fd877]::panic::PanicHookInfo,)>>::call
[INFO] [stdout]                                at /rustc/e3feeb59cd1bdd011a2bfcc0747b55125d9b8527/library/alloc/src/boxed.rs:2328:9
[INFO] [stdout]   12:     0x55bc9a2f1de0 - test[aada8e7e76ba119b]::test_main_inner::{closure#0}
[INFO] [stdout]                                at /rustc/e3feeb59cd1bdd011a2bfcc0747b55125d9b8527/library/test/src/lib.rs:137:21
[INFO] [stdout]   13:     0x55bc9a6c0692 - <alloc[2e1b2a31b91974c5]::boxed::Box<dyn for<'a, 'b> core[a373ad73a504971]::ops::function::Fn<(&'a std[617be2ca0a6fd877]::panic::PanicHookInfo<'b>,), Output = ()> + core[a373ad73a504971]::marker::Sync + core[a373ad73a504971]::marker::Send> as core[a373ad73a504971]::ops::function::Fn<(&std[617be2ca0a6fd877]::panic::PanicHookInfo,)>>::call
[INFO] [stdout]                                at /rustc/e3feeb59cd1bdd011a2bfcc0747b55125d9b8527/library/alloc/src/boxed.rs:2328:9
[INFO] [stdout]   14:     0x55bc9a6c0692 - std[617be2ca0a6fd877]::panicking::panic_with_hook
[INFO] [stdout]                                at /rustc/e3feeb59cd1bdd011a2bfcc0747b55125d9b8527/library/std/src/panicking.rs:819:13
[INFO] [stdout]   15:     0x55bc9a6a3844 - std[617be2ca0a6fd877]::panicking::panic_handler::{closure#0}
[INFO] [stdout]                                at /rustc/e3feeb59cd1bdd011a2bfcc0747b55125d9b8527/library/std/src/panicking.rs:678:13
[INFO] [stdout]   16:     0x55bc9a69c2f9 - std[617be2ca0a6fd877]::sys::backtrace::__rust_end_short_backtrace::<std[617be2ca0a6fd877]::panicking::panic_handler::{closure#0}, !>
[INFO] [stdout]                                at /rustc/e3feeb59cd1bdd011a2bfcc0747b55125d9b8527/library/std/src/sys/backtrace.rs:182:18
[INFO] [stdout]   17:     0x55bc9a6a441d - __rustc[ea4f61d10b84890b]::rust_begin_unwind
[INFO] [stdout]                                at /rustc/e3feeb59cd1bdd011a2bfcc0747b55125d9b8527/library/std/src/panicking.rs:676:5
[INFO] [stdout]   18:     0x55bc9a6df0ac - core[a373ad73a504971]::panicking::panic_fmt
[INFO] [stdout]                                at /rustc/e3feeb59cd1bdd011a2bfcc0747b55125d9b8527/library/core/src/panicking.rs:80:14
[INFO] [stdout]   19:     0x55bc9a25c042 - syster_lsp[23576b66522817f5]::server::tests::tests_views::test_view_definitions_have_correct_qualified_names
[INFO] [stdout]                                at /opt/rustwide/workdir/src/server/tests/tests_views.rs:116:5
[INFO] [stdout]   20:     0x55bc9a258087 - syster_lsp[23576b66522817f5]::server::tests::tests_views::test_view_definitions_have_correct_qualified_names::{closure#0}
[INFO] [stdout]                                at /opt/rustwide/workdir/src/server/tests/tests_views.rs:93:56
[INFO] [stdout]   21:     0x55bc9a2c9216 - <syster_lsp[23576b66522817f5]::server::tests::tests_views::test_view_definitions_have_correct_qualified_names::{closure#0} as core[a373ad73a504971]::ops::function::FnOnce<()>>::call_once
[INFO] [stdout]                                at /rustc/e3feeb59cd1bdd011a2bfcc0747b55125d9b8527/library/core/src/ops/function.rs:250:5
[INFO] [stdout]   22:     0x55bc9a2e522b - <fn() -> core[a373ad73a504971]::result::Result<(), alloc[2e1b2a31b91974c5]::string::String> as core[a373ad73a504971]::ops::function::FnOnce<()>>::call_once
[INFO] [stdout]                                at /rustc/e3feeb59cd1bdd011a2bfcc0747b55125d9b8527/library/core/src/ops/function.rs:250:5
[INFO] [stdout]   23:     0x55bc9a2e522b - test[aada8e7e76ba119b]::__rust_begin_short_backtrace::<core[a373ad73a504971]::result::Result<(), alloc[2e1b2a31b91974c5]::string::String>, fn() -> core[a373ad73a504971]::result::Result<(), alloc[2e1b2a31b91974c5]::string::String>>
[INFO] [stdout]                                at /rustc/e3feeb59cd1bdd011a2bfcc0747b55125d9b8527/library/test/src/lib.rs:701:18
[INFO] [stdout]   24:     0x55bc9a2f2405 - test[aada8e7e76ba119b]::run_test_in_process::{closure#0}
[INFO] [stdout]                                at /rustc/e3feeb59cd1bdd011a2bfcc0747b55125d9b8527/library/test/src/lib.rs:724:74
[INFO] [stdout]   25:     0x55bc9a2f2405 - <core[a373ad73a504971]::panic::unwind_safe::AssertUnwindSafe<test[aada8e7e76ba119b]::run_test_in_process::{closure#0}> as core[a373ad73a504971]::ops::function::FnOnce<()>>::call_once
[INFO] [stdout]                                at /rustc/e3feeb59cd1bdd011a2bfcc0747b55125d9b8527/library/core/src/panic/unwind_safe.rs:275:9
[INFO] [stdout]   26:     0x55bc9a2f2405 - std[617be2ca0a6fd877]::panicking::catch_unwind::do_call::<core[a373ad73a504971]::panic::unwind_safe::AssertUnwindSafe<test[aada8e7e76ba119b]::run_test_in_process::{closure#0}>, core[a373ad73a504971]::result::Result<(), alloc[2e1b2a31b91974c5]::string::String>>
[INFO] [stdout]                                at /rustc/e3feeb59cd1bdd011a2bfcc0747b55125d9b8527/library/std/src/panicking.rs:573:43
[INFO] [stdout]   27:     0x55bc9a2f2405 - std[617be2ca0a6fd877]::panicking::catch_unwind::<core[a373ad73a504971]::result::Result<(), alloc[2e1b2a31b91974c5]::string::String>, core[a373ad73a504971]::panic::unwind_safe::AssertUnwindSafe<test[aada8e7e76ba119b]::run_test_in_process::{closure#0}>>
[INFO] [stdout]                                at /rustc/e3feeb59cd1bdd011a2bfcc0747b55125d9b8527/library/std/src/panicking.rs:541:19
[INFO] [stdout]   28:     0x55bc9a2f2405 - std[617be2ca0a6fd877]::panic::catch_unwind::<core[a373ad73a504971]::panic::unwind_safe::AssertUnwindSafe<test[aada8e7e76ba119b]::run_test_in_process::{closure#0}>, core[a373ad73a504971]::result::Result<(), alloc[2e1b2a31b91974c5]::string::String>>
[INFO] [stdout]                                at /rustc/e3feeb59cd1bdd011a2bfcc0747b55125d9b8527/library/std/src/panic.rs:359:14
[INFO] [stdout]   29:     0x55bc9a2f2405 - test[aada8e7e76ba119b]::run_test_in_process
[INFO] [stdout]                                at /rustc/e3feeb59cd1bdd011a2bfcc0747b55125d9b8527/library/test/src/lib.rs:724:27
[INFO] [stdout]   30:     0x55bc9a2f2405 - test[aada8e7e76ba119b]::run_test::{closure#0}
[INFO] [stdout]                                at /rustc/e3feeb59cd1bdd011a2bfcc0747b55125d9b8527/library/test/src/lib.rs:645:43
[INFO] [stdout]   31:     0x55bc9a2ebcf4 - test[aada8e7e76ba119b]::run_test::{closure#1}
[INFO] [stdout]                                at /rustc/e3feeb59cd1bdd011a2bfcc0747b55125d9b8527/library/test/src/lib.rs:675:41
[INFO] [stdout]   32:     0x55bc9a2ebcf4 - std[617be2ca0a6fd877]::sys::backtrace::__rust_begin_short_backtrace::<test[aada8e7e76ba119b]::run_test::{closure#1}, ()>
[INFO] [stdout]                                at /rustc/e3feeb59cd1bdd011a2bfcc0747b55125d9b8527/library/std/src/sys/backtrace.rs:166:18
[INFO] [stdout]   33:     0x55bc9a2f5492 - std[617be2ca0a6fd877]::thread::lifecycle::spawn_unchecked::<test[aada8e7e76ba119b]::run_test::{closure#1}, ()>::{closure#1}::{closure#0}
[INFO] [stdout]                                at /rustc/e3feeb59cd1bdd011a2bfcc0747b55125d9b8527/library/std/src/thread/lifecycle.rs:70:13
[INFO] [stdout]   34:     0x55bc9a2f5492 - <core[a373ad73a504971]::panic::unwind_safe::AssertUnwindSafe<std[617be2ca0a6fd877]::thread::lifecycle::spawn_unchecked<test[aada8e7e76ba119b]::run_test::{closure#1}, ()>::{closure#1}::{closure#0}> as core[a373ad73a504971]::ops::function::FnOnce<()>>::call_once
[INFO] [stdout]                                at /rustc/e3feeb59cd1bdd011a2bfcc0747b55125d9b8527/library/core/src/panic/unwind_safe.rs:275:9
[INFO] [stdout]   35:     0x55bc9a2f5492 - std[617be2ca0a6fd877]::panicking::catch_unwind::do_call::<core[a373ad73a504971]::panic::unwind_safe::AssertUnwindSafe<std[617be2ca0a6fd877]::thread::lifecycle::spawn_unchecked<test[aada8e7e76ba119b]::run_test::{closure#1}, ()>::{closure#1}::{closure#0}>, ()>
[INFO] [stdout]                                at /rustc/e3feeb59cd1bdd011a2bfcc0747b55125d9b8527/library/std/src/panicking.rs:573:43
[INFO] [stdout]   36:     0x55bc9a2f5492 - std[617be2ca0a6fd877]::panicking::catch_unwind::<(), core[a373ad73a504971]::panic::unwind_safe::AssertUnwindSafe<std[617be2ca0a6fd877]::thread::lifecycle::spawn_unchecked<test[aada8e7e76ba119b]::run_test::{closure#1}, ()>::{closure#1}::{closure#0}>>
[INFO] [stdout]                                at /rustc/e3feeb59cd1bdd011a2bfcc0747b55125d9b8527/library/std/src/panicking.rs:541:19
[INFO] [stdout]   37:     0x55bc9a2f5492 - std[617be2ca0a6fd877]::panic::catch_unwind::<core[a373ad73a504971]::panic::unwind_safe::AssertUnwindSafe<std[617be2ca0a6fd877]::thread::lifecycle::spawn_unchecked<test[aada8e7e76ba119b]::run_test::{closure#1}, ()>::{closure#1}::{closure#0}>, ()>
[INFO] [stdout]                                at /rustc/e3feeb59cd1bdd011a2bfcc0747b55125d9b8527/library/std/src/panic.rs:359:14
[INFO] [stdout]   38:     0x55bc9a2f5492 - std[617be2ca0a6fd877]::thread::lifecycle::spawn_unchecked::<test[aada8e7e76ba119b]::run_test::{closure#1}, ()>::{closure#1}
[INFO] [stdout]                                at /rustc/e3feeb59cd1bdd011a2bfcc0747b55125d9b8527/library/std/src/thread/lifecycle.rs:68:26
[INFO] [stdout]   39:     0x55bc9a2f5492 - <std[617be2ca0a6fd877]::thread::lifecycle::spawn_unchecked<test[aada8e7e76ba119b]::run_test::{closure#1}, ()>::{closure#1} as core[a373ad73a504971]::ops::function::FnOnce<()>>::call_once::{shim:vtable#0}
[INFO] [stdout]                                at /rustc/e3feeb59cd1bdd011a2bfcc0747b55125d9b8527/library/core/src/ops/function.rs:250:5
[INFO] [stdout]   40:     0x55bc9a6c7a0f - <alloc[2e1b2a31b91974c5]::boxed::Box<dyn core[a373ad73a504971]::ops::function::FnOnce<(), Output = ()> + core[a373ad73a504971]::marker::Send> as core[a373ad73a504971]::ops::function::FnOnce<()>>::call_once
[INFO] [stdout]                                at /rustc/e3feeb59cd1bdd011a2bfcc0747b55125d9b8527/library/alloc/src/boxed.rs:2314:9
[INFO] [stdout]   41:     0x55bc9a6c7a0f - <std[617be2ca0a6fd877]::sys::thread::unix::Thread>::new::thread_start
[INFO] [stdout]                                at /rustc/e3feeb59cd1bdd011a2bfcc0747b55125d9b8527/library/std/src/sys/thread/unix.rs:127:17
[INFO] [stdout]   42:     0x74bdef96ddfa - <unknown>
[INFO] [stdout]   43:     0x74bdefa013d4 - clone
[INFO] [stdout]   44:                0x0 - <unknown>
[INFO] [stdout] 
[INFO] [stdout] 
[INFO] [stdout] failures:
[INFO] [stdout]     server::tests::tests_server::test_cross_file_stdlib_reference_resolution
[INFO] [stdout]     server::tests::tests_server::test_stdlib_files_actually_load
[INFO] [stdout]     server::tests::tests_views::test_apply_view_implementation
[INFO] [stdout]     server::tests::tests_views::test_get_sysml_views_returns_standard_views
[INFO] [stdout]     server::tests::tests_views::test_interconnection_view_filtering
[INFO] [stdout]     server::tests::tests_views::test_stdlib_loads_view_definitions
[INFO] [stdout]     server::tests::tests_views::test_view_def_symbol_names
[INFO] [stdout]     server::tests::tests_views::test_view_definitions_have_correct_qualified_names
[INFO] [stdout] 
[INFO] [stdout] test result: FAILED. 450 passed; 8 failed; 0 ignored; 0 measured; 0 filtered out; finished in 6.03s
[INFO] [stdout] 
[INFO] [stderr] error: test failed, to rerun pass `--lib`
[INFO] running `Command { std: "docker" "inspect" "e2393df2e1ff7d99d9aace4ad36d4a2c2184f5d698bcc3a355304ad8722e5501", kill_on_drop: false }`
[INFO] running `Command { std: "docker" "rm" "-f" "e2393df2e1ff7d99d9aace4ad36d4a2c2184f5d698bcc3a355304ad8722e5501", kill_on_drop: false }`
[INFO] [stdout] e2393df2e1ff7d99d9aace4ad36d4a2c2184f5d698bcc3a355304ad8722e5501
