[INFO] fetching crate steno 0.4.1...
[INFO] testing steno-0.4.1 against 1.99.0-beta.8 for beta-1.100-3
[INFO] extracting crate steno 0.4.1 into /workspace/builds/worker-5-tc1/source
[INFO] removed /workspace/builds/worker-5-tc1/source/rust-toolchain.toml
[INFO] started tweaking crates.io crate steno 0.4.1
[INFO] finished tweaking crates.io crate steno 0.4.1
[INFO] tweaked toml for crates.io crate steno 0.4.1 written to /workspace/builds/worker-5-tc1/source/Cargo.toml
[INFO] validating manifest of crates.io crate steno 0.4.1 on toolchain 1.99.0-beta.8
[INFO] running `Command { std: CARGO_HOME="/workspace/cargo-home" RUSTUP_HOME="/workspace/rustup-home" "/workspace/cargo-home/bin/cargo" "+1.99.0-beta.8" "metadata" "--manifest-path" "Cargo.toml" "--no-deps", kill_on_drop: false }`
[INFO] crate crates.io crate steno 0.4.1 already has a lockfile, it will not be regenerated
[INFO] running `Command { std: CARGO_HOME="/workspace/cargo-home" RUSTUP_HOME="/workspace/rustup-home" "/workspace/cargo-home/bin/cargo" "+1.99.0-beta.8" "fetch" "--manifest-path" "Cargo.toml", kill_on_drop: false }`
[INFO] [stderr]     Updating crates.io index
[INFO] [stderr]  Downloading crates ...
[INFO] [stderr]   Downloaded uuid v1.8.0
[INFO] [stderr]   Downloaded serde v1.0.203
[INFO] [stderr]   Downloaded unicode-ident v1.0.3
[INFO] [stderr]   Downloaded serde_derive v1.0.203
[INFO] [stderr]   Downloaded wasm-bindgen-shared v0.2.82
[INFO] [stderr]   Downloaded windows-targets v0.52.0
[INFO] [stderr]   Downloaded wasm-bindgen-backend v0.2.82
[INFO] [stderr]   Downloaded once_cell v1.14.0
[INFO] [stderr]   Downloaded rustversion v1.0.9
[INFO] [stderr]   Downloaded time v0.3.12
[INFO] [stderr]   Downloaded wasm-bindgen-macro-support v0.2.82
[INFO] [stderr]   Downloaded syn v2.0.46
[INFO] [stderr]   Downloaded wasm-bindgen v0.2.82
[INFO] [stderr]   Downloaded iana-time-zone v0.1.47
[INFO] [stderr]   Downloaded tempfile v3.5.0
[INFO] [stderr]   Downloaded schemars_derive v0.8.21
[INFO] [stderr]   Downloaded pin-project-lite v0.2.12
[INFO] [stderr]   Downloaded bumpalo v3.12.0
[INFO] [stderr]   Downloaded structopt-derive v0.4.18
[INFO] [stderr]   Downloaded unarray v0.1.4
[INFO] [stderr]   Downloaded structopt v0.3.26
[INFO] [stderr]   Downloaded is-terminal v0.4.12
[INFO] [stderr]   Downloaded subprocess v0.2.9
[INFO] [stderr]   Downloaded js-sys v0.3.59
[INFO] [stderr]   Downloaded dyn-clone v1.0.9
[INFO] [stderr]   Downloaded take_mut v0.2.2
[INFO] [stderr]   Downloaded schemars v0.8.21
[INFO] [stderr]   Downloaded serde_derive_internals v0.29.1
[INFO] [stderr]   Downloaded libm v0.2.6
[INFO] [stderr]   Downloaded semver v0.1.20
[INFO] [stderr]   Downloaded proc-macro2 v1.0.74
[INFO] [stderr]   Downloaded slog-term v2.9.1
[INFO] [stderr]   Downloaded wasm-bindgen-macro v0.2.82
[INFO] [stderr]   Downloaded crossbeam-utils v0.8.11
[INFO] [stderr]   Downloaded rusty-fork v0.3.0
[INFO] [stderr]   Downloaded socket2 v0.5.5
[INFO] [stderr]   Downloaded unicode-width v0.1.9
[INFO] [stderr]   Downloaded slog v2.7.0
[INFO] [stderr]   Downloaded slog-async v2.8.0
[INFO] [stderr]   Downloaded rand_xorshift v0.3.0
[INFO] [stderr]   Downloaded rustc_version v0.1.7
[INFO] [stderr]   Downloaded proptest v1.5.0
[INFO] [stderr]   Downloaded encode_unicode v0.3.6
[INFO] [stderr]   Downloaded serde_json v1.0.117
[INFO] [stderr]   Downloaded anyhow v1.0.86
[INFO] [stderr]   Downloaded syn v1.0.105
[INFO] [stderr]   Downloaded terminal_size v0.1.17
[INFO] [stderr]   Downloaded similar v2.2.0
[INFO] [stderr]   Downloaded bitflags v2.4.0
[INFO] [stderr]   Downloaded console v0.15.1
[INFO] [stderr]   Downloaded rustix v0.37.25
[INFO] [stderr]   Downloaded expectorate v1.0.5
[INFO] [stderr]   Downloaded windows_x86_64_gnullvm v0.52.0
[INFO] [stderr]   Downloaded windows_x86_64_msvc v0.52.0
[INFO] [stderr]   Downloaded windows_aarch64_gnullvm v0.52.0
[INFO] [stderr]   Downloaded regex-syntax v0.8.2
[INFO] [stderr]   Downloaded windows_i686_gnu v0.52.0
[INFO] [stderr]   Downloaded async-trait v0.1.80
[INFO] [stderr]   Downloaded libc v0.2.150
[INFO] [stderr]   Downloaded windows_x86_64_gnu v0.52.0
[INFO] [stderr]   Downloaded windows_aarch64_msvc v0.52.0
[INFO] [stderr]   Downloaded newline-converter v0.2.0
[INFO] [stderr]   Downloaded windows_i686_msvc v0.52.0
[INFO] [stderr]   Downloaded newtype_derive v0.1.6
[INFO] running `Command { std: "docker" "create" "-v" "/var/lib/crater-agent-workspace/builds/worker-5-tc1/source:/opt/rustwide/workdir:ro,Z" "-v" "/var/lib/crater-agent-workspace/builds/worker-5-tc1/target:/opt/rustwide/target:rw,Z" "-v" "/var/lib/crater-agent-workspace/cargo-home:/opt/rustwide/cargo-home:ro,Z" "-v" "/var/lib/crater-agent-workspace/rustup-home:/opt/rustwide/rustup-home:ro,Z" "-m" "1610612736" "--network" "none" "ghcr.io/rust-lang/crates-build-env/linux@sha256:77db811e55d90add9212f6832c23229e3de5f1c1f9905e8cb07319ea15df73ac" "sleep" "infinity", kill_on_drop: false }`
[INFO] [stdout] 49d82c9cd55a4f35ccc1a216002aa793a908814dc2597055f33a6bcd428306bc
[INFO] running `Command { std: "docker" "start" "49d82c9cd55a4f35ccc1a216002aa793a908814dc2597055f33a6bcd428306bc", kill_on_drop: false }`
[INFO] running `Command { std: "docker" "inspect" "49d82c9cd55a4f35ccc1a216002aa793a908814dc2597055f33a6bcd428306bc", kill_on_drop: false }`
[INFO] running `Command { std: "docker" "exec" "-e" "SOURCE_DIR=/opt/rustwide/workdir" "-e" "CARGO_HOME=/opt/rustwide/cargo-home" "-e" "RUSTUP_HOME=/opt/rustwide/rustup-home" "-e" "CARGO_TARGET_DIR=/opt/rustwide/target" "-w" "/opt/rustwide/workdir" "--user" "0:0" "49d82c9cd55a4f35ccc1a216002aa793a908814dc2597055f33a6bcd428306bc" "/opt/rustwide/cargo-home/bin/cargo" "+1.99.0-beta.8" "metadata" "--no-deps" "--format-version=1", kill_on_drop: false }`
[INFO] running `Command { std: "docker" "inspect" "49d82c9cd55a4f35ccc1a216002aa793a908814dc2597055f33a6bcd428306bc", kill_on_drop: false }`
[INFO] running `Command { std: "docker" "exec" "-e" "SOURCE_DIR=/opt/rustwide/workdir" "-e" "CARGO_HOME=/opt/rustwide/cargo-home" "-e" "RUSTUP_HOME=/opt/rustwide/rustup-home" "-e" "CARGO_TARGET_DIR=/opt/rustwide/target" "-e" "CARGO_INCREMENTAL=0" "-e" "RUST_BACKTRACE=full" "-e" "RUSTFLAGS=--cap-lints=warn" "-e" "RUSTDOCFLAGS=--cap-lints=warn" "-w" "/opt/rustwide/workdir" "--user" "0:0" "49d82c9cd55a4f35ccc1a216002aa793a908814dc2597055f33a6bcd428306bc" "/opt/rustwide/cargo-home/bin/cargo" "+1.99.0-beta.8" "build" "--frozen" "--message-format=json", kill_on_drop: false }`
[INFO] [stderr]    Compiling proc-macro2 v1.0.74
[INFO] [stderr]    Compiling unicode-ident v1.0.3
[INFO] [stderr]    Compiling libc v0.2.150
[INFO] [stderr]    Compiling serde v1.0.203
[INFO] [stderr]    Compiling memchr v2.5.0
[INFO] [stderr]    Compiling semver v0.1.20
[INFO] [stderr]    Compiling futures-sink v0.3.30
[INFO] [stderr]    Compiling pin-project-lite v0.2.12
[INFO] [stderr]    Compiling futures-core v0.3.30
[INFO] [stderr]    Compiling serde_json v1.0.117
[INFO] [stderr]    Compiling futures-io v0.3.30
[INFO] [stderr]    Compiling slab v0.4.7
[INFO] [stderr]    Compiling num-traits v0.2.15
[INFO] [stderr]    Compiling futures-task v0.3.30
[INFO] [stderr]    Compiling anyhow v1.0.86
[INFO] [stderr]    Compiling hashbrown v0.14.0
[INFO] [stderr]    Compiling futures-channel v0.3.30
[INFO] [stderr]    Compiling ryu v1.0.11
[INFO] [stderr]    Compiling slog v2.7.0
[INFO] [stderr]    Compiling itoa v1.0.3
[INFO] [stderr]    Compiling thiserror v1.0.61
[INFO] [stderr]    Compiling equivalent v1.0.1
[INFO] [stderr]    Compiling schemars v0.8.21
[INFO] [stderr]    Compiling iana-time-zone v0.1.47
[INFO] [stderr]    Compiling fixedbitset v0.4.2
[INFO] [stderr]    Compiling bytes v1.2.1
[INFO] [stderr]    Compiling dyn-clone v1.0.9
[INFO] [stderr]    Compiling rustc_version v0.1.7
[INFO] [stderr]    Compiling newtype_derive v0.1.6
[INFO] [stderr]    Compiling indexmap v2.0.0
[INFO] [stderr]    Compiling quote v1.0.35
[INFO] [stderr]    Compiling syn v2.0.46
[INFO] [stderr]    Compiling getrandom v0.2.7
[INFO] [stderr]    Compiling parking_lot_core v0.9.3
[INFO] [stderr]    Compiling socket2 v0.5.5
[INFO] [stderr]    Compiling signal-hook-registry v1.4.0
[INFO] [stderr]    Compiling num_cpus v1.13.1
[INFO] [stderr]    Compiling mio v0.8.11
[INFO] [stderr]    Compiling parking_lot v0.12.1
[INFO] [stderr]    Compiling serde_derive_internals v0.29.1
[INFO] [stderr]    Compiling serde_derive v1.0.203
[INFO] [stderr]    Compiling futures-macro v0.3.30
[INFO] [stderr]    Compiling tokio-macros v2.3.0
[INFO] [stderr]    Compiling thiserror-impl v1.0.61
[INFO] [stderr]    Compiling async-trait v0.1.80
[INFO] [stderr]    Compiling schemars_derive v0.8.21
[INFO] [stderr]    Compiling tokio v1.38.0
[INFO] [stderr]    Compiling futures-util v0.3.30
[INFO] [stderr]    Compiling futures-executor v0.3.30
[INFO] [stderr]    Compiling futures v0.3.30
[INFO] [stderr]    Compiling uuid v1.8.0
[INFO] [stderr]    Compiling chrono v0.4.38
[INFO] [stderr]    Compiling petgraph v0.6.5
[INFO] [stderr]    Compiling steno v0.4.1 (/opt/rustwide/workdir)
[INFO] [stdout] warning: struct `ExampleSubsagaType` is never constructed
[INFO] [stdout]   --> src/example_provision.rs:70:8
[INFO] [stdout]    |
[INFO] [stdout] 70 | struct ExampleSubsagaType {}
[INFO] [stdout]    |        ^^^^^^^^^^^^^^^^^^
[INFO] [stdout]    |
[INFO] [stdout]    = note: `#[warn(dead_code)]` (part of `#[warn(unused)]`) on by default
[INFO] [stdout] 
[INFO] [stdout] 
[INFO] [stderr]     Finished `dev` profile [unoptimized + debuginfo] target(s) in 31.17s
[INFO] running `Command { std: "docker" "inspect" "49d82c9cd55a4f35ccc1a216002aa793a908814dc2597055f33a6bcd428306bc", kill_on_drop: false }`
[INFO] running `Command { std: "docker" "exec" "-e" "SOURCE_DIR=/opt/rustwide/workdir" "-e" "CARGO_HOME=/opt/rustwide/cargo-home" "-e" "RUSTUP_HOME=/opt/rustwide/rustup-home" "-e" "CARGO_TARGET_DIR=/opt/rustwide/target" "-e" "CARGO_INCREMENTAL=0" "-e" "RUST_BACKTRACE=full" "-e" "RUSTFLAGS=--cap-lints=warn" "-e" "RUSTDOCFLAGS=--cap-lints=warn" "-w" "/opt/rustwide/workdir" "--user" "0:0" "49d82c9cd55a4f35ccc1a216002aa793a908814dc2597055f33a6bcd428306bc" "/opt/rustwide/cargo-home/bin/cargo" "+1.99.0-beta.8" "test" "--frozen" "--no-run" "--message-format=json", kill_on_drop: false }`
[INFO] [stderr]    Compiling libc v0.2.150
[INFO] [stderr]    Compiling version_check v0.9.4
[INFO] [stderr]    Compiling libm v0.2.6
[INFO] [stderr]    Compiling once_cell v1.14.0
[INFO] [stderr]    Compiling io-lifetimes v1.0.11
[INFO] [stderr]    Compiling rustix v0.37.25
[INFO] [stderr]    Compiling num-traits v0.2.15
[INFO] [stderr]    Compiling syn v1.0.105
[INFO] [stderr]    Compiling unicode-width v0.1.9
[INFO] [stderr]    Compiling crossbeam-utils v0.8.11
[INFO] [stderr]    Compiling linux-raw-sys v0.3.8
[INFO] [stderr]    Compiling fastrand v1.8.0
[INFO] [stderr]    Compiling unicode-segmentation v1.9.0
[INFO] [stderr]    Compiling ppv-lite86 v0.2.16
[INFO] [stderr]    Compiling bit-vec v0.6.3
[INFO] [stderr]    Compiling quick-error v1.2.3
[INFO] [stderr]    Compiling fnv v1.0.7
[INFO] [stderr]    Compiling textwrap v0.11.0
[INFO] [stderr]    Compiling strsim v0.8.0
[INFO] [stderr]    Compiling time-macros v0.2.4
[INFO] [stderr]    Compiling slog-async v2.8.0
[INFO] [stderr]    Compiling thread_local v1.1.4
[INFO] [stderr]    Compiling vec_map v0.8.2
[INFO] [stderr]    Compiling num_threads v0.1.6
[INFO] [stderr]    Compiling bit-set v0.5.3
[INFO] [stderr]    Compiling unarray v0.1.4
[INFO] [stderr]    Compiling bitflags v2.4.0
[INFO] [stderr]    Compiling regex-syntax v0.8.2
[INFO] [stderr]    Compiling newline-converter v0.2.0
[INFO] [stderr]    Compiling similar v2.2.0
[INFO] [stderr]    Compiling take_mut v0.2.2
[INFO] [stderr]    Compiling heck v0.3.3
[INFO] [stderr]    Compiling proc-macro-error-attr v1.0.4
[INFO] [stderr]    Compiling proc-macro-error v1.0.4
[INFO] [stderr]    Compiling crossbeam-channel v0.5.6
[INFO] [stderr]    Compiling chrono v0.4.38
[INFO] [stderr]    Compiling getrandom v0.2.7
[INFO] [stderr]    Compiling dirs-sys-next v0.1.2
[INFO] [stderr]    Compiling parking_lot_core v0.9.3
[INFO] [stderr]    Compiling terminal_size v0.1.17
[INFO] [stderr]    Compiling socket2 v0.5.5
[INFO] [stderr]    Compiling mio v0.8.11
[INFO] [stderr]    Compiling wait-timeout v0.2.0
[INFO] [stderr]    Compiling signal-hook-registry v1.4.0
[INFO] [stderr]    Compiling atty v0.2.14
[INFO] [stderr]    Compiling num_cpus v1.13.1
[INFO] [stderr]    Compiling clap v2.34.0
[INFO] [stderr]    Compiling time v0.3.12
[INFO] [stderr]    Compiling console v0.15.1
[INFO] [stderr]    Compiling rand_core v0.6.3
[INFO] [stderr]    Compiling parking_lot v0.12.1
[INFO] [stderr]    Compiling uuid v1.8.0
[INFO] [stderr]    Compiling dirs-next v2.0.0
[INFO] [stderr]    Compiling rand_chacha v0.3.1
[INFO] [stderr]    Compiling term v0.7.0
[INFO] [stderr]    Compiling rand_xorshift v0.3.0
[INFO] [stderr]    Compiling is-terminal v0.4.12
[INFO] [stderr]    Compiling subprocess v0.2.9
[INFO] [stderr]    Compiling rand v0.8.5
[INFO] [stderr]    Compiling tokio v1.38.0
[INFO] [stderr]    Compiling expectorate v1.0.5
[INFO] [stderr]    Compiling slog-term v2.9.1
[INFO] [stderr]    Compiling schemars v0.8.21
[INFO] [stderr]    Compiling tempfile v3.5.0
[INFO] [stderr]    Compiling rusty-fork v0.3.0
[INFO] [stderr]    Compiling proptest v1.5.0
[INFO] [stderr]    Compiling structopt-derive v0.4.18
[INFO] [stderr]    Compiling structopt v0.3.26
[INFO] [stderr]    Compiling steno v0.4.1 (/opt/rustwide/workdir)
[INFO] [stdout] warning: struct `ExampleSubsagaType` is never constructed
[INFO] [stdout]   --> src/example_provision.rs:70:8
[INFO] [stdout]    |
[INFO] [stdout] 70 | struct ExampleSubsagaType {}
[INFO] [stdout]    |        ^^^^^^^^^^^^^^^^^^
[INFO] [stdout]    |
[INFO] [stdout]    = note: `#[warn(dead_code)]` (part of `#[warn(unused)]`) on by default
[INFO] [stdout] 
[INFO] [stdout] 
[INFO] [stdout] warning: struct `ExampleSubsagaType` is never constructed
[INFO] [stdout]   --> src/example_provision.rs:70:8
[INFO] [stdout]    |
[INFO] [stdout] 70 | struct ExampleSubsagaType {}
[INFO] [stdout]    |        ^^^^^^^^^^^^^^^^^^
[INFO] [stdout]    |
[INFO] [stdout]    = note: `#[warn(dead_code)]` (part of `#[warn(unused)]`) on by default
[INFO] [stdout] 
[INFO] [stdout] 
[INFO] [stderr]     Finished `test` profile [unoptimized + debuginfo] target(s) in 35.45s
[INFO] running `Command { std: "docker" "inspect" "49d82c9cd55a4f35ccc1a216002aa793a908814dc2597055f33a6bcd428306bc", kill_on_drop: false }`
[INFO] running `Command { std: "docker" "exec" "-e" "SOURCE_DIR=/opt/rustwide/workdir" "-e" "CARGO_HOME=/opt/rustwide/cargo-home" "-e" "RUSTUP_HOME=/opt/rustwide/rustup-home" "-e" "CARGO_TARGET_DIR=/opt/rustwide/target" "-e" "CARGO_INCREMENTAL=0" "-e" "RUST_BACKTRACE=full" "-e" "RUSTFLAGS=--cap-lints=warn" "-e" "RUSTDOCFLAGS=--cap-lints=warn" "-w" "/opt/rustwide/workdir" "--user" "0:0" "49d82c9cd55a4f35ccc1a216002aa793a908814dc2597055f33a6bcd428306bc" "/opt/rustwide/cargo-home/bin/cargo" "+1.99.0-beta.8" "test" "--frozen", kill_on_drop: false }`
[INFO] [stderr] warning: struct `ExampleSubsagaType` is never constructed
[INFO] [stderr]   --> src/example_provision.rs:70:8
[INFO] [stderr]    |
[INFO] [stderr] 70 | struct ExampleSubsagaType {}
[INFO] [stderr]    |        ^^^^^^^^^^^^^^^^^^
[INFO] [stderr]    |
[INFO] [stderr]    = note: `#[warn(dead_code)]` (part of `#[warn(unused)]`) on by default
[INFO] [stderr] 
[INFO] [stderr] warning: `steno` (lib) generated 1 warning
[INFO] [stderr] warning: `steno` (lib test) generated 1 warning (1 duplicate)
[INFO] [stderr]     Finished `test` profile [unoptimized + debuginfo] target(s) in 0.22s
[INFO] [stderr]      Running unittests src/lib.rs (/opt/rustwide/target/debug/deps/steno-b89f2a71ecbb3fe1)
[INFO] [stdout] 
[INFO] [stdout] running 23 tests
[INFO] [stdout] test dag::test::test_builder_bad_output_nodes ... ok
[INFO] [stdout] test dag::test::test_builder_duplicate_names ... ok
[INFO] [stdout] test saga_exec::test::test_print_order_parallel_nodes_no_subsagas ... ok
[INFO] [stdout] test dag::test::test_builder_bad_subsaga_params ... ok
[INFO] [stdout] test rust_features::test::test_some ... ok
[INFO] [stdout] test saga_exec::test::test_print_order_nested_parallel_nodes_and_subsagas ... ok
[INFO] [stdout] test sec::test::test_saga_create_and_start_executes_saga ... ok
[INFO] [stderr] Oct 09 16:57:27.189 WARN saga finished, undo_result: success, action_error_source: InjectedError, action_error_node_name: "n2_out", result: failure, saga_name: test-saga, saga_id: 8cd02393-7ce4-439b-9286-758c0f612088
[INFO] [stderr] Oct 09 16:57:27.191 WARN saga finished, undo_result: success, action_error_source: InjectedError, action_error_node_name: "n2_out", result: failure, saga_name: test-saga, saga_id: df2d9d81-b983-4659-bb4f-5477093ef49a
[INFO] [stdout] test dag::test::test_builder_empty_stage ... ok
[INFO] [stderr] Oct 09 16:57:27.191 WARN saga finished, undo_result: success, action_error_source: InjectedError, action_error_node_name: "n2_out", result: failure, saga_name: test-saga, saga_id: 25b152fb-355d-4485-9f25-1a641623d158
[INFO] [stdout] test sec::test::test_saga_inject_and_fail_repeat_undo_only ... ok
[INFO] [stderr] Oct 09 16:57:27.192 WARN saga finished, undo_result: success, action_error_source: InjectedError, action_error_node_name: "n1_out", result: failure, saga_name: test-saga, saga_id: 7ebe04f9-72f2-4b5f-b32c-2328418ea9ef
[INFO] [stdout] test dag::test::test_saga_names_and_label ... ok
[INFO] [stderr] Oct 09 16:57:27.194 WARN saga finished, undo_result: success, action_error_source: InjectedError, action_error_node_name: "n2_out", result: failure, saga_name: test-saga, saga_id: 5efafc38-8b48-402d-9500-8201d8ace159
[INFO] [stdout] test sec::test::test_saga_inject_and_fail_repeat_many_times ... ok
[INFO] [stdout] test sec::test::test_saga_resuming_already_created_saga_fails ... ok
[INFO] [stdout] test sec::test::test_saga_inject_repeat_fail_and_repeat_undo ... ok
[INFO] [stdout] test sec::test::test_saga_create_without_start_does_not_run_saga ... ok
[INFO] [stdout] test sec::test::test_saga_inject_repeat_and_then_fail ... ok
[INFO] [stdout] test sec::test::test_saga_resume_and_start_executes_saga ... ok
[INFO] [stdout] test sec::test::test_saga_fails_after_error_injection ... ok
[INFO] [stdout] test sec::test::test_saga_inject_repeat_and_then_succeed ... ok
[INFO] [stdout] test saga_exec::test::test_print_order_no_subsagas_no_parallel ... ok
[INFO] [stdout] test rust_features::test::test_none - should panic ... ok
[INFO] [stdout] test sec::test::test_saga_start_without_create_fails ... ok
[INFO] [stdout] test sec::test::test_sagas_can_only_be_started_once ... ok
[INFO] [stdout] test saga_exec::proptests::prints_correctly ... ok
[INFO] [stdout] 
[INFO] [stdout] test result: ok. 23 passed; 0 failed; 0 ignored; 0 measured; 0 filtered out; finished in 0.85s
[INFO] [stdout] 
[INFO] [stderr]      Running tests/test_smoke.rs (/opt/rustwide/target/debug/deps/test_smoke-01f0de4d0eab7415)
[INFO] [stdout] 
[INFO] [stdout] running 9 tests
[INFO] [stderr] running action: InstanceCreate (instance name: fake-o instance)
[INFO] [stderr] running action: VpcAllocIp
[INFO] [stdout] test no_args ... ok
[INFO] [stderr] running action: ServerPick
[INFO] [stderr] running action: VolumeCreate
[INFO] [stderr] running action: ServerReserve
[INFO] [stderr] running action: InstanceConfigure
[INFO] [stderr] running action: VolumeAttach
[INFO] [stderr] Oct 09 16:57:28.069 ERRO saga finished, undo_error: PermanentFailure { source_error: Object {"message": String("undo action attempt 1: error injected")} }, undo_error_node_name: "instance_id", action_error_source: InjectedError, action_error_node_name: "instance_boot", result: failure, saga_name: DemoVmProvision, saga_id: 049b2522-308d-442e-bc65-9bfaef863597
[INFO] [stdout] test cmd_run_stuck ... ok
[INFO] [stdout] test cmd_info ... ok
[INFO] [stderr] running action: InstanceCreate (instance name: fake-o instance)
[INFO] [stderr] running action: InstanceCreate (instance name: fake-o instance)
[INFO] [stderr] running action: VpcAllocIp
[INFO] [stderr] running action: VpcAllocIp
[INFO] [stderr] running action: ServerPick
[INFO] [stderr] running action: ServerPick
[INFO] [stderr] running action: VolumeCreate
[INFO] [stderr] running action: VolumeCreate
[INFO] [stderr] running action: ServerReserve
[INFO] [stderr] running action: ServerReserve
[INFO] [stderr] running action: InstanceConfigure
[INFO] [stderr] running action: InstanceConfigure
[INFO] [stderr] running action: VolumeAttach
[INFO] [stderr] running action: VolumeAttach
[INFO] [stderr] running action: InstanceCreate (instance name: fake-o instance)
[INFO] [stderr] running action: VpcAllocIp
[INFO] [stderr] running action: ServerPick
[INFO] [stderr] running action: VolumeCreate
[INFO] [stderr] running action: ServerReserve
[INFO] [stderr] Oct 09 16:57:28.100 WARN saga finished, undo_result: success, action_error_source: InjectedError, action_error_node_name: "instance_boot", result: failure, saga_name: DemoVmProvision, saga_id: 049b2522-308d-442e-bc65-9bfaef863597
[INFO] [stderr] running action: InstanceConfigure
[INFO] [stderr] running action: VolumeAttach
[INFO] [stderr] running action: InstanceBoot
[INFO] [stderr] running action: Print
[INFO] [stderr] printing final state:
[INFO] [stderr]   instance id: 1211
[INFO] [stderr]   IP address: 10.120.121.122
[INFO] [stderr]   volume id: 1213
[INFO] [stderr]   server id: 1212
[INFO] [stderr] Oct 09 16:57:28.106 WARN saga finished, undo_result: success, action_error_source: InjectedError, action_error_node_name: "instance_boot", result: failure, saga_name: DemoVmProvision, saga_id: 049b2522-308d-442e-bc65-9bfaef863597
[INFO] [stdout] test cmd_dot ... ok
[INFO] [stdout] test cmd_run_error ... ok
[INFO] [stderr] running action: InstanceCreate (instance name: fake-o instance)
[INFO] [stderr] running action: VpcAllocIp
[INFO] [stderr] running action: ServerPick
[INFO] [stderr] running action: VolumeCreate
[INFO] [stderr] running action: ServerReserve
[INFO] [stderr] running action: InstanceConfigure
[INFO] [stderr] running action: VolumeAttach
[INFO] [stderr] running action: InstanceBoot
[INFO] [stderr] running action: Print
[INFO] [stderr] printing final state:
[INFO] [stderr]   instance id: 1211
[INFO] [stderr]   IP address: 10.120.121.122
[INFO] [stderr]   volume id: 1213
[INFO] [stderr]   server id: 1212
[INFO] [stderr] Oct 09 16:57:28.115 WARN saga finished, undo_result: success, action_error_source: InjectedError, action_error_node_name: "instance_boot", result: failure, saga_name: DemoVmProvision, saga_id: 049b2522-308d-442e-bc65-9bfaef863597
[INFO] [stderr] running action: InstanceCreate (instance name: fake-o instance)
[INFO] [stderr] running action: VpcAllocIp
[INFO] [stderr] running action: ServerPick
[INFO] [stderr] running action: VolumeCreate
[INFO] [stderr] running action: ServerReserve
[INFO] [stderr] running action: InstanceConfigure
[INFO] [stderr] running action: VolumeAttach
[INFO] [stderr] Oct 09 16:57:28.129 ERRO saga finished, undo_error: PermanentFailure { source_error: Object {"message": String("undo action attempt 1: error injected")} }, undo_error_node_name: "instance_id", action_error_source: InjectedError, action_error_node_name: "instance_boot", result: failure, saga_name: DemoVmProvision, saga_id: 049b2522-308d-442e-bc65-9bfaef863597
[INFO] [stdout] test cmd_run_basic ... ok
[INFO] [stderr] Oct 09 16:57:28.152 ERRO saga finished, undo_error: PermanentFailure { source_error: Object {"message": String("undo action attempt 1: error injected")} }, undo_error_node_name: "instance_id", action_error_source: InjectedError, action_error_node_name: "instance_boot", result: failure, saga_name: DemoVmProvision, saga_id: 049b2522-308d-442e-bc65-9bfaef863597
[INFO] [stdout] test cmd_run_recover_stuck ... ok
[INFO] [stderr] Oct 09 16:57:28.158 WARN saga finished, undo_result: success, action_error_source: InjectedError, action_error_node_name: "instance_boot", result: failure, saga_name: DemoVmProvision, saga_id: 049b2522-308d-442e-bc65-9bfaef863597
[INFO] [stdout] test cmd_run_recover_unwind ... ok
[INFO] [stderr] running action: InstanceBoot
[INFO] [stderr] running action: Print
[INFO] [stderr] printing final state:
[INFO] [stderr]   instance id: 1211
[INFO] [stderr]   IP address: 10.120.121.122
[INFO] [stderr]   volume id: 1213
[INFO] [stderr]   server id: 1212
[INFO] [stdout] test cmd_run_recover ... ok
[INFO] [stderr]      Running tests/test_unregistered_action.rs (/opt/rustwide/target/debug/deps/test_unregistered_action-9ac7fb7c98e04d30)
[INFO] [stdout] 
[INFO] [stdout] test result: ok. 9 passed; 0 failed; 0 ignored; 0 measured; 0 filtered out; finished in 0.13s
[INFO] [stdout] 
[INFO] [stdout] 
[INFO] [stdout] running 1 test
[INFO] [stdout] test unregistered_action ... ok
[INFO] [stdout] 
[INFO] [stdout] test result: ok. 1 passed; 0 failed; 0 ignored; 0 measured; 0 filtered out; finished in 0.00s
[INFO] [stdout] 
[INFO] [stderr]    Doc-tests steno
[INFO] [stdout] 
[INFO] [stdout] running 1 test
[INFO] [stdout] test src/saga_action_error.rs - saga_action_error::ActionError (line 34) ... ok
[INFO] [stdout] 
[INFO] [stdout] test result: ok. 1 passed; 0 failed; 0 ignored; 0 measured; 0 filtered out; finished in 0.23s
[INFO] [stdout] 
[INFO] running `Command { std: "docker" "inspect" "49d82c9cd55a4f35ccc1a216002aa793a908814dc2597055f33a6bcd428306bc", kill_on_drop: false }`
[INFO] running `Command { std: "docker" "rm" "-f" "49d82c9cd55a4f35ccc1a216002aa793a908814dc2597055f33a6bcd428306bc", kill_on_drop: false }`
[INFO] [stdout] 49d82c9cd55a4f35ccc1a216002aa793a908814dc2597055f33a6bcd428306bc
