[INFO] fetching crate rtb-app 0.9.1...
[INFO] testing rtb-app-0.9.1 against 1.100.0-beta.1 for beta-1.100-3
[INFO] extracting crate rtb-app 0.9.1 into /workspace/builds/worker-5-tc2/source
[INFO] started tweaking crates.io crate rtb-app 0.9.1
[INFO] removed 0 missing tests
[INFO] finished tweaking crates.io crate rtb-app 0.9.1
[INFO] tweaked toml for crates.io crate rtb-app 0.9.1 written to /workspace/builds/worker-5-tc2/source/Cargo.toml
[INFO] validating manifest of crates.io crate rtb-app 0.9.1 on toolchain 1.100.0-beta.1
[INFO] running `Command { std: CARGO_HOME="/workspace/cargo-home" RUSTUP_HOME="/workspace/rustup-home" "/workspace/cargo-home/bin/cargo" "+1.100.0-beta.1" "metadata" "--manifest-path" "Cargo.toml" "--no-deps", kill_on_drop: false }`
[INFO] crate crates.io crate rtb-app 0.9.1 already has a lockfile, it will not be regenerated
[INFO] running `Command { std: CARGO_HOME="/workspace/cargo-home" RUSTUP_HOME="/workspace/rustup-home" "/workspace/cargo-home/bin/cargo" "+1.100.0-beta.1" "fetch" "--manifest-path" "Cargo.toml", kill_on_drop: false }`
[INFO] running `Command { std: "docker" "create" "-v" "/var/lib/crater-agent-workspace/builds/worker-5-tc2/source:/opt/rustwide/workdir:ro,Z" "-v" "/var/lib/crater-agent-workspace/builds/worker-5-tc2/target:/opt/rustwide/target:rw,Z" "-v" "/var/lib/crater-agent-workspace/cargo-home:/opt/rustwide/cargo-home:ro,Z" "-v" "/var/lib/crater-agent-workspace/rustup-home:/opt/rustwide/rustup-home:ro,Z" "-m" "1610612736" "--network" "none" "ghcr.io/rust-lang/crates-build-env/linux@sha256:77db811e55d90add9212f6832c23229e3de5f1c1f9905e8cb07319ea15df73ac" "sleep" "infinity", kill_on_drop: false }`
[INFO] [stdout] 6edd29d1114887512b7dcf4361acf310ef4726881090ecf243801a458b6f1db7
[INFO] running `Command { std: "docker" "start" "6edd29d1114887512b7dcf4361acf310ef4726881090ecf243801a458b6f1db7", kill_on_drop: false }`
[INFO] running `Command { std: "docker" "inspect" "6edd29d1114887512b7dcf4361acf310ef4726881090ecf243801a458b6f1db7", kill_on_drop: false }`
[INFO] running `Command { std: "docker" "exec" "-e" "SOURCE_DIR=/opt/rustwide/workdir" "-e" "CARGO_HOME=/opt/rustwide/cargo-home" "-e" "RUSTUP_HOME=/opt/rustwide/rustup-home" "-e" "CARGO_TARGET_DIR=/opt/rustwide/target" "-w" "/opt/rustwide/workdir" "--user" "0:0" "6edd29d1114887512b7dcf4361acf310ef4726881090ecf243801a458b6f1db7" "/opt/rustwide/cargo-home/bin/cargo" "+1.100.0-beta.1" "metadata" "--no-deps" "--format-version=1", kill_on_drop: false }`
[INFO] running `Command { std: "docker" "inspect" "6edd29d1114887512b7dcf4361acf310ef4726881090ecf243801a458b6f1db7", kill_on_drop: false }`
[INFO] running `Command { std: "docker" "exec" "-e" "SOURCE_DIR=/opt/rustwide/workdir" "-e" "CARGO_HOME=/opt/rustwide/cargo-home" "-e" "RUSTUP_HOME=/opt/rustwide/rustup-home" "-e" "CARGO_TARGET_DIR=/opt/rustwide/target" "-e" "CARGO_INCREMENTAL=0" "-e" "RUST_BACKTRACE=full" "-e" "RUSTFLAGS=--cap-lints=warn" "-e" "RUSTDOCFLAGS=--cap-lints=warn" "-w" "/opt/rustwide/workdir" "--user" "0:0" "6edd29d1114887512b7dcf4361acf310ef4726881090ecf243801a458b6f1db7" "/opt/rustwide/cargo-home/bin/cargo" "+1.100.0-beta.1" "build" "--frozen" "--message-format=json", kill_on_drop: false }`
[INFO] [stderr]    Compiling proc-macro2 v1.0.107
[INFO] [stderr]    Compiling unicode-ident v1.0.24
[INFO] [stderr]    Compiling quote v1.0.47
[INFO] [stderr]    Compiling serde_core v1.0.229
[INFO] [stderr]    Compiling libc v0.2.189
[INFO] [stderr]    Compiling typenum v1.20.1
[INFO] [stderr]    Compiling memchr v2.8.3
[INFO] [stderr]    Compiling serde v1.0.229
[INFO] [stderr]    Compiling crossbeam-utils v0.8.22
[INFO] [stderr]    Compiling generic-array v0.14.7
[INFO] [stderr]    Compiling bitflags v2.13.1
[INFO] [stderr]    Compiling winnow v1.0.4
[INFO] [stderr]    Compiling rustix v1.1.4
[INFO] [stderr]    Compiling parking v2.2.1
[INFO] [stderr]    Compiling futures-core v0.3.33
[INFO] [stderr]    Compiling concurrent-queue v2.5.0
[INFO] [stderr]    Compiling syn v3.0.3
[INFO] [stderr]    Compiling syn v2.0.119
[INFO] [stderr]    Compiling linux-raw-sys v0.12.1
[INFO] [stderr]    Compiling toml_parser v1.1.2+spec-1.1.0
[INFO] [stderr]    Compiling toml_datetime v1.1.1+spec-1.1.0
[INFO] [stderr]    Compiling num-traits v0.2.19
[INFO] [stderr]    Compiling log v0.4.33
[INFO] [stderr]    Compiling toml_edit v0.25.13+spec-1.1.0
[INFO] [stderr]    Compiling fastrand v2.5.0
[INFO] [stderr]    Compiling futures-io v0.3.33
[INFO] [stderr]    Compiling errno v0.3.14
[INFO] [stderr]    Compiling crypto-common v0.1.7
[INFO] [stderr]    Compiling event-listener v5.4.1
[INFO] [stderr]    Compiling slab v0.4.12
[INFO] [stderr]    Compiling proc-macro-crate v3.5.0
[INFO] [stderr]    Compiling event-listener-strategy v0.5.4
[INFO] [stderr]    Compiling signal-hook-registry v1.4.8
[INFO] [stderr]    Compiling futures-lite v2.6.1
[INFO] [stderr]    Compiling aho-corasick v1.1.4
[INFO] [stderr]    Compiling endi v1.1.1
[INFO] [stderr]    Compiling hybrid-array v0.4.13
[INFO] [stderr]    Compiling async-io v2.6.0
[INFO] [stderr]    Compiling object v0.37.3
[INFO] [stderr]    Compiling zmij v1.0.23
[INFO] [stderr]    Compiling num-integer v0.1.46
[INFO] [stderr]    Compiling block-buffer v0.10.4
[INFO] [stderr]    Compiling block-padding v0.3.3
[INFO] [stderr]    Compiling subtle v2.6.1
[INFO] [stderr]    Compiling async-task v4.7.1
[INFO] [stderr]    Compiling serde_json v1.0.151
[INFO] [stderr]    Compiling gimli v0.32.3
[INFO] [stderr]    Compiling digest v0.10.7
[INFO] [stderr]    Compiling miniz_oxide v0.8.9
[INFO] [stderr]    Compiling inout v0.1.4
[INFO] [stderr]    Compiling block-buffer v0.12.1
[INFO] [stderr]    Compiling crypto-common v0.2.2
[INFO] [stderr]    Compiling async-channel v2.5.0
[INFO] [stderr]    Compiling bstr v1.13.0
[INFO] [stderr]    Compiling const-oid v0.10.2
[INFO] [stderr]    Compiling owo-colors v4.3.0
[INFO] [stderr]    Compiling thiserror v2.0.21
[INFO] [stderr]    Compiling atomic-waker v1.1.2
[INFO] [stderr]    Compiling rustc-demangle v0.1.28
[INFO] [stderr]    Compiling polling v3.11.0
[INFO] [stderr]    Compiling addr2line v0.25.1
[INFO] [stderr]    Compiling serde_derive v1.0.229
[INFO] [stderr]    Compiling enumflags2_derive v0.7.12
[INFO] [stderr]    Compiling tracing-attributes v0.1.31
[INFO] [stderr]    Compiling futures-macro v0.3.33
[INFO] [stderr]    Compiling async-signal v0.2.14
[INFO] [stderr]    Compiling backtrace v0.3.76
[INFO] [stderr]    Compiling thiserror-impl v2.0.21
[INFO] [stderr]    Compiling piper v0.2.5
[INFO] [stderr]    Compiling digest v0.11.3
[INFO] [stderr]    Compiling cipher v0.4.4
[INFO] [stderr]    Compiling num-bigint v0.4.8
[INFO] [stderr]    Compiling async-lock v3.4.2
[INFO] [stderr]    Compiling proc-macro2-diagnostics v0.10.1
[INFO] [stderr]    Compiling unicase v2.9.0
[INFO] [stderr]    Compiling futures-task v0.3.33
[INFO] [stderr]    Compiling unicode-width v0.2.2
[INFO] [stderr]    Compiling is_ci v1.2.0
[INFO] [stderr]    Compiling cpufeatures v0.2.17
[INFO] [stderr]    Compiling cpufeatures v0.3.0
[INFO] [stderr]    Compiling regex-syntax v0.8.11
[INFO] [stderr]    Compiling unicode-linebreak v0.1.5
[INFO] [stderr]    Compiling sha2 v0.11.0
[INFO] [stderr]    Compiling textwrap v0.16.2
[INFO] [stderr]    Compiling parking_lot_core v0.9.12
[INFO] [stderr]    Compiling num-rational v0.4.2
[INFO] [stderr]    Compiling regex-automata v0.4.16
[INFO] [stderr]    Compiling supports-color v3.0.2
[INFO] [stderr]    Compiling mime_guess v2.0.5
[INFO] [stderr]    Compiling futures-util v0.3.33
[INFO] [stderr]    Compiling async-process v2.5.0
[INFO] [stderr]    Compiling tracing v0.1.44
[INFO] [stderr]    Compiling backtrace-ext v0.2.1
[INFO] [stderr]    Compiling zvariant_utils v3.5.0
[INFO] [stderr]    Compiling enumflags2 v0.7.12
[INFO] [stderr]    Compiling blocking v1.6.2
[INFO] [stderr]    Compiling async-recursion v1.1.1
[INFO] [stderr]    Compiling miette-derive v7.6.0
[INFO] [stderr]    Compiling async-trait v0.1.92
[INFO] [stderr]    Compiling serde_repr v0.1.21
[INFO] [stderr]    Compiling zvariant_derive v5.13.1
[INFO] [stderr]    Compiling terminal_size v0.4.4
[INFO] [stderr]    Compiling hmac v0.12.1
[INFO] [stderr]    Compiling async-executor v1.14.0
[INFO] [stderr]    Compiling num-iter v0.1.46
[INFO] [stderr]    Compiling num-complex v0.4.6
[INFO] [stderr]    Compiling uuid v1.24.0
[INFO] [stderr]    Compiling async-broadcast v0.7.2
[INFO] [stderr]    Compiling ordered-stream v0.2.0
[INFO] [stderr]    Compiling yansi v1.0.1
[INFO] [stderr]    Compiling zvariant v5.13.1
[INFO] [stderr]    Compiling supports-hyperlinks v3.2.0
[INFO] [stderr]    Compiling supports-unicode v3.0.0
[INFO] [stderr]    Compiling strsim v0.11.1
[INFO] [stderr]    Compiling unicode-width v0.1.14
[INFO] [stderr]    Compiling ident_case v1.0.1
[INFO] [stderr]    Compiling num v0.4.3
[INFO] [stderr]    Compiling miette v7.6.0
[INFO] [stderr]    Compiling globset v0.4.19
[INFO] [stderr]    Compiling darling_core v0.24.1
[INFO] [stderr]    Compiling hkdf v0.12.4
[INFO] [stderr]    Compiling serde_spanned v0.6.9
[INFO] [stderr]    Compiling toml_datetime v0.6.11
[INFO] [stderr]    Compiling parking_lot v0.12.5
[INFO] [stderr]    Compiling aes v0.8.4
[INFO] [stderr]    Compiling sha2 v0.10.9
[INFO] [stderr]    Compiling cbc v0.1.2
[INFO] [stderr]    Compiling tokio-macros v2.7.1
[INFO] [stderr]    Compiling keyring-core v1.0.0
[INFO] [stderr]    Compiling getrandom v0.2.17
[INFO] [stderr]    Compiling socket2 v0.6.5
[INFO] [stderr]    Compiling mio v1.2.2
[INFO] [stderr]    Compiling uncased v0.9.10
[INFO] [stderr]    Compiling winnow v0.7.15
[INFO] [stderr]    Compiling unsafe-libyaml v0.2.11
[INFO] [stderr]    Compiling prettyplease v0.3.0
[INFO] [stderr]    Compiling mime v0.3.17
[INFO] [stderr]    Compiling zbus_names v4.3.4
[INFO] [stderr]    Compiling toml_write v0.1.2
[INFO] [stderr]    Compiling rustversion v1.0.23
[INFO] [stderr]    Compiling ryu v1.0.23
[INFO] [stderr]    Compiling bytes v1.12.1
[INFO] [stderr]    Compiling serde_yaml v0.9.34+deprecated
[INFO] [stderr]    Compiling zbus_macros v5.18.0
[INFO] [stderr]    Compiling tokio v1.53.1
[INFO] [stderr]    Compiling rust-embed-utils v8.12.0
[INFO] [stderr]    Compiling pear_codegen v0.2.9
[INFO] [stderr]    Compiling linux-keyutils v0.2.5
[INFO] [stderr]    Compiling toml_edit v0.22.27
[INFO] [stderr]    Compiling figment v0.10.19
[INFO] [stderr]    Compiling linkme-impl v0.3.37
[INFO] [stderr]    Compiling ref-cast v1.0.26
[INFO] [stderr]    Compiling darling_macro v0.24.1
[INFO] [stderr]    Compiling inlinable_string v0.1.15
[INFO] [stderr]    Compiling pear v0.2.9
[INFO] [stderr]    Compiling darling v0.24.1
[INFO] [stderr]    Compiling linux-keyutils-keyring-store v1.0.0
[INFO] [stderr]    Compiling rust-embed-impl v8.12.0
[INFO] [stderr]    Compiling jsonptr v0.7.1
[INFO] [stderr]    Compiling ref-cast-impl v1.0.26
[INFO] [stderr]    Compiling serde_derive_internals v0.30.0
[INFO] [stderr]    Compiling zeroize v1.9.0
[INFO] [stderr]    Compiling linkme v0.3.37
[INFO] [stderr]    Compiling bon-macros v3.10.1
[INFO] [stderr]    Compiling secrecy v0.10.3
[INFO] [stderr]    Compiling json-patch v4.2.0
[INFO] [stderr]    Compiling rust-embed v8.12.0
[INFO] [stderr]    Compiling arc-swap v1.9.2
[INFO] [stderr]    Compiling toml v0.8.23
[INFO] [stderr]    Compiling zbus v5.18.0
[INFO] [stderr]    Compiling dyn-clone v1.0.20
[INFO] [stderr]    Compiling schemars_derive v1.2.2
[INFO] [stderr]    Compiling futures-sink v0.3.33
[INFO] [stderr]    Compiling rtb-assets v0.6.3
[INFO] [stderr]    Compiling rtb-error v0.6.3
[INFO] [stderr]    Compiling regex v1.13.1
[INFO] [stderr]    Compiling semver v1.0.28
[INFO] [stderr]    Compiling rtb-config v0.6.3
[INFO] [stderr]    Compiling schemars v1.2.2
[INFO] [stderr]    Compiling tokio-util v0.7.19
[INFO] [stderr]    Compiling bon v3.10.1
[INFO] [stderr]    Compiling secret-service v5.1.0
[INFO] [stderr]    Compiling zbus-secret-service-keyring-store v1.0.0
[INFO] [stderr]    Compiling keyring v4.1.5
[INFO] [stderr]    Compiling rtb-credentials v0.6.3
[INFO] [stderr]    Compiling rtb-app v0.9.1 (/opt/rustwide/workdir)
[INFO] [stderr] warning: unused dependency `rtb-error`
[INFO] [stderr]   --> Cargo.toml:26:15
[INFO] [stderr]    |
[INFO] [stderr] 26 | [dependencies.rtb-error]
[INFO] [stderr]    |               ^^^^^^^^^^
[INFO] [stderr]    |
[INFO] [stderr]    = note: `cargo::unused_dependencies` is set to `warn` by default
[INFO] [stderr] help: consider removing the dependency on `rtb-error`
[INFO] [stderr] warning: `rtb-app` (manifest) generated 1 warning
[INFO] [stderr]     Finished `dev` profile [unoptimized + debuginfo] target(s) in 42.89s
[INFO] running `Command { std: "docker" "inspect" "6edd29d1114887512b7dcf4361acf310ef4726881090ecf243801a458b6f1db7", kill_on_drop: false }`
[INFO] running `Command { std: "docker" "exec" "-e" "SOURCE_DIR=/opt/rustwide/workdir" "-e" "CARGO_HOME=/opt/rustwide/cargo-home" "-e" "RUSTUP_HOME=/opt/rustwide/rustup-home" "-e" "CARGO_TARGET_DIR=/opt/rustwide/target" "-e" "CARGO_INCREMENTAL=0" "-e" "RUST_BACKTRACE=full" "-e" "RUSTFLAGS=--cap-lints=warn" "-e" "RUSTDOCFLAGS=--cap-lints=warn" "-w" "/opt/rustwide/workdir" "--user" "0:0" "6edd29d1114887512b7dcf4361acf310ef4726881090ecf243801a458b6f1db7" "/opt/rustwide/cargo-home/bin/cargo" "+1.100.0-beta.1" "test" "--frozen" "--no-run" "--message-format=json", kill_on_drop: false }`
[INFO] [stderr]    Compiling memchr v2.8.3
[INFO] [stderr]    Compiling crossbeam-utils v0.8.22
[INFO] [stderr]    Compiling syn v2.0.119
[INFO] [stderr]    Compiling futures-channel v0.3.33
[INFO] [stderr]    Compiling strsim v0.11.1
[INFO] [stderr]    Compiling smawk v0.3.3
[INFO] [stderr]    Compiling unicode-segmentation v1.13.3
[INFO] [stderr]    Compiling textwrap v0.16.2
[INFO] [stderr]    Compiling unicode-xid v0.2.6
[INFO] [stderr]    Compiling crossbeam-epoch v0.9.20
[INFO] [stderr]    Compiling aho-corasick v1.1.4
[INFO] [stderr]    Compiling object v0.37.3
[INFO] [stderr]    Compiling serde_json v1.0.151
[INFO] [stderr]    Compiling concurrent-queue v2.5.0
[INFO] [stderr]    Compiling bstr v1.13.0
[INFO] [stderr]    Compiling convert_case v0.10.0
[INFO] [stderr]    Compiling event-listener v5.4.1
[INFO] [stderr]    Compiling event-listener-strategy v0.5.4
[INFO] [stderr]    Compiling async-io v2.6.0
[INFO] [stderr]    Compiling async-channel v2.5.0
[INFO] [stderr]    Compiling async-lock v3.4.2
[INFO] [stderr]    Compiling regex-automata v0.4.16
[INFO] [stderr]    Compiling async-signal v0.2.14
[INFO] [stderr]    Compiling async-process v2.5.0
[INFO] [stderr]    Compiling blocking v1.6.2
[INFO] [stderr]    Compiling async-broadcast v0.7.2
[INFO] [stderr]    Compiling async-executor v1.14.0
[INFO] [stderr]    Compiling heck v0.5.0
[INFO] [stderr]    Compiling bytecount v0.6.9
[INFO] [stderr]    Compiling darling_core v0.24.1
[INFO] [stderr]    Compiling crossbeam-deque v0.8.7
[INFO] [stderr]    Compiling either v1.16.0
[INFO] [stderr]    Compiling backtrace v0.3.76
[INFO] [stderr]    Compiling globset v0.4.19
[INFO] [stderr]    Compiling anstyle-parse v1.0.0
[INFO] [stderr]    Compiling zvariant_utils v3.5.0
[INFO] [stderr]    Compiling backtrace-ext v0.2.1
[INFO] [stderr]    Compiling proc-macro2-diagnostics v0.10.1
[INFO] [stderr]    Compiling rust-embed-utils v8.12.0
[INFO] [stderr]    Compiling nom v8.0.0
[INFO] [stderr]    Compiling peg-runtime v0.6.3
[INFO] [stderr]    Compiling is_terminal_polyfill v1.70.2
[INFO] [stderr]    Compiling anstyle v1.0.14
[INFO] [stderr]    Compiling anstyle-query v1.1.5
[INFO] [stderr]    Compiling colorchoice v1.0.5
[INFO] [stderr]    Compiling peg-macros v0.6.3
[INFO] [stderr]    Compiling anstream v1.0.0
[INFO] [stderr]    Compiling enumflags2_derive v0.7.12
[INFO] [stderr]    Compiling zvariant_derive v5.13.1
[INFO] [stderr]    Compiling futures-macro v0.3.33
[INFO] [stderr]    Compiling tracing-attributes v0.1.31
[INFO] [stderr]    Compiling enumflags2 v0.7.12
[INFO] [stderr]    Compiling miette-derive v7.6.0
[INFO] [stderr]    Compiling derive_more-impl v2.1.1
[INFO] [stderr]    Compiling futures-util v0.3.33
[INFO] [stderr]    Compiling async-recursion v1.1.1
[INFO] [stderr]    Compiling tokio-macros v2.7.1
[INFO] [stderr]    Compiling zvariant v5.13.1
[INFO] [stderr]    Compiling tracing v0.1.44
[INFO] [stderr]    Compiling sealed v0.6.0
[INFO] [stderr]    Compiling tokio v1.53.1
[INFO] [stderr]    Compiling miette v7.6.0
[INFO] [stderr]    Compiling darling_macro v0.24.1
[INFO] [stderr]    Compiling pear_codegen v0.2.9
[INFO] [stderr]    Compiling synthez-core v0.4.0
[INFO] [stderr]    Compiling synthez-codegen v0.4.0
[INFO] [stderr]    Compiling pear v0.2.9
[INFO] [stderr]    Compiling darling v0.24.1
[INFO] [stderr]    Compiling zbus_names v4.3.4
[INFO] [stderr]    Compiling nom_locate v5.0.0
[INFO] [stderr]    Compiling gherkin v0.16.0
[INFO] [stderr]    Compiling typed-builder-macro v0.23.2
[INFO] [stderr]    Compiling zbus_macros v5.18.0
[INFO] [stderr]    Compiling rust-embed-impl v8.12.0
[INFO] [stderr]    Compiling regex v1.13.1
[INFO] [stderr]    Compiling jsonptr v0.7.1
[INFO] [stderr]    Compiling target-tuple v1.0.2
[INFO] [stderr]    Compiling clap_lex v1.1.0
[INFO] [stderr]    Compiling derive_more v2.1.1
[INFO] [stderr]    Compiling anyhow v1.0.104
[INFO] [stderr]    Compiling cucumber-expressions v0.5.0
[INFO] [stderr]    Compiling rust-embed v8.12.0
[INFO] [stderr]    Compiling clap_builder v4.6.2
[INFO] [stderr]    Compiling json-patch v4.2.0
[INFO] [stderr]    Compiling figment v0.10.19
[INFO] [stderr]    Compiling bon-macros v3.10.1
[INFO] [stderr]    Compiling typed-builder v0.23.2
[INFO] [stderr]    Compiling futures-executor v0.3.33
[INFO] [stderr]    Compiling synthez v0.4.0
[INFO] [stderr]    Compiling peg v0.6.3
[INFO] [stderr]    Compiling ignore v0.4.31
[INFO] [stderr]    Compiling pin-project-internal v1.1.13
[INFO] [stderr]    Compiling zbus v5.18.0
[INFO] [stderr]    Compiling itertools v0.14.0
[INFO] [stderr]    Compiling clap_derive v4.6.4
[INFO] [stderr]    Compiling toml_parser v1.1.2+spec-1.1.0
[INFO] [stderr]    Compiling serde_spanned v1.1.1
[INFO] [stderr]    Compiling toml_datetime v1.1.1+spec-1.1.0
[INFO] [stderr]    Compiling inflections v1.1.1
[INFO] [stderr]    Compiling toml_writer v1.1.2+spec-1.1.0
[INFO] [stderr]    Compiling schemars v1.2.2
[INFO] [stderr]    Compiling toml v1.1.3+spec-1.1.0
[INFO] [stderr]    Compiling cucumber-codegen v0.23.0
[INFO] [stderr]    Compiling clap v4.6.4
[INFO] [stderr]    Compiling pin-project v1.1.13
[INFO] [stderr]    Compiling globwalk v0.9.1
[INFO] [stderr]    Compiling rtb-config v0.6.3
[INFO] [stderr]    Compiling tokio-util v0.7.19
[INFO] [stderr]    Compiling bon v3.10.1
[INFO] [stderr]    Compiling futures v0.3.33
[INFO] [stderr]    Compiling rtb-assets v0.6.3
[INFO] [stderr]    Compiling rtb-error v0.6.3
[INFO] [stderr]    Compiling smart-default v0.7.1
[INFO] [stderr]    Compiling console v0.16.4
[INFO] [stderr]    Compiling termcolor v1.4.1
[INFO] [stderr]    Compiling inventory v0.3.24
[INFO] [stderr]    Compiling glob v0.3.4
[INFO] [stderr]    Compiling linked-hash-map v0.5.6
[INFO] [stderr]    Compiling humantime v2.4.0
[INFO] [stderr]    Compiling trybuild v1.0.121
[INFO] [stderr]    Compiling cucumber v0.23.0
[INFO] [stderr]    Compiling secret-service v5.1.0
[INFO] [stderr]    Compiling zbus-secret-service-keyring-store v1.0.0
[INFO] [stderr]    Compiling keyring v4.1.5
[INFO] [stderr]    Compiling rtb-credentials v0.6.3
[INFO] [stderr]    Compiling rtb-app v0.9.1 (/opt/rustwide/workdir)
[INFO] [stderr] warning: unused dependency `rtb-error`
[INFO] [stderr]   --> Cargo.toml:26:15
[INFO] [stderr]    |
[INFO] [stderr] 26 | [dependencies.rtb-error]
[INFO] [stderr]    |               ^^^^^^^^^^
[INFO] [stderr]    |
[INFO] [stderr]    = note: `cargo::unused_dependencies` is set to `warn` by default
[INFO] [stderr] help: consider removing the dependency on `rtb-error`
[INFO] [stderr] warning: `rtb-app` (manifest) generated 1 warning
[INFO] [stderr]     Finished `test` profile [unoptimized + debuginfo] target(s) in 40.77s
[INFO] running `Command { std: "docker" "inspect" "6edd29d1114887512b7dcf4361acf310ef4726881090ecf243801a458b6f1db7", kill_on_drop: false }`
[INFO] running `Command { std: "docker" "exec" "-e" "SOURCE_DIR=/opt/rustwide/workdir" "-e" "CARGO_HOME=/opt/rustwide/cargo-home" "-e" "RUSTUP_HOME=/opt/rustwide/rustup-home" "-e" "CARGO_TARGET_DIR=/opt/rustwide/target" "-e" "CARGO_INCREMENTAL=0" "-e" "RUST_BACKTRACE=full" "-e" "RUSTFLAGS=--cap-lints=warn" "-e" "RUSTDOCFLAGS=--cap-lints=warn" "-w" "/opt/rustwide/workdir" "--user" "0:0" "6edd29d1114887512b7dcf4361acf310ef4726881090ecf243801a458b6f1db7" "/opt/rustwide/cargo-home/bin/cargo" "+1.100.0-beta.1" "test" "--frozen", kill_on_drop: false }`
[INFO] [stderr] warning: unused dependency `rtb-error`
[INFO] [stderr]   --> Cargo.toml:26:15
[INFO] [stderr]    |
[INFO] [stderr] 26 | [dependencies.rtb-error]
[INFO] [stderr]    |               ^^^^^^^^^^
[INFO] [stderr]    |
[INFO] [stderr]    = note: `cargo::unused_dependencies` is set to `warn` by default
[INFO] [stderr] help: consider removing the dependency on `rtb-error`
[INFO] [stderr] warning: `rtb-app` (manifest) generated 1 warning
[INFO] [stderr]     Finished `test` profile [unoptimized + debuginfo] target(s) in 0.42s
[INFO] [stderr]      Running unittests src/lib.rs (/opt/rustwide/target/debug/build/rtb-app/c6d17806c8770de4/out/rtb_app-c6d17806c8770de4)
[INFO] [stdout] 
[INFO] [stdout] running 14 tests
[INFO] [stdout] test app::tests::trailing_args_defaults_empty ... ok
[INFO] [stdout] test app::tests::with_trailing_args_leaves_shared_app_untouched ... ok
[INFO] [stdout] test metadata::tests::metadata_update_baseline_defaults ... ok
[INFO] [stdout] test metadata::tests::builder_overrides_update_baseline ... ok
[INFO] [stdout] test app::tests::with_trailing_args_round_trips ... ok
[INFO] [stdout] test metadata::tests::check_interval_default_fn_is_24h ... ok
[INFO] [stdout] test metadata::tests::update_policy_defaults_to_disabled ... ok
[INFO] [stdout] test metadata::tests::update_policy_serde_is_lowercase ... ok
[INFO] [stdout] test regex_util::tests::limit_constants_match_documented_values ... ok
[INFO] [stdout] test regex_util::tests::rejects_overlong_pattern ... ok
[INFO] [stdout] test regex_util::tests::rejects_syntactically_invalid_pattern ... ok
[INFO] [stdout] test regex_util::tests::compiles_a_valid_pattern ... ok
[INFO] [stdout] test regex_util::tests::enforces_size_limit_without_panicking ... ok
[INFO] [stdout] test regex_util::tests::accepts_pattern_at_exact_limit ... ok
[INFO] [stdout] 
[INFO] [stdout] test result: ok. 14 passed; 0 failed; 0 ignored; 0 measured; 0 filtered out; finished in 0.21s
[INFO] [stdout] 
[INFO] [stderr]      Running tests/bdd.rs (/opt/rustwide/target/debug/build/rtb-app/108548f5eb2d3342/out/bdd-108548f5eb2d3342)
[INFO] [stdout] 
[INFO] [stdout] running 1 test
[INFO] [stdout] Feature: rtb-app — application context, metadata, features, commands
[INFO] [stdout]   Scenario: S1 — minimal ToolMetadata is buildable and renders for debugging
[INFO] [stdout]    ✔  Given a ToolMetadata built with name "mytool" and summary "does things"
[INFO] [stdout]    ✔  Then its name is "mytool"
[INFO] [stdout]    ✔  And its summary is "does things"
[INFO] [stdout]    ✔  And its description is the empty string
[INFO] [stdout]    ✔  And it has no release source
[INFO] [stdout]   Scenario: S2 — ToolMetadata round-trips through YAML preserving GitHub defaults
[INFO] [stdout]    ✔  Given a ToolMetadata with a GitHub release source owner "me" repo "it"
[INFO] [stdout]    ✔  When I serialise it to YAML and deserialise it back
[INFO] [stdout]    ✔  Then the release source host is "github.com"
[INFO] [stdout]    ✔  And the name is "mytool"
[INFO] [stdout]   Scenario: S3 — runtime feature gating: disable Update and enable AI
[INFO] [stdout]    ✔  Given the default feature set
[INFO] [stdout]    ✔  When I disable "Update"
[INFO] [stdout]    ✔  And I enable "Ai"
[INFO] [stdout]    ✔  Then "Ai" is enabled
[INFO] [stdout]    ✔  And "Update" is not enabled
[INFO] [stdout]    ✔  And "Init" is still enabled
[INFO] [stdout]   Scenario: S4 — HelpChannel::Slack renders a natural support footer
[INFO] [stdout]    ✔  Given a Slack help channel with team "platform" and channel "cli-tools"
[INFO] [stdout]    ✔  When I format the footer
[INFO] [stdout]    ✔  Then the footer reads "support: slack #cli-tools (in platform)"
[INFO] [stdout]   Scenario: S5 — registering a command makes it observable in BUILTIN_COMMANDS
[INFO] [stdout]    ✔  Given the process has registered a command named "rtb-app-test-cmd"
[INFO] [stdout]    ✔  When I iterate BUILTIN_COMMANDS
[INFO] [stdout]    ✔  Then the list contains "rtb-app-test-cmd"
[INFO] [stdout]   Scenario Outline: S6 — is_development is true for pre-1.0 or pre-release builds
[INFO] [stdout]    ✔  Given a version "0.1.0"
[INFO] [stdout]    ✔  Then it is considered a development build
[INFO] [stdout]   Scenario Outline: S6 — is_development is true for pre-1.0 or pre-release builds
[INFO] [stdout]    ✔  Given a version "0.0.0"
[INFO] [stdout]    ✔  Then it is considered a development build
[INFO] [stdout]   Scenario Outline: S6 — is_development is true for pre-1.0 or pre-release builds
[INFO] [stdout]    ✔  Given a version "1.0.0-alpha"
[INFO] [stdout]    ✔  Then it is considered a development build
[INFO] [stdout]   Scenario Outline: S6 — is_development is true for pre-1.0 or pre-release builds
[INFO] [stdout]    ✔  Given a version "1.2.3-dev.5"
[INFO] [stdout]    ✔  Then it is considered a development build
[INFO] [stdout]   Scenario Outline: S6 — is_development is true for pre-1.0 or pre-release builds
[INFO] [stdout]    ✔  Given a version "1.0.0"
[INFO] [stdout]    ✔  Then it is not considered a development build
[INFO] [stdout]   Scenario Outline: S6 — is_development is true for pre-1.0 or pre-release builds
[INFO] [stdout]    ✔  Given a version "2.3.4"
[INFO] [stdout]    ✔  Then it is not considered a development build
[INFO] [stdout]   Scenario: S7 — Command::run's error propagates as a miette::Report
[INFO] [stdout]    ✔  Given a command whose run method returns an error "nope"
[INFO] [stdout]    ✔  When I invoke it via the Command trait
[INFO] [stdout]    ✔  Then the result is an Err
[INFO] [stdout]    ✔  And the rendered diagnostic contains "nope"
[INFO] [stdout]   Scenario: S8 — ReleaseSource::Github deserialises with and without a host
[INFO] [stdout]    ✔  Given the YAML "type: github\nowner: me\nrepo: it"
[INFO] [stdout]    ✔  When I deserialise it as a ReleaseSource
[INFO] [stdout]    ✔  Then it is a Github source with host "github.com"
[INFO] [stdout]    ✔  Given the YAML "type: github\nowner: me\nrepo: it\nhost: github.example.com"
[INFO] [stdout]    ✔  When I deserialise it as a ReleaseSource
[INFO] [stdout]    ✔  Then it is a Github source with host "github.example.com"
[INFO] [stdout] [Summary]
[INFO] [stdout] 1 feature
[INFO] [stdout] 13 scenarios (13 passed)
[INFO] [stdout] 43 steps (43 passed)
[INFO] [stdout] test bdd ... ok
[INFO] [stdout] 
[INFO] [stdout] test result: ok. 1 passed; 0 failed; 0 ignored; 0 measured; 0 filtered out; finished in 0.05s
[INFO] [stdout] 
[INFO] [stderr]      Running tests/credentials_provider.rs (/opt/rustwide/target/debug/build/rtb-app/27ad3a28d6982a16/out/credentials_provider-27ad3a28d6982a16)
[INFO] [stdout] 
[INFO] [stdout] running 3 tests
[INFO] [stdout] test no_credentials_provider_explicit ... ok
[INFO] [stdout] test credential_bearing_blanket_impl_threads_through_app ... ok
[INFO] [stdout] test no_provider_yields_empty_credentials ... ok
[INFO] [stdout] 
[INFO] [stdout] test result: ok. 3 passed; 0 failed; 0 ignored; 0 measured; 0 filtered out; finished in 0.00s
[INFO] [stdout] 
[INFO] [stderr]      Running tests/trybuild.rs (/opt/rustwide/target/debug/build/rtb-app/d3bb335ac8c807ea/out/trybuild-d3bb335ac8c807ea)
[INFO] [stdout] 
[INFO] [stdout] running 4 tests
[INFO] [stderr]    Compiling proc-macro2 v1.0.107
[INFO] [stderr]    Compiling quote v1.0.47
[INFO] [stderr]    Compiling unicode-ident v1.0.24
[INFO] [stderr]     Checking memchr v2.8.3
[INFO] [stderr]    Compiling version_check v0.9.5
[INFO] [stderr]    Compiling libc v0.2.189
[INFO] [stderr]    Compiling serde_core v1.0.229
[INFO] [stderr]     Checking cfg-if v1.0.4
[INFO] [stderr]     Checking pin-project-lite v0.2.17
[INFO] [stderr]     Checking typenum v1.20.1
[INFO] [stderr]    Compiling crossbeam-utils v0.8.22
[INFO] [stderr]    Compiling serde v1.0.229
[INFO] [stderr]     Checking bitflags v2.13.1
[INFO] [stderr]     Checking futures-core v0.3.33
[INFO] [stderr]    Compiling autocfg v1.5.1
[INFO] [stderr]    Compiling rustix v1.1.4
[INFO] [stderr]    Compiling syn v2.0.119
[INFO] [stderr]    Compiling syn v3.0.3
[INFO] [stderr]     Checking linux-raw-sys v0.12.1
[INFO] [stderr]    Compiling generic-array v0.14.7
[INFO] [stderr]     Checking futures-io v0.3.33
[INFO] [stderr]    Compiling zmij v1.0.23
[INFO] [stderr]     Checking parking v2.2.1
[INFO] [stderr]     Checking concurrent-queue v2.5.0
[INFO] [stderr]    Compiling winnow v1.0.4
[INFO] [stderr]    Compiling equivalent v1.0.2
[INFO] [stderr]    Compiling hashbrown v0.17.1
[INFO] [stderr]     Checking slab v0.4.12
[INFO] [stderr]    Compiling toml_datetime v1.1.1+spec-1.1.0
[INFO] [stderr]    Compiling num-traits v0.2.19
[INFO] [stderr]    Compiling indexmap v2.14.0
[INFO] [stderr]     Checking log v0.4.33
[INFO] [stderr]     Checking fastrand v2.5.0
[INFO] [stderr]     Checking crypto-common v0.1.7
[INFO] [stderr]     Checking event-listener v5.4.1
[INFO] [stderr]     Checking errno v0.3.14
[INFO] [stderr]     Checking event-listener-strategy v0.5.4
[INFO] [stderr]     Checking futures-lite v2.6.1
[INFO] [stderr]     Checking signal-hook-registry v1.4.8
[INFO] [stderr]    Compiling aho-corasick v1.1.4
[INFO] [stderr]    Compiling toml_parser v1.1.2+spec-1.1.0
[INFO] [stderr]     Checking regex-syntax v0.8.11
[INFO] [stderr]    Compiling toml_edit v0.25.13+spec-1.1.0
[INFO] [stderr]     Checking futures-sink v0.3.33
[INFO] [stderr]     Checking futures-channel v0.3.33
[INFO] [stderr]    Compiling proc-macro-crate v3.5.0
[INFO] [stderr]     Checking regex-automata v0.4.16
[INFO] [stderr]    Compiling async-io v2.6.0
[INFO] [stderr]     Checking unicode-width v0.2.2
[INFO] [stderr]    Compiling thiserror v2.0.21
[INFO] [stderr]    Compiling object v0.37.3
[INFO] [stderr]     Checking futures-task v0.3.33
[INFO] [stderr]     Checking terminal_size v0.4.4
[INFO] [stderr]     Checking polling v3.11.0
[INFO] [stderr]     Checking num-integer v0.1.46
[INFO] [stderr]     Checking block-padding v0.3.3
[INFO] [stderr]     Checking block-buffer v0.10.4
[INFO] [stderr]    Compiling hybrid-array v0.4.13
[INFO] [stderr]     Checking gimli v0.32.3
[INFO] [stderr]     Checking smawk v0.3.3
[INFO] [stderr]     Checking adler2 v2.0.1
[INFO] [stderr]    Compiling endi v1.1.1
[INFO] [stderr]     Checking unicode-linebreak v0.1.5
[INFO] [stderr]     Checking itoa v1.0.18
[INFO] [stderr]    Compiling serde_json v1.0.151
[INFO] [stderr]     Checking async-task v4.7.1
[INFO] [stderr]     Checking subtle v2.6.1
[INFO] [stderr]     Checking textwrap v0.16.2
[INFO] [stderr]     Checking miniz_oxide v0.8.9
[INFO] [stderr]     Checking digest v0.10.7
[INFO] [stderr]    Compiling enumflags2_derive v0.7.12
[INFO] [stderr]    Compiling futures-macro v0.3.33
[INFO] [stderr]     Checking inout v0.1.4
[INFO] [stderr]    Compiling serde_derive v1.0.229
[INFO] [stderr]    Compiling thiserror-impl v2.0.21
[INFO] [stderr]     Checking async-channel v2.5.0
[INFO] [stderr]     Checking addr2line v0.25.1
[INFO] [stderr]     Checking bstr v1.13.0
[INFO] [stderr]     Checking same-file v1.0.6
[INFO] [stderr]    Compiling owo-colors v4.3.0
[INFO] [stderr]     Checking futures-util v0.3.33
[INFO] [stderr]    Compiling unicode-segmentation v1.13.3
[INFO] [stderr]     Checking atomic-waker v1.1.2
[INFO] [stderr]    Compiling parking_lot_core v0.9.12
[INFO] [stderr]     Checking rustc-demangle v0.1.28
[INFO] [stderr]     Checking once_cell v1.21.4
[INFO] [stderr]     Checking piper v0.2.5
[INFO] [stderr]    Compiling convert_case v0.10.0
[INFO] [stderr]     Checking tracing-core v0.1.36
[INFO] [stderr]     Checking globset v0.4.19
[INFO] [stderr]     Checking walkdir v2.5.0
[INFO] [stderr]     Checking async-signal v0.2.14
[INFO] [stderr]     Checking cipher v0.4.4
[INFO] [stderr]    Compiling tracing-attributes v0.1.31
[INFO] [stderr]    Compiling crypto-common v0.2.2
[INFO] [stderr]    Compiling block-buffer v0.12.1
[INFO] [stderr]     Checking num-bigint v0.4.8
[INFO] [stderr]     Checking async-lock v3.4.2
[INFO] [stderr]     Checking backtrace v0.3.76
[INFO] [stderr]    Compiling proc-macro2-diagnostics v0.10.1
[INFO] [stderr]     Checking is_ci v1.2.0
[INFO] [stderr]     Checking smallvec v1.15.2
[INFO] [stderr]     Checking cpufeatures v0.2.17
[INFO] [stderr]    Compiling const-oid v0.10.2
[INFO] [stderr]    Compiling unicode-xid v0.2.6
[INFO] [stderr]     Checking scopeguard v1.2.0
[INFO] [stderr]    Compiling unicase v2.9.0
[INFO] [stderr]     Checking lock_api v0.4.14
[INFO] [stderr]    Compiling derive_more-impl v2.1.1
[INFO] [stderr]    Compiling mime_guess v2.0.5
[INFO] [stderr]    Compiling digest v0.11.3
[INFO] [stderr]     Checking async-process v2.5.0
[INFO] [stderr]     Checking supports-color v3.0.2
[INFO] [stderr]     Checking num-rational v0.4.2
[INFO] [stderr]     Checking backtrace-ext v0.2.1
[INFO] [stderr]     Checking blocking v1.6.2
[INFO] [stderr]    Compiling serde_repr v0.1.21
[INFO] [stderr]    Compiling async-trait v0.1.92
[INFO] [stderr]     Checking hmac v0.12.1
[INFO] [stderr]    Compiling miette-derive v7.6.0
[INFO] [stderr]    Compiling async-recursion v1.1.1
[INFO] [stderr]     Checking async-executor v1.14.0
[INFO] [stderr]     Checking tracing v0.1.44
[INFO] [stderr]     Checking num-iter v0.1.46
[INFO] [stderr]     Checking num-complex v0.4.6
[INFO] [stderr]     Checking async-broadcast v0.7.2
[INFO] [stderr]     Checking uuid v1.24.0
[INFO] [stderr]     Checking ordered-stream v0.2.0
[INFO] [stderr]    Compiling zvariant_utils v3.5.0
[INFO] [stderr]    Compiling enumflags2 v0.7.12
[INFO] [stderr]     Checking unicode-width v0.1.14
[INFO] [stderr]    Compiling cpufeatures v0.3.0
[INFO] [stderr]     Checking hex v0.4.3
[INFO] [stderr]    Compiling heck v0.5.0
[INFO] [stderr]     Checking supports-hyperlinks v3.2.0
[INFO] [stderr]    Compiling yansi v1.0.1
[INFO] [stderr]     Checking supports-unicode v3.0.0
[INFO] [stderr]    Compiling ident_case v1.0.1
[INFO] [stderr]    Compiling zvariant_derive v5.13.1
[INFO] [stderr]    Compiling strsim v0.11.1
[INFO] [stderr]    Compiling crossbeam-epoch v0.9.20
[INFO] [stderr]    Compiling darling_core v0.24.1
[INFO] [stderr]     Checking miette v7.6.0
[INFO] [stderr]    Compiling sha2 v0.11.0
[INFO] [stderr]     Checking toml_datetime v0.6.11
[INFO] [stderr]     Checking serde_spanned v0.6.9
[INFO] [stderr]     Checking num v0.4.3
[INFO] [stderr]     Checking hkdf v0.12.4
[INFO] [stderr]     Checking parking_lot v0.12.5
[INFO] [stderr]     Checking sha2 v0.10.9
[INFO] [stderr]     Checking aes v0.8.4
[INFO] [stderr]     Checking cbc v0.1.2
[INFO] [stderr]    Compiling sealed v0.6.0
[INFO] [stderr]    Compiling zvariant v5.13.1
[INFO] [stderr]    Compiling tokio-macros v2.7.1
[INFO] [stderr]     Checking keyring-core v1.0.0
[INFO] [stderr]     Checking mio v1.2.2
[INFO] [stderr]     Checking getrandom v0.2.17
[INFO] [stderr]     Checking socket2 v0.6.5
[INFO] [stderr]    Compiling uncased v0.9.10
[INFO] [stderr]     Checking bytes v1.12.1
[INFO] [stderr]     Checking unsafe-libyaml v0.2.11
[INFO] [stderr]    Compiling ref-cast v1.0.26
[INFO] [stderr]     Checking toml_write v0.1.2
[INFO] [stderr]     Checking ryu v1.0.23
[INFO] [stderr]    Compiling rustversion v1.0.23
[INFO] [stderr]    Compiling crossbeam-deque v0.8.7
[INFO] [stderr]    Compiling prettyplease v0.3.0
[INFO] [stderr]     Checking utf8parse v0.2.2
[INFO] [stderr]     Checking winnow v0.7.15
[INFO] [stderr]     Checking zbus_names v4.3.4
[INFO] [stderr]    Compiling mime v0.3.17
[INFO] [stderr]     Checking anstyle-parse v1.0.0
[INFO] [stderr]     Checking serde_yaml v0.9.34+deprecated
[INFO] [stderr]     Checking tokio v1.53.1
[INFO] [stderr]    Compiling synthez-core v0.4.0
[INFO] [stderr]    Compiling rust-embed-utils v8.12.0
[INFO] [stderr]    Compiling pear_codegen v0.2.9
[INFO] [stderr]    Compiling ref-cast-impl v1.0.26
[INFO] [stderr]    Compiling nom v8.0.0
[INFO] [stderr]     Checking toml_edit v0.22.27
[INFO] [stderr]     Checking linux-keyutils v0.2.5
[INFO] [stderr]    Compiling figment v0.10.19
[INFO] [stderr]     Checking inlinable_string v0.1.15
[INFO] [stderr]    Compiling zbus_macros v5.18.0
[INFO] [stderr]     Checking anstyle v1.0.14
[INFO] [stderr]     Checking anstyle-query v1.1.5
[INFO] [stderr]    Compiling linkme-impl v0.3.37
[INFO] [stderr]    Compiling bytecount v0.6.9
[INFO] [stderr]     Checking colorchoice v1.0.5
[INFO] [stderr]    Compiling either v1.16.0
[INFO] [stderr]     Checking is_terminal_polyfill v1.70.2
[INFO] [stderr]    Compiling peg-runtime v0.6.3
[INFO] [stderr]     Checking anstream v1.0.0
[INFO] [stderr]     Checking pear v0.2.9
[INFO] [stderr]     Checking linux-keyutils-keyring-store v1.0.0
[INFO] [stderr]    Compiling darling_macro v0.24.1
[INFO] [stderr]    Compiling synthez-codegen v0.4.0
[INFO] [stderr]    Compiling peg-macros v0.6.3
[INFO] [stderr]     Checking toml v0.8.23
[INFO] [stderr]    Compiling gherkin v0.16.0
[INFO] [stderr]    Compiling rust-embed-impl v8.12.0
[INFO] [stderr]    Compiling darling v0.24.1
[INFO] [stderr]    Compiling derive_more v2.1.1
[INFO] [stderr]     Checking jsonptr v0.7.1
[INFO] [stderr]    Compiling regex v1.13.1
[INFO] [stderr]    Compiling typed-builder-macro v0.23.2
[INFO] [stderr]    Compiling nom_locate v5.0.0
[INFO] [stderr]    Compiling serde_derive_internals v0.30.0
[INFO] [stderr]    Compiling linkme v0.3.37
[INFO] [stderr]     Checking zeroize v1.9.0
[INFO] [stderr]    Compiling anyhow v1.0.104
[INFO] [stderr]     Checking clap_lex v1.1.0
[INFO] [stderr]    Compiling bon-macros v3.10.1
[INFO] [stderr]     Checking clap_builder v4.6.2
[INFO] [stderr]     Checking peg v0.6.3
[INFO] [stderr]     Checking secrecy v0.10.3
[INFO] [stderr]    Compiling cucumber-expressions v0.5.0
[INFO] [stderr]     Checking rust-embed v8.12.0
[INFO] [stderr]     Checking arc-swap v1.9.2
[INFO] [stderr]     Checking json-patch v4.2.0
[INFO] [stderr]     Checking ignore v0.4.31
[INFO] [stderr]     Checking zbus v5.18.0
[INFO] [stderr]    Compiling schemars_derive v1.2.2
[INFO] [stderr]     Checking typed-builder v0.23.2
[INFO] [stderr]    Compiling synthez v0.4.0
[INFO] [stderr]    Compiling itertools v0.14.0
[INFO] [stderr]    Compiling clap_derive v4.6.4
[INFO] [stderr]     Checking futures-executor v0.3.33
[INFO] [stderr]    Compiling pin-project-internal v1.1.13
[INFO] [stderr]    Compiling inflections v1.1.1
[INFO] [stderr]     Checking dyn-clone v1.0.20
[INFO] [stderr]     Checking futures v0.3.33
[INFO] [stderr]     Checking globwalk v0.9.1
[INFO] [stderr]     Checking rtb-config v0.6.3
[INFO] [stderr]    Compiling cucumber-codegen v0.23.0
[INFO] [stderr]     Checking rtb-assets v0.6.3
[INFO] [stderr]     Checking schemars v1.2.2
[INFO] [stderr]     Checking pin-project v1.1.13
[INFO] [stderr]     Checking tokio-util v0.7.19
[INFO] [stderr]     Checking rtb-error v0.6.3
[INFO] [stderr]     Checking clap v4.6.4
[INFO] [stderr]    Compiling smart-default v0.7.1
[INFO] [stderr]     Checking console v0.16.4
[INFO] [stderr]     Checking semver v1.0.28
[INFO] [stderr]     Checking humantime v2.4.0
[INFO] [stderr]     Checking inventory v0.3.24
[INFO] [stderr]     Checking linked-hash-map v0.5.6
[INFO] [stderr]     Checking cucumber v0.23.0
[INFO] [stderr]     Checking bon v3.10.1
[INFO] [stderr]     Checking secret-service v5.1.0
[INFO] [stderr]     Checking zbus-secret-service-keyring-store v1.0.0
[INFO] [stderr]     Checking keyring v4.1.5
[INFO] [stderr]     Checking rtb-credentials v0.6.3
[INFO] [stderr]     Checking rtb-app v0.9.1 (/opt/rustwide/workdir)
[INFO] [stderr]     Checking rtb-app-tests v0.0.0 (/opt/rustwide/target/tests/trybuild/rtb-app)
[INFO] [stderr]     Finished `dev` profile [unoptimized + debuginfo] target(s) in 49.37s
[INFO] [stderr] 
[INFO] [stderr] 
[INFO] [stdout] test feature_non_exhaustive has been running for over 60 seconds
[INFO] [stdout] test from_env_is_deprecated has been running for over 60 seconds
[INFO] [stdout] test metadata_requires_name has been running for over 60 seconds
[INFO] [stdout] test releasesource_non_exhaustive has been running for over 60 seconds
[INFO] [stderr] test tests/trybuild/metadata_requires_name.rs ... mismatch
[INFO] [stderr] 
[INFO] [stderr] EXPECTED:
[INFO] [stderr] ┈┈┈┈┈┈┈┈┈┈┈┈┈┈┈┈┈┈┈┈┈┈┈┈┈┈┈┈┈┈┈┈┈┈┈┈┈┈┈┈┈┈┈┈┈┈┈┈┈┈┈┈┈┈┈┈┈┈┈┈
[INFO] [stderr] error[E0277]: the member `bon::__::Unset<metadata::tool_metadata_builder::members::name>` was not set, but this method requires it to be set
[INFO] [stderr]  --> tests/trybuild/metadata_requires_name.rs:9:63
[INFO] [stderr]   |
[INFO] [stderr] 9 |     let _ = ToolMetadata::builder().summary("only a summary").build();
[INFO] [stderr]   |                                                               ^^^^^ the member `bon::__::Unset<metadata::tool_metadata_builder::members::name>` was not set, but this method requires it to be set
[INFO] [stderr]   |
[INFO] [stderr]   = help: the trait `bon::builder_state::IsSet` is not implemented for `bon::__::Unset<metadata::tool_metadata_builder::members::name>`
[INFO] [stderr] help: the trait `bon::builder_state::IsSet` is implemented for `bon::__::Set<Name>`
[INFO] [stderr]  --> $CARGO/bon-$VERSION/src/builder_state.rs
[INFO] [stderr]   |
[INFO] [stderr]   | impl<Name> IsSet for Set<Name> {}
[INFO] [stderr]   | ^^^^^^^^^^^^^^^^^^^^^^^^^^^^^^
[INFO] [stderr]   = note: required for `metadata::tool_metadata_builder::SetSummary` to implement `metadata::tool_metadata_builder::IsComplete`
[INFO] [stderr] note: required by a bound in `ToolMetadataBuilder::<S>::build`
[INFO] [stderr]  --> src/metadata.rs
[INFO] [stderr]   |
[INFO] [stderr]   | #[derive(Debug, Clone, Serialize, Deserialize, bon::Builder)]
[INFO] [stderr]   |                                                ^^^^^^^^^^^^ required by this bound in `ToolMetadataBuilder::<S>::build`
[INFO] [stderr] ...
[INFO] [stderr]   | pub struct ToolMetadata {
[INFO] [stderr]   |            ------------ required by a bound in this associated function
[INFO] [stderr]   = note: this error originates in the derive macro `bon::Builder` (in Nightly builds, run with -Z macro-backtrace for more info)
[INFO] [stderr] ┈┈┈┈┈┈┈┈┈┈┈┈┈┈┈┈┈┈┈┈┈┈┈┈┈┈┈┈┈┈┈┈┈┈┈┈┈┈┈┈┈┈┈┈┈┈┈┈┈┈┈┈┈┈┈┈┈┈┈┈
[INFO] [stderr] 
[INFO] [stderr] ACTUAL OUTPUT:
[INFO] [stderr] ┈┈┈┈┈┈┈┈┈┈┈┈┈┈┈┈┈┈┈┈┈┈┈┈┈┈┈┈┈┈┈┈┈┈┈┈┈┈┈┈┈┈┈┈┈┈┈┈┈┈┈┈┈┈┈┈┈┈┈┈
[INFO] [stderr] error[E0277]: the member `bon::__::Unset<metadata::tool_metadata_builder::members::name>` was not set, but this method requires it to be set
[INFO] [stderr]  --> tests/trybuild/metadata_requires_name.rs:9:63
[INFO] [stderr]   |
[INFO] [stderr] 9 |     let _ = ToolMetadata::builder().summary("only a summary").build();
[INFO] [stderr]   |                                                               ^^^^^ the member `bon::__::Unset<metadata::tool_metadata_builder::members::name>` was not set, but this method requires it to be set
[INFO] [stderr]   |
[INFO] [stderr]   = help: the trait `bon::builder_state::IsSet` is not implemented for `bon::__::Unset<metadata::tool_metadata_builder::members::name>`
[INFO] [stderr] help: the trait `bon::builder_state::IsSet` is implemented for `bon::__::Set<Name>`
[INFO] [stderr]  --> $CARGO/bon-$VERSION/src/builder_state.rs
[INFO] [stderr]   |
[INFO] [stderr]   | impl<Name> IsSet for Set<Name> {}
[INFO] [stderr]   | ^^^^^^^^^^^^^^^^^^^^^^^^^^^^^^
[INFO] [stderr]   = note: required for `metadata::tool_metadata_builder::SetSummary` to implement `metadata::tool_metadata_builder::IsComplete`
[INFO] [stderr] note: required by a bound in `ToolMetadataBuilder::<S>::build`
[INFO] [stderr]  --> src/metadata.rs
[INFO] [stderr]   |
[INFO] [stderr]   | #[derive(Debug, Clone, Serialize, Deserialize, bon::Builder)]
[INFO] [stderr]   |                                                ^^^^^^^^^^^^ required by this bound in `ToolMetadataBuilder::<S>::build`
[INFO] [stderr] ...
[INFO] [stderr]   | pub struct ToolMetadata {
[INFO] [stderr]   = note: this error originates in the derive macro `bon::Builder` (in Nightly builds, run with -Z macro-backtrace for more info)
[INFO] [stderr] ┈┈┈┈┈┈┈┈┈┈┈┈┈┈┈┈┈┈┈┈┈┈┈┈┈┈┈┈┈┈┈┈┈┈┈┈┈┈┈┈┈┈┈┈┈┈┈┈┈┈┈┈┈┈┈┈┈┈┈┈
[INFO] [stderr] note: If the actual output is the correct output you can bless it by rerunning
[INFO] [stderr]       your test with the environment variable TRYBUILD=overwrite
[INFO] [stderr] 
[INFO] [stderr] 
[INFO] [stderr] 
[INFO] [stdout] test metadata_requires_name ... FAILED
[INFO] [stderr]     Checking rtb-app-tests v0.0.0 (/opt/rustwide/target/tests/trybuild/rtb-app)
[INFO] [stderr]     Finished `dev` profile [unoptimized + debuginfo] target(s) in 0.24s
[INFO] [stderr] 
[INFO] [stderr] 
[INFO] [stderr] test tests/trybuild/feature_non_exhaustive.rs ... ok
[INFO] [stderr] 
[INFO] [stderr] 
[INFO] [stdout] test feature_non_exhaustive ... ok
[INFO] [stderr]     Checking rtb-app-tests v0.0.0 (/opt/rustwide/target/tests/trybuild/rtb-app)
[INFO] [stderr]     Finished `dev` profile [unoptimized + debuginfo] target(s) in 0.16s
[INFO] [stderr] 
[INFO] [stderr] 
[INFO] [stderr] test tests/trybuild/from_env_is_deprecated.rs ... ok
[INFO] [stderr] 
[INFO] [stderr] 
[INFO] [stdout] test from_env_is_deprecated ... ok
[INFO] [stderr]     Checking rtb-app-tests v0.0.0 (/opt/rustwide/target/tests/trybuild/rtb-app)
[INFO] [stderr]     Finished `dev` profile [unoptimized + debuginfo] target(s) in 0.16s
[INFO] [stderr] 
[INFO] [stderr] 
[INFO] [stderr] test tests/trybuild/releasesource_non_exhaustive.rs ... ok
[INFO] [stderr] 
[INFO] [stderr] 
[INFO] [stdout] test releasesource_non_exhaustive ... ok
[INFO] [stdout] 
[INFO] [stdout] failures:
[INFO] [stdout] 
[INFO] [stdout] ---- metadata_requires_name stdout ----
[INFO] [stdout] 
[INFO] [stdout] thread 'metadata_requires_name' (4847) panicked at /opt/rustwide/cargo-home/registry/src/index.crates.io-1949cf8c6b5b557f/trybuild-1.0.121/src/run.rs:103:13:
[INFO] [stdout] 1 of 1 tests failed
[INFO] [stdout] stack backtrace:
[INFO] [stdout]    0:     0x56f9f2d1db31 - std[617be2ca0a6fd877]::backtrace_rs::backtrace::libunwind::trace
[INFO] [stdout]                                at /rustc/e3feeb59cd1bdd011a2bfcc0747b55125d9b8527/library/std/src/../../backtrace/src/backtrace/libunwind.rs:117:9
[INFO] [stdout]    1:     0x56f9f2d1db31 - std[617be2ca0a6fd877]::backtrace_rs::backtrace::trace_unsynchronized::<std[617be2ca0a6fd877]::sys::backtrace::_print_fmt::{closure#1}>
[INFO] [stdout]                                at /rustc/e3feeb59cd1bdd011a2bfcc0747b55125d9b8527/library/std/src/../../backtrace/src/backtrace/mod.rs:66:14
[INFO] [stdout]    2:     0x56f9f2d1db31 - std[617be2ca0a6fd877]::sys::backtrace::_print_fmt
[INFO] [stdout]                                at /rustc/e3feeb59cd1bdd011a2bfcc0747b55125d9b8527/library/std/src/sys/backtrace.rs:74:9
[INFO] [stdout]    3:     0x56f9f2d1db31 - <<std[617be2ca0a6fd877]::sys::backtrace::BacktraceLock>::print::DisplayBacktrace as core[a373ad73a504971]::fmt::Display>::fmt
[INFO] [stdout]                                at /rustc/e3feeb59cd1bdd011a2bfcc0747b55125d9b8527/library/std/src/sys/backtrace.rs:44:26
[INFO] [stdout]    4:     0x56f9f2d33f7a - <core[a373ad73a504971]::fmt::rt::Argument>::fmt
[INFO] [stdout]                                at /rustc/e3feeb59cd1bdd011a2bfcc0747b55125d9b8527/library/core/src/fmt/rt.rs:152:76
[INFO] [stdout]    5:     0x56f9f2d33f7a - core[a373ad73a504971]::fmt::write
[INFO] [stdout]    6:     0x56f9f2d2237c - core[a373ad73a504971]::io::write::default_write_fmt::<alloc[2e1b2a31b91974c5]::vec::Vec<u8>>
[INFO] [stdout]                                at /rustc/e3feeb59cd1bdd011a2bfcc0747b55125d9b8527/library/core/src/io/write.rs:402:11
[INFO] [stdout]    7:     0x56f9f2d2237c - <alloc[2e1b2a31b91974c5]::vec::Vec<u8> as core[a373ad73a504971]::io::write::Write>::write_fmt
[INFO] [stdout]                                at /rustc/e3feeb59cd1bdd011a2bfcc0747b55125d9b8527/library/core/src/io/write.rs:335:13
[INFO] [stdout]    8:     0x56f9f2cf6f96 - <std[617be2ca0a6fd877]::sys::backtrace::BacktraceLock>::print
[INFO] [stdout]                                at /rustc/e3feeb59cd1bdd011a2bfcc0747b55125d9b8527/library/std/src/sys/backtrace.rs:47:9
[INFO] [stdout]    9:     0x56f9f2cf6f96 - std[617be2ca0a6fd877]::panicking::default_hook::{closure#0}
[INFO] [stdout]                                at /rustc/e3feeb59cd1bdd011a2bfcc0747b55125d9b8527/library/std/src/panicking.rs:289:27
[INFO] [stdout]   10:     0x56f9f2d150d9 - std[617be2ca0a6fd877]::panicking::default_hook
[INFO] [stdout]                                at /rustc/e3feeb59cd1bdd011a2bfcc0747b55125d9b8527/library/std/src/panicking.rs:313:9
[INFO] [stdout]   11:     0x56f9f2cae6e0 - <alloc[2e1b2a31b91974c5]::boxed::Box<dyn for<'a, 'b> core[a373ad73a504971]::ops::function::Fn<(&'a std[617be2ca0a6fd877]::panic::PanicHookInfo<'b>,), Output = ()> + core[a373ad73a504971]::marker::Sync + core[a373ad73a504971]::marker::Send> as core[a373ad73a504971]::ops::function::Fn<(&std[617be2ca0a6fd877]::panic::PanicHookInfo,)>>::call
[INFO] [stdout]                                at /rustc/e3feeb59cd1bdd011a2bfcc0747b55125d9b8527/library/alloc/src/boxed.rs:2328:9
[INFO] [stdout]   12:     0x56f9f2cae6e0 - test[aada8e7e76ba119b]::test_main_inner::{closure#0}
[INFO] [stdout]                                at /rustc/e3feeb59cd1bdd011a2bfcc0747b55125d9b8527/library/test/src/lib.rs:137:21
[INFO] [stdout]   13:     0x56f9f2d15292 - <alloc[2e1b2a31b91974c5]::boxed::Box<dyn for<'a, 'b> core[a373ad73a504971]::ops::function::Fn<(&'a std[617be2ca0a6fd877]::panic::PanicHookInfo<'b>,), Output = ()> + core[a373ad73a504971]::marker::Sync + core[a373ad73a504971]::marker::Send> as core[a373ad73a504971]::ops::function::Fn<(&std[617be2ca0a6fd877]::panic::PanicHookInfo,)>>::call
[INFO] [stdout]                                at /rustc/e3feeb59cd1bdd011a2bfcc0747b55125d9b8527/library/alloc/src/boxed.rs:2328:9
[INFO] [stdout]   14:     0x56f9f2d15292 - std[617be2ca0a6fd877]::panicking::panic_with_hook
[INFO] [stdout]                                at /rustc/e3feeb59cd1bdd011a2bfcc0747b55125d9b8527/library/std/src/panicking.rs:819:13
[INFO] [stdout]   15:     0x56f9f2cf7042 - std[617be2ca0a6fd877]::panicking::panic_handler::{closure#0}
[INFO] [stdout]                                at /rustc/e3feeb59cd1bdd011a2bfcc0747b55125d9b8527/library/std/src/panicking.rs:685:13
[INFO] [stdout]   16:     0x56f9f2cef899 - std[617be2ca0a6fd877]::sys::backtrace::__rust_end_short_backtrace::<std[617be2ca0a6fd877]::panicking::panic_handler::{closure#0}, !>
[INFO] [stdout]                                at /rustc/e3feeb59cd1bdd011a2bfcc0747b55125d9b8527/library/std/src/sys/backtrace.rs:182:18
[INFO] [stdout]   17:     0x56f9f2cf7c4d - __rustc[ea4f61d10b84890b]::rust_begin_unwind
[INFO] [stdout]                                at /rustc/e3feeb59cd1bdd011a2bfcc0747b55125d9b8527/library/std/src/panicking.rs:676:5
[INFO] [stdout]   18:     0x56f9f2d3476c - core[a373ad73a504971]::panicking::panic_fmt
[INFO] [stdout]                                at /rustc/e3feeb59cd1bdd011a2bfcc0747b55125d9b8527/library/core/src/panicking.rs:80:14
[INFO] [stdout]   19:     0x56f9f2ba7df4 - <trybuild[d842ef3bdaea5c7b]::Runner>::run
[INFO] [stdout]                                at /opt/rustwide/cargo-home/registry/src/index.crates.io-1949cf8c6b5b557f/trybuild-1.0.121/src/run.rs:103:13
[INFO] [stdout]   20:     0x56f9f2bb3278 - <trybuild[d842ef3bdaea5c7b]::TestCases as core[a373ad73a504971]::ops::drop::Drop>::drop
[INFO] [stdout]                                at /opt/rustwide/cargo-home/registry/src/index.crates.io-1949cf8c6b5b557f/trybuild-1.0.121/src/lib.rs:342:38
[INFO] [stdout]   21:     0x56f9f2a84967 - core[a373ad73a504971]::ptr::drop_glue::<trybuild[d842ef3bdaea5c7b]::TestCases>
[INFO] [stdout]                                at /rustc/e3feeb59cd1bdd011a2bfcc0747b55125d9b8527/library/core/src/ptr/mod.rs:848:1
[INFO] [stdout]   22:     0x56f9f2a84d13 - trybuild[fb9c44252088cfd8]::metadata_requires_name
[INFO] [stdout]                                at /opt/rustwide/workdir/tests/trybuild.rs:9:1
[INFO] [stdout]   23:     0x56f9f2a84b27 - trybuild[fb9c44252088cfd8]::metadata_requires_name::{closure#0}
[INFO] [stdout]                                at /opt/rustwide/workdir/tests/trybuild.rs:6:28
[INFO] [stdout]   24:     0x56f9f2a85226 - <trybuild[fb9c44252088cfd8]::metadata_requires_name::{closure#0} as core[a373ad73a504971]::ops::function::FnOnce<()>>::call_once
[INFO] [stdout]                                at /rustc/e3feeb59cd1bdd011a2bfcc0747b55125d9b8527/library/core/src/ops/function.rs:250:5
[INFO] [stdout]   25:     0x56f9f2ca1b2b - <fn() -> core[a373ad73a504971]::result::Result<(), alloc[2e1b2a31b91974c5]::string::String> as core[a373ad73a504971]::ops::function::FnOnce<()>>::call_once
[INFO] [stdout]                                at /rustc/e3feeb59cd1bdd011a2bfcc0747b55125d9b8527/library/core/src/ops/function.rs:250:5
[INFO] [stdout]   26:     0x56f9f2ca1b2b - test[aada8e7e76ba119b]::__rust_begin_short_backtrace::<core[a373ad73a504971]::result::Result<(), alloc[2e1b2a31b91974c5]::string::String>, fn() -> core[a373ad73a504971]::result::Result<(), alloc[2e1b2a31b91974c5]::string::String>>
[INFO] [stdout]                                at /rustc/e3feeb59cd1bdd011a2bfcc0747b55125d9b8527/library/test/src/lib.rs:701:18
[INFO] [stdout]   27:     0x56f9f2caed05 - test[aada8e7e76ba119b]::run_test_in_process::{closure#0}
[INFO] [stdout]                                at /rustc/e3feeb59cd1bdd011a2bfcc0747b55125d9b8527/library/test/src/lib.rs:724:74
[INFO] [stdout]   28:     0x56f9f2caed05 - <core[a373ad73a504971]::panic::unwind_safe::AssertUnwindSafe<test[aada8e7e76ba119b]::run_test_in_process::{closure#0}> as core[a373ad73a504971]::ops::function::FnOnce<()>>::call_once
[INFO] [stdout]                                at /rustc/e3feeb59cd1bdd011a2bfcc0747b55125d9b8527/library/core/src/panic/unwind_safe.rs:275:9
[INFO] [stdout]   29:     0x56f9f2caed05 - std[617be2ca0a6fd877]::panicking::catch_unwind::do_call::<core[a373ad73a504971]::panic::unwind_safe::AssertUnwindSafe<test[aada8e7e76ba119b]::run_test_in_process::{closure#0}>, core[a373ad73a504971]::result::Result<(), alloc[2e1b2a31b91974c5]::string::String>>
[INFO] [stdout]                                at /rustc/e3feeb59cd1bdd011a2bfcc0747b55125d9b8527/library/std/src/panicking.rs:573:43
[INFO] [stdout]   30:     0x56f9f2caed05 - std[617be2ca0a6fd877]::panicking::catch_unwind::<core[a373ad73a504971]::result::Result<(), alloc[2e1b2a31b91974c5]::string::String>, core[a373ad73a504971]::panic::unwind_safe::AssertUnwindSafe<test[aada8e7e76ba119b]::run_test_in_process::{closure#0}>>
[INFO] [stdout]                                at /rustc/e3feeb59cd1bdd011a2bfcc0747b55125d9b8527/library/std/src/panicking.rs:541:19
[INFO] [stdout]   31:     0x56f9f2caed05 - std[617be2ca0a6fd877]::panic::catch_unwind::<core[a373ad73a504971]::panic::unwind_safe::AssertUnwindSafe<test[aada8e7e76ba119b]::run_test_in_process::{closure#0}>, core[a373ad73a504971]::result::Result<(), alloc[2e1b2a31b91974c5]::string::String>>
[INFO] [stdout]                                at /rustc/e3feeb59cd1bdd011a2bfcc0747b55125d9b8527/library/std/src/panic.rs:359:14
[INFO] [stdout]   32:     0x56f9f2caed05 - test[aada8e7e76ba119b]::run_test_in_process
[INFO] [stdout]                                at /rustc/e3feeb59cd1bdd011a2bfcc0747b55125d9b8527/library/test/src/lib.rs:724:27
[INFO] [stdout]   33:     0x56f9f2caed05 - test[aada8e7e76ba119b]::run_test::{closure#0}
[INFO] [stdout]                                at /rustc/e3feeb59cd1bdd011a2bfcc0747b55125d9b8527/library/test/src/lib.rs:645:43
[INFO] [stdout]   34:     0x56f9f2ca85f4 - test[aada8e7e76ba119b]::run_test::{closure#1}
[INFO] [stdout]                                at /rustc/e3feeb59cd1bdd011a2bfcc0747b55125d9b8527/library/test/src/lib.rs:675:41
[INFO] [stdout]   35:     0x56f9f2ca85f4 - std[617be2ca0a6fd877]::sys::backtrace::__rust_begin_short_backtrace::<test[aada8e7e76ba119b]::run_test::{closure#1}, ()>
[INFO] [stdout]                                at /rustc/e3feeb59cd1bdd011a2bfcc0747b55125d9b8527/library/std/src/sys/backtrace.rs:166:18
[INFO] [stdout]   36:     0x56f9f2cb1d92 - std[617be2ca0a6fd877]::thread::lifecycle::spawn_unchecked::<test[aada8e7e76ba119b]::run_test::{closure#1}, ()>::{closure#1}::{closure#0}
[INFO] [stdout]                                at /rustc/e3feeb59cd1bdd011a2bfcc0747b55125d9b8527/library/std/src/thread/lifecycle.rs:70:13
[INFO] [stdout]   37:     0x56f9f2cb1d92 - <core[a373ad73a504971]::panic::unwind_safe::AssertUnwindSafe<std[617be2ca0a6fd877]::thread::lifecycle::spawn_unchecked<test[aada8e7e76ba119b]::run_test::{closure#1}, ()>::{closure#1}::{closure#0}> as core[a373ad73a504971]::ops::function::FnOnce<()>>::call_once
[INFO] [stdout]                                at /rustc/e3feeb59cd1bdd011a2bfcc0747b55125d9b8527/library/core/src/panic/unwind_safe.rs:275:9
[INFO] [stdout]   38:     0x56f9f2cb1d92 - std[617be2ca0a6fd877]::panicking::catch_unwind::do_call::<core[a373ad73a504971]::panic::unwind_safe::AssertUnwindSafe<std[617be2ca0a6fd877]::thread::lifecycle::spawn_unchecked<test[aada8e7e76ba119b]::run_test::{closure#1}, ()>::{closure#1}::{closure#0}>, ()>
[INFO] [stdout]                                at /rustc/e3feeb59cd1bdd011a2bfcc0747b55125d9b8527/library/std/src/panicking.rs:573:43
[INFO] [stdout]   39:     0x56f9f2cb1d92 - std[617be2ca0a6fd877]::panicking::catch_unwind::<(), core[a373ad73a504971]::panic::unwind_safe::AssertUnwindSafe<std[617be2ca0a6fd877]::thread::lifecycle::spawn_unchecked<test[aada8e7e76ba119b]::run_test::{closure#1}, ()>::{closure#1}::{closure#0}>>
[INFO] [stdout]                                at /rustc/e3feeb59cd1bdd011a2bfcc0747b55125d9b8527/library/std/src/panicking.rs:541:19
[INFO] [stdout]   40:     0x56f9f2cb1d92 - std[617be2ca0a6fd877]::panic::catch_unwind::<core[a373ad73a504971]::panic::unwind_safe::AssertUnwindSafe<std[617be2ca0a6fd877]::thread::lifecycle::spawn_unchecked<test[aada8e7e76ba119b]::run_test::{closure#1}, ()>::{closure#1}::{closure#0}>, ()>
[INFO] [stdout]                                at /rustc/e3feeb59cd1bdd011a2bfcc0747b55125d9b8527/library/std/src/panic.rs:359:14
[INFO] [stdout]   41:     0x56f9f2cb1d92 - std[617be2ca0a6fd877]::thread::lifecycle::spawn_unchecked::<test[aada8e7e76ba119b]::run_test::{closure#1}, ()>::{closure#1}
[INFO] [stdout]                                at /rustc/e3feeb59cd1bdd011a2bfcc0747b55125d9b8527/library/std/src/thread/lifecycle.rs:68:26
[INFO] [stdout]   42:     0x56f9f2cb1d92 - <std[617be2ca0a6fd877]::thread::lifecycle::spawn_unchecked<test[aada8e7e76ba119b]::run_test::{closure#1}, ()>::{closure#1} as core[a373ad73a504971]::ops::function::FnOnce<()>>::call_once::{shim:vtable#0}
[INFO] [stdout]                                at /rustc/e3feeb59cd1bdd011a2bfcc0747b55125d9b8527/library/core/src/ops/function.rs:250:5
[INFO] [stdout]   43:     0x56f9f2d1cd8f - <alloc[2e1b2a31b91974c5]::boxed::Box<dyn core[a373ad73a504971]::ops::function::FnOnce<(), Output = ()> + core[a373ad73a504971]::marker::Send> as core[a373ad73a504971]::ops::function::FnOnce<()>>::call_once
[INFO] [stdout]                                at /rustc/e3feeb59cd1bdd011a2bfcc0747b55125d9b8527/library/alloc/src/boxed.rs:2314:9
[INFO] [stdout]   44:     0x56f9f2d1cd8f - <std[617be2ca0a6fd877]::sys::thread::unix::Thread>::new::thread_start
[INFO] [stdout]                                at /rustc/e3feeb59cd1bdd011a2bfcc0747b55125d9b8527/library/std/src/sys/thread/unix.rs:127:17
[INFO] [stdout]   45:     0x7046c2e34dfa - <unknown>
[INFO] [stdout]   46:     0x7046c2ec83d4 - clone
[INFO] [stdout]   47:                0x0 - <unknown>
[INFO] [stdout] 
[INFO] [stdout] 
[INFO] [stdout] failures:
[INFO] [stdout]     metadata_requires_name
[INFO] [stdout] 
[INFO] [stdout] test result: FAILED. 3 passed; 1 failed; 0 ignored; 0 measured; 0 filtered out; finished in 63.01s
[INFO] [stdout] 
[INFO] [stderr] error: test failed, to rerun pass `--test trybuild`
[INFO] running `Command { std: "docker" "inspect" "6edd29d1114887512b7dcf4361acf310ef4726881090ecf243801a458b6f1db7", kill_on_drop: false }`
[INFO] running `Command { std: "docker" "rm" "-f" "6edd29d1114887512b7dcf4361acf310ef4726881090ecf243801a458b6f1db7", kill_on_drop: false }`
[INFO] [stdout] 6edd29d1114887512b7dcf4361acf310ef4726881090ecf243801a458b6f1db7
