[INFO] fetching crate liminal-ark-relations 0.4.0...
[INFO] testing liminal-ark-relations-0.4.0 against 1.99.0-beta.8 for beta-1.100-3
[INFO] extracting crate liminal-ark-relations 0.4.0 into /workspace/builds/worker-7-tc1/source
[INFO] started tweaking crates.io crate liminal-ark-relations 0.4.0
[INFO] finished tweaking crates.io crate liminal-ark-relations 0.4.0
[INFO] tweaked toml for crates.io crate liminal-ark-relations 0.4.0 written to /workspace/builds/worker-7-tc1/source/Cargo.toml
[INFO] validating manifest of crates.io crate liminal-ark-relations 0.4.0 on toolchain 1.99.0-beta.8
[INFO] running `Command { std: CARGO_HOME="/workspace/cargo-home" RUSTUP_HOME="/workspace/rustup-home" "/workspace/cargo-home/bin/cargo" "+1.99.0-beta.8" "metadata" "--manifest-path" "Cargo.toml" "--no-deps", kill_on_drop: false }`
[INFO] running `Command { std: CARGO_HOME="/workspace/cargo-home" RUSTUP_HOME="/workspace/rustup-home" "/workspace/cargo-home/bin/cargo" "+1.99.0-beta.8" "generate-lockfile" "--manifest-path" "Cargo.toml", kill_on_drop: false }`
[INFO] [stderr]     Blocking waiting for file lock on package cache
[INFO] [stderr]     Updating crates.io index
[INFO] [stderr]     Blocking waiting for file lock on package cache
[INFO] [stderr]      Locking 140 packages to highest compatible versions
[INFO] [stderr]       Adding ark-bls12-381 v0.3.0 (available: v0.6.0)
[INFO] [stderr]       Adding ark-crypto-primitives v0.3.0 (available: v0.6.0)
[INFO] [stderr]       Adding ark-ec v0.3.0 (available: v0.6.0)
[INFO] [stderr]       Adding ark-ed-on-bls12-381 v0.3.0 (available: v0.6.0)
[INFO] [stderr]       Adding ark-ff v0.3.0 (available: v0.6.0)
[INFO] [stderr]       Adding ark-groth16 v0.3.0 (available: v0.6.0)
[INFO] [stderr]       Adding ark-poly v0.3.0 (available: v0.6.0)
[INFO] [stderr]       Adding ark-poly-commit v0.3.0 (available: v0.6.0)
[INFO] [stderr]       Adding ark-r1cs-std v0.3.1 (available: v0.6.0)
[INFO] [stderr]       Adding ark-relations v0.3.0 (available: v0.6.0)
[INFO] [stderr]       Adding ark-serialize v0.3.0 (available: v0.6.0)
[INFO] [stderr]       Adding ark-snark v0.3.0 (available: v0.6.0)
[INFO] [stderr]       Adding ark-std v0.3.0 (available: v0.6.0)
[INFO] [stderr]       Adding blake2 v0.9.2 (available: v0.11.0)
[INFO] [stderr]       Adding criterion v0.3.6 (available: v0.8.2)
[INFO] [stderr]       Adding psm v0.1.24 (available: v0.1.32)
[INFO] running `Command { std: CARGO_HOME="/workspace/cargo-home" RUSTUP_HOME="/workspace/rustup-home" "/workspace/cargo-home/bin/cargo" "+1.99.0-beta.8" "fetch" "--manifest-path" "Cargo.toml", kill_on_drop: false }`
[INFO] [stderr]     Blocking waiting for file lock on package cache
[INFO] [stderr]     Blocking waiting for file lock on package cache
[INFO] [stderr]  Downloading crates ...
[INFO] [stderr]   Downloaded num-integer v0.1.47
[INFO] [stderr]   Downloaded liminal-ark-pnbr-poseidon-permutation v0.1.0
[INFO] [stderr]   Downloaded liminal-ark-poseidon v0.1.0
[INFO] [stderr]   Downloaded ark-std v0.3.0
[INFO] [stderr]   Downloaded ark-serialize v0.3.0
[INFO] [stderr]   Downloaded liminal-ark-relation-macro v0.1.3
[INFO] [stderr]   Downloaded rustc_version v0.3.3
[INFO] [stderr]   Downloaded liminal-ark-pnbr-sponge v0.3.0
[INFO] [stderr]   Downloaded semver-parser v0.10.3
[INFO] [stderr]   Downloaded stacker v0.1.25
[INFO] [stderr]   Downloaded ark-groth16 v0.3.0
[INFO] [stderr]   Downloaded ark-nonnative-field v0.3.0
[INFO] [stderr]   Downloaded ark-bls12-381 v0.3.0
[INFO] [stderr]   Downloaded liminal-ark-pnbr-poseidon-parameters v0.1.0
[INFO] [stderr]   Downloaded ark-relations v0.3.0
[INFO] [stderr]   Downloaded ark-ff v0.3.0
[INFO] [stderr]   Downloaded ark-ec v0.3.0
[INFO] [stderr]   Downloaded ark-poly v0.3.0
[INFO] [stderr]   Downloaded ark-crypto-primitives v0.3.0
[INFO] [stderr]   Downloaded ark-serialize-derive v0.3.0
[INFO] [stderr]   Downloaded ark-ff-macros v0.3.0
[INFO] [stderr]   Downloaded ark-ff-asm v0.3.0
[INFO] [stderr]   Downloaded psm v0.1.24
[INFO] [stderr]   Downloaded ark-poly-commit v0.3.0
[INFO] [stderr]   Downloaded ark-snark v0.3.0
[INFO] [stderr]   Downloaded ark-ed-on-bls12-381 v0.3.0
[INFO] [stderr]   Downloaded ark-marlin v0.3.0
[INFO] [stderr]   Downloaded num-bigint v0.4.8
[INFO] [stderr]   Downloaded ark-r1cs-std v0.3.1
[INFO] [stderr]   Downloaded pest v2.9.3
[INFO] [stderr]   Downloaded blake2 v0.9.2
[INFO] [stderr]   Downloaded ark-gm17 v0.3.0
[INFO] running `Command { std: "docker" "create" "-v" "/var/lib/crater-agent-workspace/builds/worker-7-tc1/source:/opt/rustwide/workdir:ro,Z" "-v" "/var/lib/crater-agent-workspace/builds/worker-7-tc1/target:/opt/rustwide/target:rw,Z" "-v" "/var/lib/crater-agent-workspace/cargo-home:/opt/rustwide/cargo-home:ro,Z" "-v" "/var/lib/crater-agent-workspace/rustup-home:/opt/rustwide/rustup-home:ro,Z" "-m" "1610612736" "--network" "none" "ghcr.io/rust-lang/crates-build-env/linux@sha256:77db811e55d90add9212f6832c23229e3de5f1c1f9905e8cb07319ea15df73ac" "sleep" "infinity", kill_on_drop: false }`
[INFO] [stdout] 6411acce6100fd58410343537a182c0ba12b3f7afbe7f08d0c1aa9c92771d0a4
[INFO] running `Command { std: "docker" "start" "6411acce6100fd58410343537a182c0ba12b3f7afbe7f08d0c1aa9c92771d0a4", kill_on_drop: false }`
[INFO] running `Command { std: "docker" "inspect" "6411acce6100fd58410343537a182c0ba12b3f7afbe7f08d0c1aa9c92771d0a4", kill_on_drop: false }`
[INFO] running `Command { std: "docker" "exec" "-e" "SOURCE_DIR=/opt/rustwide/workdir" "-e" "CARGO_HOME=/opt/rustwide/cargo-home" "-e" "RUSTUP_HOME=/opt/rustwide/rustup-home" "-e" "CARGO_TARGET_DIR=/opt/rustwide/target" "-w" "/opt/rustwide/workdir" "--user" "0:0" "6411acce6100fd58410343537a182c0ba12b3f7afbe7f08d0c1aa9c92771d0a4" "/opt/rustwide/cargo-home/bin/cargo" "+1.99.0-beta.8" "metadata" "--no-deps" "--format-version=1", kill_on_drop: false }`
[INFO] running `Command { std: "docker" "inspect" "6411acce6100fd58410343537a182c0ba12b3f7afbe7f08d0c1aa9c92771d0a4", kill_on_drop: false }`
[INFO] running `Command { std: "docker" "exec" "-e" "SOURCE_DIR=/opt/rustwide/workdir" "-e" "CARGO_HOME=/opt/rustwide/cargo-home" "-e" "RUSTUP_HOME=/opt/rustwide/rustup-home" "-e" "CARGO_TARGET_DIR=/opt/rustwide/target" "-e" "CARGO_INCREMENTAL=0" "-e" "RUST_BACKTRACE=full" "-e" "RUSTFLAGS=--cap-lints=warn" "-e" "RUSTDOCFLAGS=--cap-lints=warn" "-w" "/opt/rustwide/workdir" "--user" "0:0" "6411acce6100fd58410343537a182c0ba12b3f7afbe7f08d0c1aa9c92771d0a4" "/opt/rustwide/cargo-home/bin/cargo" "+1.99.0-beta.8" "build" "--frozen" "--message-format=json", kill_on_drop: false }`
[INFO] [stderr]    Compiling shlex v2.0.1
[INFO] [stderr]    Compiling find-msvc-tools v0.1.14
[INFO] [stderr]    Compiling memchr v2.8.3
[INFO] [stderr]    Compiling ucd-trie v0.1.7
[INFO] [stderr]    Compiling syn v2.0.119
[INFO] [stderr]    Compiling rand_core v0.6.4
[INFO] [stderr]    Compiling libc v0.2.190
[INFO] [stderr]    Compiling generic-array v0.14.9
[INFO] [stderr]    Compiling num-traits v0.2.19
[INFO] [stderr]    Compiling syn v1.0.109
[INFO] [stderr]    Compiling tracing-subscriber v0.2.25
[INFO] [stderr]    Compiling ppv-lite86 v0.2.21
[INFO] [stderr]    Compiling anyhow v1.0.104
[INFO] [stderr]    Compiling cc v1.6.0
[INFO] [stderr]    Compiling digest v0.9.0
[INFO] [stderr]    Compiling crypto-mac v0.8.0
[INFO] [stderr]    Compiling blake2 v0.9.2
[INFO] [stderr]    Compiling rand_chacha v0.3.1
[INFO] [stderr]    Compiling rand v0.8.8
[INFO] [stderr]    Compiling num-integer v0.1.47
[INFO] [stderr]    Compiling num-bigint v0.4.8
[INFO] [stderr]    Compiling ark-std v0.3.0
[INFO] [stderr]    Compiling getrandom v0.2.17
[INFO] [stderr]    Compiling ahash v0.7.8
[INFO] [stderr]    Compiling hashbrown v0.11.2
[INFO] [stderr]    Compiling psm v0.1.24
[INFO] [stderr]    Compiling stacker v0.1.25
[INFO] [stderr]    Compiling pest v2.9.3
[INFO] [stderr]    Compiling semver-parser v0.10.3
[INFO] [stderr]    Compiling darling_core v0.14.4
[INFO] [stderr]    Compiling semver v0.11.0
[INFO] [stderr]    Compiling rustc_version v0.3.3
[INFO] [stderr]    Compiling ark-serialize-derive v0.3.0
[INFO] [stderr]    Compiling ark-ff-macros v0.3.0
[INFO] [stderr]    Compiling ark-ff-asm v0.3.0
[INFO] [stderr]    Compiling derivative v2.2.0
[INFO] [stderr]    Compiling ark-ff v0.3.0
[INFO] [stderr]    Compiling ark-serialize v0.3.0
[INFO] [stderr]    Compiling zeroize_derive v1.5.0
[INFO] [stderr]    Compiling tracing-attributes v0.1.31
[INFO] [stderr]    Compiling zeroize v1.9.1
[INFO] [stderr]    Compiling darling_macro v0.14.4
[INFO] [stderr]    Compiling darling v0.14.4
[INFO] [stderr]    Compiling liminal-ark-relation-macro v0.1.3
[INFO] [stderr]    Compiling tracing v0.1.44
[INFO] [stderr]    Compiling ark-relations v0.3.0
[INFO] [stderr]    Compiling ark-ec v0.3.0
[INFO] [stderr]    Compiling ark-poly v0.3.0
[INFO] [stderr]    Compiling liminal-ark-pnbr-poseidon-parameters v0.1.0
[INFO] [stderr]    Compiling liminal-ark-pnbr-poseidon-permutation v0.1.0
[INFO] [stderr]    Compiling ark-snark v0.3.0
[INFO] [stderr]    Compiling ark-r1cs-std v0.3.1
[INFO] [stderr]    Compiling ark-bls12-381 v0.3.0
[INFO] [stderr]    Compiling ark-nonnative-field v0.3.0
[INFO] [stderr]    Compiling ark-ed-on-bls12-381 v0.3.0
[INFO] [stderr]    Compiling ark-crypto-primitives v0.3.0
[INFO] [stderr]    Compiling ark-poly-commit v0.3.0
[INFO] [stderr]    Compiling liminal-ark-pnbr-sponge v0.3.0
[INFO] [stderr]    Compiling liminal-ark-poseidon v0.1.0
[INFO] [stderr]    Compiling ark-gm17 v0.3.0
[INFO] [stderr]    Compiling ark-groth16 v0.3.0
[INFO] [stderr]    Compiling ark-marlin v0.3.0
[INFO] [stderr]    Compiling liminal-ark-relations v0.4.0 (/opt/rustwide/workdir)
[INFO] [stderr]     Finished `dev` profile [unoptimized + debuginfo] target(s) in 48.57s
[INFO] [stderr] warning: the following packages contain code that will be rejected by a future version of Rust: ark-poly-commit v0.3.0
[INFO] [stderr] note: to see what the problems were, use the option `--future-incompat-report`, or run `cargo report future-incompatibilities --id 12`
[INFO] running `Command { std: "docker" "inspect" "6411acce6100fd58410343537a182c0ba12b3f7afbe7f08d0c1aa9c92771d0a4", kill_on_drop: false }`
[INFO] running `Command { std: "docker" "exec" "-e" "SOURCE_DIR=/opt/rustwide/workdir" "-e" "CARGO_HOME=/opt/rustwide/cargo-home" "-e" "RUSTUP_HOME=/opt/rustwide/rustup-home" "-e" "CARGO_TARGET_DIR=/opt/rustwide/target" "-e" "CARGO_INCREMENTAL=0" "-e" "RUST_BACKTRACE=full" "-e" "RUSTFLAGS=--cap-lints=warn" "-e" "RUSTDOCFLAGS=--cap-lints=warn" "-w" "/opt/rustwide/workdir" "--user" "0:0" "6411acce6100fd58410343537a182c0ba12b3f7afbe7f08d0c1aa9c92771d0a4" "/opt/rustwide/cargo-home/bin/cargo" "+1.99.0-beta.8" "test" "--frozen" "--no-run" "--message-format=json", kill_on_drop: false }`
[INFO] [stderr]    Compiling num-traits v0.2.19
[INFO] [stderr]    Compiling serde_core v1.0.229
[INFO] [stderr]    Compiling crossbeam-utils v0.8.23
[INFO] [stderr]    Compiling crossbeam-epoch v0.9.21
[INFO] [stderr]    Compiling serde v1.0.229
[INFO] [stderr]    Compiling crossbeam-deque v0.8.8
[INFO] [stderr]    Compiling either v1.19.0
[INFO] [stderr]    Compiling unicode-width v0.1.14
[INFO] [stderr]    Compiling regex-syntax v0.8.11
[INFO] [stderr]    Compiling plotters-backend v0.3.7
[INFO] [stderr]    Compiling csv-core v0.1.13
[INFO] [stderr]    Compiling syn v3.0.6
[INFO] [stderr]    Compiling half v1.8.3
[INFO] [stderr]    Compiling cast v0.3.0
[INFO] [stderr]    Compiling atty v0.2.14
[INFO] [stderr]    Compiling lazy_static v1.5.1
[INFO] [stderr]    Compiling oorandom v11.1.5
[INFO] [stderr]    Compiling textwrap v0.11.0
[INFO] [stderr]    Compiling plotters-svg v0.3.7
[INFO] [stderr]    Compiling clap v2.34.0
[INFO] [stderr]    Compiling itertools v0.10.5
[INFO] [stderr]    Compiling ark-std v0.3.0
[INFO] [stderr]    Compiling num-integer v0.1.47
[INFO] [stderr]    Compiling plotters v0.3.7
[INFO] [stderr]    Compiling ark-serialize v0.3.0
[INFO] [stderr]    Compiling num-bigint v0.4.8
[INFO] [stderr]    Compiling rayon-core v1.13.0
[INFO] [stderr]    Compiling rayon v1.12.0
[INFO] [stderr]    Compiling regex-automata v0.4.18
[INFO] [stderr]    Compiling criterion-plot v0.4.5
[INFO] [stderr]    Compiling serde_derive v1.0.229
[INFO] [stderr]    Compiling ark-ff v0.3.0
[INFO] [stderr]    Compiling serde_json v1.0.151
[INFO] [stderr]    Compiling csv v1.4.0
[INFO] [stderr]    Compiling serde_cbor v0.11.2
[INFO] [stderr]    Compiling regex v1.13.1
[INFO] [stderr]    Compiling tinytemplate v1.2.1
[INFO] [stderr]    Compiling criterion v0.3.6
[INFO] [stderr]    Compiling ark-ec v0.3.0
[INFO] [stderr]    Compiling ark-relations v0.3.0
[INFO] [stderr]    Compiling ark-poly v0.3.0
[INFO] [stderr]    Compiling liminal-ark-pnbr-poseidon-parameters v0.1.0
[INFO] [stderr]    Compiling liminal-ark-pnbr-poseidon-permutation v0.1.0
[INFO] [stderr]    Compiling ark-snark v0.3.0
[INFO] [stderr]    Compiling ark-r1cs-std v0.3.1
[INFO] [stderr]    Compiling ark-bls12-381 v0.3.0
[INFO] [stderr]    Compiling ark-nonnative-field v0.3.0
[INFO] [stderr]    Compiling ark-ed-on-bls12-381 v0.3.0
[INFO] [stderr]    Compiling ark-crypto-primitives v0.3.0
[INFO] [stderr]    Compiling ark-poly-commit v0.3.0
[INFO] [stderr]    Compiling liminal-ark-pnbr-sponge v0.3.0
[INFO] [stderr]    Compiling liminal-ark-poseidon v0.1.0
[INFO] [stderr]    Compiling ark-groth16 v0.3.0
[INFO] [stderr]    Compiling ark-gm17 v0.3.0
[INFO] [stderr]    Compiling ark-marlin v0.3.0
[INFO] [stderr]    Compiling liminal-ark-relations v0.4.0 (/opt/rustwide/workdir)
[INFO] [stderr]     Finished `test` profile [unoptimized + debuginfo] target(s) in 40.85s
[INFO] [stderr] warning: the following packages contain code that will be rejected by a future version of Rust: ark-poly-commit v0.3.0
[INFO] [stderr] note: to see what the problems were, use the option `--future-incompat-report`, or run `cargo report future-incompatibilities --id 12`
[INFO] running `Command { std: "docker" "inspect" "6411acce6100fd58410343537a182c0ba12b3f7afbe7f08d0c1aa9c92771d0a4", kill_on_drop: false }`
[INFO] running `Command { std: "docker" "exec" "-e" "SOURCE_DIR=/opt/rustwide/workdir" "-e" "CARGO_HOME=/opt/rustwide/cargo-home" "-e" "RUSTUP_HOME=/opt/rustwide/rustup-home" "-e" "CARGO_TARGET_DIR=/opt/rustwide/target" "-e" "CARGO_INCREMENTAL=0" "-e" "RUST_BACKTRACE=full" "-e" "RUSTFLAGS=--cap-lints=warn" "-e" "RUSTDOCFLAGS=--cap-lints=warn" "-w" "/opt/rustwide/workdir" "--user" "0:0" "6411acce6100fd58410343537a182c0ba12b3f7afbe7f08d0c1aa9c92771d0a4" "/opt/rustwide/cargo-home/bin/cargo" "+1.99.0-beta.8" "test" "--frozen", kill_on_drop: false }`
[INFO] [stderr]     Finished `test` profile [unoptimized + debuginfo] target(s) in 0.13s
[INFO] [stderr] warning: the following packages contain code that will be rejected by a future version of Rust: ark-poly-commit v0.3.0
[INFO] [stderr] note: to see what the problems were, use the option `--future-incompat-report`, or run `cargo report future-incompatibilities --id 12`
[INFO] [stderr]      Running unittests src/lib.rs (/opt/rustwide/target/debug/deps/liminal_ark_relations-81a2d15a3c3f0f6b)
[INFO] [stdout] 
[INFO] [stdout] running 25 tests
[INFO] [stdout] test linear::tests::linear_constraints_correctness ... ok
[INFO] [stdout] test preimage::tests::frontend_to_backend_conversion ... ok
[INFO] [stdout] test preimage::tests::preimage_constraints_correctness ... ok
[INFO] [stdout] test preimage::tests::unsatisfied_preimage_constraints ... ok
[INFO] [stdout] test shielder::note::tests::note_conversion ... ok
[INFO] [stdout] test shielder::deposit::tests::deposit_constraints_correctness ... ok
[INFO] [stdout] test linear::tests::linear_proving_procedure ... ok
[INFO] [stdout] test shielder::merge::tests::merge_constraints_invalid_new_note ... ok
[INFO] [stdout] test xor::tests::xor_constraints_correctness ... ok
[INFO] [stdout] test shielder::merge::tests::merge_constraints_invalid_first_old_note ... ok
[INFO] [stdout] test shielder::withdraw::tests::withdraw_constraints_correctness ... ok
[INFO] [stdout] test shielder::deposit_and_merge::tests::deposit_and_merge_constraints_correctness ... ok
[INFO] [stdout] test shielder::merge::tests::merge_constraints_unsound_value ... ok
[INFO] [stdout] test xor::tests::xor_proving_procedure ... ok
[INFO] [stdout] test shielder::merge::tests::merge_constraints_invalid_first_leaf_index ... ok
[INFO] [stdout] test shielder::merge::tests::merge_constraints_valid_circuit ... ok
[INFO] [stdout] test shielder::merge::tests::merge_constraints_invalid_second_leaf_index ... ok
[INFO] [stdout] test shielder::merge::tests::merge_constraints_invalid_second_old_note ... ok
[INFO] [stdout] test preimage::tests::preimage_proving_and_verifying ... ok
[INFO] [stdout] test shielder::deposit::tests::deposit_proving_procedure ... ok
[INFO] [stdout] test shielder::withdraw::tests::cannot_create_sneaky_note ... FAILED
[INFO] [stdout] test shielder::deposit_and_merge::tests::deposit_and_merge_proving_procedure ... ok
[INFO] [stdout] test shielder::withdraw::tests::neither_fee_nor_recipient_are_simplified_out ... ok
[INFO] [stdout] test shielder::withdraw::tests::withdraw_proving_procedure ... ok
[INFO] [stdout] test shielder::merge::tests::merge_proving_procedure_valid_circuit ... ok
[INFO] [stdout] 
[INFO] [stdout] failures:
[INFO] [stdout] 
[INFO] [stdout] ---- shielder::withdraw::tests::cannot_create_sneaky_note stdout ----
[INFO] [stdout] Constraint trace requires enabling `ConstraintLayer`
[INFO] [stdout] 
[INFO] [stdout] thread 'shielder::withdraw::tests::cannot_create_sneaky_note' (1958) panicked at /opt/rustwide/cargo-home/registry/src/index.crates.io-1949cf8c6b5b557f/ark-groth16-0.3.0/src/prover.rs:66:5:
[INFO] [stdout] assertion failed: cs.is_satisfied().unwrap()
[INFO] [stdout] stack backtrace:
[INFO] [stdout]    0:     0x59c347db9151 - std[70759c8f55707aa4]::backtrace_rs::backtrace::libunwind::trace
[INFO] [stdout]                                at /rustc/dfb0accb7f508ae8be965d8629557221c889dd98/library/std/src/../../backtrace/src/backtrace/libunwind.rs:117:9
[INFO] [stdout]    1:     0x59c347db9151 - std[70759c8f55707aa4]::backtrace_rs::backtrace::trace_unsynchronized::<std[70759c8f55707aa4]::sys::backtrace::_print_fmt::{closure#1}>
[INFO] [stdout]                                at /rustc/dfb0accb7f508ae8be965d8629557221c889dd98/library/std/src/../../backtrace/src/backtrace/mod.rs:66:14
[INFO] [stdout]    2:     0x59c347db9151 - std[70759c8f55707aa4]::sys::backtrace::_print_fmt
[INFO] [stdout]                                at /rustc/dfb0accb7f508ae8be965d8629557221c889dd98/library/std/src/sys/backtrace.rs:74:9
[INFO] [stdout]    3:     0x59c347db9151 - <<std[70759c8f55707aa4]::sys::backtrace::BacktraceLock>::print::DisplayBacktrace as core[df12db4294e9bfd3]::fmt::Display>::fmt
[INFO] [stdout]                                at /rustc/dfb0accb7f508ae8be965d8629557221c889dd98/library/std/src/sys/backtrace.rs:44:26
[INFO] [stdout]    4:     0x59c347dcdc6a - <core[df12db4294e9bfd3]::fmt::rt::Argument>::fmt
[INFO] [stdout]                                at /rustc/dfb0accb7f508ae8be965d8629557221c889dd98/library/core/src/fmt/rt.rs:152:76
[INFO] [stdout]    5:     0x59c347dcdc6a - core[df12db4294e9bfd3]::fmt::write
[INFO] [stdout]    6:     0x59c347dbd69c - core[df12db4294e9bfd3]::io::write::default_write_fmt::<alloc[2182bb758b4b3781]::vec::Vec<u8>>
[INFO] [stdout]                                at /rustc/dfb0accb7f508ae8be965d8629557221c889dd98/library/core/src/io/write.rs:402:11
[INFO] [stdout]    7:     0x59c347dbd69c - <alloc[2182bb758b4b3781]::vec::Vec<u8> as core[df12db4294e9bfd3]::io::write::Write>::write_fmt
[INFO] [stdout]                                at /rustc/dfb0accb7f508ae8be965d8629557221c889dd98/library/core/src/io/write.rs:335:13
[INFO] [stdout]    8:     0x59c347d955c6 - <std[70759c8f55707aa4]::sys::backtrace::BacktraceLock>::print
[INFO] [stdout]                                at /rustc/dfb0accb7f508ae8be965d8629557221c889dd98/library/std/src/sys/backtrace.rs:47:9
[INFO] [stdout]    9:     0x59c347d955c6 - std[70759c8f55707aa4]::panicking::default_hook::{closure#0}
[INFO] [stdout]                                at /rustc/dfb0accb7f508ae8be965d8629557221c889dd98/library/std/src/panicking.rs:292:27
[INFO] [stdout]   10:     0x59c347db1739 - std[70759c8f55707aa4]::panicking::default_hook
[INFO] [stdout]                                at /rustc/dfb0accb7f508ae8be965d8629557221c889dd98/library/std/src/panicking.rs:316:9
[INFO] [stdout]   11:     0x59c347bcb060 - <alloc[2182bb758b4b3781]::boxed::Box<dyn for<'a, 'b> core[df12db4294e9bfd3]::ops::function::Fn<(&'a std[70759c8f55707aa4]::panic::PanicHookInfo<'b>,), Output = ()> + core[df12db4294e9bfd3]::marker::Send + core[df12db4294e9bfd3]::marker::Sync> as core[df12db4294e9bfd3]::ops::function::Fn<(&std[70759c8f55707aa4]::panic::PanicHookInfo,)>>::call
[INFO] [stdout]                                at /rustc/dfb0accb7f508ae8be965d8629557221c889dd98/library/alloc/src/boxed.rs:2334:9
[INFO] [stdout]   12:     0x59c347bcb060 - test[9d35eded1c95d3be]::test_main_inner::<test[9d35eded1c95d3be]::test_main_static::{closure#0}>::{closure#0}
[INFO] [stdout]                                at /rustc/dfb0accb7f508ae8be965d8629557221c889dd98/library/test/src/lib.rs:155:21
[INFO] [stdout]   13:     0x59c347db18f2 - <alloc[2182bb758b4b3781]::boxed::Box<dyn for<'a, 'b> core[df12db4294e9bfd3]::ops::function::Fn<(&'a std[70759c8f55707aa4]::panic::PanicHookInfo<'b>,), Output = ()> + core[df12db4294e9bfd3]::marker::Send + core[df12db4294e9bfd3]::marker::Sync> as core[df12db4294e9bfd3]::ops::function::Fn<(&std[70759c8f55707aa4]::panic::PanicHookInfo,)>>::call
[INFO] [stdout]                                at /rustc/dfb0accb7f508ae8be965d8629557221c889dd98/library/alloc/src/boxed.rs:2334:9
[INFO] [stdout]   14:     0x59c347db18f2 - std[70759c8f55707aa4]::panicking::panic_with_hook
[INFO] [stdout]                                at /rustc/dfb0accb7f508ae8be965d8629557221c889dd98/library/std/src/panicking.rs:823:13
[INFO] [stdout]   15:     0x59c347d956a4 - std[70759c8f55707aa4]::panicking::panic_handler::{closure#0}
[INFO] [stdout]                                at /rustc/dfb0accb7f508ae8be965d8629557221c889dd98/library/std/src/panicking.rs:681:13
[INFO] [stdout]   16:     0x59c347d8e3c9 - std[70759c8f55707aa4]::sys::backtrace::__rust_end_short_backtrace::<std[70759c8f55707aa4]::panicking::panic_handler::{closure#0}, !>
[INFO] [stdout]                                at /rustc/dfb0accb7f508ae8be965d8629557221c889dd98/library/std/src/sys/backtrace.rs:182:18
[INFO] [stdout]   17:     0x59c347d9626d - __rustc[8fa7c3cbc660c2b3]::rust_begin_unwind
[INFO] [stdout]                                at /rustc/dfb0accb7f508ae8be965d8629557221c889dd98/library/std/src/panicking.rs:679:5
[INFO] [stdout]   18:     0x59c347dce44c - core[df12db4294e9bfd3]::panicking::panic_fmt
[INFO] [stdout]                                at /rustc/dfb0accb7f508ae8be965d8629557221c889dd98/library/core/src/panicking.rs:80:14
[INFO] [stdout]   19:     0x59c347dce412 - core[df12db4294e9bfd3]::panicking::panic
[INFO] [stdout]                                at /rustc/dfb0accb7f508ae8be965d8629557221c889dd98/library/core/src/panicking.rs:150:5
[INFO] [stdout]   20:     0x59c347b32ef1 - ark_groth16[bc4a6624b88b9ac2]::prover::create_proof::<ark_ec[15c90678b8625760]::models::bls12::Bls12<ark_bls12_381[b5a4ad87d6347f74]::curves::Parameters>, liminal_ark_relations[6e0b0091f8999d07]::shielder::withdraw::WithdrawRelationWithFullInput>
[INFO] [stdout]                                at /opt/rustwide/cargo-home/registry/src/index.crates.io-1949cf8c6b5b557f/ark-groth16-0.3.0/src/prover.rs:66:5
[INFO] [stdout]   21:     0x59c347b349f9 - ark_groth16[bc4a6624b88b9ac2]::prover::create_random_proof::<ark_ec[15c90678b8625760]::models::bls12::Bls12<ark_bls12_381[b5a4ad87d6347f74]::curves::Parameters>, liminal_ark_relations[6e0b0091f8999d07]::shielder::withdraw::WithdrawRelationWithFullInput, rand[86324345bb2b3617]::rngs::std::StdRng>
[INFO] [stdout]                                at /opt/rustwide/cargo-home/registry/src/index.crates.io-1949cf8c6b5b557f/ark-groth16-0.3.0/src/prover.rs:30:5
[INFO] [stdout]   22:     0x59c347b54c2a - <ark_groth16[bc4a6624b88b9ac2]::Groth16<ark_ec[15c90678b8625760]::models::bls12::Bls12<ark_bls12_381[b5a4ad87d6347f74]::curves::Parameters>> as ark_snark[c558592d71ddb46c]::SNARK<ark_ff[a7c5a066af394d2]::fields::models::Fp256<ark_bls12_381[b5a4ad87d6347f74]::fields::fr::FrParameters>>>::prove::<liminal_ark_relations[6e0b0091f8999d07]::shielder::withdraw::WithdrawRelationWithFullInput, rand[86324345bb2b3617]::rngs::std::StdRng>
[INFO] [stdout]                                at /opt/rustwide/cargo-home/registry/src/index.crates.io-1949cf8c6b5b557f/ark-groth16-0.3.0/src/lib.rs:80:9
[INFO] [stdout]   23:     0x59c347b3d1c2 - liminal_ark_relations[6e0b0091f8999d07]::shielder::withdraw::tests::cannot_create_sneaky_note
[INFO] [stdout]                                at /opt/rustwide/workdir/src/shielder/withdraw.rs:307:21
[INFO] [stdout]   24:     0x59c347b36557 - liminal_ark_relations[6e0b0091f8999d07]::shielder::withdraw::tests::cannot_create_sneaky_note::{closure#0}
[INFO] [stdout]                                at /opt/rustwide/workdir/src/shielder/withdraw.rs:287:35
[INFO] [stdout]   25:     0x59c347bbdf46 - <liminal_ark_relations[6e0b0091f8999d07]::shielder::withdraw::tests::cannot_create_sneaky_note::{closure#0} as core[df12db4294e9bfd3]::ops::function::FnOnce<()>>::call_once
[INFO] [stdout]                                at /rustc/dfb0accb7f508ae8be965d8629557221c889dd98/library/core/src/ops/function.rs:250:5
[INFO] [stdout]   26:     0x59c347bbe34b - <fn() -> core[df12db4294e9bfd3]::result::Result<(), alloc[2182bb758b4b3781]::string::String> as core[df12db4294e9bfd3]::ops::function::FnOnce<()>>::call_once
[INFO] [stdout]                                at /rustc/dfb0accb7f508ae8be965d8629557221c889dd98/library/core/src/ops/function.rs:250:5
[INFO] [stdout]   27:     0x59c347bbe34b - test[9d35eded1c95d3be]::__rust_begin_short_backtrace::<core[df12db4294e9bfd3]::result::Result<(), alloc[2182bb758b4b3781]::string::String>, fn() -> core[df12db4294e9bfd3]::result::Result<(), alloc[2182bb758b4b3781]::string::String>>
[INFO] [stdout]                                at /rustc/dfb0accb7f508ae8be965d8629557221c889dd98/library/test/src/lib.rs:733:18
[INFO] [stdout]   28:     0x59c347bcb9b5 - test[9d35eded1c95d3be]::run_test_in_process::{closure#0}
[INFO] [stdout]                                at /rustc/dfb0accb7f508ae8be965d8629557221c889dd98/library/test/src/lib.rs:756:74
[INFO] [stdout]   29:     0x59c347bcb9b5 - <core[df12db4294e9bfd3]::panic::unwind_safe::AssertUnwindSafe<test[9d35eded1c95d3be]::run_test_in_process::{closure#0}> as core[df12db4294e9bfd3]::ops::function::FnOnce<()>>::call_once
[INFO] [stdout]                                at /rustc/dfb0accb7f508ae8be965d8629557221c889dd98/library/core/src/panic/unwind_safe.rs:275:9
[INFO] [stdout]   30:     0x59c347bcb9b5 - std[70759c8f55707aa4]::panicking::catch_unwind::do_call::<core[df12db4294e9bfd3]::panic::unwind_safe::AssertUnwindSafe<test[9d35eded1c95d3be]::run_test_in_process::{closure#0}>, core[df12db4294e9bfd3]::result::Result<(), alloc[2182bb758b4b3781]::string::String>>
[INFO] [stdout]                                at /rustc/dfb0accb7f508ae8be965d8629557221c889dd98/library/std/src/panicking.rs:576:43
[INFO] [stdout]   31:     0x59c347bcb9b5 - std[70759c8f55707aa4]::panicking::catch_unwind::<core[df12db4294e9bfd3]::result::Result<(), alloc[2182bb758b4b3781]::string::String>, core[df12db4294e9bfd3]::panic::unwind_safe::AssertUnwindSafe<test[9d35eded1c95d3be]::run_test_in_process::{closure#0}>>
[INFO] [stdout]                                at /rustc/dfb0accb7f508ae8be965d8629557221c889dd98/library/std/src/panicking.rs:544:19
[INFO] [stdout]   32:     0x59c347bcb9b5 - std[70759c8f55707aa4]::panic::catch_unwind::<core[df12db4294e9bfd3]::panic::unwind_safe::AssertUnwindSafe<test[9d35eded1c95d3be]::run_test_in_process::{closure#0}>, core[df12db4294e9bfd3]::result::Result<(), alloc[2182bb758b4b3781]::string::String>>
[INFO] [stdout]                                at /rustc/dfb0accb7f508ae8be965d8629557221c889dd98/library/std/src/panic.rs:359:14
[INFO] [stdout]   33:     0x59c347bcb9b5 - test[9d35eded1c95d3be]::run_test_in_process
[INFO] [stdout]                                at /rustc/dfb0accb7f508ae8be965d8629557221c889dd98/library/test/src/lib.rs:756:27
[INFO] [stdout]   34:     0x59c347bcb9b5 - test[9d35eded1c95d3be]::run_test::{closure#0}
[INFO] [stdout]                                at /rustc/dfb0accb7f508ae8be965d8629557221c889dd98/library/test/src/lib.rs:677:43
[INFO] [stdout]   35:     0x59c347bc5274 - test[9d35eded1c95d3be]::run_test::{closure#1}
[INFO] [stdout]                                at /rustc/dfb0accb7f508ae8be965d8629557221c889dd98/library/test/src/lib.rs:707:41
[INFO] [stdout]   36:     0x59c347bc5274 - std[70759c8f55707aa4]::sys::backtrace::__rust_begin_short_backtrace::<test[9d35eded1c95d3be]::run_test::{closure#1}, ()>
[INFO] [stdout]                                at /rustc/dfb0accb7f508ae8be965d8629557221c889dd98/library/std/src/sys/backtrace.rs:166:18
[INFO] [stdout]   37:     0x59c347bceb12 - std[70759c8f55707aa4]::thread::lifecycle::spawn_unchecked::<test[9d35eded1c95d3be]::run_test::{closure#1}, ()>::{closure#1}::{closure#0}
[INFO] [stdout]                                at /rustc/dfb0accb7f508ae8be965d8629557221c889dd98/library/std/src/thread/lifecycle.rs:70:13
[INFO] [stdout]   38:     0x59c347bceb12 - <core[df12db4294e9bfd3]::panic::unwind_safe::AssertUnwindSafe<std[70759c8f55707aa4]::thread::lifecycle::spawn_unchecked<test[9d35eded1c95d3be]::run_test::{closure#1}, ()>::{closure#1}::{closure#0}> as core[df12db4294e9bfd3]::ops::function::FnOnce<()>>::call_once
[INFO] [stdout]                                at /rustc/dfb0accb7f508ae8be965d8629557221c889dd98/library/core/src/panic/unwind_safe.rs:275:9
[INFO] [stdout]   39:     0x59c347bceb12 - std[70759c8f55707aa4]::panicking::catch_unwind::do_call::<core[df12db4294e9bfd3]::panic::unwind_safe::AssertUnwindSafe<std[70759c8f55707aa4]::thread::lifecycle::spawn_unchecked<test[9d35eded1c95d3be]::run_test::{closure#1}, ()>::{closure#1}::{closure#0}>, ()>
[INFO] [stdout]                                at /rustc/dfb0accb7f508ae8be965d8629557221c889dd98/library/std/src/panicking.rs:576:43
[INFO] [stdout]   40:     0x59c347bceb12 - std[70759c8f55707aa4]::panicking::catch_unwind::<(), core[df12db4294e9bfd3]::panic::unwind_safe::AssertUnwindSafe<std[70759c8f55707aa4]::thread::lifecycle::spawn_unchecked<test[9d35eded1c95d3be]::run_test::{closure#1}, ()>::{closure#1}::{closure#0}>>
[INFO] [stdout]                                at /rustc/dfb0accb7f508ae8be965d8629557221c889dd98/library/std/src/panicking.rs:544:19
[INFO] [stdout]   41:     0x59c347bceb12 - std[70759c8f55707aa4]::panic::catch_unwind::<core[df12db4294e9bfd3]::panic::unwind_safe::AssertUnwindSafe<std[70759c8f55707aa4]::thread::lifecycle::spawn_unchecked<test[9d35eded1c95d3be]::run_test::{closure#1}, ()>::{closure#1}::{closure#0}>, ()>
[INFO] [stdout]                                at /rustc/dfb0accb7f508ae8be965d8629557221c889dd98/library/std/src/panic.rs:359:14
[INFO] [stdout]   42:     0x59c347bceb12 - std[70759c8f55707aa4]::thread::lifecycle::spawn_unchecked::<test[9d35eded1c95d3be]::run_test::{closure#1}, ()>::{closure#1}
[INFO] [stdout]                                at /rustc/dfb0accb7f508ae8be965d8629557221c889dd98/library/std/src/thread/lifecycle.rs:68:26
[INFO] [stdout]   43:     0x59c347bceb12 - <std[70759c8f55707aa4]::thread::lifecycle::spawn_unchecked<test[9d35eded1c95d3be]::run_test::{closure#1}, ()>::{closure#1} as core[df12db4294e9bfd3]::ops::function::FnOnce<()>>::call_once::{shim:vtable#0}
[INFO] [stdout]                                at /rustc/dfb0accb7f508ae8be965d8629557221c889dd98/library/core/src/ops/function.rs:250:5
[INFO] [stdout]   44:     0x59c347db89f9 - <alloc[2182bb758b4b3781]::boxed::Box<dyn core[df12db4294e9bfd3]::ops::function::FnOnce<(), Output = ()> + core[df12db4294e9bfd3]::marker::Send> as core[df12db4294e9bfd3]::ops::function::FnOnce<()>>::call_once
[INFO] [stdout]                                at /rustc/dfb0accb7f508ae8be965d8629557221c889dd98/library/alloc/src/boxed.rs:2320:9
[INFO] [stdout]   45:     0x59c347db89f9 - <std[70759c8f55707aa4]::sys::thread::unix::Thread>::new::thread_start
[INFO] [stdout]                                at /rustc/dfb0accb7f508ae8be965d8629557221c889dd98/library/std/src/sys/thread/unix.rs:123:17
[INFO] [stdout]   46:     0x7f68af017dfa - <unknown>
[INFO] [stdout]   47:     0x7f68af0ab3d4 - clone
[INFO] [stdout]   48:                0x0 - <unknown>
[INFO] [stdout] 
[INFO] [stdout] 
[INFO] [stdout] failures:
[INFO] [stdout]     shielder::withdraw::tests::cannot_create_sneaky_note
[INFO] [stdout] 
[INFO] [stdout] test result: FAILED. 24 passed; 1 failed; 0 ignored; 0 measured; 0 filtered out; finished in 27.95s
[INFO] [stdout] 
[INFO] [stderr] error: test failed, to rerun pass `--lib`
[INFO] running `Command { std: "docker" "inspect" "6411acce6100fd58410343537a182c0ba12b3f7afbe7f08d0c1aa9c92771d0a4", kill_on_drop: false }`
[INFO] running `Command { std: "docker" "rm" "-f" "6411acce6100fd58410343537a182c0ba12b3f7afbe7f08d0c1aa9c92771d0a4", kill_on_drop: false }`
[INFO] [stdout] 6411acce6100fd58410343537a182c0ba12b3f7afbe7f08d0c1aa9c92771d0a4
