[INFO] fetching crate gaffa 2026.9.1...
[INFO] testing gaffa-2026.9.1 against 1.99.0-beta.8 for beta-1.100-3
[INFO] extracting crate gaffa 2026.9.1 into /workspace/builds/worker-7-tc1/source
[INFO] started tweaking crates.io crate gaffa 2026.9.1
[INFO] removed 0 missing tests
[INFO] finished tweaking crates.io crate gaffa 2026.9.1
[INFO] tweaked toml for crates.io crate gaffa 2026.9.1 written to /workspace/builds/worker-7-tc1/source/Cargo.toml
[INFO] validating manifest of crates.io crate gaffa 2026.9.1 on toolchain 1.99.0-beta.8
[INFO] running `Command { std: CARGO_HOME="/workspace/cargo-home" RUSTUP_HOME="/workspace/rustup-home" "/workspace/cargo-home/bin/cargo" "+1.99.0-beta.8" "metadata" "--manifest-path" "Cargo.toml" "--no-deps", kill_on_drop: false }`
[INFO] crate crates.io crate gaffa 2026.9.1 already has a lockfile, it will not be regenerated
[INFO] running `Command { std: CARGO_HOME="/workspace/cargo-home" RUSTUP_HOME="/workspace/rustup-home" "/workspace/cargo-home/bin/cargo" "+1.99.0-beta.8" "fetch" "--manifest-path" "Cargo.toml", kill_on_drop: false }`
[INFO] [stderr]  Downloading crates ...
[INFO] [stderr]   Downloaded tree_magic_mini v3.2.2
[INFO] [stderr]   Downloaded xml-rs v0.8.28
[INFO] [stderr]   Downloaded os_pipe v1.2.3
[INFO] [stderr]   Downloaded tokio v1.51.1
[INFO] running `Command { std: "docker" "create" "-v" "/var/lib/crater-agent-workspace/builds/worker-7-tc1/source:/opt/rustwide/workdir:ro,Z" "-v" "/var/lib/crater-agent-workspace/builds/worker-7-tc1/target:/opt/rustwide/target:rw,Z" "-v" "/var/lib/crater-agent-workspace/cargo-home:/opt/rustwide/cargo-home:ro,Z" "-v" "/var/lib/crater-agent-workspace/rustup-home:/opt/rustwide/rustup-home:ro,Z" "-m" "1610612736" "--network" "none" "ghcr.io/rust-lang/crates-build-env/linux@sha256:77db811e55d90add9212f6832c23229e3de5f1c1f9905e8cb07319ea15df73ac" "sleep" "infinity", kill_on_drop: false }`
[INFO] [stdout] 71576b96409ede100c5ce61b4bb618bfe0307ac71dfd082851d563df893e4a87
[INFO] running `Command { std: "docker" "start" "71576b96409ede100c5ce61b4bb618bfe0307ac71dfd082851d563df893e4a87", kill_on_drop: false }`
[INFO] running `Command { std: "docker" "inspect" "71576b96409ede100c5ce61b4bb618bfe0307ac71dfd082851d563df893e4a87", kill_on_drop: false }`
[INFO] running `Command { std: "docker" "exec" "-e" "SOURCE_DIR=/opt/rustwide/workdir" "-e" "CARGO_HOME=/opt/rustwide/cargo-home" "-e" "RUSTUP_HOME=/opt/rustwide/rustup-home" "-e" "CARGO_TARGET_DIR=/opt/rustwide/target" "-w" "/opt/rustwide/workdir" "--user" "0:0" "71576b96409ede100c5ce61b4bb618bfe0307ac71dfd082851d563df893e4a87" "/opt/rustwide/cargo-home/bin/cargo" "+1.99.0-beta.8" "metadata" "--no-deps" "--format-version=1", kill_on_drop: false }`
[INFO] running `Command { std: "docker" "inspect" "71576b96409ede100c5ce61b4bb618bfe0307ac71dfd082851d563df893e4a87", kill_on_drop: false }`
[INFO] running `Command { std: "docker" "exec" "-e" "SOURCE_DIR=/opt/rustwide/workdir" "-e" "CARGO_HOME=/opt/rustwide/cargo-home" "-e" "RUSTUP_HOME=/opt/rustwide/rustup-home" "-e" "CARGO_TARGET_DIR=/opt/rustwide/target" "-e" "CARGO_INCREMENTAL=0" "-e" "RUST_BACKTRACE=full" "-e" "RUSTFLAGS=--cap-lints=warn" "-e" "RUSTDOCFLAGS=--cap-lints=warn" "-w" "/opt/rustwide/workdir" "--user" "0:0" "71576b96409ede100c5ce61b4bb618bfe0307ac71dfd082851d563df893e4a87" "/opt/rustwide/cargo-home/bin/cargo" "+1.99.0-beta.8" "build" "--frozen" "--message-format=json", kill_on_drop: false }`
[INFO] [stderr]    Compiling quote v1.0.45
[INFO] [stderr]    Compiling libc v0.2.185
[INFO] [stderr]    Compiling smallvec v1.15.1
[INFO] [stderr]    Compiling xml-rs v0.8.28
[INFO] [stderr]    Compiling pkg-config v0.3.33
[INFO] [stderr]    Compiling bitflags v2.11.0
[INFO] [stderr]    Compiling log v0.4.29
[INFO] [stderr]    Compiling foldhash v0.1.5
[INFO] [stderr]    Compiling memoffset v0.6.5
[INFO] [stderr]    Compiling memchr v2.8.0
[INFO] [stderr]    Compiling unicode-segmentation v1.13.2
[INFO] [stderr]    Compiling rustix v1.1.4
[INFO] [stderr]    Compiling getrandom v0.4.2
[INFO] [stderr]    Compiling hashbrown v0.17.0
[INFO] [stderr]    Compiling downcast-rs v1.2.1
[INFO] [stderr]    Compiling rustix v0.38.44
[INFO] [stderr]    Compiling fixedbitset v0.5.7
[INFO] [stderr]    Compiling hashbrown v0.15.5
[INFO] [stderr]    Compiling num-traits v0.2.19
[INFO] [stderr]    Compiling instability v0.3.12
[INFO] [stderr]    Compiling linux-raw-sys v0.4.15
[INFO] [stderr]    Compiling fastrand v2.4.1
[INFO] [stderr]    Compiling itertools v0.13.0
[INFO] [stderr]    Compiling castaway v0.2.4
[INFO] [stderr]    Compiling convert_case v0.10.0
[INFO] [stderr]    Compiling regex-syntax v0.8.10
[INFO] [stderr]    Compiling unicode-width v0.1.14
[INFO] [stderr]    Compiling thiserror v2.0.18
[INFO] [stderr]    Compiling compact_str v0.8.1
[INFO] [stderr]    Compiling syn v2.0.117
[INFO] [stderr]    Compiling syn v1.0.109
[INFO] [stderr]    Compiling clap_builder v4.6.0
[INFO] [stderr]    Compiling nom v8.0.0
[INFO] [stderr]    Compiling wayland-scanner v0.29.5
[INFO] [stderr]    Compiling wayland-sys v0.29.5
[INFO] [stderr]    Compiling indexmap v2.14.0
[INFO] [stderr]    Compiling aho-corasick v1.1.4
[INFO] [stderr]    Compiling unicode-width v0.2.0
[INFO] [stderr]    Compiling lru v0.12.5
[INFO] [stderr]    Compiling bytes v1.11.1
[INFO] [stderr]    Compiling shell-words v1.1.1
[INFO] [stderr]    Compiling chrono v0.4.44
[INFO] [stderr]    Compiling petgraph v0.8.3
[INFO] [stderr]    Compiling wayland-client v0.29.5
[INFO] [stderr]    Compiling wayland-protocols v0.29.5
[INFO] [stderr]    Compiling unicode-truncate v1.1.0
[INFO] [stderr]    Compiling nix v0.24.3
[INFO] [stderr]    Compiling errno v0.3.14
[INFO] [stderr]    Compiling mio v1.2.0
[INFO] [stderr]    Compiling parking_lot_core v0.9.12
[INFO] [stderr]    Compiling signal-hook-registry v1.4.8
[INFO] [stderr]    Compiling parking_lot v0.12.5
[INFO] [stderr]    Compiling gethostname v0.2.3
[INFO] [stderr]    Compiling os_pipe v1.2.3
[INFO] [stderr]    Compiling signal-hook v0.3.18
[INFO] [stderr]    Compiling socket2 v0.6.3
[INFO] [stderr]    Compiling regex-automata v0.4.14
[INFO] [stderr]    Compiling signal-hook-mio v0.2.5
[INFO] [stderr]    Compiling tempfile v3.27.0
[INFO] [stderr]    Compiling crossterm v0.28.1
[INFO] [stderr]    Compiling derive-new v0.5.9
[INFO] [stderr]    Compiling tree_magic_mini v3.2.2
[INFO] [stderr]    Compiling regex v1.12.3
[INFO] [stderr]    Compiling darling_core v0.23.0
[INFO] [stderr]    Compiling thiserror-impl v1.0.69
[INFO] [stderr]    Compiling strum_macros v0.26.4
[INFO] [stderr]    Compiling derive_more-impl v2.1.1
[INFO] [stderr]    Compiling clap_derive v4.6.0
[INFO] [stderr]    Compiling thiserror-impl v2.0.18
[INFO] [stderr]    Compiling tokio-macros v2.7.0
[INFO] [stderr]    Compiling tokio v1.51.1
[INFO] [stderr]    Compiling wayland-commons v0.29.5
[INFO] [stderr]    Compiling x11rb-protocol v0.10.0
[INFO] [stderr]    Compiling derive_more v2.1.1
[INFO] [stderr]    Compiling crossterm v0.29.0
[INFO] [stderr]    Compiling thiserror v1.0.69
[INFO] [stderr]    Compiling clap v4.6.0
[INFO] [stderr]    Compiling strum v0.26.3
[INFO] [stderr]    Compiling darling_macro v0.23.0
[INFO] [stderr]    Compiling darling v0.23.0
[INFO] [stderr]    Compiling ratatui v0.29.0
[INFO] [stderr]    Compiling x11rb v0.10.1
[INFO] [stderr]    Compiling x11-clipboard v0.7.1
[INFO] [stderr]    Compiling wl-clipboard-rs v0.7.0
[INFO] [stderr]    Compiling cli-clipboard v0.4.0
[INFO] [stderr]    Compiling gaffa v2026.9.1 (/opt/rustwide/workdir)
[INFO] [stdout] warning: unused import: `std::os::unix::process::CommandExt`
[INFO] [stdout]    --> src/platform.rs:219:13
[INFO] [stdout]     |
[INFO] [stdout] 219 |         use std::os::unix::process::CommandExt;
[INFO] [stdout]     |             ^^^^^^^^^^^^^^^^^^^^^^^^^^^^^^^^^^
[INFO] [stdout]     |
[INFO] [stdout]     = note: `#[warn(unused_imports)]` (part of `#[warn(unused)]`) on by default
[INFO] [stdout] 
[INFO] [stdout] 
[INFO] [stderr]     Finished `dev` profile [unoptimized + debuginfo] target(s) in 59.72s
[INFO] [stderr] warning: the following packages contain code that will be rejected by a future version of Rust: wl-clipboard-rs v0.7.0
[INFO] [stderr] note: to see what the problems were, use the option `--future-incompat-report`, or run `cargo report future-incompatibilities --id 14`
[INFO] running `Command { std: "docker" "inspect" "71576b96409ede100c5ce61b4bb618bfe0307ac71dfd082851d563df893e4a87", kill_on_drop: false }`
[INFO] running `Command { std: "docker" "exec" "-e" "SOURCE_DIR=/opt/rustwide/workdir" "-e" "CARGO_HOME=/opt/rustwide/cargo-home" "-e" "RUSTUP_HOME=/opt/rustwide/rustup-home" "-e" "CARGO_TARGET_DIR=/opt/rustwide/target" "-e" "CARGO_INCREMENTAL=0" "-e" "RUST_BACKTRACE=full" "-e" "RUSTFLAGS=--cap-lints=warn" "-e" "RUSTDOCFLAGS=--cap-lints=warn" "-w" "/opt/rustwide/workdir" "--user" "0:0" "71576b96409ede100c5ce61b4bb618bfe0307ac71dfd082851d563df893e4a87" "/opt/rustwide/cargo-home/bin/cargo" "+1.99.0-beta.8" "test" "--frozen" "--no-run" "--message-format=json", kill_on_drop: false }`
[INFO] [stderr]    Compiling uuid v1.23.0
[INFO] [stdout] warning: unused import: `std::os::unix::process::CommandExt`
[INFO] [stdout]    --> src/platform.rs:219:13
[INFO] [stdout]     |
[INFO] [stdout] 219 |         use std::os::unix::process::CommandExt;
[INFO] [stdout]     |             ^^^^^^^^^^^^^^^^^^^^^^^^^^^^^^^^^^
[INFO] [stdout]     |
[INFO] [stdout]     = note: `#[warn(unused_imports)]` (part of `#[warn(unused)]`) on by default
[INFO] [stdout] 
[INFO] [stdout] 
[INFO] [stderr]    Compiling gaffa v2026.9.1 (/opt/rustwide/workdir)
[INFO] [stdout] warning: unused import: `std::time::Duration`
[INFO] [stdout]  --> tests/non_interactive_interrupt_test.rs:2:5
[INFO] [stdout]   |
[INFO] [stdout] 2 | use std::time::Duration;
[INFO] [stdout]   |     ^^^^^^^^^^^^^^^^^^^
[INFO] [stdout]   |
[INFO] [stdout]   = note: `#[warn(unused_imports)]` (part of `#[warn(unused)]`) on by default
[INFO] [stdout] 
[INFO] [stdout] 
[INFO] [stdout] warning: unused import: `std::os::unix::process::CommandExt`
[INFO] [stdout]    --> src/platform.rs:219:13
[INFO] [stdout]     |
[INFO] [stdout] 219 |         use std::os::unix::process::CommandExt;
[INFO] [stdout]     |             ^^^^^^^^^^^^^^^^^^^^^^^^^^^^^^^^^^
[INFO] [stdout]     |
[INFO] [stdout]     = note: `#[warn(unused_imports)]` (part of `#[warn(unused)]`) on by default
[INFO] [stdout] 
[INFO] [stdout] 
[INFO] [stderr]     Finished `test` profile [unoptimized + debuginfo] target(s) in 3.26s
[INFO] [stderr] warning: the following packages contain code that will be rejected by a future version of Rust: wl-clipboard-rs v0.7.0
[INFO] [stderr] note: to see what the problems were, use the option `--future-incompat-report`, or run `cargo report future-incompatibilities --id 14`
[INFO] running `Command { std: "docker" "inspect" "71576b96409ede100c5ce61b4bb618bfe0307ac71dfd082851d563df893e4a87", kill_on_drop: false }`
[INFO] running `Command { std: "docker" "exec" "-e" "SOURCE_DIR=/opt/rustwide/workdir" "-e" "CARGO_HOME=/opt/rustwide/cargo-home" "-e" "RUSTUP_HOME=/opt/rustwide/rustup-home" "-e" "CARGO_TARGET_DIR=/opt/rustwide/target" "-e" "CARGO_INCREMENTAL=0" "-e" "RUST_BACKTRACE=full" "-e" "RUSTFLAGS=--cap-lints=warn" "-e" "RUSTDOCFLAGS=--cap-lints=warn" "-w" "/opt/rustwide/workdir" "--user" "0:0" "71576b96409ede100c5ce61b4bb618bfe0307ac71dfd082851d563df893e4a87" "/opt/rustwide/cargo-home/bin/cargo" "+1.99.0-beta.8" "test" "--frozen", kill_on_drop: false }`
[INFO] [stderr] warning: unused import: `std::os::unix::process::CommandExt`
[INFO] [stderr]    --> src/platform.rs:219:13
[INFO] [stderr]     |
[INFO] [stderr] 219 |         use std::os::unix::process::CommandExt;
[INFO] [stderr]     |             ^^^^^^^^^^^^^^^^^^^^^^^^^^^^^^^^^^
[INFO] [stderr]     |
[INFO] [stderr]     = note: `#[warn(unused_imports)]` (part of `#[warn(unused)]`) on by default
[INFO] [stderr] 
[INFO] [stderr] warning: `gaffa` (lib) generated 1 warning
[INFO] [stderr] warning: `gaffa` (lib test) generated 1 warning (1 duplicate)
[INFO] [stderr] warning: unused import: `std::time::Duration`
[INFO] [stderr]  --> tests/non_interactive_interrupt_test.rs:2:5
[INFO] [stderr]   |
[INFO] [stderr] 2 | use std::time::Duration;
[INFO] [stderr]   |     ^^^^^^^^^^^^^^^^^^^
[INFO] [stderr]   |
[INFO] [stderr]   = note: `#[warn(unused_imports)]` (part of `#[warn(unused)]`) on by default
[INFO] [stderr] 
[INFO] [stderr] warning: `gaffa` (test "non_interactive_interrupt_test") generated 1 warning (run `cargo fix --test "non_interactive_interrupt_test" -p gaffa` to apply 1 suggestion)
[INFO] [stderr]     Finished `test` profile [unoptimized + debuginfo] target(s) in 0.10s
[INFO] [stderr] warning: the following packages contain code that will be rejected by a future version of Rust: wl-clipboard-rs v0.7.0
[INFO] [stderr] note: to see what the problems were, use the option `--future-incompat-report`, or run `cargo report future-incompatibilities --id 14`
[INFO] [stderr]      Running unittests src/lib.rs (/opt/rustwide/target/debug/deps/gaffa-9689da216560cfb6)
[INFO] [stdout] 
[INFO] [stdout] running 57 tests
[INFO] [stdout] test output::tests::preserves_plain_text ... ok
[INFO] [stdout] test output::tests::preserves_unicode ... ok
[INFO] [stdout] test output::tests::sanitize_keeps_sgr_colors ... ok
[INFO] [stdout] test output::tests::sanitize_collapses_cr_repaint ... ok
[INFO] [stdout] test output::tests::sanitize_strips_erase_in_line ... ok
[INFO] [stdout] test output::tests::sanitize_strips_cursor_up ... ok
[INFO] [stdout] test output::tests::sanitize_strips_osc_hyperlink ... ok
[INFO] [stdout] test output::tests::sanitize_preserves_unicode_and_tabs ... ok
[INFO] [stdout] test output::tests::strips_csi_color_codes ... ok
[INFO] [stdout] test output::tests::strips_csi_with_params ... ok
[INFO] [stdout] test output::tests::strips_osc_terminated_by_bel ... ok
[INFO] [stdout] test output::tests::wrap_preserves_ansi_across_splits ... ok
[INFO] [stdout] test output::tests::wrap_short_line_is_single_chunk ... ok
[INFO] [stdout] test output::tests::wrap_splits_on_display_width ... ok
[INFO] [stdout] test output::tests::wrap_zero_width_returns_unmodified ... ok
[INFO] [stdout] test paint::tests::a_chain_keeps_colour_and_attribute ... ok
[INFO] [stdout] test paint::tests::a_width_pads_the_text_not_the_escape_sequences ... ok
[INFO] [stdout] test paint::tests::plain_output_carries_no_escape_sequence ... ok
[INFO] [stdout] test paint::tests::styled_output_wraps_the_text_in_escape_sequences ... ok
[INFO] [stdout] test paint::tests::the_names_keep_the_ansi_codes_colored_used ... ok
[INFO] [stdout] test process_manager::tests::test_handle_command_empty ... ok
[INFO] [stdout] test process_manager::tests::test_handle_command_status ... ok
[INFO] [stdout] test process_manager::tests::test_load_procfile_nonexistent ... ok
[INFO] [stdout] test process_manager::tests::test_handle_command_unknown ... ok
[INFO] [stdout] test shell::tests::test_from_program_cmd ... ok
[INFO] [stdout] test shell::tests::test_resolve_explicit_wins ... ok
[INFO] [stdout] test shell::tests::test_prepare_command_escapes_quotes_for_powershell ... ok
[INFO] [stdout] test tests::test::test_constants_values ... ok
[INFO] [stdout] test shell::tests::test_platform_default_is_known_shell ... ok
[INFO] [stdout] test shell::tests::test_from_program_posix_fallback ... ok
[INFO] [stdout] test shell::tests::test_prepare_command_passthrough ... ok
[INFO] [stdout] test tests::test::test_process_error_messages ... ok
[INFO] [stdout] test tests::test::test_process_status_display ... ok
[INFO] [stdout] test ui::integration_tests::test_help_bar_commands_completeness ... ok
[INFO] [stdout] test ui::tests::test_auto_scroll_behavior ... ok
[INFO] [stdout] test ui::tests::test_command_history ... ok
[INFO] [stdout] test ui::tests::test_help_bar_content ... ok
[INFO] [stdout] test ui::integration_tests::test_copy_paste_simulation ... ok
[INFO] [stdout] test tests::test::test_ui_max_log_lines ... ok
[INFO] [stdout] test ui::tests::test_input_handling ... ok
[INFO] [stdout] test ui::tests::test_keyboard_navigation ... ok
[INFO] [stdout] test ui::tests::test_log_entry_styling ... ok
[INFO] [stdout] test ui::tests::test_mouse_scroll_up ... ok
[INFO] [stdout] test ui::tests::test_mouse_scroll_down ... ok
[INFO] [stdout] test ui::tests::test_status_toggle ... ok
[INFO] [stdout] test process_manager::tests::test_load_procfile_with_comments ... ok
[INFO] [stdout] test ui::tests::test_process_color_assignment ... ok
[INFO] [stdout] test ui::tests::test_scroll_offset_display ... ok
[INFO] [stdout] test process_manager::tests::test_load_procfile_empty ... ok
[INFO] [stdout] test process_manager::tests::test_load_procfile_success ... ok
[INFO] [stdout] test process_manager::tests::test_load_procfile_duplicate_names ... ok
[INFO] [stdout] test process_manager::tests::test_load_procfile_invalid_format ... ok
[INFO] [stdout] test tests::test::test_parse_env_file_edge_cases ... ok
[INFO] [stdout] test tests::test::test_parse_env_file ... ok
[INFO] [stdout] test shell::tests::test_from_program_pwsh_variants ... FAILED
[INFO] [stdout] test tests::test::test_process_info_runtime_calculation ... ok
[INFO] [stdout] test process_manager::tests::test_start_stop_process ... ok
[INFO] [stdout] 
[INFO] [stdout] failures:
[INFO] [stdout] 
[INFO] [stdout] ---- shell::tests::test_from_program_pwsh_variants stdout ----
[INFO] [stdout] 
[INFO] [stdout] thread 'shell::tests::test_from_program_pwsh_variants' (8189) panicked at src/shell.rs:149:13:
[INFO] [stdout] assertion `left == right` failed
[INFO] [stdout]   left: ["-c"]
[INFO] [stdout]  right: ["-NoProfile", "-Command"]
[INFO] [stdout] stack backtrace:
[INFO] [stdout]    0:     0x5584c3d6b711 - std[70759c8f55707aa4]::backtrace_rs::backtrace::libunwind::trace
[INFO] [stdout]                                at /rustc/dfb0accb7f508ae8be965d8629557221c889dd98/library/std/src/../../backtrace/src/backtrace/libunwind.rs:117:9
[INFO] [stdout]    1:     0x5584c3d6b711 - std[70759c8f55707aa4]::backtrace_rs::backtrace::trace_unsynchronized::<std[70759c8f55707aa4]::sys::backtrace::_print_fmt::{closure#1}>
[INFO] [stdout]                                at /rustc/dfb0accb7f508ae8be965d8629557221c889dd98/library/std/src/../../backtrace/src/backtrace/mod.rs:66:14
[INFO] [stdout]    2:     0x5584c3d6b711 - std[70759c8f55707aa4]::sys::backtrace::_print_fmt
[INFO] [stdout]                                at /rustc/dfb0accb7f508ae8be965d8629557221c889dd98/library/std/src/sys/backtrace.rs:74:9
[INFO] [stdout]    3:     0x5584c3d6b711 - <<std[70759c8f55707aa4]::sys::backtrace::BacktraceLock>::print::DisplayBacktrace as core[df12db4294e9bfd3]::fmt::Display>::fmt
[INFO] [stdout]                                at /rustc/dfb0accb7f508ae8be965d8629557221c889dd98/library/std/src/sys/backtrace.rs:44:26
[INFO] [stdout]    4:     0x5584c3d8159a - <core[df12db4294e9bfd3]::fmt::rt::Argument>::fmt
[INFO] [stdout]                                at /rustc/dfb0accb7f508ae8be965d8629557221c889dd98/library/core/src/fmt/rt.rs:152:76
[INFO] [stdout]    5:     0x5584c3d8159a - core[df12db4294e9bfd3]::fmt::write
[INFO] [stdout]    6:     0x5584c3d6fd4c - core[df12db4294e9bfd3]::io::write::default_write_fmt::<alloc[2182bb758b4b3781]::vec::Vec<u8>>
[INFO] [stdout]                                at /rustc/dfb0accb7f508ae8be965d8629557221c889dd98/library/core/src/io/write.rs:402:11
[INFO] [stdout]    7:     0x5584c3d6fd4c - <alloc[2182bb758b4b3781]::vec::Vec<u8> as core[df12db4294e9bfd3]::io::write::Write>::write_fmt
[INFO] [stdout]                                at /rustc/dfb0accb7f508ae8be965d8629557221c889dd98/library/core/src/io/write.rs:335:13
[INFO] [stdout]    8:     0x5584c3d464a6 - <std[70759c8f55707aa4]::sys::backtrace::BacktraceLock>::print
[INFO] [stdout]                                at /rustc/dfb0accb7f508ae8be965d8629557221c889dd98/library/std/src/sys/backtrace.rs:47:9
[INFO] [stdout]    9:     0x5584c3d464a6 - std[70759c8f55707aa4]::panicking::default_hook::{closure#0}
[INFO] [stdout]                                at /rustc/dfb0accb7f508ae8be965d8629557221c889dd98/library/std/src/panicking.rs:292:27
[INFO] [stdout]   10:     0x5584c3d62fb9 - std[70759c8f55707aa4]::panicking::default_hook
[INFO] [stdout]                                at /rustc/dfb0accb7f508ae8be965d8629557221c889dd98/library/std/src/panicking.rs:316:9
[INFO] [stdout]   11:     0x5584c3a01a30 - <alloc[2182bb758b4b3781]::boxed::Box<dyn for<'a, 'b> core[df12db4294e9bfd3]::ops::function::Fn<(&'a std[70759c8f55707aa4]::panic::PanicHookInfo<'b>,), Output = ()> + core[df12db4294e9bfd3]::marker::Send + core[df12db4294e9bfd3]::marker::Sync> as core[df12db4294e9bfd3]::ops::function::Fn<(&std[70759c8f55707aa4]::panic::PanicHookInfo,)>>::call
[INFO] [stdout]                                at /rustc/dfb0accb7f508ae8be965d8629557221c889dd98/library/alloc/src/boxed.rs:2334:9
[INFO] [stdout]   12:     0x5584c3a01a30 - test[9d35eded1c95d3be]::test_main_inner::<test[9d35eded1c95d3be]::test_main_static::{closure#0}>::{closure#0}
[INFO] [stdout]                                at /rustc/dfb0accb7f508ae8be965d8629557221c889dd98/library/test/src/lib.rs:155:21
[INFO] [stdout]   13:     0x5584c3d632e2 - <alloc[2182bb758b4b3781]::boxed::Box<dyn for<'a, 'b> core[df12db4294e9bfd3]::ops::function::Fn<(&'a std[70759c8f55707aa4]::panic::PanicHookInfo<'b>,), Output = ()> + core[df12db4294e9bfd3]::marker::Send + core[df12db4294e9bfd3]::marker::Sync> as core[df12db4294e9bfd3]::ops::function::Fn<(&std[70759c8f55707aa4]::panic::PanicHookInfo,)>>::call
[INFO] [stdout]                                at /rustc/dfb0accb7f508ae8be965d8629557221c889dd98/library/alloc/src/boxed.rs:2334:9
[INFO] [stdout]   14:     0x5584c3d632e2 - std[70759c8f55707aa4]::panicking::panic_with_hook
[INFO] [stdout]                                at /rustc/dfb0accb7f508ae8be965d8629557221c889dd98/library/std/src/panicking.rs:823:13
[INFO] [stdout]   15:     0x5584c3d46552 - std[70759c8f55707aa4]::panicking::panic_handler::{closure#0}
[INFO] [stdout]                                at /rustc/dfb0accb7f508ae8be965d8629557221c889dd98/library/std/src/panicking.rs:688:13
[INFO] [stdout]   16:     0x5584c3d3f099 - std[70759c8f55707aa4]::sys::backtrace::__rust_end_short_backtrace::<std[70759c8f55707aa4]::panicking::panic_handler::{closure#0}, !>
[INFO] [stdout]                                at /rustc/dfb0accb7f508ae8be965d8629557221c889dd98/library/std/src/sys/backtrace.rs:182:18
[INFO] [stdout]   17:     0x5584c3d4714d - __rustc[8fa7c3cbc660c2b3]::rust_begin_unwind
[INFO] [stdout]                                at /rustc/dfb0accb7f508ae8be965d8629557221c889dd98/library/std/src/panicking.rs:679:5
[INFO] [stdout]   18:     0x5584c3d81e3c - core[df12db4294e9bfd3]::panicking::panic_fmt
[INFO] [stdout]                                at /rustc/dfb0accb7f508ae8be965d8629557221c889dd98/library/core/src/panicking.rs:80:14
[INFO] [stdout]   19:     0x5584c3d81cd3 - core[df12db4294e9bfd3]::panicking::assert_failed_inner
[INFO] [stdout]                                at /rustc/dfb0accb7f508ae8be965d8629557221c889dd98/library/core/src/panicking.rs:452:17
[INFO] [stdout]   20:     0x5584c39b61a7 - core[df12db4294e9bfd3]::panicking::assert_failed::<alloc[2182bb758b4b3781]::vec::Vec<alloc[2182bb758b4b3781]::string::String>, alloc[2182bb758b4b3781]::vec::Vec<&str>>
[INFO] [stdout]                                at /rustc/dfb0accb7f508ae8be965d8629557221c889dd98/library/core/src/panicking.rs:407:5
[INFO] [stdout]   21:     0x5584c3943b65 - gaffa[c6baa3b4aaf440d1]::shell::tests::test_from_program_pwsh_variants
[INFO] [stdout]                                at /opt/rustwide/workdir/src/shell.rs:149:13
[INFO] [stdout]   22:     0x5584c3941557 - gaffa[c6baa3b4aaf440d1]::shell::tests::test_from_program_pwsh_variants::{closure#0}
[INFO] [stdout]                                at /opt/rustwide/workdir/src/shell.rs:142:41
[INFO] [stdout]   23:     0x5584c3923e66 - <gaffa[c6baa3b4aaf440d1]::shell::tests::test_from_program_pwsh_variants::{closure#0} as core[df12db4294e9bfd3]::ops::function::FnOnce<()>>::call_once
[INFO] [stdout]                                at /rustc/dfb0accb7f508ae8be965d8629557221c889dd98/library/core/src/ops/function.rs:250:5
[INFO] [stdout]   24:     0x5584c39f4d1b - <fn() -> core[df12db4294e9bfd3]::result::Result<(), alloc[2182bb758b4b3781]::string::String> as core[df12db4294e9bfd3]::ops::function::FnOnce<()>>::call_once
[INFO] [stdout]                                at /rustc/dfb0accb7f508ae8be965d8629557221c889dd98/library/core/src/ops/function.rs:250:5
[INFO] [stdout]   25:     0x5584c39f4d1b - test[9d35eded1c95d3be]::__rust_begin_short_backtrace::<core[df12db4294e9bfd3]::result::Result<(), alloc[2182bb758b4b3781]::string::String>, fn() -> core[df12db4294e9bfd3]::result::Result<(), alloc[2182bb758b4b3781]::string::String>>
[INFO] [stdout]                                at /rustc/dfb0accb7f508ae8be965d8629557221c889dd98/library/test/src/lib.rs:733:18
[INFO] [stdout]   26:     0x5584c3a02385 - test[9d35eded1c95d3be]::run_test_in_process::{closure#0}
[INFO] [stdout]                                at /rustc/dfb0accb7f508ae8be965d8629557221c889dd98/library/test/src/lib.rs:756:74
[INFO] [stdout]   27:     0x5584c3a02385 - <core[df12db4294e9bfd3]::panic::unwind_safe::AssertUnwindSafe<test[9d35eded1c95d3be]::run_test_in_process::{closure#0}> as core[df12db4294e9bfd3]::ops::function::FnOnce<()>>::call_once
[INFO] [stdout]                                at /rustc/dfb0accb7f508ae8be965d8629557221c889dd98/library/core/src/panic/unwind_safe.rs:275:9
[INFO] [stdout]   28:     0x5584c3a02385 - std[70759c8f55707aa4]::panicking::catch_unwind::do_call::<core[df12db4294e9bfd3]::panic::unwind_safe::AssertUnwindSafe<test[9d35eded1c95d3be]::run_test_in_process::{closure#0}>, core[df12db4294e9bfd3]::result::Result<(), alloc[2182bb758b4b3781]::string::String>>
[INFO] [stdout]                                at /rustc/dfb0accb7f508ae8be965d8629557221c889dd98/library/std/src/panicking.rs:576:43
[INFO] [stdout]   29:     0x5584c3a02385 - std[70759c8f55707aa4]::panicking::catch_unwind::<core[df12db4294e9bfd3]::result::Result<(), alloc[2182bb758b4b3781]::string::String>, core[df12db4294e9bfd3]::panic::unwind_safe::AssertUnwindSafe<test[9d35eded1c95d3be]::run_test_in_process::{closure#0}>>
[INFO] [stdout]                                at /rustc/dfb0accb7f508ae8be965d8629557221c889dd98/library/std/src/panicking.rs:544:19
[INFO] [stdout]   30:     0x5584c3a02385 - std[70759c8f55707aa4]::panic::catch_unwind::<core[df12db4294e9bfd3]::panic::unwind_safe::AssertUnwindSafe<test[9d35eded1c95d3be]::run_test_in_process::{closure#0}>, core[df12db4294e9bfd3]::result::Result<(), alloc[2182bb758b4b3781]::string::String>>
[INFO] [stdout]                                at /rustc/dfb0accb7f508ae8be965d8629557221c889dd98/library/std/src/panic.rs:359:14
[INFO] [stdout]   31:     0x5584c3a02385 - test[9d35eded1c95d3be]::run_test_in_process
[INFO] [stdout]                                at /rustc/dfb0accb7f508ae8be965d8629557221c889dd98/library/test/src/lib.rs:756:27
[INFO] [stdout]   32:     0x5584c3a02385 - test[9d35eded1c95d3be]::run_test::{closure#0}
[INFO] [stdout]                                at /rustc/dfb0accb7f508ae8be965d8629557221c889dd98/library/test/src/lib.rs:677:43
[INFO] [stdout]   33:     0x5584c39fbc44 - test[9d35eded1c95d3be]::run_test::{closure#1}
[INFO] [stdout]                                at /rustc/dfb0accb7f508ae8be965d8629557221c889dd98/library/test/src/lib.rs:707:41
[INFO] [stdout]   34:     0x5584c39fbc44 - std[70759c8f55707aa4]::sys::backtrace::__rust_begin_short_backtrace::<test[9d35eded1c95d3be]::run_test::{closure#1}, ()>
[INFO] [stdout]                                at /rustc/dfb0accb7f508ae8be965d8629557221c889dd98/library/std/src/sys/backtrace.rs:166:18
[INFO] [stdout]   35:     0x5584c3a054e2 - std[70759c8f55707aa4]::thread::lifecycle::spawn_unchecked::<test[9d35eded1c95d3be]::run_test::{closure#1}, ()>::{closure#1}::{closure#0}
[INFO] [stdout]                                at /rustc/dfb0accb7f508ae8be965d8629557221c889dd98/library/std/src/thread/lifecycle.rs:70:13
[INFO] [stdout]   36:     0x5584c3a054e2 - <core[df12db4294e9bfd3]::panic::unwind_safe::AssertUnwindSafe<std[70759c8f55707aa4]::thread::lifecycle::spawn_unchecked<test[9d35eded1c95d3be]::run_test::{closure#1}, ()>::{closure#1}::{closure#0}> as core[df12db4294e9bfd3]::ops::function::FnOnce<()>>::call_once
[INFO] [stdout]                                at /rustc/dfb0accb7f508ae8be965d8629557221c889dd98/library/core/src/panic/unwind_safe.rs:275:9
[INFO] [stdout]   37:     0x5584c3a054e2 - std[70759c8f55707aa4]::panicking::catch_unwind::do_call::<core[df12db4294e9bfd3]::panic::unwind_safe::AssertUnwindSafe<std[70759c8f55707aa4]::thread::lifecycle::spawn_unchecked<test[9d35eded1c95d3be]::run_test::{closure#1}, ()>::{closure#1}::{closure#0}>, ()>
[INFO] [stdout]                                at /rustc/dfb0accb7f508ae8be965d8629557221c889dd98/library/std/src/panicking.rs:576:43
[INFO] [stdout]   38:     0x5584c3a054e2 - std[70759c8f55707aa4]::panicking::catch_unwind::<(), core[df12db4294e9bfd3]::panic::unwind_safe::AssertUnwindSafe<std[70759c8f55707aa4]::thread::lifecycle::spawn_unchecked<test[9d35eded1c95d3be]::run_test::{closure#1}, ()>::{closure#1}::{closure#0}>>
[INFO] [stdout]                                at /rustc/dfb0accb7f508ae8be965d8629557221c889dd98/library/std/src/panicking.rs:544:19
[INFO] [stdout]   39:     0x5584c3a054e2 - std[70759c8f55707aa4]::panic::catch_unwind::<core[df12db4294e9bfd3]::panic::unwind_safe::AssertUnwindSafe<std[70759c8f55707aa4]::thread::lifecycle::spawn_unchecked<test[9d35eded1c95d3be]::run_test::{closure#1}, ()>::{closure#1}::{closure#0}>, ()>
[INFO] [stdout]                                at /rustc/dfb0accb7f508ae8be965d8629557221c889dd98/library/std/src/panic.rs:359:14
[INFO] [stdout]   40:     0x5584c3a054e2 - std[70759c8f55707aa4]::thread::lifecycle::spawn_unchecked::<test[9d35eded1c95d3be]::run_test::{closure#1}, ()>::{closure#1}
[INFO] [stdout]                                at /rustc/dfb0accb7f508ae8be965d8629557221c889dd98/library/std/src/thread/lifecycle.rs:68:26
[INFO] [stdout]   41:     0x5584c3a054e2 - <std[70759c8f55707aa4]::thread::lifecycle::spawn_unchecked<test[9d35eded1c95d3be]::run_test::{closure#1}, ()>::{closure#1} as core[df12db4294e9bfd3]::ops::function::FnOnce<()>>::call_once::{shim:vtable#0}
[INFO] [stdout]                                at /rustc/dfb0accb7f508ae8be965d8629557221c889dd98/library/core/src/ops/function.rs:250:5
[INFO] [stdout]   42:     0x5584c3d6a759 - <alloc[2182bb758b4b3781]::boxed::Box<dyn core[df12db4294e9bfd3]::ops::function::FnOnce<(), Output = ()> + core[df12db4294e9bfd3]::marker::Send> as core[df12db4294e9bfd3]::ops::function::FnOnce<()>>::call_once
[INFO] [stdout]                                at /rustc/dfb0accb7f508ae8be965d8629557221c889dd98/library/alloc/src/boxed.rs:2320:9
[INFO] [stdout]   43:     0x5584c3d6a759 - <std[70759c8f55707aa4]::sys::thread::unix::Thread>::new::thread_start
[INFO] [stdout]                                at /rustc/dfb0accb7f508ae8be965d8629557221c889dd98/library/std/src/sys/thread/unix.rs:123:17
[INFO] [stdout]   44:     0x7de9216cadfa - <unknown>
[INFO] [stdout]   45:     0x7de92175e3d4 - clone
[INFO] [stdout]   46:                0x0 - <unknown>
[INFO] [stdout] 
[INFO] [stdout] 
[INFO] [stdout] failures:
[INFO] [stdout]     shell::tests::test_from_program_pwsh_variants
[INFO] [stdout] 
[INFO] [stdout] test result: FAILED. 56 passed; 1 failed; 0 ignored; 0 measured; 0 filtered out; finished in 1.12s
[INFO] [stdout] 
[INFO] [stderr] error: test failed, to rerun pass `--lib`
[INFO] running `Command { std: "docker" "inspect" "71576b96409ede100c5ce61b4bb618bfe0307ac71dfd082851d563df893e4a87", kill_on_drop: false }`
[INFO] running `Command { std: "docker" "rm" "-f" "71576b96409ede100c5ce61b4bb618bfe0307ac71dfd082851d563df893e4a87", kill_on_drop: false }`
[INFO] [stdout] 71576b96409ede100c5ce61b4bb618bfe0307ac71dfd082851d563df893e4a87
