[INFO] fetching crate fortress-server 1.0.0...
[INFO] testing fortress-server-1.0.0 against 1.99.0-beta.8 for beta-1.100-3
[INFO] extracting crate fortress-server 1.0.0 into /workspace/builds/worker-1-tc1/source
[INFO] started tweaking crates.io crate fortress-server 1.0.0
[INFO] finished tweaking crates.io crate fortress-server 1.0.0
[INFO] tweaked toml for crates.io crate fortress-server 1.0.0 written to /workspace/builds/worker-1-tc1/source/Cargo.toml
[INFO] validating manifest of crates.io crate fortress-server 1.0.0 on toolchain 1.99.0-beta.8
[INFO] running `Command { std: CARGO_HOME="/workspace/cargo-home" RUSTUP_HOME="/workspace/rustup-home" "/workspace/cargo-home/bin/cargo" "+1.99.0-beta.8" "metadata" "--manifest-path" "Cargo.toml" "--no-deps", kill_on_drop: false }`
[INFO] crate crates.io crate fortress-server 1.0.0 already has a lockfile, it will not be regenerated
[INFO] running `Command { std: CARGO_HOME="/workspace/cargo-home" RUSTUP_HOME="/workspace/rustup-home" "/workspace/cargo-home/bin/cargo" "+1.99.0-beta.8" "fetch" "--manifest-path" "Cargo.toml", kill_on_drop: false }`
[INFO] [stderr]  Downloading crates ...
[INFO] [stderr]   Downloaded once_cell v1.15.0
[INFO] [stderr]   Downloaded proc-macro2 v1.0.46
[INFO] [stderr]   Downloaded jobserver v0.1.25
[INFO] [stderr]   Downloaded tokio-stream v0.1.10
[INFO] [stderr]   Downloaded serde v1.0.145
[INFO] [stderr]   Downloaded serde_derive v1.0.145
[INFO] [stderr]   Downloaded syn v1.0.101
[INFO] [stderr]   Downloaded futures-io v0.3.24
[INFO] [stderr]   Downloaded futures-macro v0.3.24
[INFO] [stderr]   Downloaded dotenvy v0.15.5
[INFO] [stderr]   Downloaded env_logger v0.9.1
[INFO] [stderr]   Downloaded libc v0.2.134
[INFO] [stderr]   Downloaded futures v0.3.24
[INFO] [stderr]   Downloaded futures-executor v0.3.24
[INFO] [stderr]   Downloaded semver v1.0.14
[INFO] [stderr]   Downloaded cookie v0.16.1
[INFO] [stderr]   Downloaded actix-router v0.5.1
[INFO] running `Command { std: "docker" "create" "-v" "/var/lib/crater-agent-workspace/builds/worker-1-tc1/source:/opt/rustwide/workdir:ro,Z" "-v" "/var/lib/crater-agent-workspace/builds/worker-1-tc1/target:/opt/rustwide/target:rw,Z" "-v" "/var/lib/crater-agent-workspace/cargo-home:/opt/rustwide/cargo-home:ro,Z" "-v" "/var/lib/crater-agent-workspace/rustup-home:/opt/rustwide/rustup-home:ro,Z" "-m" "1610612736" "--network" "none" "ghcr.io/rust-lang/crates-build-env/linux@sha256:77db811e55d90add9212f6832c23229e3de5f1c1f9905e8cb07319ea15df73ac" "sleep" "infinity", kill_on_drop: false }`
[INFO] [stdout] da79bbe695e359f058bd8ea14f090af316e5c2aab564e426ee7060bd321aa21d
[INFO] running `Command { std: "docker" "start" "da79bbe695e359f058bd8ea14f090af316e5c2aab564e426ee7060bd321aa21d", kill_on_drop: false }`
[INFO] running `Command { std: "docker" "inspect" "da79bbe695e359f058bd8ea14f090af316e5c2aab564e426ee7060bd321aa21d", kill_on_drop: false }`
[INFO] running `Command { std: "docker" "exec" "-e" "SOURCE_DIR=/opt/rustwide/workdir" "-e" "CARGO_HOME=/opt/rustwide/cargo-home" "-e" "RUSTUP_HOME=/opt/rustwide/rustup-home" "-e" "CARGO_TARGET_DIR=/opt/rustwide/target" "-w" "/opt/rustwide/workdir" "--user" "0:0" "da79bbe695e359f058bd8ea14f090af316e5c2aab564e426ee7060bd321aa21d" "/opt/rustwide/cargo-home/bin/cargo" "+1.99.0-beta.8" "metadata" "--no-deps" "--format-version=1", kill_on_drop: false }`
[INFO] running `Command { std: "docker" "inspect" "da79bbe695e359f058bd8ea14f090af316e5c2aab564e426ee7060bd321aa21d", kill_on_drop: false }`
[INFO] running `Command { std: "docker" "exec" "-e" "SOURCE_DIR=/opt/rustwide/workdir" "-e" "CARGO_HOME=/opt/rustwide/cargo-home" "-e" "RUSTUP_HOME=/opt/rustwide/rustup-home" "-e" "CARGO_TARGET_DIR=/opt/rustwide/target" "-e" "CARGO_INCREMENTAL=0" "-e" "RUST_BACKTRACE=full" "-e" "RUSTFLAGS=--cap-lints=warn" "-e" "RUSTDOCFLAGS=--cap-lints=warn" "-w" "/opt/rustwide/workdir" "--user" "0:0" "da79bbe695e359f058bd8ea14f090af316e5c2aab564e426ee7060bd321aa21d" "/opt/rustwide/cargo-home/bin/cargo" "+1.99.0-beta.8" "build" "--frozen" "--message-format=json", kill_on_drop: false }`
[INFO] [stderr]    Compiling libc v0.2.134
[INFO] [stderr]    Compiling proc-macro2 v1.0.46
[INFO] [stderr]    Compiling quote v1.0.21
[INFO] [stderr]    Compiling unicode-ident v1.0.4
[INFO] [stderr]    Compiling syn v1.0.101
[INFO] [stderr]    Compiling once_cell v1.15.0
[INFO] [stderr]    Compiling bytes v1.2.1
[INFO] [stderr]    Compiling futures-core v0.3.24
[INFO] [stderr]    Compiling typenum v1.15.0
[INFO] [stderr]    Compiling smallvec v1.9.0
[INFO] [stderr]    Compiling scopeguard v1.1.0
[INFO] [stderr]    Compiling generic-array v0.14.6
[INFO] [stderr]    Compiling lock_api v0.4.9
[INFO] [stderr]    Compiling parking_lot_core v0.9.3
[INFO] [stderr]    Compiling serde_derive v1.0.145
[INFO] [stderr]    Compiling itoa v1.0.3
[INFO] [stderr]    Compiling futures-channel v0.3.24
[INFO] [stderr]    Compiling tokio v1.21.2
[INFO] [stderr]    Compiling serde v1.0.145
[INFO] [stderr]    Compiling ahash v0.7.6
[INFO] [stderr]    Compiling futures-sink v0.3.24
[INFO] [stderr]    Compiling slab v0.4.7
[INFO] [stderr]    Compiling futures-task v0.3.24
[INFO] [stderr]    Compiling futures-util v0.3.24
[INFO] [stderr]    Compiling rustls v0.20.6
[INFO] [stderr]    Compiling futures-io v0.3.24
[INFO] [stderr]    Compiling cpufeatures v0.2.5
[INFO] [stderr]    Compiling subtle v2.4.1
[INFO] [stderr]    Compiling unicode-normalization v0.1.22
[INFO] [stderr]    Compiling tracing-core v0.1.29
[INFO] [stderr]    Compiling paste v1.0.9
[INFO] [stderr]    Compiling parking_lot_core v0.8.5
[INFO] [stderr]    Compiling num-traits v0.2.15
[INFO] [stderr]    Compiling indexmap v1.9.1
[INFO] [stderr]    Compiling instant v0.1.12
[INFO] [stderr]    Compiling crossbeam-utils v0.8.12
[INFO] [stderr]    Compiling serde_json v1.0.85
[INFO] [stderr]    Compiling ryu v1.0.11
[INFO] [stderr]    Compiling http v0.2.8
[INFO] [stderr]    Compiling aho-corasick v0.7.19
[INFO] [stderr]    Compiling either v1.8.0
[INFO] [stderr]    Compiling crossbeam-queue v0.3.6
[INFO] [stderr]    Compiling thiserror v1.0.37
[INFO] [stderr]    Compiling jobserver v0.1.25
[INFO] [stderr]    Compiling num_cpus v1.13.1
[INFO] [stderr]    Compiling socket2 v0.4.7
[INFO] [stderr]    Compiling getrandom v0.2.7
[INFO] [stderr]    Compiling signal-hook-registry v1.4.0
[INFO] [stderr]    Compiling mio v0.8.4
[INFO] [stderr]    Compiling cc v1.0.73
[INFO] [stderr]    Compiling parking_lot v0.12.1
[INFO] [stderr]    Compiling rand_core v0.6.4
[INFO] [stderr]    Compiling tracing v0.1.36
[INFO] [stderr]    Compiling idna v0.3.0
[INFO] [stderr]    Compiling dirs-sys v0.3.7
[INFO] [stderr]    Compiling rand_chacha v0.3.1
[INFO] [stderr]    Compiling regex-syntax v0.6.27
[INFO] [stderr]    Compiling minimal-lexical v0.2.1
[INFO] [stderr]    Compiling hashbrown v0.12.3
[INFO] [stderr]    Compiling dirs v4.0.0
[INFO] [stderr]    Compiling parking_lot v0.11.2
[INFO] [stderr]    Compiling itertools v0.10.5
[INFO] [stderr]    Compiling nom v7.1.1
[INFO] [stderr]    Compiling bytestring v1.1.0
[INFO] [stderr]    Compiling crc-catalog v2.1.0
[INFO] [stderr]    Compiling alloc-no-stdlib v2.0.4
[INFO] [stderr]    Compiling local-waker v0.1.3
[INFO] [stderr]    Compiling zstd-safe v5.0.2+zstd.1.5.2
[INFO] [stderr]    Compiling unicode_categories v0.1.1
[INFO] [stderr]    Compiling alloc-stdlib v0.2.2
[INFO] [stderr]    Compiling block-buffer v0.10.3
[INFO] [stderr]    Compiling crypto-common v0.1.6
[INFO] [stderr]    Compiling ring v0.16.20
[INFO] [stderr]    Compiling zstd-sys v2.0.1+zstd.1.5.2
[INFO] [stderr]    Compiling crc v3.0.0
[INFO] [stderr]    Compiling hashlink v0.8.1
[INFO] [stderr]    Compiling digest v0.10.5
[INFO] [stderr]    Compiling futures-intrusive v0.4.0
[INFO] [stderr]    Compiling hmac v0.12.1
[INFO] [stderr]    Compiling rand v0.8.5
[INFO] [stderr]    Compiling dotenvy v0.15.5
[INFO] [stderr]    Compiling stringprep v0.1.2
[INFO] [stderr]    Compiling sha1 v0.10.5
[INFO] [stderr]    Compiling rustls-pemfile v1.0.1
[INFO] [stderr]    Compiling whoami v1.2.3
[INFO] [stderr]    Compiling event-listener v2.5.3
[INFO] [stderr]    Compiling atoi v1.0.0
[INFO] [stderr]    Compiling byteorder v1.4.3
[INFO] [stderr]    Compiling encoding_rs v0.8.31
[INFO] [stderr]    Compiling miniz_oxide v0.5.4
[INFO] [stderr]    Compiling hkdf v0.12.3
[INFO] [stderr]    Compiling md-5 v0.10.5
[INFO] [stderr]    Compiling sha2 v0.10.6
[INFO] [stderr]    Compiling brotli-decompressor v2.3.2
[INFO] [stderr]    Compiling actix-utils v3.0.0
[INFO] [stderr]    Compiling url v2.3.1
[INFO] [stderr]    Compiling actix-service v2.0.2
[INFO] [stderr]    Compiling cookie v0.16.1
[INFO] [stderr]    Compiling time-macros v0.2.4
[INFO] [stderr]    Compiling hex v0.4.3
[INFO] [stderr]    Compiling unicode-segmentation v1.10.0
[INFO] [stderr]    Compiling convert_case v0.4.0
[INFO] [stderr]    Compiling regex v1.6.0
[INFO] [stderr]    Compiling sqlformat v0.2.0
[INFO] [stderr]    Compiling num_threads v0.1.6
[INFO] [stderr]    Compiling bitflags v1.3.2
[INFO] [stderr]    Compiling flate2 v1.0.24
[INFO] [stderr]    Compiling heck v0.4.0
[INFO] [stderr]    Compiling anyhow v1.0.65
[INFO] [stderr]    Compiling brotli v3.3.4
[INFO] [stderr]    Compiling language-tags v0.3.2
[INFO] [stderr]    Compiling atty v0.2.14
[INFO] [stderr]    Compiling time v0.3.14
[INFO] [stderr]    Compiling env_logger v0.9.1
[INFO] [stderr]    Compiling webpki v0.22.0
[INFO] [stderr]    Compiling sct v0.7.0
[INFO] [stderr]    Compiling webpki-roots v0.22.5
[INFO] [stderr]    Compiling futures-macro v0.3.24
[INFO] [stderr]    Compiling thiserror-impl v1.0.37
[INFO] [stderr]    Compiling tokio-stream v0.1.10
[INFO] [stderr]    Compiling tokio-util v0.7.4
[INFO] [stderr]    Compiling actix-rt v2.7.0
[INFO] [stderr]    Compiling actix-codec v0.5.0
[INFO] [stderr]    Compiling derive_more v0.99.17
[INFO] [stderr]    Compiling actix-macros v0.2.3
[INFO] [stderr]    Compiling tokio-rustls v0.23.4
[INFO] [stderr]    Compiling sqlx-rt v0.6.2
[INFO] [stderr]    Compiling local-channel v0.1.3
[INFO] [stderr]    Compiling h2 v0.3.14
[INFO] [stderr]    Compiling futures-executor v0.3.24
[INFO] [stderr]    Compiling actix-server v2.1.1
[INFO] [stderr]    Compiling futures v0.3.24
[INFO] [stderr]    Compiling actix-router v0.5.1
[INFO] [stderr]    Compiling serde_urlencoded v0.7.1
[INFO] [stderr]    Compiling toml v0.5.9
[INFO] [stderr]    Compiling actix-web-codegen v4.1.0
[INFO] [stderr]    Compiling sqlx-core v0.6.2
[INFO] [stderr]    Compiling sqlx-macros v0.6.2
[INFO] [stderr]    Compiling sqlx v0.6.2
[INFO] [stderr]    Compiling zstd v0.11.2+zstd.1.5.2
[INFO] [stderr]    Compiling actix-http v3.2.2
[INFO] [stderr]    Compiling actix-web v4.2.1
[INFO] [stderr]    Compiling fortress-server v1.0.0 (/opt/rustwide/workdir)
[INFO] [stderr]     Finished `dev` profile [unoptimized + debuginfo] target(s) in 1m 29s
[INFO] [stderr] warning: the following packages contain code that will be rejected by a future version of Rust: sqlx-core v0.6.2
[INFO] [stderr] note: to see what the problems were, use the option `--future-incompat-report`, or run `cargo report future-incompatibilities --id 6`
[INFO] running `Command { std: "docker" "inspect" "da79bbe695e359f058bd8ea14f090af316e5c2aab564e426ee7060bd321aa21d", kill_on_drop: false }`
[INFO] running `Command { std: "docker" "exec" "-e" "SOURCE_DIR=/opt/rustwide/workdir" "-e" "CARGO_HOME=/opt/rustwide/cargo-home" "-e" "RUSTUP_HOME=/opt/rustwide/rustup-home" "-e" "CARGO_TARGET_DIR=/opt/rustwide/target" "-e" "CARGO_INCREMENTAL=0" "-e" "RUST_BACKTRACE=full" "-e" "RUSTFLAGS=--cap-lints=warn" "-e" "RUSTDOCFLAGS=--cap-lints=warn" "-w" "/opt/rustwide/workdir" "--user" "0:0" "da79bbe695e359f058bd8ea14f090af316e5c2aab564e426ee7060bd321aa21d" "/opt/rustwide/cargo-home/bin/cargo" "+1.99.0-beta.8" "test" "--frozen" "--no-run" "--message-format=json", kill_on_drop: false }`
[INFO] [stderr]    Compiling fortress-server v1.0.0 (/opt/rustwide/workdir)
[INFO] [stderr]     Finished `test` profile [unoptimized + debuginfo] target(s) in 2.20s
[INFO] [stderr] warning: the following packages contain code that will be rejected by a future version of Rust: sqlx-core v0.6.2
[INFO] [stderr] note: to see what the problems were, use the option `--future-incompat-report`, or run `cargo report future-incompatibilities --id 6`
[INFO] running `Command { std: "docker" "inspect" "da79bbe695e359f058bd8ea14f090af316e5c2aab564e426ee7060bd321aa21d", kill_on_drop: false }`
[INFO] running `Command { std: "docker" "exec" "-e" "SOURCE_DIR=/opt/rustwide/workdir" "-e" "CARGO_HOME=/opt/rustwide/cargo-home" "-e" "RUSTUP_HOME=/opt/rustwide/rustup-home" "-e" "CARGO_TARGET_DIR=/opt/rustwide/target" "-e" "CARGO_INCREMENTAL=0" "-e" "RUST_BACKTRACE=full" "-e" "RUSTFLAGS=--cap-lints=warn" "-e" "RUSTDOCFLAGS=--cap-lints=warn" "-w" "/opt/rustwide/workdir" "--user" "0:0" "da79bbe695e359f058bd8ea14f090af316e5c2aab564e426ee7060bd321aa21d" "/opt/rustwide/cargo-home/bin/cargo" "+1.99.0-beta.8" "test" "--frozen", kill_on_drop: false }`
[INFO] [stderr]     Finished `test` profile [unoptimized + debuginfo] target(s) in 0.12s
[INFO] [stderr] warning: the following packages contain code that will be rejected by a future version of Rust: sqlx-core v0.6.2
[INFO] [stderr] note: to see what the problems were, use the option `--future-incompat-report`, or run `cargo report future-incompatibilities --id 6`
[INFO] [stderr]      Running unittests src/main.rs (/opt/rustwide/target/debug/deps/fortress_server-7551ef2b3537f028)
[INFO] [stdout] 
[INFO] [stdout] running 1 test
[INFO] [stdout] test tests::test_integration ... FAILED
[INFO] [stdout] 
[INFO] [stdout] failures:
[INFO] [stdout] 
[INFO] [stdout] ---- tests::test_integration stdout ----
[INFO] [stdout] 
[INFO] [stdout] thread 'tests::test_integration' (3313) panicked at src/main.rs:205:36:
[INFO] [stdout] called `Result::unwrap()` on an `Err` value: reading config
[INFO] [stdout] 
[INFO] [stdout] Caused by:
[INFO] [stdout]     No such file or directory (os error 2)
[INFO] [stdout] stack backtrace:
[INFO] [stdout]    0:     0x614b1748b631 - std[70759c8f55707aa4]::backtrace_rs::backtrace::libunwind::trace
[INFO] [stdout]                                at /rustc/dfb0accb7f508ae8be965d8629557221c889dd98/library/std/src/../../backtrace/src/backtrace/libunwind.rs:117:9
[INFO] [stdout]    1:     0x614b1748b631 - std[70759c8f55707aa4]::backtrace_rs::backtrace::trace_unsynchronized::<std[70759c8f55707aa4]::sys::backtrace::_print_fmt::{closure#1}>
[INFO] [stdout]                                at /rustc/dfb0accb7f508ae8be965d8629557221c889dd98/library/std/src/../../backtrace/src/backtrace/mod.rs:66:14
[INFO] [stdout]    2:     0x614b1748b631 - std[70759c8f55707aa4]::sys::backtrace::_print_fmt
[INFO] [stdout]                                at /rustc/dfb0accb7f508ae8be965d8629557221c889dd98/library/std/src/sys/backtrace.rs:74:9
[INFO] [stdout]    3:     0x614b1748b631 - <<std[70759c8f55707aa4]::sys::backtrace::BacktraceLock>::print::DisplayBacktrace as core[df12db4294e9bfd3]::fmt::Display>::fmt
[INFO] [stdout]                                at /rustc/dfb0accb7f508ae8be965d8629557221c889dd98/library/std/src/sys/backtrace.rs:44:26
[INFO] [stdout]    4:     0x614b174a42ea - <core[df12db4294e9bfd3]::fmt::rt::Argument>::fmt
[INFO] [stdout]                                at /rustc/dfb0accb7f508ae8be965d8629557221c889dd98/library/core/src/fmt/rt.rs:152:76
[INFO] [stdout]    5:     0x614b174a42ea - core[df12db4294e9bfd3]::fmt::write
[INFO] [stdout]    6:     0x614b174900dc - core[df12db4294e9bfd3]::io::write::default_write_fmt::<alloc[2182bb758b4b3781]::vec::Vec<u8>>
[INFO] [stdout]                                at /rustc/dfb0accb7f508ae8be965d8629557221c889dd98/library/core/src/io/write.rs:402:11
[INFO] [stdout]    7:     0x614b174900dc - <alloc[2182bb758b4b3781]::vec::Vec<u8> as core[df12db4294e9bfd3]::io::write::Write>::write_fmt
[INFO] [stdout]                                at /rustc/dfb0accb7f508ae8be965d8629557221c889dd98/library/core/src/io/write.rs:335:13
[INFO] [stdout]    8:     0x614b17466666 - <std[70759c8f55707aa4]::sys::backtrace::BacktraceLock>::print
[INFO] [stdout]                                at /rustc/dfb0accb7f508ae8be965d8629557221c889dd98/library/std/src/sys/backtrace.rs:47:9
[INFO] [stdout]    9:     0x614b17466666 - std[70759c8f55707aa4]::panicking::default_hook::{closure#0}
[INFO] [stdout]                                at /rustc/dfb0accb7f508ae8be965d8629557221c889dd98/library/std/src/panicking.rs:292:27
[INFO] [stdout]   10:     0x614b17482fe9 - std[70759c8f55707aa4]::panicking::default_hook
[INFO] [stdout]                                at /rustc/dfb0accb7f508ae8be965d8629557221c889dd98/library/std/src/panicking.rs:316:9
[INFO] [stdout]   11:     0x614b16d7ba40 - <alloc[2182bb758b4b3781]::boxed::Box<dyn for<'a, 'b> core[df12db4294e9bfd3]::ops::function::Fn<(&'a std[70759c8f55707aa4]::panic::PanicHookInfo<'b>,), Output = ()> + core[df12db4294e9bfd3]::marker::Send + core[df12db4294e9bfd3]::marker::Sync> as core[df12db4294e9bfd3]::ops::function::Fn<(&std[70759c8f55707aa4]::panic::PanicHookInfo,)>>::call
[INFO] [stdout]                                at /rustc/dfb0accb7f508ae8be965d8629557221c889dd98/library/alloc/src/boxed.rs:2334:9
[INFO] [stdout]   12:     0x614b16d7ba40 - test[9d35eded1c95d3be]::test_main_inner::<test[9d35eded1c95d3be]::test_main_static::{closure#0}>::{closure#0}
[INFO] [stdout]                                at /rustc/dfb0accb7f508ae8be965d8629557221c889dd98/library/test/src/lib.rs:155:21
[INFO] [stdout]   13:     0x614b17483312 - <alloc[2182bb758b4b3781]::boxed::Box<dyn for<'a, 'b> core[df12db4294e9bfd3]::ops::function::Fn<(&'a std[70759c8f55707aa4]::panic::PanicHookInfo<'b>,), Output = ()> + core[df12db4294e9bfd3]::marker::Send + core[df12db4294e9bfd3]::marker::Sync> as core[df12db4294e9bfd3]::ops::function::Fn<(&std[70759c8f55707aa4]::panic::PanicHookInfo,)>>::call
[INFO] [stdout]                                at /rustc/dfb0accb7f508ae8be965d8629557221c889dd98/library/alloc/src/boxed.rs:2334:9
[INFO] [stdout]   14:     0x614b17483312 - std[70759c8f55707aa4]::panicking::panic_with_hook
[INFO] [stdout]                                at /rustc/dfb0accb7f508ae8be965d8629557221c889dd98/library/std/src/panicking.rs:823:13
[INFO] [stdout]   15:     0x614b17466712 - std[70759c8f55707aa4]::panicking::panic_handler::{closure#0}
[INFO] [stdout]                                at /rustc/dfb0accb7f508ae8be965d8629557221c889dd98/library/std/src/panicking.rs:688:13
[INFO] [stdout]   16:     0x614b1745f229 - std[70759c8f55707aa4]::sys::backtrace::__rust_end_short_backtrace::<std[70759c8f55707aa4]::panicking::panic_handler::{closure#0}, !>
[INFO] [stdout]                                at /rustc/dfb0accb7f508ae8be965d8629557221c889dd98/library/std/src/sys/backtrace.rs:182:18
[INFO] [stdout]   17:     0x614b174674fd - __rustc[8fa7c3cbc660c2b3]::rust_begin_unwind
[INFO] [stdout]                                at /rustc/dfb0accb7f508ae8be965d8629557221c889dd98/library/std/src/panicking.rs:679:5
[INFO] [stdout]   18:     0x614b174a4b3c - core[df12db4294e9bfd3]::panicking::panic_fmt
[INFO] [stdout]                                at /rustc/dfb0accb7f508ae8be965d8629557221c889dd98/library/core/src/panicking.rs:80:14
[INFO] [stdout]   19:     0x614b174a4862 - core[df12db4294e9bfd3]::result::unwrap_failed
[INFO] [stdout]                                at /rustc/dfb0accb7f508ae8be965d8629557221c889dd98/library/core/src/result.rs:1871:5
[INFO] [stdout]   20:     0x614b16cef3c3 - <core[df12db4294e9bfd3]::result::Result<fortress_server[f5901abdfaa89de8]::Config, anyhow[997cbd4c7614b0d9]::Error>>::unwrap
[INFO] [stdout]                                at /rustc/dfb0accb7f508ae8be965d8629557221c889dd98/library/core/src/result.rs:1232:23
[INFO] [stdout]   21:     0x614b16cef3c3 - fortress_server[f5901abdfaa89de8]::tests::test_integration::{closure#0}
[INFO] [stdout]                                at /opt/rustwide/workdir/src/main.rs:205:30
[INFO] [stdout]   22:     0x614b16d18576 - <tokio[9e973f9d6347be40]::task::local::RunUntil<fortress_server[f5901abdfaa89de8]::tests::test_integration::{closure#0}> as core[df12db4294e9bfd3]::future::future::Future>::poll::{closure#0}::{closure#0}
[INFO] [stdout]                                at /opt/rustwide/cargo-home/registry/src/index.crates.io-1949cf8c6b5b557f/tokio-1.21.2/src/task/local.rs:841:67
[INFO] [stdout]   23:     0x614b16d00562 - tokio[9e973f9d6347be40]::coop::with_budget::<core[df12db4294e9bfd3]::task::poll::Poll<()>, <tokio[9e973f9d6347be40]::task::local::RunUntil<fortress_server[f5901abdfaa89de8]::tests::test_integration::{closure#0}> as core[df12db4294e9bfd3]::future::future::Future>::poll::{closure#0}::{closure#0}>::{closure#0}
[INFO] [stdout]                                at /opt/rustwide/cargo-home/registry/src/index.crates.io-1949cf8c6b5b557f/tokio-1.21.2/src/coop.rs:102:9
[INFO] [stdout]   24:     0x614b16d33817 - <std[70759c8f55707aa4]::thread::local::LocalKey<core[df12db4294e9bfd3]::cell::Cell<tokio[9e973f9d6347be40]::coop::Budget>>>::try_with::<tokio[9e973f9d6347be40]::coop::with_budget<core[df12db4294e9bfd3]::task::poll::Poll<()>, <tokio[9e973f9d6347be40]::task::local::RunUntil<fortress_server[f5901abdfaa89de8]::tests::test_integration::{closure#0}> as core[df12db4294e9bfd3]::future::future::Future>::poll::{closure#0}::{closure#0}>::{closure#0}, core[df12db4294e9bfd3]::task::poll::Poll<()>>
[INFO] [stdout]                                at /rustc/dfb0accb7f508ae8be965d8629557221c889dd98/library/std/src/thread/local.rs:463:12
[INFO] [stdout]   25:     0x614b16d3348e - <std[70759c8f55707aa4]::thread::local::LocalKey<core[df12db4294e9bfd3]::cell::Cell<tokio[9e973f9d6347be40]::coop::Budget>>>::with::<tokio[9e973f9d6347be40]::coop::with_budget<core[df12db4294e9bfd3]::task::poll::Poll<()>, <tokio[9e973f9d6347be40]::task::local::RunUntil<fortress_server[f5901abdfaa89de8]::tests::test_integration::{closure#0}> as core[df12db4294e9bfd3]::future::future::Future>::poll::{closure#0}::{closure#0}>::{closure#0}, core[df12db4294e9bfd3]::task::poll::Poll<()>>
[INFO] [stdout]                                at /rustc/dfb0accb7f508ae8be965d8629557221c889dd98/library/std/src/thread/local.rs:427:20
[INFO] [stdout]   26:     0x614b16d1868a - tokio[9e973f9d6347be40]::coop::with_budget::<core[df12db4294e9bfd3]::task::poll::Poll<()>, <tokio[9e973f9d6347be40]::task::local::RunUntil<fortress_server[f5901abdfaa89de8]::tests::test_integration::{closure#0}> as core[df12db4294e9bfd3]::future::future::Future>::poll::{closure#0}::{closure#0}>
[INFO] [stdout]                                at /opt/rustwide/cargo-home/registry/src/index.crates.io-1949cf8c6b5b557f/tokio-1.21.2/src/coop.rs:95:13
[INFO] [stdout]   27:     0x614b16d1868a - tokio[9e973f9d6347be40]::coop::budget::<core[df12db4294e9bfd3]::task::poll::Poll<()>, <tokio[9e973f9d6347be40]::task::local::RunUntil<fortress_server[f5901abdfaa89de8]::tests::test_integration::{closure#0}> as core[df12db4294e9bfd3]::future::future::Future>::poll::{closure#0}::{closure#0}>
[INFO] [stdout]                                at /opt/rustwide/cargo-home/registry/src/index.crates.io-1949cf8c6b5b557f/tokio-1.21.2/src/coop.rs:72:5
[INFO] [stdout]   28:     0x614b16d1868a - <tokio[9e973f9d6347be40]::task::local::RunUntil<fortress_server[f5901abdfaa89de8]::tests::test_integration::{closure#0}> as core[df12db4294e9bfd3]::future::future::Future>::poll::{closure#0}
[INFO] [stdout]                                at /opt/rustwide/cargo-home/registry/src/index.crates.io-1949cf8c6b5b557f/tokio-1.21.2/src/task/local.rs:841:42
[INFO] [stdout]   29:     0x614b16d16e05 - <tokio[9e973f9d6347be40]::task::local::LocalSet>::with::<core[df12db4294e9bfd3]::task::poll::Poll<()>, <tokio[9e973f9d6347be40]::task::local::RunUntil<fortress_server[f5901abdfaa89de8]::tests::test_integration::{closure#0}> as core[df12db4294e9bfd3]::future::future::Future>::poll::{closure#0}>::{closure#0}
[INFO] [stdout]                                at /opt/rustwide/cargo-home/registry/src/index.crates.io-1949cf8c6b5b557f/tokio-1.21.2/src/task/local.rs:633:13
[INFO] [stdout]   30:     0x614b16d33356 - <std[70759c8f55707aa4]::thread::local::LocalKey<core[df12db4294e9bfd3]::cell::Cell<core[df12db4294e9bfd3]::option::Option<alloc[2182bb758b4b3781]::rc::Rc<tokio[9e973f9d6347be40]::task::local::Context>>>>>::try_with::<<tokio[9e973f9d6347be40]::task::local::LocalSet>::with<core[df12db4294e9bfd3]::task::poll::Poll<()>, <tokio[9e973f9d6347be40]::task::local::RunUntil<fortress_server[f5901abdfaa89de8]::tests::test_integration::{closure#0}> as core[df12db4294e9bfd3]::future::future::Future>::poll::{closure#0}>::{closure#0}, core[df12db4294e9bfd3]::task::poll::Poll<()>>
[INFO] [stdout]                                at /rustc/dfb0accb7f508ae8be965d8629557221c889dd98/library/std/src/thread/local.rs:463:12
[INFO] [stdout]   31:     0x614b16d3326e - <std[70759c8f55707aa4]::thread::local::LocalKey<core[df12db4294e9bfd3]::cell::Cell<core[df12db4294e9bfd3]::option::Option<alloc[2182bb758b4b3781]::rc::Rc<tokio[9e973f9d6347be40]::task::local::Context>>>>>::with::<<tokio[9e973f9d6347be40]::task::local::LocalSet>::with<core[df12db4294e9bfd3]::task::poll::Poll<()>, <tokio[9e973f9d6347be40]::task::local::RunUntil<fortress_server[f5901abdfaa89de8]::tests::test_integration::{closure#0}> as core[df12db4294e9bfd3]::future::future::Future>::poll::{closure#0}>::{closure#0}, core[df12db4294e9bfd3]::task::poll::Poll<()>>
[INFO] [stdout]                                at /rustc/dfb0accb7f508ae8be965d8629557221c889dd98/library/std/src/thread/local.rs:427:20
[INFO] [stdout]   32:     0x614b16d157ab - <tokio[9e973f9d6347be40]::task::local::LocalSet>::with::<core[df12db4294e9bfd3]::task::poll::Poll<()>, <tokio[9e973f9d6347be40]::task::local::RunUntil<fortress_server[f5901abdfaa89de8]::tests::test_integration::{closure#0}> as core[df12db4294e9bfd3]::future::future::Future>::poll::{closure#0}>
[INFO] [stdout]                                at /opt/rustwide/cargo-home/registry/src/index.crates.io-1949cf8c6b5b557f/tokio-1.21.2/src/task/local.rs:616:17
[INFO] [stdout]   33:     0x614b16d1969b - <tokio[9e973f9d6347be40]::task::local::RunUntil<fortress_server[f5901abdfaa89de8]::tests::test_integration::{closure#0}> as core[df12db4294e9bfd3]::future::future::Future>::poll
[INFO] [stdout]                                at /opt/rustwide/cargo-home/registry/src/index.crates.io-1949cf8c6b5b557f/tokio-1.21.2/src/task/local.rs:831:22
[INFO] [stdout]   34:     0x614b16d17093 - <tokio[9e973f9d6347be40]::task::local::LocalSet>::run_until::<fortress_server[f5901abdfaa89de8]::tests::test_integration::{closure#0}>::{closure#0}
[INFO] [stdout]                                at /opt/rustwide/cargo-home/registry/src/index.crates.io-1949cf8c6b5b557f/tokio-1.21.2/src/task/local.rs:536:19
[INFO] [stdout]   35:     0x614b16d0af9d - <core[df12db4294e9bfd3]::pin::Pin<&mut <tokio[9e973f9d6347be40]::task::local::LocalSet>::run_until<fortress_server[f5901abdfaa89de8]::tests::test_integration::{closure#0}>::{closure#0}> as core[df12db4294e9bfd3]::future::future::Future>::poll
[INFO] [stdout]                                at /rustc/dfb0accb7f508ae8be965d8629557221c889dd98/library/core/src/future/future.rs:133:9
[INFO] [stdout]   36:     0x614b16d384ed - <tokio[9e973f9d6347be40]::runtime::scheduler::current_thread::CoreGuard>::block_on::<core[df12db4294e9bfd3]::pin::Pin<&mut <tokio[9e973f9d6347be40]::task::local::LocalSet>::run_until<fortress_server[f5901abdfaa89de8]::tests::test_integration::{closure#0}>::{closure#0}>>::{closure#0}::{closure#0}::{closure#0}
[INFO] [stdout]                                at /opt/rustwide/cargo-home/registry/src/index.crates.io-1949cf8c6b5b557f/tokio-1.21.2/src/runtime/scheduler/current_thread.rs:525:64
[INFO] [stdout]   37:     0x614b16d00472 - tokio[9e973f9d6347be40]::coop::with_budget::<core[df12db4294e9bfd3]::task::poll::Poll<()>, <tokio[9e973f9d6347be40]::runtime::scheduler::current_thread::CoreGuard>::block_on<core[df12db4294e9bfd3]::pin::Pin<&mut <tokio[9e973f9d6347be40]::task::local::LocalSet>::run_until<fortress_server[f5901abdfaa89de8]::tests::test_integration::{closure#0}>::{closure#0}>>::{closure#0}::{closure#0}::{closure#0}>::{closure#0}
[INFO] [stdout]                                at /opt/rustwide/cargo-home/registry/src/index.crates.io-1949cf8c6b5b557f/tokio-1.21.2/src/coop.rs:102:9
[INFO] [stdout]   38:     0x614b16d33747 - <std[70759c8f55707aa4]::thread::local::LocalKey<core[df12db4294e9bfd3]::cell::Cell<tokio[9e973f9d6347be40]::coop::Budget>>>::try_with::<tokio[9e973f9d6347be40]::coop::with_budget<core[df12db4294e9bfd3]::task::poll::Poll<()>, <tokio[9e973f9d6347be40]::runtime::scheduler::current_thread::CoreGuard>::block_on<core[df12db4294e9bfd3]::pin::Pin<&mut <tokio[9e973f9d6347be40]::task::local::LocalSet>::run_until<fortress_server[f5901abdfaa89de8]::tests::test_integration::{closure#0}>::{closure#0}>>::{closure#0}::{closure#0}::{closure#0}>::{closure#0}, core[df12db4294e9bfd3]::task::poll::Poll<()>>
[INFO] [stdout]                                at /rustc/dfb0accb7f508ae8be965d8629557221c889dd98/library/std/src/thread/local.rs:463:12
[INFO] [stdout]   39:     0x614b16d3343e - <std[70759c8f55707aa4]::thread::local::LocalKey<core[df12db4294e9bfd3]::cell::Cell<tokio[9e973f9d6347be40]::coop::Budget>>>::with::<tokio[9e973f9d6347be40]::coop::with_budget<core[df12db4294e9bfd3]::task::poll::Poll<()>, <tokio[9e973f9d6347be40]::runtime::scheduler::current_thread::CoreGuard>::block_on<core[df12db4294e9bfd3]::pin::Pin<&mut <tokio[9e973f9d6347be40]::task::local::LocalSet>::run_until<fortress_server[f5901abdfaa89de8]::tests::test_integration::{closure#0}>::{closure#0}>>::{closure#0}::{closure#0}::{closure#0}>::{closure#0}, core[df12db4294e9bfd3]::task::poll::Poll<()>>
[INFO] [stdout]                                at /rustc/dfb0accb7f508ae8be965d8629557221c889dd98/library/std/src/thread/local.rs:427:20
[INFO] [stdout]   40:     0x614b16d3825b - tokio[9e973f9d6347be40]::coop::with_budget::<core[df12db4294e9bfd3]::task::poll::Poll<()>, <tokio[9e973f9d6347be40]::runtime::scheduler::current_thread::CoreGuard>::block_on<core[df12db4294e9bfd3]::pin::Pin<&mut <tokio[9e973f9d6347be40]::task::local::LocalSet>::run_until<fortress_server[f5901abdfaa89de8]::tests::test_integration::{closure#0}>::{closure#0}>>::{closure#0}::{closure#0}::{closure#0}>
[INFO] [stdout]                                at /opt/rustwide/cargo-home/registry/src/index.crates.io-1949cf8c6b5b557f/tokio-1.21.2/src/coop.rs:95:13
[INFO] [stdout]   41:     0x614b16d3825b - tokio[9e973f9d6347be40]::coop::budget::<core[df12db4294e9bfd3]::task::poll::Poll<()>, <tokio[9e973f9d6347be40]::runtime::scheduler::current_thread::CoreGuard>::block_on<core[df12db4294e9bfd3]::pin::Pin<&mut <tokio[9e973f9d6347be40]::task::local::LocalSet>::run_until<fortress_server[f5901abdfaa89de8]::tests::test_integration::{closure#0}>::{closure#0}>>::{closure#0}::{closure#0}::{closure#0}>
[INFO] [stdout]                                at /opt/rustwide/cargo-home/registry/src/index.crates.io-1949cf8c6b5b557f/tokio-1.21.2/src/coop.rs:72:5
[INFO] [stdout]   42:     0x614b16d3825b - <tokio[9e973f9d6347be40]::runtime::scheduler::current_thread::CoreGuard>::block_on::<core[df12db4294e9bfd3]::pin::Pin<&mut <tokio[9e973f9d6347be40]::task::local::LocalSet>::run_until<fortress_server[f5901abdfaa89de8]::tests::test_integration::{closure#0}>::{closure#0}>>::{closure#0}::{closure#0}
[INFO] [stdout]                                at /opt/rustwide/cargo-home/registry/src/index.crates.io-1949cf8c6b5b557f/tokio-1.21.2/src/runtime/scheduler/current_thread.rs:525:25
[INFO] [stdout]   43:     0x614b16d33d62 - <tokio[9e973f9d6347be40]::runtime::scheduler::current_thread::Context>::enter::<core[df12db4294e9bfd3]::task::poll::Poll<()>, <tokio[9e973f9d6347be40]::runtime::scheduler::current_thread::CoreGuard>::block_on<core[df12db4294e9bfd3]::pin::Pin<&mut <tokio[9e973f9d6347be40]::task::local::LocalSet>::run_until<fortress_server[f5901abdfaa89de8]::tests::test_integration::{closure#0}>::{closure#0}>>::{closure#0}::{closure#0}>
[INFO] [stdout]                                at /opt/rustwide/cargo-home/registry/src/index.crates.io-1949cf8c6b5b557f/tokio-1.21.2/src/runtime/scheduler/current_thread.rs:349:19
[INFO] [stdout]   44:     0x614b16d377bf - <tokio[9e973f9d6347be40]::runtime::scheduler::current_thread::CoreGuard>::block_on::<core[df12db4294e9bfd3]::pin::Pin<&mut <tokio[9e973f9d6347be40]::task::local::LocalSet>::run_until<fortress_server[f5901abdfaa89de8]::tests::test_integration::{closure#0}>::{closure#0}>>::{closure#0}
[INFO] [stdout]                                at /opt/rustwide/cargo-home/registry/src/index.crates.io-1949cf8c6b5b557f/tokio-1.21.2/src/runtime/scheduler/current_thread.rs:524:44
[INFO] [stdout]   45:     0x614b16d37544 - <tokio[9e973f9d6347be40]::runtime::scheduler::current_thread::CoreGuard>::enter::<<tokio[9e973f9d6347be40]::runtime::scheduler::current_thread::CoreGuard>::block_on<core[df12db4294e9bfd3]::pin::Pin<&mut <tokio[9e973f9d6347be40]::task::local::LocalSet>::run_until<fortress_server[f5901abdfaa89de8]::tests::test_integration::{closure#0}>::{closure#0}>>::{closure#0}, core[df12db4294e9bfd3]::option::Option<()>>::{closure#0}
[INFO] [stdout]                                at /opt/rustwide/cargo-home/registry/src/index.crates.io-1949cf8c6b5b557f/tokio-1.21.2/src/runtime/scheduler/current_thread.rs:595:57
[INFO] [stdout]   46:     0x614b16ceadd3 - <tokio[9e973f9d6347be40]::macros::scoped_tls::ScopedKey<tokio[9e973f9d6347be40]::runtime::scheduler::current_thread::Context>>::set::<<tokio[9e973f9d6347be40]::runtime::scheduler::current_thread::CoreGuard>::enter<<tokio[9e973f9d6347be40]::runtime::scheduler::current_thread::CoreGuard>::block_on<core[df12db4294e9bfd3]::pin::Pin<&mut <tokio[9e973f9d6347be40]::task::local::LocalSet>::run_until<fortress_server[f5901abdfaa89de8]::tests::test_integration::{closure#0}>::{closure#0}>>::{closure#0}, core[df12db4294e9bfd3]::option::Option<()>>::{closure#0}, (alloc[2182bb758b4b3781]::boxed::Box<tokio[9e973f9d6347be40]::runtime::scheduler::current_thread::Core>, core[df12db4294e9bfd3]::option::Option<()>)>
[INFO] [stdout]                                at /opt/rustwide/cargo-home/registry/src/index.crates.io-1949cf8c6b5b557f/tokio-1.21.2/src/macros/scoped_tls.rs:61:9
[INFO] [stdout]   47:     0x614b16d34abf - <tokio[9e973f9d6347be40]::runtime::scheduler::current_thread::CoreGuard>::enter::<<tokio[9e973f9d6347be40]::runtime::scheduler::current_thread::CoreGuard>::block_on<core[df12db4294e9bfd3]::pin::Pin<&mut <tokio[9e973f9d6347be40]::task::local::LocalSet>::run_until<fortress_server[f5901abdfaa89de8]::tests::test_integration::{closure#0}>::{closure#0}>>::{closure#0}, core[df12db4294e9bfd3]::option::Option<()>>
[INFO] [stdout]                                at /opt/rustwide/cargo-home/registry/src/index.crates.io-1949cf8c6b5b557f/tokio-1.21.2/src/runtime/scheduler/current_thread.rs:595:35
[INFO] [stdout]   48:     0x614b16d34d3a - <tokio[9e973f9d6347be40]::runtime::scheduler::current_thread::CoreGuard>::block_on::<core[df12db4294e9bfd3]::pin::Pin<&mut <tokio[9e973f9d6347be40]::task::local::LocalSet>::run_until<fortress_server[f5901abdfaa89de8]::tests::test_integration::{closure#0}>::{closure#0}>>
[INFO] [stdout]                                at /opt/rustwide/cargo-home/registry/src/index.crates.io-1949cf8c6b5b557f/tokio-1.21.2/src/runtime/scheduler/current_thread.rs:515:24
[INFO] [stdout]   49:     0x614b16d3306b - <tokio[9e973f9d6347be40]::runtime::scheduler::current_thread::CurrentThread>::block_on::<<tokio[9e973f9d6347be40]::task::local::LocalSet>::run_until<fortress_server[f5901abdfaa89de8]::tests::test_integration::{closure#0}>::{closure#0}>
[INFO] [stdout]                                at /opt/rustwide/cargo-home/registry/src/index.crates.io-1949cf8c6b5b557f/tokio-1.21.2/src/runtime/scheduler/current_thread.rs:161:29
[INFO] [stdout]   50:     0x614b16d0b746 - <tokio[9e973f9d6347be40]::runtime::Runtime>::block_on::<<tokio[9e973f9d6347be40]::task::local::LocalSet>::run_until<fortress_server[f5901abdfaa89de8]::tests::test_integration::{closure#0}>::{closure#0}>
[INFO] [stdout]                                at /opt/rustwide/cargo-home/registry/src/index.crates.io-1949cf8c6b5b557f/tokio-1.21.2/src/runtime/mod.rs:490:51
[INFO] [stdout]   51:     0x614b16d1587a - <tokio[9e973f9d6347be40]::task::local::LocalSet>::block_on::<fortress_server[f5901abdfaa89de8]::tests::test_integration::{closure#0}>
[INFO] [stdout]                                at /opt/rustwide/cargo-home/registry/src/index.crates.io-1949cf8c6b5b557f/tokio-1.21.2/src/task/local.rs:497:12
[INFO] [stdout]   52:     0x614b16d2ad81 - <actix_rt[84dad3319bb11e6f]::runtime::Runtime>::block_on::<fortress_server[f5901abdfaa89de8]::tests::test_integration::{closure#0}>
[INFO] [stdout]                                at /opt/rustwide/cargo-home/registry/src/index.crates.io-1949cf8c6b5b557f/actix-rt-2.7.0/src/runtime.rs:80:20
[INFO] [stdout]   53:     0x614b16d0c87c - <actix_rt[84dad3319bb11e6f]::system::SystemRunner>::block_on::<fortress_server[f5901abdfaa89de8]::tests::test_integration::{closure#0}>
[INFO] [stdout]                                at /opt/rustwide/cargo-home/registry/src/index.crates.io-1949cf8c6b5b557f/actix-rt-2.7.0/src/system.rs:209:17
[INFO] [stdout]   54:     0x614b16cf5789 - fortress_server[f5901abdfaa89de8]::tests::test_integration
[INFO] [stdout]                                at /opt/rustwide/workdir/src/main.rs:203:2
[INFO] [stdout]   55:     0x614b16ceefc7 - fortress_server[f5901abdfaa89de8]::tests::test_integration::{closure#0}
[INFO] [stdout]                                at /opt/rustwide/workdir/src/main.rs:204:29
[INFO] [stdout]   56:     0x614b16cd0d16 - <fortress_server[f5901abdfaa89de8]::tests::test_integration::{closure#0} as core[df12db4294e9bfd3]::ops::function::FnOnce<()>>::call_once
[INFO] [stdout]                                at /rustc/dfb0accb7f508ae8be965d8629557221c889dd98/library/core/src/ops/function.rs:250:5
[INFO] [stdout]   57:     0x614b16d6ed2b - <fn() -> core[df12db4294e9bfd3]::result::Result<(), alloc[2182bb758b4b3781]::string::String> as core[df12db4294e9bfd3]::ops::function::FnOnce<()>>::call_once
[INFO] [stdout]                                at /rustc/dfb0accb7f508ae8be965d8629557221c889dd98/library/core/src/ops/function.rs:250:5
[INFO] [stdout]   58:     0x614b16d6ed2b - test[9d35eded1c95d3be]::__rust_begin_short_backtrace::<core[df12db4294e9bfd3]::result::Result<(), alloc[2182bb758b4b3781]::string::String>, fn() -> core[df12db4294e9bfd3]::result::Result<(), alloc[2182bb758b4b3781]::string::String>>
[INFO] [stdout]                                at /rustc/dfb0accb7f508ae8be965d8629557221c889dd98/library/test/src/lib.rs:733:18
[INFO] [stdout]   59:     0x614b16d7c395 - test[9d35eded1c95d3be]::run_test_in_process::{closure#0}
[INFO] [stdout]                                at /rustc/dfb0accb7f508ae8be965d8629557221c889dd98/library/test/src/lib.rs:756:74
[INFO] [stdout]   60:     0x614b16d7c395 - <core[df12db4294e9bfd3]::panic::unwind_safe::AssertUnwindSafe<test[9d35eded1c95d3be]::run_test_in_process::{closure#0}> as core[df12db4294e9bfd3]::ops::function::FnOnce<()>>::call_once
[INFO] [stdout]                                at /rustc/dfb0accb7f508ae8be965d8629557221c889dd98/library/core/src/panic/unwind_safe.rs:275:9
[INFO] [stdout]   61:     0x614b16d7c395 - std[70759c8f55707aa4]::panicking::catch_unwind::do_call::<core[df12db4294e9bfd3]::panic::unwind_safe::AssertUnwindSafe<test[9d35eded1c95d3be]::run_test_in_process::{closure#0}>, core[df12db4294e9bfd3]::result::Result<(), alloc[2182bb758b4b3781]::string::String>>
[INFO] [stdout]                                at /rustc/dfb0accb7f508ae8be965d8629557221c889dd98/library/std/src/panicking.rs:576:43
[INFO] [stdout]   62:     0x614b16d7c395 - std[70759c8f55707aa4]::panicking::catch_unwind::<core[df12db4294e9bfd3]::result::Result<(), alloc[2182bb758b4b3781]::string::String>, core[df12db4294e9bfd3]::panic::unwind_safe::AssertUnwindSafe<test[9d35eded1c95d3be]::run_test_in_process::{closure#0}>>
[INFO] [stdout]                                at /rustc/dfb0accb7f508ae8be965d8629557221c889dd98/library/std/src/panicking.rs:544:19
[INFO] [stdout]   63:     0x614b16d7c395 - std[70759c8f55707aa4]::panic::catch_unwind::<core[df12db4294e9bfd3]::panic::unwind_safe::AssertUnwindSafe<test[9d35eded1c95d3be]::run_test_in_process::{closure#0}>, core[df12db4294e9bfd3]::result::Result<(), alloc[2182bb758b4b3781]::string::String>>
[INFO] [stdout]                                at /rustc/dfb0accb7f508ae8be965d8629557221c889dd98/library/std/src/panic.rs:359:14
[INFO] [stdout]   64:     0x614b16d7c395 - test[9d35eded1c95d3be]::run_test_in_process
[INFO] [stdout]                                at /rustc/dfb0accb7f508ae8be965d8629557221c889dd98/library/test/src/lib.rs:756:27
[INFO] [stdout]   65:     0x614b16d7c395 - test[9d35eded1c95d3be]::run_test::{closure#0}
[INFO] [stdout]                                at /rustc/dfb0accb7f508ae8be965d8629557221c889dd98/library/test/src/lib.rs:677:43
[INFO] [stdout]   66:     0x614b16d75c54 - test[9d35eded1c95d3be]::run_test::{closure#1}
[INFO] [stdout]                                at /rustc/dfb0accb7f508ae8be965d8629557221c889dd98/library/test/src/lib.rs:707:41
[INFO] [stdout]   67:     0x614b16d75c54 - std[70759c8f55707aa4]::sys::backtrace::__rust_begin_short_backtrace::<test[9d35eded1c95d3be]::run_test::{closure#1}, ()>
[INFO] [stdout]                                at /rustc/dfb0accb7f508ae8be965d8629557221c889dd98/library/std/src/sys/backtrace.rs:166:18
[INFO] [stdout]   68:     0x614b16d7f4f2 - std[70759c8f55707aa4]::thread::lifecycle::spawn_unchecked::<test[9d35eded1c95d3be]::run_test::{closure#1}, ()>::{closure#1}::{closure#0}
[INFO] [stdout]                                at /rustc/dfb0accb7f508ae8be965d8629557221c889dd98/library/std/src/thread/lifecycle.rs:70:13
[INFO] [stdout]   69:     0x614b16d7f4f2 - <core[df12db4294e9bfd3]::panic::unwind_safe::AssertUnwindSafe<std[70759c8f55707aa4]::thread::lifecycle::spawn_unchecked<test[9d35eded1c95d3be]::run_test::{closure#1}, ()>::{closure#1}::{closure#0}> as core[df12db4294e9bfd3]::ops::function::FnOnce<()>>::call_once
[INFO] [stdout]                                at /rustc/dfb0accb7f508ae8be965d8629557221c889dd98/library/core/src/panic/unwind_safe.rs:275:9
[INFO] [stdout]   70:     0x614b16d7f4f2 - std[70759c8f55707aa4]::panicking::catch_unwind::do_call::<core[df12db4294e9bfd3]::panic::unwind_safe::AssertUnwindSafe<std[70759c8f55707aa4]::thread::lifecycle::spawn_unchecked<test[9d35eded1c95d3be]::run_test::{closure#1}, ()>::{closure#1}::{closure#0}>, ()>
[INFO] [stdout]                                at /rustc/dfb0accb7f508ae8be965d8629557221c889dd98/library/std/src/panicking.rs:576:43
[INFO] [stdout]   71:     0x614b16d7f4f2 - std[70759c8f55707aa4]::panicking::catch_unwind::<(), core[df12db4294e9bfd3]::panic::unwind_safe::AssertUnwindSafe<std[70759c8f55707aa4]::thread::lifecycle::spawn_unchecked<test[9d35eded1c95d3be]::run_test::{closure#1}, ()>::{closure#1}::{closure#0}>>
[INFO] [stdout]                                at /rustc/dfb0accb7f508ae8be965d8629557221c889dd98/library/std/src/panicking.rs:544:19
[INFO] [stdout]   72:     0x614b16d7f4f2 - std[70759c8f55707aa4]::panic::catch_unwind::<core[df12db4294e9bfd3]::panic::unwind_safe::AssertUnwindSafe<std[70759c8f55707aa4]::thread::lifecycle::spawn_unchecked<test[9d35eded1c95d3be]::run_test::{closure#1}, ()>::{closure#1}::{closure#0}>, ()>
[INFO] [stdout]                                at /rustc/dfb0accb7f508ae8be965d8629557221c889dd98/library/std/src/panic.rs:359:14
[INFO] [stdout]   73:     0x614b16d7f4f2 - std[70759c8f55707aa4]::thread::lifecycle::spawn_unchecked::<test[9d35eded1c95d3be]::run_test::{closure#1}, ()>::{closure#1}
[INFO] [stdout]                                at /rustc/dfb0accb7f508ae8be965d8629557221c889dd98/library/std/src/thread/lifecycle.rs:68:26
[INFO] [stdout]   74:     0x614b16d7f4f2 - <std[70759c8f55707aa4]::thread::lifecycle::spawn_unchecked<test[9d35eded1c95d3be]::run_test::{closure#1}, ()>::{closure#1} as core[df12db4294e9bfd3]::ops::function::FnOnce<()>>::call_once::{shim:vtable#0}
[INFO] [stdout]                                at /rustc/dfb0accb7f508ae8be965d8629557221c889dd98/library/core/src/ops/function.rs:250:5
[INFO] [stdout]   75:     0x614b1748a4c9 - <alloc[2182bb758b4b3781]::boxed::Box<dyn core[df12db4294e9bfd3]::ops::function::FnOnce<(), Output = ()> + core[df12db4294e9bfd3]::marker::Send> as core[df12db4294e9bfd3]::ops::function::FnOnce<()>>::call_once
[INFO] [stdout]                                at /rustc/dfb0accb7f508ae8be965d8629557221c889dd98/library/alloc/src/boxed.rs:2320:9
[INFO] [stdout]   76:     0x614b1748a4c9 - <std[70759c8f55707aa4]::sys::thread::unix::Thread>::new::thread_start
[INFO] [stdout]                                at /rustc/dfb0accb7f508ae8be965d8629557221c889dd98/library/std/src/sys/thread/unix.rs:123:17
[INFO] [stdout]   77:     0x7a792c31edfa - <unknown>
[INFO] [stdout]   78:     0x7a792c3b23d4 - clone
[INFO] [stdout]   79:                0x0 - <unknown>
[INFO] [stdout] 
[INFO] [stdout] 
[INFO] [stdout] failures:
[INFO] [stdout]     tests::test_integration
[INFO] [stdout] 
[INFO] [stdout] test result: FAILED. 0 passed; 1 failed; 0 ignored; 0 measured; 0 filtered out; finished in 0.06s
[INFO] [stdout] 
[INFO] [stderr] error: test failed, to rerun pass `--bin fortress-server`
[INFO] running `Command { std: "docker" "inspect" "da79bbe695e359f058bd8ea14f090af316e5c2aab564e426ee7060bd321aa21d", kill_on_drop: false }`
[INFO] running `Command { std: "docker" "rm" "-f" "da79bbe695e359f058bd8ea14f090af316e5c2aab564e426ee7060bd321aa21d", kill_on_drop: false }`
[INFO] [stdout] da79bbe695e359f058bd8ea14f090af316e5c2aab564e426ee7060bd321aa21d
