[INFO] cloning repository https://github.com/pondahai/apple2emu
[INFO] running `Command { std: "git" "-c" "credential.helper=" "-c" "credential.helper=/workspace/cargo-home/bin/git-credential-null" "clone" "--bare" "https://github.com/pondahai/apple2emu" "/workspace/cache/git-repos/https%3A%2F%2Fgithub.com%2Fpondahai%2Fapple2emu", kill_on_drop: false }`
[INFO] [stderr] Cloning into bare repository '/workspace/cache/git-repos/https%3A%2F%2Fgithub.com%2Fpondahai%2Fapple2emu'...
[INFO] running `Command { std: "git" "rev-parse" "HEAD", kill_on_drop: false }`
[INFO] [stdout] 69cb3cedd37fb48b1f4ff06510611186d577ce5d
[INFO] testing pondahai/apple2emu against 1.99.0-beta.8 for beta-1.100-3
[INFO] running `Command { std: "git" "clone" "/workspace/cache/git-repos/https%3A%2F%2Fgithub.com%2Fpondahai%2Fapple2emu" "/workspace/builds/worker-7-tc1/source", kill_on_drop: false }`
[INFO] [stderr] Cloning into '/workspace/builds/worker-7-tc1/source'...
[INFO] [stderr] done.
[INFO] started tweaking git repo https://github.com/pondahai/apple2emu
[INFO] finished tweaking git repo https://github.com/pondahai/apple2emu
[INFO] tweaked toml for git repo https://github.com/pondahai/apple2emu written to /workspace/builds/worker-7-tc1/source/Cargo.toml
[INFO] validating manifest of git repo https://github.com/pondahai/apple2emu on toolchain 1.99.0-beta.8
[INFO] running `Command { std: CARGO_HOME="/workspace/cargo-home" RUSTUP_HOME="/workspace/rustup-home" "/workspace/cargo-home/bin/cargo" "+1.99.0-beta.8" "metadata" "--manifest-path" "Cargo.toml" "--no-deps", kill_on_drop: false }`
[INFO] crate git repo https://github.com/pondahai/apple2emu already has a lockfile, it will not be regenerated
[INFO] running `Command { std: CARGO_HOME="/workspace/cargo-home" RUSTUP_HOME="/workspace/rustup-home" "/workspace/cargo-home/bin/cargo" "+1.99.0-beta.8" "fetch" "--manifest-path" "Cargo.toml", kill_on_drop: false }`
[INFO] [stderr]     Blocking waiting for file lock on package cache
[INFO] [stderr]     Updating crates.io index
[INFO] [stderr]     Blocking waiting for file lock on package cache
[INFO] [stderr]  Downloading crates ...
[INFO] [stderr]   Downloaded zmij v1.0.21
[INFO] [stderr]   Downloaded serde_derive v1.0.228
[INFO] [stderr]   Downloaded cfg-if v1.0.4
[INFO] [stderr]   Downloaded futures-task v0.3.32
[INFO] [stderr]   Downloaded symphonia v0.5.5
[INFO] [stderr]   Downloaded proc-macro-crate v3.5.0
[INFO] [stderr]   Downloaded futures-io v0.3.32
[INFO] [stderr]   Downloaded equivalent v1.0.2
[INFO] [stderr]   Downloaded num-derive v0.4.2
[INFO] [stderr]   Downloaded ndk-context v0.1.1
[INFO] [stderr]   Downloaded parking v2.2.1
[INFO] [stderr]   Downloaded itoa v1.0.17
[INFO] [stderr]   Downloaded futures-core v0.3.32
[INFO] [stderr]   Downloaded wasm-bindgen-macro v0.2.114
[INFO] [stderr]   Downloaded futures-sink v0.3.32
[INFO] [stderr]   Downloaded wit-bindgen-rust-macro v0.51.0
[INFO] [stderr]   Downloaded id-arena v2.3.0
[INFO] [stderr]   Downloaded unicode-xid v0.2.6
[INFO] [stderr]   Downloaded jni-sys v0.3.0
[INFO] [stderr]   Downloaded leb128fmt v0.1.0
[INFO] [stderr]   Downloaded windows-result v0.1.2
[INFO] [stderr]   Downloaded futures-macro v0.3.32
[INFO] [stderr]   Downloaded windows-targets v0.42.2
[INFO] [stderr]   Downloaded arrayvec v0.7.6
[INFO] [stderr]   Downloaded foldhash v0.1.5
[INFO] [stderr]   Downloaded num_enum_derive v0.7.5
[INFO] [stderr]   Downloaded cfg_aliases v0.2.1
[INFO] [stderr]   Downloaded quote v1.0.45
[INFO] [stderr]   Downloaded ogg v0.8.0
[INFO] [stderr]   Downloaded wasm-bindgen-shared v0.2.114
[INFO] [stderr]   Downloaded rustversion v1.0.22
[INFO] [stderr]   Downloaded slab v0.4.12
[INFO] [stderr]   Downloaded pin-project-lite v0.2.17
[INFO] [stderr]   Downloaded shlex v1.3.0
[INFO] [stderr]   Downloaded wasm-metadata v0.244.0
[INFO] [stderr]   Downloaded find-msvc-tools v0.1.9
[INFO] [stderr]   Downloaded autocfg v1.5.0
[INFO] [stderr]   Downloaded toml_datetime v1.0.0+spec-1.1.0
[INFO] [stderr]   Downloaded winapi-util v0.1.11
[INFO] [stderr]   Downloaded thiserror v1.0.69
[INFO] [stderr]   Downloaded thiserror-impl v1.0.69
[INFO] [stderr]   Downloaded hound v3.5.1
[INFO] [stderr]   Downloaded windows-core v0.54.0
[INFO] [stderr]   Downloaded once_cell v1.21.3
[INFO] [stderr]   Downloaded wasm-bindgen-futures v0.4.64
[INFO] [stderr]   Downloaded oboe v0.6.1
[INFO] [stderr]   Downloaded jobserver v0.1.34
[INFO] [stderr]   Downloaded semver v1.0.27
[INFO] [stderr]   Downloaded bitflags v2.11.0
[INFO] [stderr]   Downloaded anyhow v1.0.102
[INFO] [stderr]   Downloaded wit-bindgen-core v0.51.0
[INFO] [stderr]   Downloaded num_enum v0.7.5
[INFO] [stderr]   Downloaded mach2 v0.4.3
[INFO] [stderr]   Downloaded rustc-hash v2.1.1
[INFO] [stderr]   Downloaded pollster v0.3.0
[INFO] [stderr]   Downloaded block v0.1.6
[INFO] [stderr]   Downloaded zerofrom v0.1.6
[INFO] [stderr]   Downloaded zerofrom-derive v0.1.6
[INFO] [stderr]   Downloaded serde_core v1.0.228
[INFO] [stderr]   Downloaded unicode-ident v1.0.24
[INFO] [stderr]   Downloaded proc-macro2 v1.0.106
[INFO] [stderr]   Downloaded symphonia-metadata v0.5.5
[INFO] [stderr]   Downloaded log v0.4.29
[INFO] [stderr]   Downloaded bytemuck v1.25.0
[INFO] [stderr]   Downloaded symphonia-bundle-mp3 v0.5.5
[INFO] [stderr]   Downloaded tinyvec v1.10.0
[INFO] [stderr]   Downloaded wasm-bindgen v0.2.114
[INFO] [stderr]   Downloaded futures-channel v0.3.32
[INFO] [stderr]   Downloaded getrandom v0.3.4
[INFO] [stderr]   Downloaded wit-bindgen-rust v0.51.0
[INFO] [stderr]   Downloaded toml_parser v1.0.9+spec-1.1.0
[INFO] [stderr]   Downloaded dispatch v0.2.0
[INFO] [stderr]   Downloaded async-recursion v1.1.1
[INFO] [stderr]   Downloaded wayland-sys v0.29.5
[INFO] [stderr]   Downloaded wasm-bindgen-macro-support v0.2.114
[INFO] [stderr]   Downloaded glob v0.3.3
[INFO] [stderr]   Downloaded serde v1.0.228
[INFO] [stderr]   Downloaded rodio v0.19.0
[INFO] [stderr]   Downloaded lewton v0.10.2
[INFO] [stderr]   Downloaded cpal v0.15.3
[INFO] [stderr]   Downloaded bumpalo v3.20.2
[INFO] [stderr]   Downloaded js-sys v0.3.91
[INFO] [stderr]   Downloaded wit-bindgen v0.51.0
[INFO] [stderr]   Downloaded indexmap v2.13.0
[INFO] [stderr]   Downloaded wasm-encoder v0.244.0
[INFO] [stderr]   Downloaded prettyplease v0.2.37
[INFO] [stderr]   Downloaded r-efi v5.3.0
[INFO] [stderr]   Downloaded ndk v0.8.0
[INFO] [stderr]   Downloaded toml_edit v0.25.4+spec-1.1.0
[INFO] [stderr]   Downloaded ashpd v0.8.1
[INFO] [stderr]   Downloaded zerotrie v0.2.3
[INFO] [stderr]   Downloaded litemap v0.8.1
[INFO] [stderr]   Downloaded endi v1.1.1
[INFO] [stderr]   Downloaded zbus_names v3.0.0
[INFO] [stderr]   Downloaded memchr v2.8.0
[INFO] [stderr]   Downloaded symphonia-core v0.5.5
[INFO] [stderr]   Downloaded cc v1.2.56
[INFO] [stderr]   Downloaded wasip2 v1.0.2+wasi-0.2.9
[INFO] [stderr]   Downloaded wit-parser v0.244.0
[INFO] [stderr]   Downloaded hashbrown v0.16.1
[INFO] [stderr]   Downloaded hashbrown v0.15.5
[INFO] [stderr]   Downloaded jni v0.21.1
[INFO] [stderr]   Downloaded combine v4.6.7
[INFO] [stderr]   Downloaded icu_collections v2.1.1
[INFO] [stderr]   Downloaded serde_json v1.0.149
[INFO] [stderr]   Downloaded futures-util v0.3.32
[INFO] [stderr]   Downloaded oboe-sys v0.6.1
[INFO] [stderr]   Downloaded winnow v0.7.15
[INFO] [stderr]   Downloaded regex v1.12.3
[INFO] [stderr]   Downloaded zbus v4.4.0
[INFO] [stderr]   Downloaded icu_properties_data v2.1.2
[INFO] [stderr]   Downloaded zerocopy v0.8.42
[INFO] [stderr]   Downloaded scoped-tls v1.0.1
[INFO] [stderr]   Downloaded plain v0.2.3
[INFO] [stderr]   Downloaded syn v2.0.117
[INFO] [stderr]   Downloaded wit-component v0.244.0
[INFO] [stderr]   Downloaded wasmparser v0.244.0
[INFO] [stderr]   Downloaded ndk-sys v0.5.0+25.2.9519653
[INFO] [stderr]   Downloaded windows_x86_64_gnullvm v0.42.2
[INFO] [stderr]   Downloaded regex-syntax v0.8.10
[INFO] [stderr]   Downloaded fastrand v2.3.0
[INFO] [stderr]   Downloaded memoffset v0.9.1
[INFO] [stderr]   Downloaded crypto-common v0.1.7
[INFO] [stderr]   Downloaded cpufeatures v0.2.17
[INFO] [stderr]   Downloaded serde_repr v0.1.20
[INFO] [stderr]   Downloaded wasi v0.11.1+wasi-snapshot-preview1
[INFO] [stderr]   Downloaded objc2-io-surface v0.3.2
[INFO] [stderr]   Downloaded crunchy v0.2.4
[INFO] [stderr]   Downloaded fax v0.2.6
[INFO] [stderr]   Downloaded walkdir v2.5.0
[INFO] [stderr]   Downloaded windows-link v0.2.1
[INFO] [stderr]   Downloaded same-file v1.0.6
[INFO] [stderr]   Downloaded cesu8 v1.1.0
[INFO] [stderr]   Downloaded dasp_sample v0.11.0
[INFO] [stderr]   Downloaded coreaudio-sys v0.2.17
[INFO] [stderr]   Downloaded either v1.15.0
[INFO] [stderr]   Downloaded libloading v0.8.9
[INFO] [stderr]   Downloaded urlencoding v2.1.3
[INFO] [stderr]   Downloaded objc_id v0.1.1
[INFO] [stderr]   Downloaded malloc_buf v0.0.6
[INFO] [stderr]   Downloaded objc-foundation v0.1.1
[INFO] [stderr]   Downloaded zvariant_derive v4.2.0
[INFO] [stderr]   Downloaded zvariant_utils v2.1.0
[INFO] [stderr]   Downloaded synstructure v0.13.2
[INFO] [stderr]   Downloaded zbus_macros v4.4.0
[INFO] [stderr]   Downloaded r-efi v6.0.0
[INFO] [stderr]   Downloaded tracing-core v0.1.36
[INFO] [stderr]   Downloaded tracing-attributes v0.1.31
[INFO] [stderr]   Downloaded getrandom v0.2.17
[INFO] [stderr]   Downloaded ppv-lite86 v0.2.21
[INFO] [stderr]   Downloaded web-sys v0.3.91
[INFO] [stderr]   Downloaded windows_aarch64_msvc v0.42.2
[INFO] [stderr]   Downloaded bytes v1.11.1
[INFO] [stderr]   Downloaded coreaudio-rs v0.11.3
[INFO] [stderr]   Downloaded clang-sys v1.8.1
[INFO] [stderr]   Downloaded core-foundation-sys v0.8.7
[INFO] [stderr]   Downloaded alsa-sys v0.3.1
[INFO] [stderr]   Downloaded pkg-config v0.3.32
[INFO] [stderr]   Downloaded raw-window-handle v0.6.2
[INFO] [stderr]   Downloaded objc v0.2.7
[INFO] [stderr]   Downloaded yoke v0.8.1
[INFO] [stderr]   Downloaded typenum v1.19.0
[INFO] [stderr]   Downloaded libredox v0.1.14
[INFO] [stderr]   Downloaded quick-error v2.0.1
[INFO] [stderr]   Downloaded windows_x86_64_msvc v0.42.2
[INFO] [stderr]   Downloaded windows_x86_64_gnu v0.42.2
[INFO] [stderr]   Downloaded alsa v0.9.1
[INFO] [stderr]   Downloaded claxon v0.4.3
[INFO] [stderr]   Downloaded rfd v0.14.1
[INFO] [stderr]   Downloaded zvariant v4.2.0
[INFO] [stderr]   Downloaded tempfile v3.26.0
[INFO] [stderr]   Downloaded libc v0.2.183
[INFO] [stderr]   Downloaded windows_i686_gnu v0.42.2
[INFO] [stderr]   Downloaded aho-corasick v1.1.4
[INFO] [stderr]   Downloaded itertools v0.13.0
[INFO] [stderr]   Downloaded wayland-cursor v0.29.5
[INFO] [stderr]   Downloaded bindgen v0.72.1
[INFO] [stderr]   Downloaded percent-encoding v2.3.2
[INFO] [stderr]   Downloaded utf8_iter v1.0.4
[INFO] [stderr]   Downloaded smallvec v1.15.1
[INFO] [stderr]   Downloaded idna_adapter v1.2.1
[INFO] [stderr]   Downloaded stable_deref_trait v1.2.1
[INFO] [stderr]   Downloaded displaydoc v0.2.5
[INFO] [stderr]   Downloaded icu_provider v2.1.1
[INFO] [stderr]   Downloaded tinystr v0.8.2
[INFO] [stderr]   Downloaded version-compare v0.1.1
[INFO] [stderr]   Downloaded windows_aarch64_gnullvm v0.42.2
[INFO] [stderr]   Downloaded idna v1.1.0
[INFO] [stderr]   Downloaded icu_properties v2.1.2
[INFO] [stderr]   Downloaded zerovec v0.11.5
[INFO] [stderr]   Downloaded yoke-derive v0.8.1
[INFO] [stderr]   Downloaded tracing v0.1.44
[INFO] [stderr]   Downloaded potential_utf v0.1.4
[INFO] [stderr]   Downloaded xdg-home v1.3.0
[INFO] [stderr]   Downloaded blocking v1.6.2
[INFO] [stderr]   Downloaded zerovec-derive v0.11.2
[INFO] [stderr]   Downloaded async-signal v0.2.13
[INFO] [stderr]   Downloaded regex-automata v0.4.14
[INFO] [stderr]   Downloaded writeable v0.6.2
[INFO] [stderr]   Downloaded icu_locale_core v2.1.1
[INFO] [stderr]   Downloaded encoding_rs v0.8.35
[INFO] [stderr]   Downloaded async-executor v1.14.0
[INFO] [stderr]   Downloaded async-net v2.0.0
[INFO] [stderr]   Downloaded wayland-commons v0.29.5
[INFO] [stderr]   Downloaded fax_derive v0.2.0
[INFO] [stderr]   Downloaded icu_normalizer v2.1.1
[INFO] [stderr]   Downloaded form_urlencoded v1.2.2
[INFO] [stderr]   Downloaded icu_normalizer_data v2.1.1
[INFO] [stderr]   Downloaded dirs-sys v0.5.0
[INFO] [stderr]   Downloaded enumflags2 v0.7.12
[INFO] [stderr]   Downloaded memoffset v0.6.5
[INFO] [stderr]   Downloaded ordered-stream v0.2.0
[INFO] [stderr]   Downloaded option-ext v0.2.0
[INFO] [stderr]   Downloaded windows-targets v0.53.5
[INFO] [stderr]   Downloaded errno v0.3.14
[INFO] [stderr]   Downloaded getrandom v0.4.2
[INFO] [stderr]   Downloaded enumflags2_derive v0.7.12
[INFO] [stderr]   Downloaded uds_windows v1.2.0
[INFO] [stderr]   Downloaded zerocopy-derive v0.8.42
[INFO] [stderr]   Downloaded wasip3 v0.4.0+wasi-0.3.0-rc-2026-01-06
[INFO] [stderr]   Downloaded byteorder-lite v0.1.0
[INFO] [stderr]   Downloaded nix v0.29.0
[INFO] [stderr]   Downloaded downcast-rs v1.2.1
[INFO] [stderr]   Downloaded adler2 v2.0.1
[INFO] [stderr]   Downloaded rustix v1.1.4
[INFO] [stderr]   Downloaded windows-sys v0.45.0
[INFO] [stderr]   Downloaded dlib v0.5.3
[INFO] [stderr]   Downloaded error-code v3.3.2
[INFO] [stderr]   Downloaded wayland-scanner v0.29.5
[INFO] [stderr]   Downloaded async-process v2.5.0
[INFO] [stderr]   Downloaded async-broadcast v0.7.2
[INFO] [stderr]   Downloaded windows-sys v0.61.2
[INFO] [stderr]   Downloaded objc2-encode v4.1.0
[INFO] [stderr]   Downloaded async-fs v2.2.0
[INFO] [stderr]   Downloaded xcursor v0.3.10
[INFO] [stderr]   Downloaded cexpr v0.6.0
[INFO] [stderr]   Downloaded piper v0.2.5
[INFO] [stderr]   Downloaded lock_api v0.4.14
[INFO] [stderr]   Downloaded redox_users v0.5.2
[INFO] [stderr]   Downloaded redox_syscall v0.5.18
[INFO] [stderr]   Downloaded hermit-abi v0.5.2
[INFO] [stderr]   Downloaded futures-executor v0.3.32
[INFO] [stderr]   Downloaded async-trait v0.1.89
[INFO] [stderr]   Downloaded fdeflate v0.3.7
[INFO] [stderr]   Downloaded clipboard-win v5.4.1
[INFO] [stderr]   Downloaded windows-sys v0.59.0
[INFO] [stderr]   Downloaded zune-core v0.4.12
[INFO] [stderr]   Downloaded async-channel v2.5.0
[INFO] [stderr]   Downloaded redox_syscall v0.7.3
[INFO] [stderr]   Downloaded simd-adler32 v0.3.8
[INFO] [stderr]   Downloaded directories v6.0.0
[INFO] [stderr]   Downloaded thiserror v2.0.18
[INFO] [stderr]   Downloaded linux-raw-sys v0.12.1
[INFO] [stderr]   Downloaded event-listener v5.4.1
[INFO] [stderr]   Downloaded crossbeam-utils v0.8.21
[INFO] [stderr]   Downloaded signal-hook-registry v1.4.8
[INFO] [stderr]   Downloaded async-lock v3.4.2
[INFO] [stderr]   Downloaded parking_lot v0.12.5
[INFO] [stderr]   Downloaded weezl v0.1.12
[INFO] [stderr]   Downloaded parking_lot_core v0.9.12
[INFO] [stderr]   Downloaded thiserror-impl v2.0.18
[INFO] [stderr]   Downloaded event-listener-strategy v0.5.4
[INFO] [stderr]   Downloaded gethostname v1.1.0
[INFO] [stderr]   Downloaded crc32fast v1.5.0
[INFO] [stderr]   Downloaded polling v3.11.0
[INFO] [stderr]   Downloaded futures-lite v2.6.1
[INFO] [stderr]   Downloaded async-task v4.7.1
[INFO] [stderr]   Downloaded xml-rs v0.8.28
[INFO] [stderr]   Downloaded async-io v2.6.0
[INFO] [stderr]   Downloaded futures v0.3.32
[INFO] [stderr]   Downloaded arboard v3.6.1
[INFO] [stderr]   Downloaded x11-dl v2.21.0
[INFO] [stderr]   Downloaded wayland-client v0.29.5
[INFO] [stderr]   Downloaded dispatch2 v0.3.1
[INFO] [stderr]   Downloaded zune-jpeg v0.4.21
[INFO] [stderr]   Downloaded windows v0.54.0
[INFO] [stderr]   Downloaded miniz_oxide v0.8.9
[INFO] [stderr]   Downloaded flate2 v1.1.9
[INFO] [stderr]   Downloaded objc2-core-graphics v0.3.2
[INFO] [stderr]   Downloaded half v2.7.1
[INFO] [stderr]   Downloaded url v2.5.8
[INFO] [stderr]   Downloaded minifb v0.27.0
[INFO] [stderr]   Downloaded png v0.18.1
[INFO] [stderr]   Downloaded wayland-protocols v0.29.5
[INFO] [stderr]   Downloaded moxcms v0.7.11
[INFO] [stderr]   Downloaded objc2-core-foundation v0.3.2
[INFO] [stderr]   Downloaded sdl2 v0.38.0
[INFO] [stderr]   Downloaded x11rb v0.13.2
[INFO] [stderr]   Downloaded nix v0.24.3
[INFO] [stderr]   Downloaded objc2 v0.6.4
[INFO] [stderr]   Downloaded image v0.25.9
[INFO] [stderr]   Downloaded objc2-foundation v0.3.2
[INFO] [stderr]   Downloaded x11rb-protocol v0.13.2
[INFO] [stderr]   Downloaded objc2-app-kit v0.3.2
[INFO] [stderr]   Downloaded windows_i686_msvc v0.42.2
[INFO] [stderr]   Downloaded windows_aarch64_gnullvm v0.53.1
[INFO] [stderr]   Downloaded windows_x86_64_gnullvm v0.53.1
[INFO] [stderr]   Downloaded windows_x86_64_msvc v0.53.1
[INFO] [stderr]   Downloaded windows_i686_gnullvm v0.53.1
[INFO] [stderr]   Downloaded windows_aarch64_msvc v0.53.1
[INFO] [stderr]   Downloaded windows_x86_64_gnu v0.53.1
[INFO] [stderr]   Downloaded pxfm v0.1.28
[INFO] [stderr]   Downloaded windows_i686_msvc v0.53.1
[INFO] [stderr]   Downloaded windows_i686_gnu v0.53.1
[INFO] [stderr]   Downloaded orbclient v0.3.50
[INFO] [stderr]   Downloaded tiff v0.10.3
[INFO] [stderr]   Downloaded windows-sys v0.60.2
[INFO] [stderr]   Downloaded sdl2-sys v0.38.0
[INFO] running `Command { std: "docker" "create" "-v" "/var/lib/crater-agent-workspace/builds/worker-7-tc1/source:/opt/rustwide/workdir:ro,Z" "-v" "/var/lib/crater-agent-workspace/builds/worker-7-tc1/target:/opt/rustwide/target:rw,Z" "-v" "/var/lib/crater-agent-workspace/cargo-home:/opt/rustwide/cargo-home:ro,Z" "-v" "/var/lib/crater-agent-workspace/rustup-home:/opt/rustwide/rustup-home:ro,Z" "-m" "1610612736" "--network" "none" "ghcr.io/rust-lang/crates-build-env/linux@sha256:77db811e55d90add9212f6832c23229e3de5f1c1f9905e8cb07319ea15df73ac" "sleep" "infinity", kill_on_drop: false }`
[INFO] [stdout] d7ad47a186601402c7c6bc7c3290bbfc048926b1057a9cfdd6d1ee4451360f67
[INFO] running `Command { std: "docker" "start" "d7ad47a186601402c7c6bc7c3290bbfc048926b1057a9cfdd6d1ee4451360f67", kill_on_drop: false }`
[INFO] running `Command { std: "docker" "inspect" "d7ad47a186601402c7c6bc7c3290bbfc048926b1057a9cfdd6d1ee4451360f67", kill_on_drop: false }`
[INFO] running `Command { std: "docker" "exec" "-e" "SOURCE_DIR=/opt/rustwide/workdir" "-e" "CARGO_HOME=/opt/rustwide/cargo-home" "-e" "RUSTUP_HOME=/opt/rustwide/rustup-home" "-e" "CARGO_TARGET_DIR=/opt/rustwide/target" "-w" "/opt/rustwide/workdir" "--user" "0:0" "d7ad47a186601402c7c6bc7c3290bbfc048926b1057a9cfdd6d1ee4451360f67" "/opt/rustwide/cargo-home/bin/cargo" "+1.99.0-beta.8" "metadata" "--no-deps" "--format-version=1", kill_on_drop: false }`
[INFO] running `Command { std: "docker" "inspect" "d7ad47a186601402c7c6bc7c3290bbfc048926b1057a9cfdd6d1ee4451360f67", kill_on_drop: false }`
[INFO] running `Command { std: "docker" "exec" "-e" "SOURCE_DIR=/opt/rustwide/workdir" "-e" "CARGO_HOME=/opt/rustwide/cargo-home" "-e" "RUSTUP_HOME=/opt/rustwide/rustup-home" "-e" "CARGO_TARGET_DIR=/opt/rustwide/target" "-e" "CARGO_INCREMENTAL=0" "-e" "RUST_BACKTRACE=full" "-e" "RUSTFLAGS=--cap-lints=warn" "-e" "RUSTDOCFLAGS=--cap-lints=warn" "-w" "/opt/rustwide/workdir" "--user" "0:0" "d7ad47a186601402c7c6bc7c3290bbfc048926b1057a9cfdd6d1ee4451360f67" "/opt/rustwide/cargo-home/bin/cargo" "+1.99.0-beta.8" "build" "--frozen" "--message-format=json", kill_on_drop: false }`
[INFO] [stderr]    Compiling bitflags v2.11.0
[INFO] [stderr]    Compiling smallvec v1.15.1
[INFO] [stderr]    Compiling rustix v1.1.4
[INFO] [stderr]    Compiling syn v2.0.117
[INFO] [stderr]    Compiling concurrent-queue v2.5.0
[INFO] [stderr]    Compiling linux-raw-sys v0.12.1
[INFO] [stderr]    Compiling futures-io v0.3.32
[INFO] [stderr]    Compiling winnow v0.7.15
[INFO] [stderr]    Compiling equivalent v1.0.2
[INFO] [stderr]    Compiling hashbrown v0.16.1
[INFO] [stderr]    Compiling event-listener v5.4.1
[INFO] [stderr]    Compiling toml_datetime v1.0.0+spec-1.1.0
[INFO] [stderr]    Compiling xml-rs v0.8.28
[INFO] [stderr]    Compiling futures-lite v2.6.1
[INFO] [stderr]    Compiling event-listener-strategy v0.5.4
[INFO] [stderr]    Compiling memoffset v0.6.5
[INFO] [stderr]    Compiling zerocopy v0.8.42
[INFO] [stderr]    Compiling generic-array v0.14.7
[INFO] [stderr]    Compiling indexmap v2.13.0
[INFO] [stderr]    Compiling wayland-sys v0.29.5
[INFO] [stderr]    Compiling async-task v4.7.1
[INFO] [stderr]    Compiling wayland-scanner v0.29.5
[INFO] [stderr]    Compiling piper v0.2.5
[INFO] [stderr]    Compiling async-channel v2.5.0
[INFO] [stderr]    Compiling getrandom v0.2.17
[INFO] [stderr]    Compiling async-io v2.6.0
[INFO] [stderr]    Compiling memoffset v0.9.1
[INFO] [stderr]    Compiling cfg_aliases v0.2.1
[INFO] [stderr]    Compiling nix v0.29.0
[INFO] [stderr]    Compiling rand_core v0.6.4
[INFO] [stderr]    Compiling blocking v1.6.2
[INFO] [stderr]    Compiling nix v0.24.3
[INFO] [stderr]    Compiling block-buffer v0.10.4
[INFO] [stderr]    Compiling toml_parser v1.0.9+spec-1.1.0
[INFO] [stderr]    Compiling crypto-common v0.1.7
[INFO] [stderr]    Compiling wayland-client v0.29.5
[INFO] [stderr]    Compiling alsa-sys v0.3.1
[INFO] [stderr]    Compiling memchr v2.8.0
[INFO] [stderr]    Compiling endi v1.1.1
[INFO] [stderr]    Compiling symphonia-core v0.5.5
[INFO] [stderr]    Compiling toml_edit v0.25.4+spec-1.1.0
[INFO] [stderr]    Compiling digest v0.10.7
[INFO] [stderr]    Compiling async-lock v3.4.2
[INFO] [stderr]    Compiling getrandom v0.4.2
[INFO] [stderr]    Compiling wayland-commons v0.29.5
[INFO] [stderr]    Compiling proc-macro-crate v3.5.0
[INFO] [stderr]    Compiling async-fs v2.2.0
[INFO] [stderr]    Compiling symphonia-metadata v0.5.5
[INFO] [stderr]    Compiling sha1 v0.10.6
[INFO] [stderr]    Compiling synstructure v0.13.2
[INFO] [stderr]    Compiling zvariant_utils v2.1.0
[INFO] [stderr]    Compiling wayland-protocols v0.29.5
[INFO] [stderr]    Compiling async-executor v1.14.0
[INFO] [stderr]    Compiling async-broadcast v0.7.2
[INFO] [stderr]    Compiling ordered-stream v0.2.0
[INFO] [stderr]    Compiling xdg-home v1.3.0
[INFO] [stderr]    Compiling x11-dl v2.21.0
[INFO] [stderr]    Compiling pxfm v0.1.28
[INFO] [stderr]    Compiling cpal v0.15.3
[INFO] [stderr]    Compiling ogg v0.8.0
[INFO] [stderr]    Compiling alsa v0.9.1
[INFO] [stderr]    Compiling png v0.18.1
[INFO] [stderr]    Compiling zerofrom-derive v0.1.6
[INFO] [stderr]    Compiling yoke-derive v0.8.1
[INFO] [stderr]    Compiling zerovec-derive v0.11.2
[INFO] [stderr]    Compiling displaydoc v0.2.5
[INFO] [stderr]    Compiling zerofrom v0.1.6
[INFO] [stderr]    Compiling yoke v0.8.1
[INFO] [stderr]    Compiling serde_derive v1.0.228
[INFO] [stderr]    Compiling enumflags2_derive v0.7.12
[INFO] [stderr]    Compiling polling v3.11.0
[INFO] [stderr]    Compiling zerotrie v0.2.3
[INFO] [stderr]    Compiling ppv-lite86 v0.2.21
[INFO] [stderr]    Compiling zvariant_derive v4.2.0
[INFO] [stderr]    Compiling zerovec v0.11.5
[INFO] [stderr]    Compiling tracing-attributes v0.1.31
[INFO] [stderr]    Compiling rand_chacha v0.3.1
[INFO] [stderr]    Compiling futures-macro v0.3.32
[INFO] [stderr]    Compiling tinystr v0.8.2
[INFO] [stderr]    Compiling icu_locale_core v2.1.1
[INFO] [stderr]    Compiling potential_utf v0.1.4
[INFO] [stderr]    Compiling icu_collections v2.1.1
[INFO] [stderr]    Compiling rand v0.8.5
[INFO] [stderr]    Compiling futures-util v0.3.32
[INFO] [stderr]    Compiling zbus_macros v4.4.0
[INFO] [stderr]    Compiling icu_provider v2.1.1
[INFO] [stderr]    Compiling tracing v0.1.44
[INFO] [stderr]    Compiling serde_repr v0.1.20
[INFO] [stderr]    Compiling async-trait v0.1.89
[INFO] [stderr]    Compiling icu_properties v2.1.2
[INFO] [stderr]    Compiling icu_normalizer v2.1.1
[INFO] [stderr]    Compiling async-net v2.0.0
[INFO] [stderr]    Compiling serde v1.0.228
[INFO] [stderr]    Compiling moxcms v0.7.11
[INFO] [stderr]    Compiling gethostname v1.1.0
[INFO] [stderr]    Compiling thiserror-impl v1.0.69
[INFO] [stderr]    Compiling symphonia-bundle-mp3 v0.5.5
[INFO] [stderr]    Compiling idna_adapter v1.2.1
[INFO] [stderr]    Compiling enumflags2 v0.7.12
[INFO] [stderr]    Compiling idna v1.1.0
[INFO] [stderr]    Compiling minifb v0.27.0
[INFO] [stderr]    Compiling parking_lot_core v0.9.12
[INFO] [stderr]    Compiling url v2.5.8
[INFO] [stderr]    Compiling futures-channel v0.3.32
[INFO] [stderr]    Compiling x11rb-protocol v0.13.2
[INFO] [stderr]    Compiling xcursor v0.3.10
[INFO] [stderr]    Compiling zvariant v4.2.0
[INFO] [stderr]    Compiling dasp_sample v0.11.0
[INFO] [stderr]    Compiling raw-window-handle v0.6.2
[INFO] [stderr]    Compiling rfd v0.14.1
[INFO] [stderr]    Compiling wayland-cursor v0.29.5
[INFO] [stderr]    Compiling dirs-sys v0.5.0
[INFO] [stderr]    Compiling thiserror v1.0.69
[INFO] [stderr]    Compiling parking_lot v0.12.5
[INFO] [stderr]    Compiling tempfile v3.26.0
[INFO] [stderr]    Compiling symphonia v0.5.5
[INFO] [stderr]    Compiling lewton v0.10.2
[INFO] [stderr]    Compiling pollster v0.3.0
[INFO] [stderr]    Compiling claxon v0.4.3
[INFO] [stderr]    Compiling serde_json v1.0.149
[INFO] [stderr]    Compiling directories v6.0.0
[INFO] [stderr]    Compiling rodio v0.19.0
[INFO] [stderr]    Compiling apple2-core v0.1.0 (/opt/rustwide/workdir/apple2-core)
[INFO] [stderr]    Compiling zbus_names v3.0.0
[INFO] [stderr]    Compiling zbus v4.4.0
[INFO] [stderr]    Compiling x11rb v0.13.2
[INFO] [stderr]    Compiling image v0.25.9
[INFO] [stderr]    Compiling arboard v3.6.1
[INFO] [stderr]    Compiling ashpd v0.8.1
[INFO] [stderr]    Compiling apple2-desktop v0.1.0 (/opt/rustwide/workdir/apple2-desktop)
[INFO] [stdout] warning: unused import: `apple2_core::memory::Memory`
[INFO] [stdout]  --> apple2-desktop/src/main.rs:2:5
[INFO] [stdout]   |
[INFO] [stdout] 2 | use apple2_core::memory::Memory;
[INFO] [stdout]   |     ^^^^^^^^^^^^^^^^^^^^^^^^^^^
[INFO] [stdout]   |
[INFO] [stdout]   = note: `#[warn(unused_imports)]` (part of `#[warn(unused)]`) on by default
[INFO] [stdout] 
[INFO] [stdout] 
[INFO] [stderr]     Finished `dev` profile [unoptimized + debuginfo] target(s) in 3m 01s
[INFO] [stderr] warning: the following packages contain code that will be rejected by a future version of Rust: ashpd v0.8.1
[INFO] [stderr] note: to see what the problems were, use the option `--future-incompat-report`, or run `cargo report future-incompatibilities --id 6`
[INFO] running `Command { std: "docker" "inspect" "d7ad47a186601402c7c6bc7c3290bbfc048926b1057a9cfdd6d1ee4451360f67", kill_on_drop: false }`
[INFO] running `Command { std: "docker" "exec" "-e" "SOURCE_DIR=/opt/rustwide/workdir" "-e" "CARGO_HOME=/opt/rustwide/cargo-home" "-e" "RUSTUP_HOME=/opt/rustwide/rustup-home" "-e" "CARGO_TARGET_DIR=/opt/rustwide/target" "-e" "CARGO_INCREMENTAL=0" "-e" "RUST_BACKTRACE=full" "-e" "RUSTFLAGS=--cap-lints=warn" "-e" "RUSTDOCFLAGS=--cap-lints=warn" "-w" "/opt/rustwide/workdir" "--user" "0:0" "d7ad47a186601402c7c6bc7c3290bbfc048926b1057a9cfdd6d1ee4451360f67" "/opt/rustwide/cargo-home/bin/cargo" "+1.99.0-beta.8" "test" "--frozen" "--no-run" "--message-format=json", kill_on_drop: false }`
[INFO] [stderr]    Compiling apple2-core v0.1.0 (/opt/rustwide/workdir/apple2-core)
[INFO] [stderr]    Compiling apple2-desktop v0.1.0 (/opt/rustwide/workdir/apple2-desktop)
[INFO] [stdout] warning: unused import: `apple2_core::memory::Memory`
[INFO] [stdout]  --> apple2-desktop/src/main.rs:2:5
[INFO] [stdout]   |
[INFO] [stdout] 2 | use apple2_core::memory::Memory;
[INFO] [stdout]   |     ^^^^^^^^^^^^^^^^^^^^^^^^^^^
[INFO] [stdout]   |
[INFO] [stdout]   = note: `#[warn(unused_imports)]` (part of `#[warn(unused)]`) on by default
[INFO] [stdout] 
[INFO] [stdout] 
[INFO] [stderr]     Finished `test` profile [unoptimized + debuginfo] target(s) in 3.89s
[INFO] [stderr] warning: the following packages contain code that will be rejected by a future version of Rust: ashpd v0.8.1
[INFO] [stderr] note: to see what the problems were, use the option `--future-incompat-report`, or run `cargo report future-incompatibilities --id 6`
[INFO] running `Command { std: "docker" "inspect" "d7ad47a186601402c7c6bc7c3290bbfc048926b1057a9cfdd6d1ee4451360f67", kill_on_drop: false }`
[INFO] running `Command { std: "docker" "exec" "-e" "SOURCE_DIR=/opt/rustwide/workdir" "-e" "CARGO_HOME=/opt/rustwide/cargo-home" "-e" "RUSTUP_HOME=/opt/rustwide/rustup-home" "-e" "CARGO_TARGET_DIR=/opt/rustwide/target" "-e" "CARGO_INCREMENTAL=0" "-e" "RUST_BACKTRACE=full" "-e" "RUSTFLAGS=--cap-lints=warn" "-e" "RUSTDOCFLAGS=--cap-lints=warn" "-w" "/opt/rustwide/workdir" "--user" "0:0" "d7ad47a186601402c7c6bc7c3290bbfc048926b1057a9cfdd6d1ee4451360f67" "/opt/rustwide/cargo-home/bin/cargo" "+1.99.0-beta.8" "test" "--frozen", kill_on_drop: false }`
[INFO] [stderr] warning: unused import: `apple2_core::memory::Memory`
[INFO] [stderr]  --> apple2-desktop/src/main.rs:2:5
[INFO] [stderr]   |
[INFO] [stderr] 2 | use apple2_core::memory::Memory;
[INFO] [stderr]   |     ^^^^^^^^^^^^^^^^^^^^^^^^^^^
[INFO] [stderr]   |
[INFO] [stderr]   = note: `#[warn(unused_imports)]` (part of `#[warn(unused)]`) on by default
[INFO] [stderr] 
[INFO] [stderr] warning: `apple2-desktop` (bin "apple2-desktop" test) generated 1 warning (run `cargo fix --bin "apple2-desktop" -p apple2-desktop --tests` to apply 1 suggestion)
[INFO] [stderr]     Finished `test` profile [unoptimized + debuginfo] target(s) in 0.36s
[INFO] [stderr] warning: the following packages contain code that will be rejected by a future version of Rust: ashpd v0.8.1
[INFO] [stderr] note: to see what the problems were, use the option `--future-incompat-report`, or run `cargo report future-incompatibilities --id 6`
[INFO] [stderr]      Running unittests src/lib.rs (/opt/rustwide/target/debug/deps/apple2_core-264ade0f5717f55c)
[INFO] [stdout] 
[INFO] [stdout] running 56 tests
[INFO] [stdout] test cpu_test::tests::test_adc_decimal_mode ... ok
[INFO] [stdout] test cpu_test::tests::test_adc_binary ... ok
[INFO] [stdout] test cpu_test::tests::test_anc_sets_carry_from_negative ... ok
[INFO] [stdout] test cpu_test::tests::test_adc_decimal_mode_sets_carry ... ok
[INFO] [stdout] test cpu_test::tests::test_ahx_stores_a_and_x_and_high_plus_one ... ok
[INFO] [stdout] test cpu_test::tests::test_adc_carry ... ok
[INFO] [stdout] test cpu_test::tests::test_arr_updates_carry_and_overflow ... ok
[INFO] [stdout] test cpu_test::tests::test_ahx_page_cross_replaces_high_address_byte_with_stored_value ... ok
[INFO] [stdout] test cpu_test::tests::test_alr_shifts_and_sets_carry ... ok
[INFO] [stdout] test cpu_test::tests::test_nop_zpx_performs_base_and_indexed_dummy_reads ... ok
[INFO] [stdout] test cpu_test::tests::test_sbc_binary ... ok
[INFO] [stdout] test cpu_test::tests::test_axs_stores_result_in_x ... ok
[INFO] [stdout] test cpu_test::tests::test_sbc_decimal_mode ... ok
[INFO] [stdout] test cpu_test::tests::test_branch_cycle_timing_taken_adds_one_not_two ... ok
[INFO] [stdout] test cpu_test::tests::test_brk_pc_offset ... ok
[INFO] [stdout] test cpu_test::tests::test_kil_jams_cpu_until_reset ... ok
[INFO] [stdout] test cpu_test::tests::test_las_loads_a_x_and_sp ... ok
[INFO] [stdout] test cpu_test::tests::test_nop_absx_page_cross_reads_wrong_then_final_address ... ok
[INFO] [stdout] test cpu_test::tests::test_tas_updates_sp_and_stores_masked_value ... ok
[INFO] [stdout] test cpu_test::tests::test_sbc_unofficial_immediate_alias_eb ... ok
[INFO] [stdout] test cpu_test::tests::test_shx_page_cross_replaces_high_address_byte_with_stored_value ... ok
[INFO] [stdout] test cpu_test::tests::test_shx_stores_x_masked_by_high_plus_one ... ok
[INFO] [stdout] test cpu_test::tests::test_xaa_uses_deterministic_magic_constant_model ... ok
[INFO] [stdout] test cpu_test::tests::test_shy_page_cross_replaces_high_address_byte_with_stored_value ... ok
[INFO] [stdout] test cpu_test::tests::test_sbc_decimal_mode_with_borrow ... ok
[INFO] [stdout] test cpu_test::tests::test_shy_stores_y_masked_by_high_plus_one ... ok
[INFO] [stdout] test disk2_test::tests::adjacent_dual_phase_state_lands_on_half_step ... ok
[INFO] [stdout] test cpu_test::tests::test_tas_page_cross_uses_stored_value_as_high_address_byte ... ok
[INFO] [stdout] test disk2_test::tests::only_q6_on_write_loads_latch ... ok
[INFO] [stdout] test disk2_test::tests::read_sequencer_advances_one_bit_every_four_cycles ... ok
[INFO] [stdout] test disk2_test::tests::bitstream_read_mode_can_skip_a_source_bit_when_effective_length_is_shorter ... ok
[INFO] [stdout] test disk2_test::tests::deferred_read_latch_update_waits_one_byte_boundary_before_publish ... ok
[INFO] [stdout] test disk2_test::tests::dropping_to_single_phase_returns_to_even_quarter_track ... ok
[INFO] [stdout] test disk2_test::tests::read_only_geometry_can_stretch_rotation_without_changing_track_length ... ok
[INFO] [stdout] test disk2_test::tests::read_sequencer_keeps_bit_level_state_but_publishes_on_byte_boundary ... ok
[INFO] [stdout] test disk2_test::tests::write_path_commits_latch_while_q7_is_on ... ok
[INFO] [stdout] test disk2_test::tests::write_protect_probe_reads_are_compatible_on_q6_on_and_q7_off ... ok
[INFO] [stdout] test memory_test::tests::language_card_e000_window_is_shared_between_banks ... ok
[INFO] [stdout] test memory_test::tests::language_card_requires_double_read_on_same_canonical_switch_to_enable_writes ... ok
[INFO] [stdout] test memory_test::tests::language_card_can_read_rom_while_writing_ram ... ok
[INFO] [stdout] test disk2_test::tests::seek_to_new_track_resets_read_rotation_phase ... ok
[INFO] [stdout] test memory_test::tests::centered_paddle_pulse_is_unchanged ... ok
[INFO] [stdout] test memory_test::tests::full_deflection_paddle_pulse_reaches_saturation_region ... ok
[INFO] [stdout] test memory_test::tests::kbdstrobe_read_clears_strobe_and_returns_floating_bus ... ok
[INFO] [stdout] test memory_test::tests::paddle_reads_stay_high_until_timeout_after_strobe ... ok
[INFO] [stdout] test memory_test::tests::poke_writes_current_lc_bank_even_when_write_protected ... ok
[INFO] [stdout] test memory_test::tests::language_card_bank1_and_bank2_are_distinct_in_d000_window ... ok
[INFO] [stdout] test memory_test::tests::peek_has_no_side_effects ... ok
[INFO] [stdout] test memory_test::tests::poke_rejects_io_space ... ok
[INFO] [stdout] test memory_test::tests::speaker_toggle_cycle_advances_with_each_bus_access ... ok
[INFO] [stdout] test memory_test::tests::speaker_toggle_handles_mirrored_addresses ... ok
[INFO] [stdout] test memory_test::tests::speaker_toggle_records_bus_cycle ... ok
[INFO] [stdout] test memory_test::tests::pushbutton_reads_set_bit7_when_pressed ... ok
[INFO] [stdout] test memory_test::tests::undriven_io_reads_track_the_floating_bus ... ok
[INFO] [stdout] test video::tests::text_row_addr_selects_page1_or_page2 ... ok
[INFO] [stdout] test nibble_test::tests::dump_track_0 ... FAILED
[INFO] [stdout] 
[INFO] [stdout] failures:
[INFO] [stdout] 
[INFO] [stdout] ---- nibble_test::tests::dump_track_0 stdout ----
[INFO] [stdout] 
[INFO] [stdout] thread 'nibble_test::tests::dump_track_0' (8819) panicked at apple2-core/src/nibble_test.rs:7:61:
[INFO] [stdout] called `Result::unwrap()` on an `Err` value: Os { code: 2, kind: NotFound, message: "No such file or directory" }
[INFO] [stdout] stack backtrace:
[INFO] [stdout]    0:     0x5643637fad61 - std[70759c8f55707aa4]::backtrace_rs::backtrace::libunwind::trace
[INFO] [stdout]                                at /rustc/dfb0accb7f508ae8be965d8629557221c889dd98/library/std/src/../../backtrace/src/backtrace/libunwind.rs:117:9
[INFO] [stdout]    1:     0x5643637fad61 - std[70759c8f55707aa4]::backtrace_rs::backtrace::trace_unsynchronized::<std[70759c8f55707aa4]::sys::backtrace::_print_fmt::{closure#1}>
[INFO] [stdout]                                at /rustc/dfb0accb7f508ae8be965d8629557221c889dd98/library/std/src/../../backtrace/src/backtrace/mod.rs:66:14
[INFO] [stdout]    2:     0x5643637fad61 - std[70759c8f55707aa4]::sys::backtrace::_print_fmt
[INFO] [stdout]                                at /rustc/dfb0accb7f508ae8be965d8629557221c889dd98/library/std/src/sys/backtrace.rs:74:9
[INFO] [stdout]    3:     0x5643637fad61 - <<std[70759c8f55707aa4]::sys::backtrace::BacktraceLock>::print::DisplayBacktrace as core[df12db4294e9bfd3]::fmt::Display>::fmt
[INFO] [stdout]                                at /rustc/dfb0accb7f508ae8be965d8629557221c889dd98/library/std/src/sys/backtrace.rs:44:26
[INFO] [stdout]    4:     0x56436380ef8a - <core[df12db4294e9bfd3]::fmt::rt::Argument>::fmt
[INFO] [stdout]                                at /rustc/dfb0accb7f508ae8be965d8629557221c889dd98/library/core/src/fmt/rt.rs:152:76
[INFO] [stdout]    5:     0x56436380ef8a - core[df12db4294e9bfd3]::fmt::write
[INFO] [stdout]    6:     0x5643637ff1fc - core[df12db4294e9bfd3]::io::write::default_write_fmt::<alloc[2182bb758b4b3781]::vec::Vec<u8>>
[INFO] [stdout]                                at /rustc/dfb0accb7f508ae8be965d8629557221c889dd98/library/core/src/io/write.rs:402:11
[INFO] [stdout]    7:     0x5643637ff1fc - <alloc[2182bb758b4b3781]::vec::Vec<u8> as core[df12db4294e9bfd3]::io::write::Write>::write_fmt
[INFO] [stdout]                                at /rustc/dfb0accb7f508ae8be965d8629557221c889dd98/library/core/src/io/write.rs:335:13
[INFO] [stdout]    8:     0x5643637d7036 - <std[70759c8f55707aa4]::sys::backtrace::BacktraceLock>::print
[INFO] [stdout]                                at /rustc/dfb0accb7f508ae8be965d8629557221c889dd98/library/std/src/sys/backtrace.rs:47:9
[INFO] [stdout]    9:     0x5643637d7036 - std[70759c8f55707aa4]::panicking::default_hook::{closure#0}
[INFO] [stdout]                                at /rustc/dfb0accb7f508ae8be965d8629557221c889dd98/library/std/src/panicking.rs:292:27
[INFO] [stdout]   10:     0x5643637f31a9 - std[70759c8f55707aa4]::panicking::default_hook
[INFO] [stdout]                                at /rustc/dfb0accb7f508ae8be965d8629557221c889dd98/library/std/src/panicking.rs:316:9
[INFO] [stdout]   11:     0x56436378f0e0 - <alloc[2182bb758b4b3781]::boxed::Box<dyn for<'a, 'b> core[df12db4294e9bfd3]::ops::function::Fn<(&'a std[70759c8f55707aa4]::panic::PanicHookInfo<'b>,), Output = ()> + core[df12db4294e9bfd3]::marker::Send + core[df12db4294e9bfd3]::marker::Sync> as core[df12db4294e9bfd3]::ops::function::Fn<(&std[70759c8f55707aa4]::panic::PanicHookInfo,)>>::call
[INFO] [stdout]                                at /rustc/dfb0accb7f508ae8be965d8629557221c889dd98/library/alloc/src/boxed.rs:2334:9
[INFO] [stdout]   12:     0x56436378f0e0 - test[9d35eded1c95d3be]::test_main_inner::<test[9d35eded1c95d3be]::test_main_static::{closure#0}>::{closure#0}
[INFO] [stdout]                                at /rustc/dfb0accb7f508ae8be965d8629557221c889dd98/library/test/src/lib.rs:155:21
[INFO] [stdout]   13:     0x5643637f3362 - <alloc[2182bb758b4b3781]::boxed::Box<dyn for<'a, 'b> core[df12db4294e9bfd3]::ops::function::Fn<(&'a std[70759c8f55707aa4]::panic::PanicHookInfo<'b>,), Output = ()> + core[df12db4294e9bfd3]::marker::Send + core[df12db4294e9bfd3]::marker::Sync> as core[df12db4294e9bfd3]::ops::function::Fn<(&std[70759c8f55707aa4]::panic::PanicHookInfo,)>>::call
[INFO] [stdout]                                at /rustc/dfb0accb7f508ae8be965d8629557221c889dd98/library/alloc/src/boxed.rs:2334:9
[INFO] [stdout]   14:     0x5643637f3362 - std[70759c8f55707aa4]::panicking::panic_with_hook
[INFO] [stdout]                                at /rustc/dfb0accb7f508ae8be965d8629557221c889dd98/library/std/src/panicking.rs:823:13
[INFO] [stdout]   15:     0x5643637d70e2 - std[70759c8f55707aa4]::panicking::panic_handler::{closure#0}
[INFO] [stdout]                                at /rustc/dfb0accb7f508ae8be965d8629557221c889dd98/library/std/src/panicking.rs:688:13
[INFO] [stdout]   16:     0x5643637cfcd9 - std[70759c8f55707aa4]::sys::backtrace::__rust_end_short_backtrace::<std[70759c8f55707aa4]::panicking::panic_handler::{closure#0}, !>
[INFO] [stdout]                                at /rustc/dfb0accb7f508ae8be965d8629557221c889dd98/library/std/src/sys/backtrace.rs:182:18
[INFO] [stdout]   17:     0x5643637d7cdd - __rustc[8fa7c3cbc660c2b3]::rust_begin_unwind
[INFO] [stdout]                                at /rustc/dfb0accb7f508ae8be965d8629557221c889dd98/library/std/src/panicking.rs:679:5
[INFO] [stdout]   18:     0x56436380f73c - core[df12db4294e9bfd3]::panicking::panic_fmt
[INFO] [stdout]                                at /rustc/dfb0accb7f508ae8be965d8629557221c889dd98/library/core/src/panicking.rs:80:14
[INFO] [stdout]   19:     0x56436380f492 - core[df12db4294e9bfd3]::result::unwrap_failed
[INFO] [stdout]                                at /rustc/dfb0accb7f508ae8be965d8629557221c889dd98/library/core/src/result.rs:1871:5
[INFO] [stdout]   20:     0x56436376db17 - <core[df12db4294e9bfd3]::result::Result<alloc[2182bb758b4b3781]::vec::Vec<u8>, core[df12db4294e9bfd3]::io::error::Error>>::unwrap
[INFO] [stdout]                                at /rustc/dfb0accb7f508ae8be965d8629557221c889dd98/library/core/src/result.rs:1232:23
[INFO] [stdout]   21:     0x56436376db17 - apple2_core[159d5b47c6d26df5]::nibble_test::tests::dump_track_0
[INFO] [stdout]                                at /opt/rustwide/workdir/apple2-core/src/nibble_test.rs:7:61
[INFO] [stdout]   22:     0x56436376b477 - apple2_core[159d5b47c6d26df5]::nibble_test::tests::dump_track_0::{closure#0}
[INFO] [stdout]                                at /opt/rustwide/workdir/apple2-core/src/nibble_test.rs:6:22
[INFO] [stdout]   23:     0x564363771916 - <apple2_core[159d5b47c6d26df5]::nibble_test::tests::dump_track_0::{closure#0} as core[df12db4294e9bfd3]::ops::function::FnOnce<()>>::call_once
[INFO] [stdout]                                at /rustc/dfb0accb7f508ae8be965d8629557221c889dd98/library/core/src/ops/function.rs:250:5
[INFO] [stdout]   24:     0x5643637823cb - <fn() -> core[df12db4294e9bfd3]::result::Result<(), alloc[2182bb758b4b3781]::string::String> as core[df12db4294e9bfd3]::ops::function::FnOnce<()>>::call_once
[INFO] [stdout]                                at /rustc/dfb0accb7f508ae8be965d8629557221c889dd98/library/core/src/ops/function.rs:250:5
[INFO] [stdout]   25:     0x5643637823cb - test[9d35eded1c95d3be]::__rust_begin_short_backtrace::<core[df12db4294e9bfd3]::result::Result<(), alloc[2182bb758b4b3781]::string::String>, fn() -> core[df12db4294e9bfd3]::result::Result<(), alloc[2182bb758b4b3781]::string::String>>
[INFO] [stdout]                                at /rustc/dfb0accb7f508ae8be965d8629557221c889dd98/library/test/src/lib.rs:733:18
[INFO] [stdout]   26:     0x56436378fa35 - test[9d35eded1c95d3be]::run_test_in_process::{closure#0}
[INFO] [stdout]                                at /rustc/dfb0accb7f508ae8be965d8629557221c889dd98/library/test/src/lib.rs:756:74
[INFO] [stdout]   27:     0x56436378fa35 - <core[df12db4294e9bfd3]::panic::unwind_safe::AssertUnwindSafe<test[9d35eded1c95d3be]::run_test_in_process::{closure#0}> as core[df12db4294e9bfd3]::ops::function::FnOnce<()>>::call_once
[INFO] [stdout]                                at /rustc/dfb0accb7f508ae8be965d8629557221c889dd98/library/core/src/panic/unwind_safe.rs:275:9
[INFO] [stdout]   28:     0x56436378fa35 - std[70759c8f55707aa4]::panicking::catch_unwind::do_call::<core[df12db4294e9bfd3]::panic::unwind_safe::AssertUnwindSafe<test[9d35eded1c95d3be]::run_test_in_process::{closure#0}>, core[df12db4294e9bfd3]::result::Result<(), alloc[2182bb758b4b3781]::string::String>>
[INFO] [stdout]                                at /rustc/dfb0accb7f508ae8be965d8629557221c889dd98/library/std/src/panicking.rs:576:43
[INFO] [stdout]   29:     0x56436378fa35 - std[70759c8f55707aa4]::panicking::catch_unwind::<core[df12db4294e9bfd3]::result::Result<(), alloc[2182bb758b4b3781]::string::String>, core[df12db4294e9bfd3]::panic::unwind_safe::AssertUnwindSafe<test[9d35eded1c95d3be]::run_test_in_process::{closure#0}>>
[INFO] [stdout]                                at /rustc/dfb0accb7f508ae8be965d8629557221c889dd98/library/std/src/panicking.rs:544:19
[INFO] [stdout]   30:     0x56436378fa35 - std[70759c8f55707aa4]::panic::catch_unwind::<core[df12db4294e9bfd3]::panic::unwind_safe::AssertUnwindSafe<test[9d35eded1c95d3be]::run_test_in_process::{closure#0}>, core[df12db4294e9bfd3]::result::Result<(), alloc[2182bb758b4b3781]::string::String>>
[INFO] [stdout]                                at /rustc/dfb0accb7f508ae8be965d8629557221c889dd98/library/std/src/panic.rs:359:14
[INFO] [stdout]   31:     0x56436378fa35 - test[9d35eded1c95d3be]::run_test_in_process
[INFO] [stdout]                                at /rustc/dfb0accb7f508ae8be965d8629557221c889dd98/library/test/src/lib.rs:756:27
[INFO] [stdout]   32:     0x56436378fa35 - test[9d35eded1c95d3be]::run_test::{closure#0}
[INFO] [stdout]                                at /rustc/dfb0accb7f508ae8be965d8629557221c889dd98/library/test/src/lib.rs:677:43
[INFO] [stdout]   33:     0x5643637892f4 - test[9d35eded1c95d3be]::run_test::{closure#1}
[INFO] [stdout]                                at /rustc/dfb0accb7f508ae8be965d8629557221c889dd98/library/test/src/lib.rs:707:41
[INFO] [stdout]   34:     0x5643637892f4 - std[70759c8f55707aa4]::sys::backtrace::__rust_begin_short_backtrace::<test[9d35eded1c95d3be]::run_test::{closure#1}, ()>
[INFO] [stdout]                                at /rustc/dfb0accb7f508ae8be965d8629557221c889dd98/library/std/src/sys/backtrace.rs:166:18
[INFO] [stdout]   35:     0x564363792b92 - std[70759c8f55707aa4]::thread::lifecycle::spawn_unchecked::<test[9d35eded1c95d3be]::run_test::{closure#1}, ()>::{closure#1}::{closure#0}
[INFO] [stdout]                                at /rustc/dfb0accb7f508ae8be965d8629557221c889dd98/library/std/src/thread/lifecycle.rs:70:13
[INFO] [stdout]   36:     0x564363792b92 - <core[df12db4294e9bfd3]::panic::unwind_safe::AssertUnwindSafe<std[70759c8f55707aa4]::thread::lifecycle::spawn_unchecked<test[9d35eded1c95d3be]::run_test::{closure#1}, ()>::{closure#1}::{closure#0}> as core[df12db4294e9bfd3]::ops::function::FnOnce<()>>::call_once
[INFO] [stdout]                                at /rustc/dfb0accb7f508ae8be965d8629557221c889dd98/library/core/src/panic/unwind_safe.rs:275:9
[INFO] [stdout]   37:     0x564363792b92 - std[70759c8f55707aa4]::panicking::catch_unwind::do_call::<core[df12db4294e9bfd3]::panic::unwind_safe::AssertUnwindSafe<std[70759c8f55707aa4]::thread::lifecycle::spawn_unchecked<test[9d35eded1c95d3be]::run_test::{closure#1}, ()>::{closure#1}::{closure#0}>, ()>
[INFO] [stdout]                                at /rustc/dfb0accb7f508ae8be965d8629557221c889dd98/library/std/src/panicking.rs:576:43
[INFO] [stdout]   38:     0x564363792b92 - std[70759c8f55707aa4]::panicking::catch_unwind::<(), core[df12db4294e9bfd3]::panic::unwind_safe::AssertUnwindSafe<std[70759c8f55707aa4]::thread::lifecycle::spawn_unchecked<test[9d35eded1c95d3be]::run_test::{closure#1}, ()>::{closure#1}::{closure#0}>>
[INFO] [stdout]                                at /rustc/dfb0accb7f508ae8be965d8629557221c889dd98/library/std/src/panicking.rs:544:19
[INFO] [stdout]   39:     0x564363792b92 - std[70759c8f55707aa4]::panic::catch_unwind::<core[df12db4294e9bfd3]::panic::unwind_safe::AssertUnwindSafe<std[70759c8f55707aa4]::thread::lifecycle::spawn_unchecked<test[9d35eded1c95d3be]::run_test::{closure#1}, ()>::{closure#1}::{closure#0}>, ()>
[INFO] [stdout]                                at /rustc/dfb0accb7f508ae8be965d8629557221c889dd98/library/std/src/panic.rs:359:14
[INFO] [stdout]   40:     0x564363792b92 - std[70759c8f55707aa4]::thread::lifecycle::spawn_unchecked::<test[9d35eded1c95d3be]::run_test::{closure#1}, ()>::{closure#1}
[INFO] [stdout]                                at /rustc/dfb0accb7f508ae8be965d8629557221c889dd98/library/std/src/thread/lifecycle.rs:68:26
[INFO] [stdout]   41:     0x564363792b92 - <std[70759c8f55707aa4]::thread::lifecycle::spawn_unchecked<test[9d35eded1c95d3be]::run_test::{closure#1}, ()>::{closure#1} as core[df12db4294e9bfd3]::ops::function::FnOnce<()>>::call_once::{shim:vtable#0}
[INFO] [stdout]                                at /rustc/dfb0accb7f508ae8be965d8629557221c889dd98/library/core/src/ops/function.rs:250:5
[INFO] [stdout]   42:     0x5643637fa319 - <alloc[2182bb758b4b3781]::boxed::Box<dyn core[df12db4294e9bfd3]::ops::function::FnOnce<(), Output = ()> + core[df12db4294e9bfd3]::marker::Send> as core[df12db4294e9bfd3]::ops::function::FnOnce<()>>::call_once
[INFO] [stdout]                                at /rustc/dfb0accb7f508ae8be965d8629557221c889dd98/library/alloc/src/boxed.rs:2320:9
[INFO] [stdout]   43:     0x5643637fa319 - <std[70759c8f55707aa4]::sys::thread::unix::Thread>::new::thread_start
[INFO] [stdout]                                at /rustc/dfb0accb7f508ae8be965d8629557221c889dd98/library/std/src/sys/thread/unix.rs:123:17
[INFO] [stdout]   44:     0x7f2318e0edfa - <unknown>
[INFO] [stdout]   45:     0x7f2318ea23d4 - clone
[INFO] [stdout]   46:                0x0 - <unknown>
[INFO] [stdout] 
[INFO] [stdout] 
[INFO] [stdout] failures:
[INFO] [stdout]     nibble_test::tests::dump_track_0
[INFO] [stdout] 
[INFO] [stdout] test result: FAILED. 55 passed; 1 failed; 0 ignored; 0 measured; 0 filtered out; finished in 0.14s
[INFO] [stdout] 
[INFO] [stderr] error: test failed, to rerun pass `-p apple2-core --lib`
[INFO] running `Command { std: "docker" "inspect" "d7ad47a186601402c7c6bc7c3290bbfc048926b1057a9cfdd6d1ee4451360f67", kill_on_drop: false }`
[INFO] running `Command { std: "docker" "rm" "-f" "d7ad47a186601402c7c6bc7c3290bbfc048926b1057a9cfdd6d1ee4451360f67", kill_on_drop: false }`
[INFO] [stdout] d7ad47a186601402c7c6bc7c3290bbfc048926b1057a9cfdd6d1ee4451360f67
