[INFO] cloning repository https://github.com/jychen7/datafusion-bigtable
[INFO] running `Command { std: "git" "-c" "credential.helper=" "-c" "credential.helper=/workspace/cargo-home/bin/git-credential-null" "clone" "--bare" "https://github.com/jychen7/datafusion-bigtable" "/workspace/cache/git-repos/https%3A%2F%2Fgithub.com%2Fjychen7%2Fdatafusion-bigtable", kill_on_drop: false }`
[INFO] [stderr] Cloning into bare repository '/workspace/cache/git-repos/https%3A%2F%2Fgithub.com%2Fjychen7%2Fdatafusion-bigtable'...
[INFO] running `Command { std: "git" "rev-parse" "HEAD", kill_on_drop: false }`
[INFO] [stdout] fe1708ed6c1ce2c6573bcac9539b10bf37a06ddd
[INFO] testing jychen7/datafusion-bigtable against 1.99.0-beta.8 for beta-1.100-3
[INFO] running `Command { std: "git" "clone" "/workspace/cache/git-repos/https%3A%2F%2Fgithub.com%2Fjychen7%2Fdatafusion-bigtable" "/workspace/builds/worker-2-tc1/source", kill_on_drop: false }`
[INFO] [stderr] Cloning into '/workspace/builds/worker-2-tc1/source'...
[INFO] [stderr] done.
[INFO] started tweaking git repo https://github.com/jychen7/datafusion-bigtable
[INFO] finished tweaking git repo https://github.com/jychen7/datafusion-bigtable
[INFO] tweaked toml for git repo https://github.com/jychen7/datafusion-bigtable written to /workspace/builds/worker-2-tc1/source/Cargo.toml
[INFO] validating manifest of git repo https://github.com/jychen7/datafusion-bigtable on toolchain 1.99.0-beta.8
[INFO] running `Command { std: CARGO_HOME="/workspace/cargo-home" RUSTUP_HOME="/workspace/rustup-home" "/workspace/cargo-home/bin/cargo" "+1.99.0-beta.8" "metadata" "--manifest-path" "Cargo.toml" "--no-deps", kill_on_drop: false }`
[INFO] crate git repo https://github.com/jychen7/datafusion-bigtable already has a lockfile, it will not be regenerated
[INFO] running `Command { std: CARGO_HOME="/workspace/cargo-home" RUSTUP_HOME="/workspace/rustup-home" "/workspace/cargo-home/bin/cargo" "+1.99.0-beta.8" "fetch" "--manifest-path" "Cargo.toml", kill_on_drop: false }`
[INFO] [stderr]     Updating crates.io index
[INFO] [stderr]  Downloading crates ...
[INFO] [stderr]   Downloaded tokio-macros v1.7.0
[INFO] [stderr]   Downloaded alloc-stdlib v0.2.1
[INFO] [stderr]   Downloaded lz4 v1.23.2
[INFO] [stderr]   Downloaded multiversion v0.6.1
[INFO] [stderr]   Downloaded lexical-core v0.8.2
[INFO] [stderr]   Downloaded ordered-float v2.10.0
[INFO] [stderr]   Downloaded quote v1.0.15
[INFO] [stderr]   Downloaded thrift v0.13.0
[INFO] [stderr]   Downloaded integer-encoding v1.1.7
[INFO] [stderr]   Downloaded alloc-no-stdlib v2.0.3
[INFO] [stderr]   Downloaded multiversion-macros v0.6.1
[INFO] [stderr]   Downloaded datafusion-expr v7.0.0
[INFO] [stderr]   Downloaded arrayref v0.3.6
[INFO] [stderr]   Downloaded which v4.2.4
[INFO] [stderr]   Downloaded datafusion-common v7.0.0
[INFO] [stderr]   Downloaded fixedbitset v0.2.0
[INFO] [stderr]   Downloaded lock_api v0.4.6
[INFO] [stderr]   Downloaded num v0.4.0
[INFO] [stderr]   Downloaded num-rational v0.4.0
[INFO] [stderr]   Downloaded tonic-build v0.5.2
[INFO] [stderr]   Downloaded tokio-io-timeout v1.2.0
[INFO] [stderr]   Downloaded serde_derive v1.0.136
[INFO] [stderr]   Downloaded flatbuffers v2.0.0
[INFO] [stderr]   Downloaded prost-types v0.8.0
[INFO] [stderr]   Downloaded tower-layer v0.3.1
[INFO] [stderr]   Downloaded wasm-bindgen-macro-support v0.2.79
[INFO] [stderr]   Downloaded parking_lot v0.12.0
[INFO] [stderr]   Downloaded parking_lot_core v0.9.1
[INFO] [stderr]   Downloaded prost-derive v0.8.0
[INFO] [stderr]   Downloaded paste v1.0.6
[INFO] [stderr]   Downloaded lexical-parse-integer v0.8.0
[INFO] [stderr]   Downloaded wasm-bindgen-macro v0.2.79
[INFO] [stderr]   Downloaded wasm-bindgen-shared v0.2.79
[INFO] [stderr]   Downloaded http-body v0.4.4
[INFO] [stderr]   Downloaded smpl_jwt v0.6.1
[INFO] [stderr]   Downloaded num-complex v0.4.0
[INFO] [stderr]   Downloaded half v1.8.2
[INFO] [stderr]   Downloaded wasm-bindgen-backend v0.2.79
[INFO] [stderr]   Downloaded syn v1.0.86
[INFO] [stderr]   Downloaded tokio-stream v0.1.8
[INFO] [stderr]   Downloaded sqlparser v0.14.0
[INFO] [stderr]   Downloaded snap v1.0.5
[INFO] [stderr]   Downloaded parquet-format v4.0.0
[INFO] [stderr]   Downloaded comfy-table v5.0.1
[INFO] [stderr]   Downloaded blake2 v0.10.4
[INFO] [stderr]   Downloaded bigtable_rs v0.1.5
[INFO] [stderr]   Downloaded prost v0.8.0
[INFO] [stderr]   Downloaded anyhow v1.0.55
[INFO] [stderr]   Downloaded tracing-attributes v0.1.19
[INFO] [stderr]   Downloaded httparse v1.6.0
[INFO] [stderr]   Downloaded getrandom v0.2.4
[INFO] [stderr]   Downloaded serde v1.0.136
[INFO] [stderr]   Downloaded lexical-write-integer v0.8.0
[INFO] [stderr]   Downloaded tracing v0.1.31
[INFO] [stderr]   Downloaded tracing-core v0.1.22
[INFO] [stderr]   Downloaded wasm-bindgen-futures v0.4.29
[INFO] [stderr]   Downloaded mio v0.8.0
[INFO] [stderr]   Downloaded lexical-util v0.8.1
[INFO] [stderr]   Downloaded lexical-write-float v0.8.2
[INFO] [stderr]   Downloaded hashbrown v0.12.0
[INFO] [stderr]   Downloaded tokio-util v0.7.0
[INFO] [stderr]   Downloaded tokio-util v0.6.9
[INFO] [stderr]   Downloaded js-sys v0.3.56
[INFO] [stderr]   Downloaded goauth v0.9.0
[INFO] [stderr]   Downloaded native-tls v0.2.8
[INFO] [stderr]   Downloaded tonic v0.5.2
[INFO] [stderr]   Downloaded tower v0.4.12
[INFO] [stderr]   Downloaded openssl-sys v0.9.72
[INFO] [stderr]   Downloaded serde_json v1.0.79
[INFO] [stderr]   Downloaded blake3 v1.3.1
[INFO] [stderr]   Downloaded petgraph v0.5.1
[INFO] [stderr]   Downloaded lexical-parse-float v0.8.2
[INFO] [stderr]   Downloaded hyper v0.14.17
[INFO] [stderr]   Downloaded h2 v0.3.11
[INFO] [stderr]   Downloaded brotli-decompressor v2.3.2
[INFO] [stderr]   Downloaded wasm-bindgen v0.2.79
[INFO] [stderr]   Downloaded security-framework v2.6.1
[INFO] [stderr]   Downloaded reqwest v0.11.9
[INFO] [stderr]   Downloaded openssl v0.10.38
[INFO] [stderr]   Downloaded parquet v9.0.2
[INFO] [stderr]   Downloaded lz4-sys v1.9.2
[INFO] [stderr]   Downloaded arrow v9.0.2
[INFO] [stderr]   Downloaded datafusion v7.0.0
[INFO] [stderr]   Downloaded tokio v1.17.0
[INFO] [stderr]   Downloaded libc v0.2.119
[INFO] [stderr]   Downloaded windows_x86_64_msvc v0.32.0
[INFO] [stderr]   Downloaded windows_aarch64_msvc v0.32.0
[INFO] [stderr]   Downloaded web-sys v0.3.56
[INFO] [stderr]   Downloaded windows_x86_64_gnu v0.32.0
[INFO] [stderr]   Downloaded windows_i686_msvc v0.32.0
[INFO] [stderr]   Downloaded windows_i686_gnu v0.32.0
[INFO] [stderr]   Downloaded csv v1.1.6
[INFO] [stderr]   Downloaded brotli v3.3.3
[INFO] [stderr]   Downloaded windows-sys v0.32.0
[INFO] [stderr]   Downloaded prost-build v0.8.0
[INFO] running `Command { std: "docker" "create" "-v" "/var/lib/crater-agent-workspace/builds/worker-2-tc1/source:/opt/rustwide/workdir:ro,Z" "-v" "/var/lib/crater-agent-workspace/builds/worker-2-tc1/target:/opt/rustwide/target:rw,Z" "-v" "/var/lib/crater-agent-workspace/cargo-home:/opt/rustwide/cargo-home:ro,Z" "-v" "/var/lib/crater-agent-workspace/rustup-home:/opt/rustwide/rustup-home:ro,Z" "-m" "1610612736" "--network" "none" "ghcr.io/rust-lang/crates-build-env/linux@sha256:77db811e55d90add9212f6832c23229e3de5f1c1f9905e8cb07319ea15df73ac" "sleep" "infinity", kill_on_drop: false }`
[INFO] [stdout] cbf88bfdb6f554f8a62960a2a9e7afa9140125daa8198a087e1360c436839467
[INFO] running `Command { std: "docker" "start" "cbf88bfdb6f554f8a62960a2a9e7afa9140125daa8198a087e1360c436839467", kill_on_drop: false }`
[INFO] running `Command { std: "docker" "inspect" "cbf88bfdb6f554f8a62960a2a9e7afa9140125daa8198a087e1360c436839467", kill_on_drop: false }`
[INFO] running `Command { std: "docker" "exec" "-e" "SOURCE_DIR=/opt/rustwide/workdir" "-e" "CARGO_HOME=/opt/rustwide/cargo-home" "-e" "RUSTUP_HOME=/opt/rustwide/rustup-home" "-e" "CARGO_TARGET_DIR=/opt/rustwide/target" "-w" "/opt/rustwide/workdir" "--user" "0:0" "cbf88bfdb6f554f8a62960a2a9e7afa9140125daa8198a087e1360c436839467" "/opt/rustwide/cargo-home/bin/cargo" "+1.99.0-beta.8" "metadata" "--no-deps" "--format-version=1", kill_on_drop: false }`
[INFO] running `Command { std: "docker" "inspect" "cbf88bfdb6f554f8a62960a2a9e7afa9140125daa8198a087e1360c436839467", kill_on_drop: false }`
[INFO] running `Command { std: "docker" "exec" "-e" "SOURCE_DIR=/opt/rustwide/workdir" "-e" "CARGO_HOME=/opt/rustwide/cargo-home" "-e" "RUSTUP_HOME=/opt/rustwide/rustup-home" "-e" "CARGO_TARGET_DIR=/opt/rustwide/target" "-e" "CARGO_INCREMENTAL=0" "-e" "RUST_BACKTRACE=full" "-e" "RUSTFLAGS=--cap-lints=warn" "-e" "RUSTDOCFLAGS=--cap-lints=warn" "-w" "/opt/rustwide/workdir" "--user" "0:0" "cbf88bfdb6f554f8a62960a2a9e7afa9140125daa8198a087e1360c436839467" "/opt/rustwide/cargo-home/bin/cargo" "+1.99.0-beta.8" "build" "--frozen" "--message-format=json", kill_on_drop: false }`
[INFO] [stderr]    Compiling libc v0.2.119
[INFO] [stderr]    Compiling syn v1.0.86
[INFO] [stderr]    Compiling log v0.4.14
[INFO] [stderr]    Compiling smallvec v1.8.0
[INFO] [stderr]    Compiling hashbrown v0.11.2
[INFO] [stderr]    Compiling quote v1.0.15
[INFO] [stderr]    Compiling parking_lot_core v0.9.1
[INFO] [stderr]    Compiling lazy_static v1.4.0
[INFO] [stderr]    Compiling lock_api v0.4.6
[INFO] [stderr]    Compiling num-traits v0.2.14
[INFO] [stderr]    Compiling indexmap v1.8.0
[INFO] [stderr]    Compiling either v1.6.1
[INFO] [stderr]    Compiling serde v1.0.136
[INFO] [stderr]    Compiling anyhow v1.0.55
[INFO] [stderr]    Compiling unicode-segmentation v1.9.0
[INFO] [stderr]    Compiling num-integer v0.1.44
[INFO] [stderr]    Compiling itertools v0.10.3
[INFO] [stderr]    Compiling jobserver v0.1.24
[INFO] [stderr]    Compiling num_cpus v1.13.1
[INFO] [stderr]    Compiling mio v0.8.0
[INFO] [stderr]    Compiling cc v1.0.73
[INFO] [stderr]    Compiling parking_lot v0.12.0
[INFO] [stderr]    Compiling socket2 v0.4.4
[INFO] [stderr]    Compiling getrandom v0.2.4
[INFO] [stderr]    Compiling heck v0.3.3
[INFO] [stderr]    Compiling tracing-core v0.1.22
[INFO] [stderr]    Compiling serde_json v1.0.79
[INFO] [stderr]    Compiling lexical-util v0.8.1
[INFO] [stderr]    Compiling rand_core v0.6.3
[INFO] [stderr]    Compiling openssl-sys v0.9.72
[INFO] [stderr]    Compiling serde_derive v1.0.136
[INFO] [stderr]    Compiling rand_chacha v0.3.1
[INFO] [stderr]    Compiling http v0.2.6
[INFO] [stderr]    Compiling zstd-sys v1.6.3+zstd.1.5.2
[INFO] [stderr]    Compiling num-bigint v0.4.3
[INFO] [stderr]    Compiling openssl v0.10.38
[INFO] [stderr]    Compiling rustversion v1.0.6
[INFO] [stderr]    Compiling foreign-types-shared v0.1.1
[INFO] [stderr]    Compiling httparse v1.6.0
[INFO] [stderr]    Compiling foreign-types v0.3.2
[INFO] [stderr]    Compiling rand v0.8.5
[INFO] [stderr]    Compiling ring v0.16.20
[INFO] [stderr]    Compiling standback v0.2.17
[INFO] [stderr]    Compiling num-rational v0.4.0
[INFO] [stderr]    Compiling num-iter v0.1.42
[INFO] [stderr]    Compiling tower-service v0.3.1
[INFO] [stderr]    Compiling want v0.3.0
[INFO] [stderr]    Compiling lexical-parse-integer v0.8.0
[INFO] [stderr]    Compiling lexical-write-integer v0.8.0
[INFO] [stderr]    Compiling lz4-sys v1.9.2
[INFO] [stderr]    Compiling which v4.2.4
[INFO] [stderr]    Compiling miniz_oxide v0.4.4
[INFO] [stderr]    Compiling native-tls v0.2.8
[INFO] [stderr]    Compiling regex-automata v0.1.10
[INFO] [stderr]    Compiling crc32fast v1.3.2
[INFO] [stderr]    Compiling alloc-no-stdlib v2.0.3
[INFO] [stderr]    Compiling zstd-safe v4.1.4+zstd.1.5.2
[INFO] [stderr]    Compiling bytes v1.1.0
[INFO] [stderr]    Compiling tempfile v3.3.0
[INFO] [stderr]    Compiling alloc-stdlib v0.2.1
[INFO] [stderr]    Compiling http-body v0.4.4
[INFO] [stderr]    Compiling bstr v0.2.17
[INFO] [stderr]    Compiling prost-build v0.8.0
[INFO] [stderr]    Compiling lexical-write-float v0.8.2
[INFO] [stderr]    Compiling lexical-parse-float v0.8.2
[INFO] [stderr]    Compiling crypto-common v0.1.3
[INFO] [stderr]    Compiling num-complex v0.4.0
[INFO] [stderr]    Compiling ordered-float v1.1.1
[INFO] [stderr]    Compiling threadpool v1.8.1
[INFO] [stderr]    Compiling csv-core v0.1.10
[INFO] [stderr]    Compiling unicode-width v0.1.9
[INFO] [stderr]    Compiling fixedbitset v0.2.0
[INFO] [stderr]    Compiling strum v0.23.0
[INFO] [stderr]    Compiling integer-encoding v1.1.7
[INFO] [stderr]    Compiling snap v1.0.5
[INFO] [stderr]    Compiling openssl-probe v0.1.5
[INFO] [stderr]    Compiling petgraph v0.5.1
[INFO] [stderr]    Compiling thrift v0.13.0
[INFO] [stderr]    Compiling csv v1.1.6
[INFO] [stderr]    Compiling digest v0.10.3
[INFO] [stderr]    Compiling num v0.4.0
[INFO] [stderr]    Compiling lexical-core v0.8.2
[INFO] [stderr]    Compiling brotli-decompressor v2.3.2
[INFO] [stderr]    Compiling chrono v0.4.19
[INFO] [stderr]    Compiling ahash v0.7.6
[INFO] [stderr]    Compiling time v0.2.27
[INFO] [stderr]    Compiling multimap v0.8.3
[INFO] [stderr]    Compiling parquet v9.0.2
[INFO] [stderr]    Compiling half v1.8.2
[INFO] [stderr]    Compiling flate2 v1.0.22
[INFO] [stderr]    Compiling parquet-format v4.0.0
[INFO] [stderr]    Compiling tokio-macros v1.7.0
[INFO] [stderr]    Compiling futures-macro v0.3.21
[INFO] [stderr]    Compiling tracing-attributes v0.1.19
[INFO] [stderr]    Compiling prost-derive v0.8.0
[INFO] [stderr]    Compiling tokio v1.17.0
[INFO] [stderr]    Compiling futures-util v0.3.21
[INFO] [stderr]    Compiling thiserror-impl v1.0.30
[INFO] [stderr]    Compiling tracing v0.1.31
[INFO] [stderr]    Compiling multiversion-macros v0.6.1
[INFO] [stderr]    Compiling prost v0.8.0
[INFO] [stderr]    Compiling strum_macros v0.23.1
[INFO] [stderr]    Compiling prost-types v0.8.0
[INFO] [stderr]    Compiling thiserror v1.0.30
[INFO] [stderr]    Compiling flatbuffers v2.0.0
[INFO] [stderr]    Compiling pin-project-internal v1.0.10
[INFO] [stderr]    Compiling multiversion v0.6.1
[INFO] [stderr]    Compiling time-macros-impl v0.1.2
[INFO] [stderr]    Compiling time-macros v0.1.1
[INFO] [stderr]    Compiling brotli v3.3.3
[INFO] [stderr]    Compiling comfy-table v5.0.1
[INFO] [stderr]    Compiling pin-project v1.0.10
[INFO] [stderr]    Compiling sct v0.6.1
[INFO] [stderr]    Compiling futures-executor v0.3.21
[INFO] [stderr]    Compiling webpki v0.21.4
[INFO] [stderr]    Compiling futures v0.3.21
[INFO] [stderr]    Compiling tonic-build v0.5.2
[INFO] [stderr]    Compiling rustls v0.19.1
[INFO] [stderr]    Compiling async-trait v0.1.52
[INFO] [stderr]    Compiling tokio-util v0.6.9
[INFO] [stderr]    Compiling arrow v9.0.2
[INFO] [stderr]    Compiling h2 v0.3.11
[INFO] [stderr]    Compiling tokio-native-tls v0.3.0
[INFO] [stderr]    Compiling tokio-io-timeout v1.2.0
[INFO] [stderr]    Compiling tokio-util v0.7.0
[INFO] [stderr]    Compiling tokio-stream v0.1.8
[INFO] [stderr]    Compiling async-stream-impl v0.3.2
[INFO] [stderr]    Compiling serde_urlencoded v0.7.1
[INFO] [stderr]    Compiling blake3 v1.3.1
[INFO] [stderr]    Compiling ordered-float v2.10.0
[INFO] [stderr]    Compiling sqlparser v0.14.0
[INFO] [stderr]    Compiling ipnet v2.3.1
[INFO] [stderr]    Compiling simpl v0.1.0
[INFO] [stderr]    Compiling tower-layer v0.3.1
[INFO] [stderr]    Compiling tower v0.4.12
[INFO] [stderr]    Compiling smpl_jwt v0.6.1
[INFO] [stderr]    Compiling tokio-rustls v0.22.0
[INFO] [stderr]    Compiling async-stream v0.3.2
[INFO] [stderr]    Compiling bigtable_rs v0.1.5
[INFO] [stderr]    Compiling tracing-futures v0.2.5
[INFO] [stderr]    Compiling arc-swap v1.5.0
[INFO] [stderr]    Compiling arrayref v0.3.6
[INFO] [stderr]    Compiling constant_time_eq v0.1.5
[INFO] [stderr]    Compiling sha2 v0.10.2
[INFO] [stderr]    Compiling hashbrown v0.12.0
[INFO] [stderr]    Compiling blake2 v0.10.4
[INFO] [stderr]    Compiling md-5 v0.10.1
[INFO] [stderr]    Compiling paste v1.0.6
[INFO] [stderr]    Compiling byteorder v0.5.3
[INFO] [stderr]    Compiling hyper v0.14.17
[INFO] [stderr]    Compiling lz4 v1.23.2
[INFO] [stderr]    Compiling hyper-tls v0.5.0
[INFO] [stderr]    Compiling hyper-timeout v0.4.1
[INFO] [stderr]    Compiling reqwest v0.11.9
[INFO] [stderr]    Compiling tonic v0.5.2
[INFO] [stderr]    Compiling goauth v0.9.0
[INFO] [stderr]    Compiling zstd v0.10.0+zstd.1.5.2
[INFO] [stderr]    Compiling datafusion-common v7.0.0
[INFO] [stderr]    Compiling datafusion-expr v7.0.0
[INFO] [stderr]    Compiling datafusion v7.0.0
[INFO] [stderr]    Compiling datafusion-bigtable v0.1.0 (/opt/rustwide/workdir)
[INFO] [stderr]     Finished `dev` profile [unoptimized + debuginfo] target(s) in 4m 37s
[INFO] [stderr] warning: the following packages contain code that will be rejected by a future version of Rust: datafusion v7.0.0
[INFO] [stderr] note: to see what the problems were, use the option `--future-incompat-report`, or run `cargo report future-incompatibilities --id 4`
[INFO] running `Command { std: "docker" "inspect" "cbf88bfdb6f554f8a62960a2a9e7afa9140125daa8198a087e1360c436839467", kill_on_drop: false }`
[INFO] running `Command { std: "docker" "exec" "-e" "SOURCE_DIR=/opt/rustwide/workdir" "-e" "CARGO_HOME=/opt/rustwide/cargo-home" "-e" "RUSTUP_HOME=/opt/rustwide/rustup-home" "-e" "CARGO_TARGET_DIR=/opt/rustwide/target" "-e" "CARGO_INCREMENTAL=0" "-e" "RUST_BACKTRACE=full" "-e" "RUSTFLAGS=--cap-lints=warn" "-e" "RUSTDOCFLAGS=--cap-lints=warn" "-w" "/opt/rustwide/workdir" "--user" "0:0" "cbf88bfdb6f554f8a62960a2a9e7afa9140125daa8198a087e1360c436839467" "/opt/rustwide/cargo-home/bin/cargo" "+1.99.0-beta.8" "test" "--frozen" "--no-run" "--message-format=json", kill_on_drop: false }`
[INFO] [stderr]    Compiling datafusion-bigtable v0.1.0 (/opt/rustwide/workdir)
[INFO] [stderr]     Finished `test` profile [unoptimized + debuginfo] target(s) in 8.37s
[INFO] [stderr] warning: the following packages contain code that will be rejected by a future version of Rust: datafusion v7.0.0
[INFO] [stderr] note: to see what the problems were, use the option `--future-incompat-report`, or run `cargo report future-incompatibilities --id 4`
[INFO] running `Command { std: "docker" "inspect" "cbf88bfdb6f554f8a62960a2a9e7afa9140125daa8198a087e1360c436839467", kill_on_drop: false }`
[INFO] running `Command { std: "docker" "exec" "-e" "SOURCE_DIR=/opt/rustwide/workdir" "-e" "CARGO_HOME=/opt/rustwide/cargo-home" "-e" "RUSTUP_HOME=/opt/rustwide/rustup-home" "-e" "CARGO_TARGET_DIR=/opt/rustwide/target" "-e" "CARGO_INCREMENTAL=0" "-e" "RUST_BACKTRACE=full" "-e" "RUSTFLAGS=--cap-lints=warn" "-e" "RUSTDOCFLAGS=--cap-lints=warn" "-w" "/opt/rustwide/workdir" "--user" "0:0" "cbf88bfdb6f554f8a62960a2a9e7afa9140125daa8198a087e1360c436839467" "/opt/rustwide/cargo-home/bin/cargo" "+1.99.0-beta.8" "test" "--frozen", kill_on_drop: false }`
[INFO] [stderr]     Finished `test` profile [unoptimized + debuginfo] target(s) in 0.47s
[INFO] [stderr] warning: the following packages contain code that will be rejected by a future version of Rust: datafusion v7.0.0
[INFO] [stderr] note: to see what the problems were, use the option `--future-incompat-report`, or run `cargo report future-incompatibilities --id 4`
[INFO] [stderr]      Running unittests src/lib.rs (/opt/rustwide/target/debug/deps/datafusion_bigtable-9a5f59082236cd98)
[INFO] [stdout] 
[INFO] [stdout] running 1 test
[INFO] [stdout] test datasource::tests::test_sql_query ... FAILED
[INFO] [stdout] 
[INFO] [stdout] failures:
[INFO] [stdout] 
[INFO] [stdout] ---- datasource::tests::test_sql_query stdout ----
[INFO] [stdout] 
[INFO] [stdout] thread 'datasource::tests::test_sql_query' (3007) panicked at src/datasource.rs:424:10:
[INFO] [stdout] called `Result::unwrap()` on an `Err` value: External(AccessTokenError("GOOGLE_APPLICATION_CREDENTIALS environment variable not found"))
[INFO] [stdout] stack backtrace:
[INFO] [stdout]    0:     0x636b8cb06771 - std[70759c8f55707aa4]::backtrace_rs::backtrace::libunwind::trace
[INFO] [stdout]                                at /rustc/dfb0accb7f508ae8be965d8629557221c889dd98/library/std/src/../../backtrace/src/backtrace/libunwind.rs:117:9
[INFO] [stdout]    1:     0x636b8cb06771 - std[70759c8f55707aa4]::backtrace_rs::backtrace::trace_unsynchronized::<std[70759c8f55707aa4]::sys::backtrace::_print_fmt::{closure#1}>
[INFO] [stdout]                                at /rustc/dfb0accb7f508ae8be965d8629557221c889dd98/library/std/src/../../backtrace/src/backtrace/mod.rs:66:14
[INFO] [stdout]    2:     0x636b8cb06771 - std[70759c8f55707aa4]::sys::backtrace::_print_fmt
[INFO] [stdout]                                at /rustc/dfb0accb7f508ae8be965d8629557221c889dd98/library/std/src/sys/backtrace.rs:74:9
[INFO] [stdout]    3:     0x636b8cb06771 - <<std[70759c8f55707aa4]::sys::backtrace::BacktraceLock>::print::DisplayBacktrace as core[df12db4294e9bfd3]::fmt::Display>::fmt
[INFO] [stdout]                                at /rustc/dfb0accb7f508ae8be965d8629557221c889dd98/library/std/src/sys/backtrace.rs:44:26
[INFO] [stdout]    4:     0x636b8cb206da - <core[df12db4294e9bfd3]::fmt::rt::Argument>::fmt
[INFO] [stdout]                                at /rustc/dfb0accb7f508ae8be965d8629557221c889dd98/library/core/src/fmt/rt.rs:152:76
[INFO] [stdout]    5:     0x636b8cb206da - core[df12db4294e9bfd3]::fmt::write
[INFO] [stdout]    6:     0x636b8cb0b78c - core[df12db4294e9bfd3]::io::write::default_write_fmt::<alloc[2182bb758b4b3781]::vec::Vec<u8>>
[INFO] [stdout]                                at /rustc/dfb0accb7f508ae8be965d8629557221c889dd98/library/core/src/io/write.rs:402:11
[INFO] [stdout]    7:     0x636b8cb0b78c - <alloc[2182bb758b4b3781]::vec::Vec<u8> as core[df12db4294e9bfd3]::io::write::Write>::write_fmt
[INFO] [stdout]                                at /rustc/dfb0accb7f508ae8be965d8629557221c889dd98/library/core/src/io/write.rs:335:13
[INFO] [stdout]    8:     0x636b8cae04f6 - <std[70759c8f55707aa4]::sys::backtrace::BacktraceLock>::print
[INFO] [stdout]                                at /rustc/dfb0accb7f508ae8be965d8629557221c889dd98/library/std/src/sys/backtrace.rs:47:9
[INFO] [stdout]    9:     0x636b8cae04f6 - std[70759c8f55707aa4]::panicking::default_hook::{closure#0}
[INFO] [stdout]                                at /rustc/dfb0accb7f508ae8be965d8629557221c889dd98/library/std/src/panicking.rs:292:27
[INFO] [stdout]   10:     0x636b8cafdc59 - std[70759c8f55707aa4]::panicking::default_hook
[INFO] [stdout]                                at /rustc/dfb0accb7f508ae8be965d8629557221c889dd98/library/std/src/panicking.rs:316:9
[INFO] [stdout]   11:     0x636b8a75c730 - <alloc[2182bb758b4b3781]::boxed::Box<dyn for<'a, 'b> core[df12db4294e9bfd3]::ops::function::Fn<(&'a std[70759c8f55707aa4]::panic::PanicHookInfo<'b>,), Output = ()> + core[df12db4294e9bfd3]::marker::Send + core[df12db4294e9bfd3]::marker::Sync> as core[df12db4294e9bfd3]::ops::function::Fn<(&std[70759c8f55707aa4]::panic::PanicHookInfo,)>>::call
[INFO] [stdout]                                at /rustc/dfb0accb7f508ae8be965d8629557221c889dd98/library/alloc/src/boxed.rs:2334:9
[INFO] [stdout]   12:     0x636b8a75c730 - test[9d35eded1c95d3be]::test_main_inner::<test[9d35eded1c95d3be]::test_main_static::{closure#0}>::{closure#0}
[INFO] [stdout]                                at /rustc/dfb0accb7f508ae8be965d8629557221c889dd98/library/test/src/lib.rs:155:21
[INFO] [stdout]   13:     0x636b8cafdf82 - <alloc[2182bb758b4b3781]::boxed::Box<dyn for<'a, 'b> core[df12db4294e9bfd3]::ops::function::Fn<(&'a std[70759c8f55707aa4]::panic::PanicHookInfo<'b>,), Output = ()> + core[df12db4294e9bfd3]::marker::Send + core[df12db4294e9bfd3]::marker::Sync> as core[df12db4294e9bfd3]::ops::function::Fn<(&std[70759c8f55707aa4]::panic::PanicHookInfo,)>>::call
[INFO] [stdout]                                at /rustc/dfb0accb7f508ae8be965d8629557221c889dd98/library/alloc/src/boxed.rs:2334:9
[INFO] [stdout]   14:     0x636b8cafdf82 - std[70759c8f55707aa4]::panicking::panic_with_hook
[INFO] [stdout]                                at /rustc/dfb0accb7f508ae8be965d8629557221c889dd98/library/std/src/panicking.rs:823:13
[INFO] [stdout]   15:     0x636b8cae05a2 - std[70759c8f55707aa4]::panicking::panic_handler::{closure#0}
[INFO] [stdout]                                at /rustc/dfb0accb7f508ae8be965d8629557221c889dd98/library/std/src/panicking.rs:688:13
[INFO] [stdout]   16:     0x636b8cad8ef9 - std[70759c8f55707aa4]::sys::backtrace::__rust_end_short_backtrace::<std[70759c8f55707aa4]::panicking::panic_handler::{closure#0}, !>
[INFO] [stdout]                                at /rustc/dfb0accb7f508ae8be965d8629557221c889dd98/library/std/src/sys/backtrace.rs:182:18
[INFO] [stdout]   17:     0x636b8cae142d - __rustc[8fa7c3cbc660c2b3]::rust_begin_unwind
[INFO] [stdout]                                at /rustc/dfb0accb7f508ae8be965d8629557221c889dd98/library/std/src/panicking.rs:679:5
[INFO] [stdout]   18:     0x636b8cb20f7c - core[df12db4294e9bfd3]::panicking::panic_fmt
[INFO] [stdout]                                at /rustc/dfb0accb7f508ae8be965d8629557221c889dd98/library/core/src/panicking.rs:80:14
[INFO] [stdout]   19:     0x636b8cb20cd2 - core[df12db4294e9bfd3]::result::unwrap_failed
[INFO] [stdout]                                at /rustc/dfb0accb7f508ae8be965d8629557221c889dd98/library/core/src/result.rs:1871:5
[INFO] [stdout]   20:     0x636b8a709f3d - <core[df12db4294e9bfd3]::result::Result<datafusion_bigtable[8cc1e5248933acc5]::datasource::BigtableDataSource, datafusion_common[2f205f9a24ae485f]::error::DataFusionError>>::unwrap
[INFO] [stdout]                                at /rustc/dfb0accb7f508ae8be965d8629557221c889dd98/library/core/src/result.rs:1232:23
[INFO] [stdout]   21:     0x636b8a709f3d - datafusion_bigtable[8cc1e5248933acc5]::datasource::tests::test_sql_query::{closure#0}
[INFO] [stdout]                                at /opt/rustwide/workdir/src/datasource.rs:424:10
[INFO] [stdout]   22:     0x636b8a743a4b - <core[df12db4294e9bfd3]::pin::Pin<&mut datafusion_bigtable[8cc1e5248933acc5]::datasource::tests::test_sql_query::{closure#0}> as core[df12db4294e9bfd3]::future::future::Future>::poll
[INFO] [stdout]                                at /rustc/dfb0accb7f508ae8be965d8629557221c889dd98/library/core/src/future/future.rs:133:9
[INFO] [stdout]   23:     0x636b8a72c5db - <tokio[32d7b0dcc5398e35]::runtime::basic_scheduler::CoreGuard>::block_on::<core[df12db4294e9bfd3]::pin::Pin<&mut datafusion_bigtable[8cc1e5248933acc5]::datasource::tests::test_sql_query::{closure#0}>>::{closure#0}::{closure#0}::{closure#0}
[INFO] [stdout]                                at /opt/rustwide/cargo-home/registry/src/index.crates.io-1949cf8c6b5b557f/tokio-1.17.0/src/runtime/basic_scheduler.rs:498:64
[INFO] [stdout]   24:     0x636b8a708f9c - tokio[32d7b0dcc5398e35]::coop::with_budget::<core[df12db4294e9bfd3]::task::poll::Poll<core[df12db4294e9bfd3]::result::Result<(), datafusion_common[2f205f9a24ae485f]::error::DataFusionError>>, <tokio[32d7b0dcc5398e35]::runtime::basic_scheduler::CoreGuard>::block_on<core[df12db4294e9bfd3]::pin::Pin<&mut datafusion_bigtable[8cc1e5248933acc5]::datasource::tests::test_sql_query::{closure#0}>>::{closure#0}::{closure#0}::{closure#0}>::{closure#0}
[INFO] [stdout]                                at /opt/rustwide/cargo-home/registry/src/index.crates.io-1949cf8c6b5b557f/tokio-1.17.0/src/coop.rs:102:9
[INFO] [stdout]   25:     0x636b8a6fd925 - <std[70759c8f55707aa4]::thread::local::LocalKey<core[df12db4294e9bfd3]::cell::Cell<tokio[32d7b0dcc5398e35]::coop::Budget>>>::try_with::<tokio[32d7b0dcc5398e35]::coop::with_budget<core[df12db4294e9bfd3]::task::poll::Poll<core[df12db4294e9bfd3]::result::Result<(), datafusion_common[2f205f9a24ae485f]::error::DataFusionError>>, <tokio[32d7b0dcc5398e35]::runtime::basic_scheduler::CoreGuard>::block_on<core[df12db4294e9bfd3]::pin::Pin<&mut datafusion_bigtable[8cc1e5248933acc5]::datasource::tests::test_sql_query::{closure#0}>>::{closure#0}::{closure#0}::{closure#0}>::{closure#0}, core[df12db4294e9bfd3]::task::poll::Poll<core[df12db4294e9bfd3]::result::Result<(), datafusion_common[2f205f9a24ae485f]::error::DataFusionError>>>
[INFO] [stdout]                                at /rustc/dfb0accb7f508ae8be965d8629557221c889dd98/library/std/src/thread/local.rs:463:12
[INFO] [stdout]   26:     0x636b8a6fd5ec - <std[70759c8f55707aa4]::thread::local::LocalKey<core[df12db4294e9bfd3]::cell::Cell<tokio[32d7b0dcc5398e35]::coop::Budget>>>::with::<tokio[32d7b0dcc5398e35]::coop::with_budget<core[df12db4294e9bfd3]::task::poll::Poll<core[df12db4294e9bfd3]::result::Result<(), datafusion_common[2f205f9a24ae485f]::error::DataFusionError>>, <tokio[32d7b0dcc5398e35]::runtime::basic_scheduler::CoreGuard>::block_on<core[df12db4294e9bfd3]::pin::Pin<&mut datafusion_bigtable[8cc1e5248933acc5]::datasource::tests::test_sql_query::{closure#0}>>::{closure#0}::{closure#0}::{closure#0}>::{closure#0}, core[df12db4294e9bfd3]::task::poll::Poll<core[df12db4294e9bfd3]::result::Result<(), datafusion_common[2f205f9a24ae485f]::error::DataFusionError>>>
[INFO] [stdout]                                at /rustc/dfb0accb7f508ae8be965d8629557221c889dd98/library/std/src/thread/local.rs:427:20
[INFO] [stdout]   27:     0x636b8a72c492 - tokio[32d7b0dcc5398e35]::coop::with_budget::<core[df12db4294e9bfd3]::task::poll::Poll<core[df12db4294e9bfd3]::result::Result<(), datafusion_common[2f205f9a24ae485f]::error::DataFusionError>>, <tokio[32d7b0dcc5398e35]::runtime::basic_scheduler::CoreGuard>::block_on<core[df12db4294e9bfd3]::pin::Pin<&mut datafusion_bigtable[8cc1e5248933acc5]::datasource::tests::test_sql_query::{closure#0}>>::{closure#0}::{closure#0}::{closure#0}>
[INFO] [stdout]                                at /opt/rustwide/cargo-home/registry/src/index.crates.io-1949cf8c6b5b557f/tokio-1.17.0/src/coop.rs:95:13
[INFO] [stdout]   28:     0x636b8a72c492 - tokio[32d7b0dcc5398e35]::coop::budget::<core[df12db4294e9bfd3]::task::poll::Poll<core[df12db4294e9bfd3]::result::Result<(), datafusion_common[2f205f9a24ae485f]::error::DataFusionError>>, <tokio[32d7b0dcc5398e35]::runtime::basic_scheduler::CoreGuard>::block_on<core[df12db4294e9bfd3]::pin::Pin<&mut datafusion_bigtable[8cc1e5248933acc5]::datasource::tests::test_sql_query::{closure#0}>>::{closure#0}::{closure#0}::{closure#0}>
[INFO] [stdout]                                at /opt/rustwide/cargo-home/registry/src/index.crates.io-1949cf8c6b5b557f/tokio-1.17.0/src/coop.rs:72:5
[INFO] [stdout]   29:     0x636b8a72c492 - <tokio[32d7b0dcc5398e35]::runtime::basic_scheduler::CoreGuard>::block_on::<core[df12db4294e9bfd3]::pin::Pin<&mut datafusion_bigtable[8cc1e5248933acc5]::datasource::tests::test_sql_query::{closure#0}>>::{closure#0}::{closure#0}
[INFO] [stdout]                                at /opt/rustwide/cargo-home/registry/src/index.crates.io-1949cf8c6b5b557f/tokio-1.17.0/src/runtime/basic_scheduler.rs:498:25
[INFO] [stdout]   30:     0x636b8a7279bf - <tokio[32d7b0dcc5398e35]::runtime::basic_scheduler::Context>::enter::<core[df12db4294e9bfd3]::task::poll::Poll<core[df12db4294e9bfd3]::result::Result<(), datafusion_common[2f205f9a24ae485f]::error::DataFusionError>>, <tokio[32d7b0dcc5398e35]::runtime::basic_scheduler::CoreGuard>::block_on<core[df12db4294e9bfd3]::pin::Pin<&mut datafusion_bigtable[8cc1e5248933acc5]::datasource::tests::test_sql_query::{closure#0}>>::{closure#0}::{closure#0}>
[INFO] [stdout]                                at /opt/rustwide/cargo-home/registry/src/index.crates.io-1949cf8c6b5b557f/tokio-1.17.0/src/runtime/basic_scheduler.rs:356:19
[INFO] [stdout]   31:     0x636b8a72bbc4 - <tokio[32d7b0dcc5398e35]::runtime::basic_scheduler::CoreGuard>::block_on::<core[df12db4294e9bfd3]::pin::Pin<&mut datafusion_bigtable[8cc1e5248933acc5]::datasource::tests::test_sql_query::{closure#0}>>::{closure#0}
[INFO] [stdout]                                at /opt/rustwide/cargo-home/registry/src/index.crates.io-1949cf8c6b5b557f/tokio-1.17.0/src/runtime/basic_scheduler.rs:497:44
[INFO] [stdout]   32:     0x636b8a72b92b - <tokio[32d7b0dcc5398e35]::runtime::basic_scheduler::CoreGuard>::enter::<<tokio[32d7b0dcc5398e35]::runtime::basic_scheduler::CoreGuard>::block_on<core[df12db4294e9bfd3]::pin::Pin<&mut datafusion_bigtable[8cc1e5248933acc5]::datasource::tests::test_sql_query::{closure#0}>>::{closure#0}, core[df12db4294e9bfd3]::result::Result<(), datafusion_common[2f205f9a24ae485f]::error::DataFusionError>>::{closure#0}
[INFO] [stdout]                                at /opt/rustwide/cargo-home/registry/src/index.crates.io-1949cf8c6b5b557f/tokio-1.17.0/src/runtime/basic_scheduler.rs:555:57
[INFO] [stdout]   33:     0x636b8a71896a - <tokio[32d7b0dcc5398e35]::macros::scoped_tls::ScopedKey<tokio[32d7b0dcc5398e35]::runtime::basic_scheduler::Context>>::set::<<tokio[32d7b0dcc5398e35]::runtime::basic_scheduler::CoreGuard>::enter<<tokio[32d7b0dcc5398e35]::runtime::basic_scheduler::CoreGuard>::block_on<core[df12db4294e9bfd3]::pin::Pin<&mut datafusion_bigtable[8cc1e5248933acc5]::datasource::tests::test_sql_query::{closure#0}>>::{closure#0}, core[df12db4294e9bfd3]::result::Result<(), datafusion_common[2f205f9a24ae485f]::error::DataFusionError>>::{closure#0}, (alloc[2182bb758b4b3781]::boxed::Box<tokio[32d7b0dcc5398e35]::runtime::basic_scheduler::Core>, core[df12db4294e9bfd3]::result::Result<(), datafusion_common[2f205f9a24ae485f]::error::DataFusionError>)>
[INFO] [stdout]                                at /opt/rustwide/cargo-home/registry/src/index.crates.io-1949cf8c6b5b557f/tokio-1.17.0/src/macros/scoped_tls.rs:61:9
[INFO] [stdout]   34:     0x636b8a72a816 - <tokio[32d7b0dcc5398e35]::runtime::basic_scheduler::CoreGuard>::enter::<<tokio[32d7b0dcc5398e35]::runtime::basic_scheduler::CoreGuard>::block_on<core[df12db4294e9bfd3]::pin::Pin<&mut datafusion_bigtable[8cc1e5248933acc5]::datasource::tests::test_sql_query::{closure#0}>>::{closure#0}, core[df12db4294e9bfd3]::result::Result<(), datafusion_common[2f205f9a24ae485f]::error::DataFusionError>>
[INFO] [stdout]                                at /opt/rustwide/cargo-home/registry/src/index.crates.io-1949cf8c6b5b557f/tokio-1.17.0/src/runtime/basic_scheduler.rs:555:35
[INFO] [stdout]   35:     0x636b8a72aabe - <tokio[32d7b0dcc5398e35]::runtime::basic_scheduler::CoreGuard>::block_on::<core[df12db4294e9bfd3]::pin::Pin<&mut datafusion_bigtable[8cc1e5248933acc5]::datasource::tests::test_sql_query::{closure#0}>>
[INFO] [stdout]                                at /opt/rustwide/cargo-home/registry/src/index.crates.io-1949cf8c6b5b557f/tokio-1.17.0/src/runtime/basic_scheduler.rs:488:14
[INFO] [stdout]   36:     0x636b8a7275ec - <tokio[32d7b0dcc5398e35]::runtime::basic_scheduler::BasicScheduler>::block_on::<datafusion_bigtable[8cc1e5248933acc5]::datasource::tests::test_sql_query::{closure#0}>
[INFO] [stdout]                                at /opt/rustwide/cargo-home/registry/src/index.crates.io-1949cf8c6b5b557f/tokio-1.17.0/src/runtime/basic_scheduler.rs:168:29
[INFO] [stdout]   37:     0x636b8a7354c4 - <tokio[32d7b0dcc5398e35]::runtime::Runtime>::block_on::<datafusion_bigtable[8cc1e5248933acc5]::datasource::tests::test_sql_query::{closure#0}>
[INFO] [stdout]                                at /opt/rustwide/cargo-home/registry/src/index.crates.io-1949cf8c6b5b557f/tokio-1.17.0/src/runtime/mod.rs:475:51
[INFO] [stdout]   38:     0x636b8a70e86f - datafusion_bigtable[8cc1e5248933acc5]::datasource::tests::test_sql_query
[INFO] [stdout]                                at /opt/rustwide/workdir/src/datasource.rs:460:11
[INFO] [stdout]   39:     0x636b8a7093ad - datafusion_bigtable[8cc1e5248933acc5]::datasource::tests::test_sql_query::{closure#0}
[INFO] [stdout]                                at /opt/rustwide/workdir/src/datasource.rs:412:34
[INFO] [stdout]   40:     0x636b8a749a56 - <datafusion_bigtable[8cc1e5248933acc5]::datasource::tests::test_sql_query::{closure#0} as core[df12db4294e9bfd3]::ops::function::FnOnce<()>>::call_once
[INFO] [stdout]                                at /rustc/dfb0accb7f508ae8be965d8629557221c889dd98/library/core/src/ops/function.rs:250:5
[INFO] [stdout]   41:     0x636b8a74fa1b - <fn() -> core[df12db4294e9bfd3]::result::Result<(), alloc[2182bb758b4b3781]::string::String> as core[df12db4294e9bfd3]::ops::function::FnOnce<()>>::call_once
[INFO] [stdout]                                at /rustc/dfb0accb7f508ae8be965d8629557221c889dd98/library/core/src/ops/function.rs:250:5
[INFO] [stdout]   42:     0x636b8a74fa1b - test[9d35eded1c95d3be]::__rust_begin_short_backtrace::<core[df12db4294e9bfd3]::result::Result<(), alloc[2182bb758b4b3781]::string::String>, fn() -> core[df12db4294e9bfd3]::result::Result<(), alloc[2182bb758b4b3781]::string::String>>
[INFO] [stdout]                                at /rustc/dfb0accb7f508ae8be965d8629557221c889dd98/library/test/src/lib.rs:733:18
[INFO] [stdout]   43:     0x636b8a75d085 - test[9d35eded1c95d3be]::run_test_in_process::{closure#0}
[INFO] [stdout]                                at /rustc/dfb0accb7f508ae8be965d8629557221c889dd98/library/test/src/lib.rs:756:74
[INFO] [stdout]   44:     0x636b8a75d085 - <core[df12db4294e9bfd3]::panic::unwind_safe::AssertUnwindSafe<test[9d35eded1c95d3be]::run_test_in_process::{closure#0}> as core[df12db4294e9bfd3]::ops::function::FnOnce<()>>::call_once
[INFO] [stdout]                                at /rustc/dfb0accb7f508ae8be965d8629557221c889dd98/library/core/src/panic/unwind_safe.rs:275:9
[INFO] [stdout]   45:     0x636b8a75d085 - std[70759c8f55707aa4]::panicking::catch_unwind::do_call::<core[df12db4294e9bfd3]::panic::unwind_safe::AssertUnwindSafe<test[9d35eded1c95d3be]::run_test_in_process::{closure#0}>, core[df12db4294e9bfd3]::result::Result<(), alloc[2182bb758b4b3781]::string::String>>
[INFO] [stdout]                                at /rustc/dfb0accb7f508ae8be965d8629557221c889dd98/library/std/src/panicking.rs:576:43
[INFO] [stdout]   46:     0x636b8a75d085 - std[70759c8f55707aa4]::panicking::catch_unwind::<core[df12db4294e9bfd3]::result::Result<(), alloc[2182bb758b4b3781]::string::String>, core[df12db4294e9bfd3]::panic::unwind_safe::AssertUnwindSafe<test[9d35eded1c95d3be]::run_test_in_process::{closure#0}>>
[INFO] [stdout]                                at /rustc/dfb0accb7f508ae8be965d8629557221c889dd98/library/std/src/panicking.rs:544:19
[INFO] [stdout]   47:     0x636b8a75d085 - std[70759c8f55707aa4]::panic::catch_unwind::<core[df12db4294e9bfd3]::panic::unwind_safe::AssertUnwindSafe<test[9d35eded1c95d3be]::run_test_in_process::{closure#0}>, core[df12db4294e9bfd3]::result::Result<(), alloc[2182bb758b4b3781]::string::String>>
[INFO] [stdout]                                at /rustc/dfb0accb7f508ae8be965d8629557221c889dd98/library/std/src/panic.rs:359:14
[INFO] [stdout]   48:     0x636b8a75d085 - test[9d35eded1c95d3be]::run_test_in_process
[INFO] [stdout]                                at /rustc/dfb0accb7f508ae8be965d8629557221c889dd98/library/test/src/lib.rs:756:27
[INFO] [stdout]   49:     0x636b8a75d085 - test[9d35eded1c95d3be]::run_test::{closure#0}
[INFO] [stdout]                                at /rustc/dfb0accb7f508ae8be965d8629557221c889dd98/library/test/src/lib.rs:677:43
[INFO] [stdout]   50:     0x636b8a756944 - test[9d35eded1c95d3be]::run_test::{closure#1}
[INFO] [stdout]                                at /rustc/dfb0accb7f508ae8be965d8629557221c889dd98/library/test/src/lib.rs:707:41
[INFO] [stdout]   51:     0x636b8a756944 - std[70759c8f55707aa4]::sys::backtrace::__rust_begin_short_backtrace::<test[9d35eded1c95d3be]::run_test::{closure#1}, ()>
[INFO] [stdout]                                at /rustc/dfb0accb7f508ae8be965d8629557221c889dd98/library/std/src/sys/backtrace.rs:166:18
[INFO] [stdout]   52:     0x636b8a7601e2 - std[70759c8f55707aa4]::thread::lifecycle::spawn_unchecked::<test[9d35eded1c95d3be]::run_test::{closure#1}, ()>::{closure#1}::{closure#0}
[INFO] [stdout]                                at /rustc/dfb0accb7f508ae8be965d8629557221c889dd98/library/std/src/thread/lifecycle.rs:70:13
[INFO] [stdout]   53:     0x636b8a7601e2 - <core[df12db4294e9bfd3]::panic::unwind_safe::AssertUnwindSafe<std[70759c8f55707aa4]::thread::lifecycle::spawn_unchecked<test[9d35eded1c95d3be]::run_test::{closure#1}, ()>::{closure#1}::{closure#0}> as core[df12db4294e9bfd3]::ops::function::FnOnce<()>>::call_once
[INFO] [stdout]                                at /rustc/dfb0accb7f508ae8be965d8629557221c889dd98/library/core/src/panic/unwind_safe.rs:275:9
[INFO] [stdout]   54:     0x636b8a7601e2 - std[70759c8f55707aa4]::panicking::catch_unwind::do_call::<core[df12db4294e9bfd3]::panic::unwind_safe::AssertUnwindSafe<std[70759c8f55707aa4]::thread::lifecycle::spawn_unchecked<test[9d35eded1c95d3be]::run_test::{closure#1}, ()>::{closure#1}::{closure#0}>, ()>
[INFO] [stdout]                                at /rustc/dfb0accb7f508ae8be965d8629557221c889dd98/library/std/src/panicking.rs:576:43
[INFO] [stdout]   55:     0x636b8a7601e2 - std[70759c8f55707aa4]::panicking::catch_unwind::<(), core[df12db4294e9bfd3]::panic::unwind_safe::AssertUnwindSafe<std[70759c8f55707aa4]::thread::lifecycle::spawn_unchecked<test[9d35eded1c95d3be]::run_test::{closure#1}, ()>::{closure#1}::{closure#0}>>
[INFO] [stdout]                                at /rustc/dfb0accb7f508ae8be965d8629557221c889dd98/library/std/src/panicking.rs:544:19
[INFO] [stdout]   56:     0x636b8a7601e2 - std[70759c8f55707aa4]::panic::catch_unwind::<core[df12db4294e9bfd3]::panic::unwind_safe::AssertUnwindSafe<std[70759c8f55707aa4]::thread::lifecycle::spawn_unchecked<test[9d35eded1c95d3be]::run_test::{closure#1}, ()>::{closure#1}::{closure#0}>, ()>
[INFO] [stdout]                                at /rustc/dfb0accb7f508ae8be965d8629557221c889dd98/library/std/src/panic.rs:359:14
[INFO] [stdout]   57:     0x636b8a7601e2 - std[70759c8f55707aa4]::thread::lifecycle::spawn_unchecked::<test[9d35eded1c95d3be]::run_test::{closure#1}, ()>::{closure#1}
[INFO] [stdout]                                at /rustc/dfb0accb7f508ae8be965d8629557221c889dd98/library/std/src/thread/lifecycle.rs:68:26
[INFO] [stdout]   58:     0x636b8a7601e2 - <std[70759c8f55707aa4]::thread::lifecycle::spawn_unchecked<test[9d35eded1c95d3be]::run_test::{closure#1}, ()>::{closure#1} as core[df12db4294e9bfd3]::ops::function::FnOnce<()>>::call_once::{shim:vtable#0}
[INFO] [stdout]                                at /rustc/dfb0accb7f508ae8be965d8629557221c889dd98/library/core/src/ops/function.rs:250:5
[INFO] [stdout]   59:     0x636b8cb05c99 - <alloc[2182bb758b4b3781]::boxed::Box<dyn core[df12db4294e9bfd3]::ops::function::FnOnce<(), Output = ()> + core[df12db4294e9bfd3]::marker::Send> as core[df12db4294e9bfd3]::ops::function::FnOnce<()>>::call_once
[INFO] [stdout]                                at /rustc/dfb0accb7f508ae8be965d8629557221c889dd98/library/alloc/src/boxed.rs:2320:9
[INFO] [stdout]   60:     0x636b8cb05c99 - <std[70759c8f55707aa4]::sys::thread::unix::Thread>::new::thread_start
[INFO] [stdout]                                at /rustc/dfb0accb7f508ae8be965d8629557221c889dd98/library/std/src/sys/thread/unix.rs:123:17
[INFO] [stdout]   61:     0x70a72ce0ddfa - <unknown>
[INFO] [stdout]   62:     0x70a72cea13d4 - clone
[INFO] [stdout]   63:                0x0 - <unknown>
[INFO] [stdout] 
[INFO] [stdout] 
[INFO] [stdout] failures:
[INFO] [stdout]     datasource::tests::test_sql_query
[INFO] [stdout] 
[INFO] [stdout] test result: FAILED. 0 passed; 1 failed; 0 ignored; 0 measured; 0 filtered out; finished in 0.18s
[INFO] [stdout] 
[INFO] [stderr] error: test failed, to rerun pass `--lib`
[INFO] running `Command { std: "docker" "inspect" "cbf88bfdb6f554f8a62960a2a9e7afa9140125daa8198a087e1360c436839467", kill_on_drop: false }`
[INFO] running `Command { std: "docker" "rm" "-f" "cbf88bfdb6f554f8a62960a2a9e7afa9140125daa8198a087e1360c436839467", kill_on_drop: false }`
[INFO] [stdout] cbf88bfdb6f554f8a62960a2a9e7afa9140125daa8198a087e1360c436839467
