[INFO] cloning repository https://github.com/duochou042004/downpour
[INFO] running `Command { std: "git" "-c" "credential.helper=" "-c" "credential.helper=/workspace/cargo-home/bin/git-credential-null" "clone" "--bare" "https://github.com/duochou042004/downpour" "/workspace/cache/git-repos/https%3A%2F%2Fgithub.com%2Fduochou042004%2Fdownpour", kill_on_drop: false }`
[INFO] [stderr] Cloning into bare repository '/workspace/cache/git-repos/https%3A%2F%2Fgithub.com%2Fduochou042004%2Fdownpour'...
[INFO] running `Command { std: "git" "rev-parse" "HEAD", kill_on_drop: false }`
[INFO] [stdout] bc01d552c13de185a52faaff27bda1d8dfd78dbb
[INFO] testing duochou042004/downpour against 1.100.0-beta.1 for beta-1.100-3
[INFO] running `Command { std: "git" "clone" "/workspace/cache/git-repos/https%3A%2F%2Fgithub.com%2Fduochou042004%2Fdownpour" "/workspace/builds/worker-3-tc2/source", kill_on_drop: false }`
[INFO] [stderr] Cloning into '/workspace/builds/worker-3-tc2/source'...
[INFO] [stderr] done.
[INFO] removed /workspace/builds/worker-3-tc2/source/rust-toolchain.toml
[INFO] started tweaking git repo https://github.com/duochou042004/downpour
[INFO] finished tweaking git repo https://github.com/duochou042004/downpour
[INFO] tweaked toml for git repo https://github.com/duochou042004/downpour written to /workspace/builds/worker-3-tc2/source/Cargo.toml
[INFO] validating manifest of git repo https://github.com/duochou042004/downpour on toolchain 1.100.0-beta.1
[INFO] running `Command { std: CARGO_HOME="/workspace/cargo-home" RUSTUP_HOME="/workspace/rustup-home" "/workspace/cargo-home/bin/cargo" "+1.100.0-beta.1" "metadata" "--manifest-path" "Cargo.toml" "--no-deps", kill_on_drop: false }`
[INFO] crate git repo https://github.com/duochou042004/downpour already has a lockfile, it will not be regenerated
[INFO] running `Command { std: CARGO_HOME="/workspace/cargo-home" RUSTUP_HOME="/workspace/rustup-home" "/workspace/cargo-home/bin/cargo" "+1.100.0-beta.1" "fetch" "--manifest-path" "Cargo.toml", kill_on_drop: false }`
[INFO] [stderr] warning: unused workspace dependency `downpour-sim`
[INFO] [stderr]   --> Cargo.toml:51:25
[INFO] [stderr]    |
[INFO] [stderr] 51 | [workspace.dependencies.downpour-sim]
[INFO] [stderr]    |                         ^^^^^^^^^^^^
[INFO] [stderr]    |
[INFO] [stderr]    = note: `cargo::unused_workspace_dependencies` is set to `warn` by default
[INFO] [stderr] help: consider removing the workspace dependency `downpour-sim`
[INFO] [stderr] warning: workspace (manifest) generated 1 warning
[INFO] running `Command { std: "docker" "create" "-v" "/var/lib/crater-agent-workspace/builds/worker-3-tc2/source:/opt/rustwide/workdir:ro,Z" "-v" "/var/lib/crater-agent-workspace/builds/worker-3-tc2/target:/opt/rustwide/target:rw,Z" "-v" "/var/lib/crater-agent-workspace/cargo-home:/opt/rustwide/cargo-home:ro,Z" "-v" "/var/lib/crater-agent-workspace/rustup-home:/opt/rustwide/rustup-home:ro,Z" "-m" "1610612736" "--network" "none" "ghcr.io/rust-lang/crates-build-env/linux@sha256:77db811e55d90add9212f6832c23229e3de5f1c1f9905e8cb07319ea15df73ac" "sleep" "infinity", kill_on_drop: false }`
[INFO] [stdout] 8919d33d72c91e2a819f2f3ecac71196e0bdd9f1206200ecfbaf023900bea6b2
[INFO] running `Command { std: "docker" "start" "8919d33d72c91e2a819f2f3ecac71196e0bdd9f1206200ecfbaf023900bea6b2", kill_on_drop: false }`
[INFO] running `Command { std: "docker" "inspect" "8919d33d72c91e2a819f2f3ecac71196e0bdd9f1206200ecfbaf023900bea6b2", kill_on_drop: false }`
[INFO] running `Command { std: "docker" "exec" "-e" "SOURCE_DIR=/opt/rustwide/workdir" "-e" "CARGO_HOME=/opt/rustwide/cargo-home" "-e" "RUSTUP_HOME=/opt/rustwide/rustup-home" "-e" "CARGO_TARGET_DIR=/opt/rustwide/target" "-w" "/opt/rustwide/workdir" "--user" "0:0" "8919d33d72c91e2a819f2f3ecac71196e0bdd9f1206200ecfbaf023900bea6b2" "/opt/rustwide/cargo-home/bin/cargo" "+1.100.0-beta.1" "metadata" "--no-deps" "--format-version=1", kill_on_drop: false }`
[INFO] running `Command { std: "docker" "inspect" "8919d33d72c91e2a819f2f3ecac71196e0bdd9f1206200ecfbaf023900bea6b2", kill_on_drop: false }`
[INFO] running `Command { std: "docker" "exec" "-e" "SOURCE_DIR=/opt/rustwide/workdir" "-e" "CARGO_HOME=/opt/rustwide/cargo-home" "-e" "RUSTUP_HOME=/opt/rustwide/rustup-home" "-e" "CARGO_TARGET_DIR=/opt/rustwide/target" "-e" "CARGO_INCREMENTAL=0" "-e" "RUST_BACKTRACE=full" "-e" "RUSTFLAGS=--cap-lints=warn" "-e" "RUSTDOCFLAGS=--cap-lints=warn" "-w" "/opt/rustwide/workdir" "--user" "0:0" "8919d33d72c91e2a819f2f3ecac71196e0bdd9f1206200ecfbaf023900bea6b2" "/opt/rustwide/cargo-home/bin/cargo" "+1.100.0-beta.1" "build" "--frozen" "--message-format=json", kill_on_drop: false }`
[INFO] [stderr] warning: unused workspace dependency `downpour-sim`
[INFO] [stderr]   --> Cargo.toml:51:25
[INFO] [stderr]    |
[INFO] [stderr] 51 | [workspace.dependencies.downpour-sim]
[INFO] [stderr]    |                         ^^^^^^^^^^^^
[INFO] [stderr]    |
[INFO] [stderr]    = note: `cargo::unused_workspace_dependencies` is set to `warn` by default
[INFO] [stderr] help: consider removing the workspace dependency `downpour-sim`
[INFO] [stderr] warning: workspace (manifest) generated 1 warning
[INFO] [stderr]    Compiling find-msvc-tools v0.1.9
[INFO] [stderr]    Compiling libc v0.2.189
[INFO] [stderr]    Compiling pkg-config v0.3.33
[INFO] [stderr]    Compiling futures-core v0.3.33
[INFO] [stderr]    Compiling smallvec v1.15.2
[INFO] [stderr]    Compiling fs_extra v1.3.0
[INFO] [stderr]    Compiling dunce v1.0.5
[INFO] [stderr]    Compiling litemap v0.8.2
[INFO] [stderr]    Compiling writeable v0.6.3
[INFO] [stderr]    Compiling icu_properties_data v2.2.0
[INFO] [stderr]    Compiling icu_normalizer_data v2.2.0
[INFO] [stderr]    Compiling aws-lc-rs v1.17.3
[INFO] [stderr]    Compiling syn v3.0.3
[INFO] [stderr]    Compiling synstructure v0.13.2
[INFO] [stderr]    Compiling zerovec-derive v0.11.3
[INFO] [stderr]    Compiling tracing-attributes v0.1.31
[INFO] [stderr]    Compiling serde_core v1.0.229
[INFO] [stderr]    Compiling slab v0.4.12
[INFO] [stderr]    Compiling serde v1.0.229
[INFO] [stderr]    Compiling thiserror v2.0.19
[INFO] [stderr]    Compiling futures-sink v0.3.33
[INFO] [stderr]    Compiling futures-task v0.3.33
[INFO] [stderr]    Compiling rustls v0.23.43
[INFO] [stderr]    Compiling form_urlencoded v1.2.2
[INFO] [stderr]    Compiling typenum v1.20.1
[INFO] [stderr]    Compiling bitflags v2.13.1
[INFO] [stderr]    Compiling futures-util v0.3.33
[INFO] [stderr]    Compiling zerocopy v0.8.55
[INFO] [stderr]    Compiling futures-channel v0.3.33
[INFO] [stderr]    Compiling zerocopy-derive v0.8.55
[INFO] [stderr]    Compiling sync_wrapper v1.0.2
[INFO] [stderr]    Compiling openssl-probe v0.2.1
[INFO] [stderr]    Compiling ipnet v2.12.1
[INFO] [stderr]    Compiling ciborium-io v0.2.2
[INFO] [stderr]    Compiling const-oid v0.10.2
[INFO] [stderr]    Compiling zerofrom-derive v0.1.7
[INFO] [stderr]    Compiling yoke-derive v0.8.2
[INFO] [stderr]    Compiling rustix v1.1.4
[INFO] [stderr]    Compiling rustls-native-certs v0.8.4
[INFO] [stderr]    Compiling cpufeatures v0.3.0
[INFO] [stderr]    Compiling http-body-util v0.1.4
[INFO] [stderr]    Compiling constant_time_eq v0.4.2
[INFO] [stderr]    Compiling fallible-iterator v0.3.0
[INFO] [stderr]    Compiling linux-raw-sys v0.12.1
[INFO] [stderr]    Compiling fallible-streaming-iterator v0.1.9
[INFO] [stderr]    Compiling arrayref v0.3.9
[INFO] [stderr]    Compiling arrayvec v0.7.8
[INFO] [stderr]    Compiling regex-syntax v0.8.11
[INFO] [stderr]    Compiling jobserver v0.1.35
[INFO] [stderr]    Compiling serde_json v1.0.151
[INFO] [stderr]    Compiling downpour-intervals v0.1.0 (/opt/rustwide/workdir/crates/downpour-intervals)
[INFO] [stderr]    Compiling doctest-file v1.1.1
[INFO] [stderr]    Compiling option-ext v0.2.0
[INFO] [stderr]    Compiling cc v1.4.0
[INFO] [stderr]    Compiling memchr v2.8.3
[INFO] [stderr]    Compiling anyhow v1.0.104
[INFO] [stderr]    Compiling anstyle-parse v1.0.0
[INFO] [stderr]    Compiling tracing-log v0.2.0
[INFO] [stderr]    Compiling tracing v0.1.44
[INFO] [stderr]    Compiling thread_local v1.1.10
[INFO] [stderr]    Compiling colorchoice v1.0.5
[INFO] [stderr]    Compiling anstyle v1.0.14
[INFO] [stderr]    Compiling unsafe-libyaml-norway v0.2.15
[INFO] [stderr]    Compiling clap_lex v1.1.0
[INFO] [stderr]    Compiling hybrid-array v0.4.14
[INFO] [stderr]    Compiling anstream v1.0.0
[INFO] [stderr]    Compiling zerofrom v0.1.8
[INFO] [stderr]    Compiling yoke v0.8.3
[INFO] [stderr]    Compiling clap_builder v4.6.5
[INFO] [stderr]    Compiling zerovec v0.11.6
[INFO] [stderr]    Compiling block-buffer v0.12.1
[INFO] [stderr]    Compiling crypto-common v0.2.2
[INFO] [stderr]    Compiling mio v1.2.2
[INFO] [stderr]    Compiling socket2 v0.6.5
[INFO] [stderr]    Compiling cmake v0.1.58
[INFO] [stderr]    Compiling regex-automata v0.4.16
[INFO] [stderr]    Compiling dirs-sys v0.5.0
[INFO] [stderr]    Compiling potential_utf v0.1.5
[INFO] [stderr]    Compiling getrandom v0.4.3
[INFO] [stderr]    Compiling directories v6.0.0
[INFO] [stderr]    Compiling displaydoc v0.2.7
[INFO] [stderr]    Compiling tokio-macros v2.7.2
[INFO] [stderr]    Compiling thiserror-impl v2.0.19
[INFO] [stderr]    Compiling serde_derive v1.0.229
[INFO] [stderr]    Compiling async-trait v0.1.91
[INFO] [stderr]    Compiling clap_derive v4.6.4
[INFO] [stderr]    Compiling aws-lc-sys v0.43.0
[INFO] [stderr]    Compiling libsqlite3-sys v0.38.1
[INFO] [stderr]    Compiling blake3 v1.8.5
[INFO] [stderr]    Compiling tokio v1.53.1
[INFO] [stderr]    Compiling digest v0.11.3
[INFO] [stderr]    Compiling tinystr v0.8.3
[INFO] [stderr]    Compiling zerotrie v0.2.4
[INFO] [stderr]    Compiling icu_locale_core v2.2.0
[INFO] [stderr]    Compiling icu_collections v2.2.0
[INFO] [stderr]    Compiling sha2 v0.11.0
[INFO] [stderr]    Compiling rusqlite v0.40.1
[INFO] [stderr]    Compiling clap v4.6.5
[INFO] [stderr]    Compiling icu_provider v2.2.0
[INFO] [stderr]    Compiling matchers v0.2.0
[INFO] [stderr]    Compiling tracing-subscriber v0.3.23
[INFO] [stderr]    Compiling icu_normalizer v2.2.0
[INFO] [stderr]    Compiling icu_properties v2.2.0
[INFO] [stderr]    Compiling serde_norway v0.9.42
[INFO] [stderr]    Compiling idna_adapter v1.2.2
[INFO] [stderr]    Compiling idna v1.1.0
[INFO] [stderr]    Compiling half v2.7.1
[INFO] [stderr]    Compiling url v2.5.8
[INFO] [stderr]    Compiling ciborium-ll v0.2.2
[INFO] [stderr]    Compiling ciborium v0.2.2
[INFO] [stderr]    Compiling downpour-types v0.1.0 (/opt/rustwide/workdir/crates/downpour-types)
[INFO] [stderr]    Compiling downpour-storage v0.1.0 (/opt/rustwide/workdir/crates/downpour-storage)
[INFO] [stderr]    Compiling tokio-util v0.7.19
[INFO] [stderr]    Compiling tower v0.5.3
[INFO] [stderr]    Compiling interprocess v2.4.3
[INFO] [stderr]    Compiling h2 v0.4.15
[INFO] [stderr]    Compiling tower-http v0.6.11
[INFO] [stderr]    Compiling downpour-ipc v0.1.0 (/opt/rustwide/workdir/crates/downpour-ipc)
[INFO] [stderr]    Compiling downpour-cli v0.1.0 (/opt/rustwide/workdir/crates/downpour-cli)
[INFO] [stderr]    Compiling hyper v1.11.0
[INFO] [stderr]    Compiling hyper-util v0.1.20
[INFO] [stderr]    Compiling rustls-webpki v0.103.13
[INFO] [stderr]    Compiling tokio-rustls v0.26.4
[INFO] [stderr]    Compiling rustls-platform-verifier v0.7.0
[INFO] [stderr]    Compiling hyper-rustls v0.27.9
[INFO] [stderr]    Compiling reqwest v0.13.4
[INFO] [stderr]    Compiling downpour-http v0.1.0 (/opt/rustwide/workdir/crates/downpour-http)
[INFO] [stderr]    Compiling downpour-engine v0.1.0 (/opt/rustwide/workdir/crates/downpour-engine)
[INFO] [stderr]    Compiling downpour-daemon v0.1.0 (/opt/rustwide/workdir/crates/downpour-daemon)
[INFO] [stderr]    Compiling downpour-corpus v0.1.0 (/opt/rustwide/workdir/tests/corpus)
[INFO] [stdout] warning: use of deprecated method `std::sync::atomic::Atomic::<u32>::fetch_update`: renamed to `try_update` for consistency
[INFO] [stdout]    --> tests/corpus/src/server.rs:463:14
[INFO] [stdout]     |
[INFO] [stdout] 463 |             .fetch_update(Ordering::SeqCst, Ordering::SeqCst, |n| n.checked_sub(1))
[INFO] [stdout]     |              ^^^^^^^^^^^^
[INFO] [stdout]     |
[INFO] [stdout]     = note: `#[warn(deprecated)]` on by default
[INFO] [stdout] help: replace the use of the deprecated method
[INFO] [stdout]     |
[INFO] [stdout] 463 -             .fetch_update(Ordering::SeqCst, Ordering::SeqCst, |n| n.checked_sub(1))
[INFO] [stdout] 463 +             .try_update(Ordering::SeqCst, Ordering::SeqCst, |n| n.checked_sub(1))
[INFO] [stdout]     |
[INFO] [stdout] 
[INFO] [stdout] 
[INFO] [stderr]    Compiling downpour-sim v0.1.0 (/opt/rustwide/workdir/tests/sim)
[INFO] [stderr] warning: unused dependency `directories`
[INFO] [stderr]   --> crates/downpour-cli/Cargo.toml:18:1
[INFO] [stderr]    |
[INFO] [stderr] 18 | directories = { workspace = true }
[INFO] [stderr]    | ^^^^^^^^^^^^^^^^^^^^^^^^^^^^^^^^^^
[INFO] [stderr]    |
[INFO] [stderr]    = note: `cargo::unused_dependencies` is set to `warn` by default
[INFO] [stderr] help: consider removing the dependency on `directories`
[INFO] [stderr] warning: `downpour-cli` (manifest) generated 1 warning
[INFO] [stderr] warning: unused dependency `downpour-corpus`
[INFO] [stderr]   --> tests/sim/Cargo.toml:14:1
[INFO] [stderr]    |
[INFO] [stderr] 14 | downpour-corpus = { workspace = true }
[INFO] [stderr]    | ^^^^^^^^^^^^^^^^^^^^^^^^^^^^^^^^^^^^^^
[INFO] [stderr]    |
[INFO] [stderr]    = note: `cargo::unused_dependencies` is set to `warn` by default
[INFO] [stderr] help: consider removing the dependency on `downpour-corpus`
[INFO] [stderr] warning: `downpour-sim` (manifest) generated 1 warning
[INFO] [stderr]     Finished `dev` profile [unoptimized + debuginfo] target(s) in 1m 38s
[INFO] running `Command { std: "docker" "inspect" "8919d33d72c91e2a819f2f3ecac71196e0bdd9f1206200ecfbaf023900bea6b2", kill_on_drop: false }`
[INFO] running `Command { std: "docker" "exec" "-e" "SOURCE_DIR=/opt/rustwide/workdir" "-e" "CARGO_HOME=/opt/rustwide/cargo-home" "-e" "RUSTUP_HOME=/opt/rustwide/rustup-home" "-e" "CARGO_TARGET_DIR=/opt/rustwide/target" "-e" "CARGO_INCREMENTAL=0" "-e" "RUST_BACKTRACE=full" "-e" "RUSTFLAGS=--cap-lints=warn" "-e" "RUSTDOCFLAGS=--cap-lints=warn" "-w" "/opt/rustwide/workdir" "--user" "0:0" "8919d33d72c91e2a819f2f3ecac71196e0bdd9f1206200ecfbaf023900bea6b2" "/opt/rustwide/cargo-home/bin/cargo" "+1.100.0-beta.1" "test" "--frozen" "--no-run" "--message-format=json", kill_on_drop: false }`
[INFO] [stderr] warning: unused workspace dependency `downpour-sim`
[INFO] [stderr]   --> Cargo.toml:51:25
[INFO] [stderr]    |
[INFO] [stderr] 51 | [workspace.dependencies.downpour-sim]
[INFO] [stderr]    |                         ^^^^^^^^^^^^
[INFO] [stderr]    |
[INFO] [stderr]    = note: `cargo::unused_workspace_dependencies` is set to `warn` by default
[INFO] [stderr] help: consider removing the workspace dependency `downpour-sim`
[INFO] [stderr] warning: workspace (manifest) generated 1 warning
[INFO] [stderr]    Compiling getrandom v0.3.4
[INFO] [stderr]    Compiling fastrand v2.5.0
[INFO] [stderr]    Compiling ppv-lite86 v0.2.21
[INFO] [stderr]    Compiling wait-timeout v0.2.1
[INFO] [stderr]    Compiling bit-vec v0.8.0
[INFO] [stderr]    Compiling unarray v0.1.4
[INFO] [stderr]    Compiling num-traits v0.2.19
[INFO] [stderr]    Compiling regex-automata v0.4.16
[INFO] [stderr]    Compiling downpour-ipc v0.1.0 (/opt/rustwide/workdir/crates/downpour-ipc)
[INFO] [stderr]    Compiling downpour-http v0.1.0 (/opt/rustwide/workdir/crates/downpour-http)
[INFO] [stdout] warning: use of deprecated method `std::sync::atomic::Atomic::<u32>::fetch_update`: renamed to `try_update` for consistency
[INFO] [stdout]    --> tests/corpus/src/server.rs:463:14
[INFO] [stdout]     |
[INFO] [stdout] 463 |             .fetch_update(Ordering::SeqCst, Ordering::SeqCst, |n| n.checked_sub(1))
[INFO] [stdout]     |              ^^^^^^^^^^^^
[INFO] [stdout]     |
[INFO] [stdout]     = note: `#[warn(deprecated)]` on by default
[INFO] [stdout] help: replace the use of the deprecated method
[INFO] [stdout]     |
[INFO] [stdout] 463 -             .fetch_update(Ordering::SeqCst, Ordering::SeqCst, |n| n.checked_sub(1))
[INFO] [stdout] 463 +             .try_update(Ordering::SeqCst, Ordering::SeqCst, |n| n.checked_sub(1))
[INFO] [stdout]     |
[INFO] [stdout] 
[INFO] [stdout] 
[INFO] [stderr]    Compiling downpour-corpus v0.1.0 (/opt/rustwide/workdir/tests/corpus)
[INFO] [stderr]    Compiling downpour-sim v0.1.0 (/opt/rustwide/workdir/tests/sim)
[INFO] [stderr]    Compiling tempfile v3.27.0
[INFO] [stderr]    Compiling bit-set v0.8.0
[INFO] [stdout] warning: use of deprecated method `std::sync::atomic::Atomic::<usize>::fetch_update`: renamed to `try_update` for consistency
[INFO] [stdout]    --> tests/sim/tests/worker_death_interleaving.rs:513:14
[INFO] [stdout]     |
[INFO] [stdout] 513 |             .fetch_update(Ordering::SeqCst, Ordering::SeqCst, |remaining| {
[INFO] [stdout]     |              ^^^^^^^^^^^^
[INFO] [stdout]     |
[INFO] [stdout]     = note: `#[warn(deprecated)]` on by default
[INFO] [stdout] help: replace the use of the deprecated method
[INFO] [stdout]     |
[INFO] [stdout] 513 -             .fetch_update(Ordering::SeqCst, Ordering::SeqCst, |remaining| {
[INFO] [stdout] 513 +             .try_update(Ordering::SeqCst, Ordering::SeqCst, |remaining| {
[INFO] [stdout]     |
[INFO] [stdout] 
[INFO] [stdout] 
[INFO] [stderr]    Compiling rand_core v0.9.5
[INFO] [stderr]    Compiling rusty-fork v0.3.1
[INFO] [stderr]    Compiling rand_xorshift v0.4.0
[INFO] [stderr]    Compiling rand v0.9.5
[INFO] [stderr]    Compiling rand_chacha v0.9.0
[INFO] [stdout] warning: use of deprecated method `std::sync::atomic::Atomic::<u32>::fetch_update`: renamed to `try_update` for consistency
[INFO] [stdout]    --> tests/corpus/src/server.rs:463:14
[INFO] [stdout]     |
[INFO] [stdout] 463 |             .fetch_update(Ordering::SeqCst, Ordering::SeqCst, |n| n.checked_sub(1))
[INFO] [stdout]     |              ^^^^^^^^^^^^
[INFO] [stdout]     |
[INFO] [stdout]     = note: `#[warn(deprecated)]` on by default
[INFO] [stdout] help: replace the use of the deprecated method
[INFO] [stdout]     |
[INFO] [stdout] 463 -             .fetch_update(Ordering::SeqCst, Ordering::SeqCst, |n| n.checked_sub(1))
[INFO] [stdout] 463 +             .try_update(Ordering::SeqCst, Ordering::SeqCst, |n| n.checked_sub(1))
[INFO] [stdout]     |
[INFO] [stdout] 
[INFO] [stdout] 
[INFO] [stderr]    Compiling proptest v1.11.0
[INFO] [stderr]    Compiling matchers v0.2.0
[INFO] [stderr]    Compiling tracing-subscriber v0.3.23
[INFO] [stderr]    Compiling downpour-daemon v0.1.0 (/opt/rustwide/workdir/crates/downpour-daemon)
[INFO] [stderr]    Compiling downpour-cli v0.1.0 (/opt/rustwide/workdir/crates/downpour-cli)
[INFO] [stderr]    Compiling downpour-storage v0.1.0 (/opt/rustwide/workdir/crates/downpour-storage)
[INFO] [stderr]    Compiling downpour-intervals v0.1.0 (/opt/rustwide/workdir/crates/downpour-intervals)
[INFO] [stderr]    Compiling downpour-engine v0.1.0 (/opt/rustwide/workdir/crates/downpour-engine)
[INFO] [stderr]    Compiling downpour-types v0.1.0 (/opt/rustwide/workdir/crates/downpour-types)
[INFO] [stderr] warning: unused dependency `downpour-corpus`
[INFO] [stderr]   --> tests/sim/Cargo.toml:14:1
[INFO] [stderr]    |
[INFO] [stderr] 14 | downpour-corpus = { workspace = true }
[INFO] [stderr]    | ^^^^^^^^^^^^^^^^^^^^^^^^^^^^^^^^^^^^^^
[INFO] [stderr]    |
[INFO] [stderr]    = note: `cargo::unused_dependencies` is set to `warn` by default
[INFO] [stderr] help: consider removing the dependency on `downpour-corpus`
[INFO] [stderr] help: to still use for development builds, move to `dev-dependencies`
[INFO] [stderr] warning: `downpour-sim` (manifest) generated 1 warning
[INFO] [stderr]     Finished `test` profile [unoptimized + debuginfo] target(s) in 41.80s
[INFO] running `Command { std: "docker" "inspect" "8919d33d72c91e2a819f2f3ecac71196e0bdd9f1206200ecfbaf023900bea6b2", kill_on_drop: false }`
[INFO] running `Command { std: "docker" "exec" "-e" "SOURCE_DIR=/opt/rustwide/workdir" "-e" "CARGO_HOME=/opt/rustwide/cargo-home" "-e" "RUSTUP_HOME=/opt/rustwide/rustup-home" "-e" "CARGO_TARGET_DIR=/opt/rustwide/target" "-e" "CARGO_INCREMENTAL=0" "-e" "RUST_BACKTRACE=full" "-e" "RUSTFLAGS=--cap-lints=warn" "-e" "RUSTDOCFLAGS=--cap-lints=warn" "-w" "/opt/rustwide/workdir" "--user" "0:0" "8919d33d72c91e2a819f2f3ecac71196e0bdd9f1206200ecfbaf023900bea6b2" "/opt/rustwide/cargo-home/bin/cargo" "+1.100.0-beta.1" "test" "--frozen", kill_on_drop: false }`
[INFO] [stderr] warning: unused workspace dependency `downpour-sim`
[INFO] [stderr]   --> Cargo.toml:51:25
[INFO] [stderr]    |
[INFO] [stderr] 51 | [workspace.dependencies.downpour-sim]
[INFO] [stderr]    |                         ^^^^^^^^^^^^
[INFO] [stderr]    |
[INFO] [stderr]    = note: `cargo::unused_workspace_dependencies` is set to `warn` by default
[INFO] [stderr] help: consider removing the workspace dependency `downpour-sim`
[INFO] [stderr] warning: workspace (manifest) generated 1 warning
[INFO] [stderr] warning: use of deprecated method `std::sync::atomic::Atomic::<u32>::fetch_update`: renamed to `try_update` for consistency
[INFO] [stderr]    --> tests/corpus/src/server.rs:463:14
[INFO] [stderr]     |
[INFO] [stderr] 463 |             .fetch_update(Ordering::SeqCst, Ordering::SeqCst, |n| n.checked_sub(1))
[INFO] [stderr]     |              ^^^^^^^^^^^^
[INFO] [stderr]     |
[INFO] [stderr]     = note: `#[warn(deprecated)]` on by default
[INFO] [stderr] help: replace the use of the deprecated method
[INFO] [stderr]     |
[INFO] [stderr] 463 -             .fetch_update(Ordering::SeqCst, Ordering::SeqCst, |n| n.checked_sub(1))
[INFO] [stderr] 463 +             .try_update(Ordering::SeqCst, Ordering::SeqCst, |n| n.checked_sub(1))
[INFO] [stderr]     |
[INFO] [stderr] 
[INFO] [stderr] warning: `downpour-corpus` (lib) generated 1 warning (run `cargo fix --lib -p downpour-corpus` to apply 1 suggestion)
[INFO] [stderr] warning: `downpour-corpus` (lib test) generated 1 warning (1 duplicate)
[INFO] [stderr] warning: use of deprecated method `std::sync::atomic::Atomic::<usize>::fetch_update`: renamed to `try_update` for consistency
[INFO] [stderr]    --> tests/sim/tests/worker_death_interleaving.rs:513:14
[INFO] [stderr]     |
[INFO] [stderr] 513 |             .fetch_update(Ordering::SeqCst, Ordering::SeqCst, |remaining| {
[INFO] [stderr]     |              ^^^^^^^^^^^^
[INFO] [stderr]     |
[INFO] [stderr]     = note: `#[warn(deprecated)]` on by default
[INFO] [stderr] help: replace the use of the deprecated method
[INFO] [stderr]     |
[INFO] [stderr] 513 -             .fetch_update(Ordering::SeqCst, Ordering::SeqCst, |remaining| {
[INFO] [stderr] 513 +             .try_update(Ordering::SeqCst, Ordering::SeqCst, |remaining| {
[INFO] [stderr]     |
[INFO] [stderr] 
[INFO] [stderr] warning: `downpour-sim` (test "worker_death_interleaving") generated 1 warning (run `cargo fix --test "worker_death_interleaving" -p downpour-sim` to apply 1 suggestion)
[INFO] [stderr] warning: unused dependency `downpour-corpus`
[INFO] [stderr]   --> tests/sim/Cargo.toml:14:1
[INFO] [stderr]    |
[INFO] [stderr] 14 | downpour-corpus = { workspace = true }
[INFO] [stderr]    | ^^^^^^^^^^^^^^^^^^^^^^^^^^^^^^^^^^^^^^
[INFO] [stderr]    |
[INFO] [stderr]    = note: `cargo::unused_dependencies` is set to `warn` by default
[INFO] [stderr] help: consider removing the dependency on `downpour-corpus`
[INFO] [stderr] help: to still use for development builds, move to `dev-dependencies`
[INFO] [stderr] warning: `downpour-sim` (manifest) generated 1 warning
[INFO] [stderr]     Finished `test` profile [unoptimized + debuginfo] target(s) in 0.61s
[INFO] [stderr]      Running unittests src/main.rs (/opt/rustwide/target/debug/build/downpour-cli/34c0ea4f300bdb72/out/dp-34c0ea4f300bdb72)
[INFO] [stdout] 
[INFO] [stdout] running 0 tests
[INFO] [stdout] 
[INFO] [stdout] test result: ok. 0 passed; 0 failed; 0 ignored; 0 measured; 0 filtered out; finished in 0.00s
[INFO] [stdout] 
[INFO] [stderr]      Running tests/daemon_ownership.rs (/opt/rustwide/target/debug/build/downpour-cli/a365bc772e011f92/out/daemon_ownership-a365bc772e011f92)
[INFO] [stdout] 
[INFO] [stdout] running 1 test
[INFO] [stdout] test killing_cli_after_submission_does_not_stop_daemon_progress ... ok
[INFO] [stdout] 
[INFO] [stdout] test result: ok. 1 passed; 0 failed; 0 ignored; 0 measured; 0 filtered out; finished in 0.31s
[INFO] [stdout] 
[INFO] [stderr]      Running tests/dependency_boundary.rs (/opt/rustwide/target/debug/build/downpour-cli/0ce236184774323a/out/dependency_boundary-0ce236184774323a)
[INFO] [stdout] 
[INFO] [stdout] running 1 test
[INFO] [stdout] test cli_production_dependencies_cannot_reach_transfer_or_storage_crates ... ok
[INFO] [stdout] 
[INFO] [stdout] test result: ok. 1 passed; 0 failed; 0 ignored; 0 measured; 0 filtered out; finished in 0.00s
[INFO] [stdout] 
[INFO] [stderr]      Running tests/dp_add.rs (/opt/rustwide/target/debug/build/downpour-cli/789484241e5f31fe/out/dp_add-789484241e5f31fe)
[INFO] [stdout] 
[INFO] [stdout] running 7 tests
[INFO] [stdout] test dp_reports_a_version_and_a_help_text ... ok
[INFO] [stdout] test dp_add_reports_a_bad_url_without_touching_the_network ... ok
[INFO] [stdout] test dp_add_exits_non_zero_and_writes_no_file_when_the_probe_refuses ... ok
[INFO] [stdout] test dp_add_downloads_from_a_server_without_range_support ... ok
[INFO] [stdout] test dp_add_works_over_http2 ... ok
[INFO] [stdout] test dp_add_downloads_a_file_and_prints_its_id ... ok
[INFO] [stdout] test dp_add_leaves_no_final_name_when_the_body_is_truncated ... ok
[INFO] [stderr]      Running unittests src/lib.rs (/opt/rustwide/target/debug/build/downpour-corpus/90ce84a5ea3aba84/out/downpour_corpus-90ce84a5ea3aba84)
[INFO] [stdout] 
[INFO] [stdout] test result: ok. 7 passed; 0 failed; 0 ignored; 0 measured; 0 filtered out; finished in 10.90s
[INFO] [stdout] 
[INFO] [stdout] 
[INFO] [stderr]      Running tests/content_generator.rs (/opt/rustwide/target/debug/build/downpour-corpus/bd53832aac0e5aed/out/content_generator-bd53832aac0e5aed)
[INFO] [stdout] running 0 tests
[INFO] [stdout] 
[INFO] [stdout] test result: ok. 0 passed; 0 failed; 0 ignored; 0 measured; 0 filtered out; finished in 0.00s
[INFO] [stdout] 
[INFO] [stdout] 
[INFO] [stdout] running 12 tests
[INFO] [stdout] test the_generator_is_named_so_a_successor_can_coexist ... ok
[INFO] [stdout] test a_correct_buffer_reports_no_mismatch ... ok
[INFO] [stdout] test a_hole_of_zeros_is_detected ... ok
[INFO] [stdout] test the_blake3_crate_still_implements_blake3 ... ok
[INFO] [stdout] test two_independent_instances_agree ... ok
[INFO] [stdout] test every_byte_matches_the_specified_construction ... ok
[INFO] [stdout] test pinned_vectors_for_seed_42 ... ok
[INFO] [stdout] test different_seeds_produce_different_content ... ok
[INFO] [stdout] test filling_a_buffer_agrees_with_reading_byte_by_byte ... ok
[INFO] [stdout] test a_mismatch_is_reported_with_its_absolute_offset ... ok
[INFO] [stdout] test the_content_is_not_compressible ... ok
[INFO] [stdout] test there_are_no_long_runs_of_zeros ... ok
[INFO] [stdout] 
[INFO] [stdout] test result: ok. 12 passed; 0 failed; 0 ignored; 0 measured; 0 filtered out; finished in 0.02s
[INFO] [stdout] 
[INFO] [stderr]      Running tests/corpus_cases.rs (/opt/rustwide/target/debug/build/downpour-corpus/9a1c9400a8645cf9/out/corpus_cases-9a1c9400a8645cf9)
[INFO] [stdout] 
[INFO] [stdout] running 5 tests
[INFO] [stdout] test every_category_is_named_by_the_docs_09_inventory ... ok
[INFO] [stdout] test the_recorded_case_count_matches_reality ... ok
[INFO] [stdout] test every_case_has_a_unique_id_matching_its_filename ... ok
[INFO] [stdout] test every_case_lives_in_its_category_directory ... ok
[INFO] [stdout] test every_corpus_case_passes ... ok
[INFO] [stdout] 
[INFO] [stdout] test result: ok. 5 passed; 0 failed; 0 ignored; 0 measured; 0 filtered out; finished in 10.59s
[INFO] [stdout] 
[INFO] [stderr]      Running tests/download.rs (/opt/rustwide/target/debug/build/downpour-corpus/caf511259aefad74/out/download-caf511259aefad74)
[INFO] [stdout] 
[INFO] [stdout] running 18 tests
[INFO] [stdout] test an_existing_file_is_not_overwritten ... ok
[INFO] [stdout] test a_zero_length_representation_still_produces_a_file ... ok
[INFO] [stdout] test the_filename_comes_from_content_disposition_when_offered ... ok
[INFO] [stdout] test a_compressed_body_is_never_written ... ok
[INFO] [stdout] test chunked_framing_produces_the_same_file ... ok
[INFO] [stdout] test a_server_without_range_support_still_downloads_in_one_stream ... ok
[INFO] [stdout] test a_redirect_chain_is_followed_to_the_content ... ok
[INFO] [stdout] test an_html_error_page_is_not_saved_as_the_file ... ok
[INFO] [stdout] test a_download_over_http2_is_byte_exact_too ... ok
[INFO] [stdout] test a_traversal_in_content_disposition_cannot_write_outside_the_target_directory ... ok
[INFO] [stdout] test a_complete_download_is_byte_exact_and_ends_up_at_its_final_name ... ok
[INFO] [stdout] test the_same_url_can_be_downloaded_twice ... ok
[INFO] [stdout] test a_truncated_body_does_not_produce_a_file_with_the_final_name ... ok
[INFO] [stdout] test a_server_that_lies_about_content_length_is_caught_before_any_file_exists ... ok
[INFO] [stdout] test the_part_file_is_preallocated_to_its_full_length_before_any_byte_arrives ... ok
[INFO] [stdout] test the_partial_file_holds_correct_bytes_so_a_resume_can_trust_them ... ok
[INFO] [stdout] test every_successful_download_uses_verified_storage ... ok
[INFO] [stdout] test a_failed_download_does_not_block_a_later_attempt_at_the_same_url ... ok
[INFO] [stdout] 
[INFO] [stdout] test result: ok. 18 passed; 0 failed; 0 ignored; 0 measured; 0 filtered out; finished in 14.33s
[INFO] [stdout] 
[INFO] [stderr]      Running tests/gigabyte.rs (/opt/rustwide/target/debug/build/downpour-corpus/0b43609014f38a85/out/gigabyte-0b43609014f38a85)
[INFO] [stdout] 
[INFO] [stdout] running 4 tests
[INFO] [stdout] test a_gigabyte_over_http11_is_byte_exact ... ignored, slow: transfers and verifies 1 GB. Run with `just corpus-slow`.
[INFO] [stdout] test a_gigabyte_over_http2_is_byte_exact ... ignored, slow: transfers and verifies 1 GB. Run with `just corpus-slow`.
[INFO] [stdout] test a_gigabyte_with_a_server_digest_is_verified_before_it_is_named ... ignored, slow: transfers, hashes and verifies 1 GB. Run with `just corpus-slow`.
[INFO] [stdout] test the_verifier_detects_a_single_flipped_byte ... ok
[INFO] [stdout] 
[INFO] [stdout] test result: ok. 1 passed; 0 failed; 3 ignored; 0 measured; 0 filtered out; finished in 0.36s
[INFO] [stdout] 
[INFO] [stderr]      Running tests/invariant_proofs.rs (/opt/rustwide/target/debug/build/downpour-corpus/cf99b9e022b91ba8/out/invariant_proofs-cf99b9e022b91ba8)
[INFO] [stdout] 
[INFO] [stdout] running 3 tests
[INFO] [stdout] test no_deferral_is_stale ... ok
[INFO] [stderr]      Running tests/pathology_server.rs (/opt/rustwide/target/debug/build/downpour-corpus/29b8cb3be5efcc55/out/pathology_server-29b8cb3be5efcc55)
[INFO] [stdout] test every_deferral_is_actually_named_by_an_invariant ... ok
[INFO] [stdout] test every_named_proof_case_exists_or_is_deferred_with_a_reason ... ok
[INFO] [stdout] 
[INFO] [stdout] test result: ok. 3 passed; 0 failed; 0 ignored; 0 measured; 0 filtered out; finished in 0.01s
[INFO] [stdout] 
[INFO] [stdout] 
[INFO] [stdout] running 30 tests
[INFO] [stdout] test a_redirect_loop_never_terminates_on_its_own ... ok
[INFO] [stdout] test a_suffix_range_returns_the_tail ... ok
[INFO] [stdout] test a_keep_alive_connection_serves_more_than_one_request ... ok
[INFO] [stdout] test a_body_can_be_truncated_mid_transfer ... ok
[INFO] [stdout] test an_open_ended_range_runs_to_the_end ... ok
[INFO] [stdout] test a_literal_malformed_content_range_can_be_served ... ok
[INFO] [stdout] test a_content_range_can_be_shifted_away_from_the_request ... ok
[INFO] [stdout] test a_supported_range_is_honoured_exactly ... ok
[INFO] [stdout] test a_content_encoding_can_be_declared_on_a_ranged_response ... ok
[INFO] [stdout] test a_206_can_report_an_unknown_total_length ... ok
[INFO] [stdout] test a_206_can_omit_content_range_entirely ... ok
[INFO] [stdout] test an_unsatisfiable_range_gets_a_416 ... ok
[INFO] [stdout] test accept_ranges_lies_advertises_support_and_then_ignores_it ... ok
[INFO] [stdout] test a_redirect_chain_is_walked_hop_by_hop ... ok
[INFO] [stdout] test every_request_is_recorded_with_its_headers ... ok
[INFO] [stdout] test a_206_can_be_served_with_the_whole_body ... ok
[INFO] [stdout] test an_html_error_page_can_be_served_where_a_binary_was_expected ... ok
[INFO] [stdout] test close_delimited_framing_declares_neither_length_nor_chunking ... ok
[INFO] [stdout] test the_probe_range_returns_exactly_one_byte ... ok
[INFO] [stdout] test serves_exactly_the_generated_content_over_http11 ... ok
[INFO] [stdout] test chunked_framing_carries_the_same_bytes_and_no_content_length ... ok
[INFO] [stdout] test a_status_override_lets_a_case_demand_any_status ... ok
[INFO] [stdout] test a_content_length_can_disagree_with_the_body ... ok
[INFO] [stdout] test requests_are_recorded_over_http2_as_well ... ok
[INFO] [stdout] test accept_ranges_absent_means_a_range_request_gets_the_whole_body ... ok
[INFO] [stdout] test connection_observation_distinguishes_reuse_from_new_handshakes ... ok
[INFO] [stdout] test two_independent_servers_with_the_same_seed_agree ... ok
[INFO] [stderr]      Running tests/probe.rs (/opt/rustwide/target/debug/build/downpour-corpus/71ed3004cf700033/out/probe-71ed3004cf700033)
[INFO] [stdout] test validators_and_disposition_are_served_when_configured ... ok
[INFO] [stdout] test serves_exactly_the_generated_content_over_http2 ... ok
[INFO] [stdout] test both_protocols_serve_identical_bytes ... ok
[INFO] [stdout] 
[INFO] [stdout] test result: ok. 30 passed; 0 failed; 0 ignored; 0 measured; 0 filtered out; finished in 0.06s
[INFO] [stdout] 
[INFO] [stdout] 
[INFO] [stdout] running 19 tests
[INFO] [stdout] test a_redirect_loop_is_bounded_rather_than_followed_forever ... ok
[INFO] [stdout] test a_filename_falls_back_to_the_url_path ... ok
[INFO] [stdout] test a_chainless_probe_still_records_the_url_it_started_from ... ok
[INFO] [stdout] test an_unknown_total_length_leaves_nothing_to_segment ... ok
[INFO] [stdout] test a_server_digest_is_captured_when_offered ... ok
[INFO] [stdout] test a_compressed_ranged_response_is_an_error_not_a_downgrade ... ok
[INFO] [stdout] test a_chunked_response_still_probes ... ok
[INFO] [stdout] test every_redirect_hop_is_recorded_including_the_first ... ok
[INFO] [stdout] test a_validated_206_proves_range_support ... ok
[INFO] [stdout] test an_html_page_where_a_binary_was_expected_is_a_session_problem ... ok
[INFO] [stdout] test a_filename_is_resolved_from_content_disposition_and_sanitised ... ok
[INFO] [stdout] test a_200_response_takes_its_length_from_content_length ... ok
[INFO] [stdout] test an_identity_content_encoding_is_not_treated_as_a_pathology ... ok
[INFO] [stdout] test a_server_error_is_distinguished_from_a_stale_url ... ok
[INFO] [stdout] test a_strong_validator_is_recorded_and_a_weak_one_is_not ... ok
[INFO] [stdout] test the_probe_sends_accept_encoding_identity ... ok
[INFO] [stdout] test the_probe_works_over_http2_and_reports_it ... ok
[INFO] [stdout] test an_expired_or_forbidden_url_asks_for_a_refresh_rather_than_failing ... ok
[INFO] [stdout] test no_other_server_behaviour_proves_range_support ... ok
[INFO] [stdout] 
[INFO] [stdout] test result: ok. 19 passed; 0 failed; 0 ignored; 0 measured; 0 filtered out; finished in 1.27s
[INFO] [stdout] 
[INFO] [stderr]      Running tests/runner_self_test.rs (/opt/rustwide/target/debug/build/downpour-corpus/8b0c8c16098c5121/out/runner_self_test-8b0c8c16098c5121)
[INFO] [stdout] 
[INFO] [stdout] running 7 tests
[INFO] [stdout] test a_case_with_an_unknown_key_is_rejected_rather_than_partially_applied ... ok
[INFO] [stdout] test a_case_naming_an_unimplemented_generator_is_rejected ... ok
[INFO] [stdout] test a_mid_transfer_mutation_the_server_cannot_enact_is_rejected ... ok
[INFO] [stdout] test a_case_that_expects_failure_must_say_which_failure ... ok
[INFO] [stdout] test the_runner_fails_a_case_whose_expectation_is_wrong ... ok
[INFO] [stdout] test the_runner_detects_a_server_that_serves_corrupt_bytes ... ok
[INFO] [stdout] test the_runner_detects_corrupt_bytes_in_an_unfinished_part_file ... ok
[INFO] [stdout] 
[INFO] [stdout] test result: ok. 7 passed; 0 failed; 0 ignored; 0 measured; 0 filtered out; finished in 0.58s
[INFO] [stdout] 
[INFO] [stderr]      Running unittests src/lib.rs (/opt/rustwide/target/debug/build/downpour-daemon/b976606e7474c989/out/downpour_daemon-b976606e7474c989)
[INFO] [stdout] 
[INFO] [stdout] running 0 tests
[INFO] [stdout] 
[INFO] [stdout] test result: ok. 0 passed; 0 failed; 0 ignored; 0 measured; 0 filtered out; finished in 0.00s
[INFO] [stdout] 
[INFO] [stderr]      Running unittests src/main.rs (/opt/rustwide/target/debug/build/downpour-daemon/bf30b3f3b386fad2/out/downpourd-bf30b3f3b386fad2)
[INFO] [stdout] 
[INFO] [stdout] running 0 tests
[INFO] [stdout] 
[INFO] [stdout] test result: ok. 0 passed; 0 failed; 0 ignored; 0 measured; 0 filtered out; finished in 0.00s
[INFO] [stdout] 
[INFO] [stderr]      Running tests/server.rs (/opt/rustwide/target/debug/build/downpour-daemon/738546d29cf098e6/out/server-738546d29cf098e6)
[INFO] [stdout] 
[INFO] [stdout] running 1 test
[INFO] [stdout] test an_unwired_multi_connection_request_is_refused_instead_of_silently_running_single ... ok
[INFO] [stdout] 
[INFO] [stdout] test result: ok. 1 passed; 0 failed; 0 ignored; 0 measured; 0 filtered out; finished in 0.00s
[INFO] [stdout] 
[INFO] [stderr]      Running tests/startup_recovery.rs (/opt/rustwide/target/debug/build/downpour-daemon/d5410d870ad761a6/out/startup_recovery-d5410d870ad761a6)
[INFO] [stdout] 
[INFO] [stdout] running 4 tests
[INFO] [stdout] test a_store_with_nothing_in_it_recovers_nothing_and_succeeds ... ok
[INFO] [stdout] test one_unrecoverable_download_does_not_stop_the_rest ... ok
[INFO] [stdout] test a_download_whose_recovery_errors_does_not_stop_the_pass ... ok
[INFO] [stdout] test unclean_downloads_are_reconciled_and_left_paused ... ok
[INFO] [stdout] 
[INFO] [stdout] test result: ok. 4 passed; 0 failed; 0 ignored; 0 measured; 0 filtered out; finished in 0.15s
[INFO] [stdout] 
[INFO] [stderr]      Running unittests src/lib.rs (/opt/rustwide/target/debug/build/downpour-engine/06708db15ec4c468/out/downpour_engine-06708db15ec4c468)
[INFO] [stdout] 
[INFO] [stdout] running 0 tests
[INFO] [stdout] 
[INFO] [stdout] test result: ok. 0 passed; 0 failed; 0 ignored; 0 measured; 0 filtered out; finished in 0.00s
[INFO] [stdout] 
[INFO] [stderr]      Running tests/segment_allocator_prop.rs (/opt/rustwide/target/debug/build/downpour-engine/66bf1bd9e1237aef/out/segment_allocator_prop-66bf1bd9e1237aef)
[INFO] [stdout] 
[INFO] [stdout] running 7 tests
[INFO] [stdout] test neither_half_may_fall_below_the_minimum_split_size ... ok
[INFO] [stdout] test forced_sequence_reaches_split_death_reclaim_and_stale_completion ... ok
[INFO] [stdout] test equal_active_remainders_choose_the_lowest_offset ... ok
[INFO] [stdout] test the_largest_pending_remainder_is_granted_before_any_active_split ... ok
[INFO] [stdout] test a_zero_minimum_split_is_rejected ... ok
[INFO] [stdout] test the_largest_active_remainder_is_split_before_a_smaller_one ... ok
[INFO] [stdout] test every_decision_matches_the_semantic_oracle ... ok
[INFO] [stdout] 
[INFO] [stdout] test result: ok. 7 passed; 0 failed; 0 ignored; 0 measured; 0 filtered out; finished in 7.65s
[INFO] [stdout] 
[INFO] [stderr]      Running tests/worker_pool.rs (/opt/rustwide/target/debug/build/downpour-engine/cad82471457baa2d/out/worker_pool-cad82471457baa2d)
[INFO] [stdout] 
[INFO] [stdout] running 6 tests
[INFO] [stdout] test absent_range_support_executes_one_whole_request_and_one_sync ... ok
[INFO] [stdout] test segmentation_is_selected_only_from_proven_addressable_http11_evidence ... ok
[INFO] [stdout] test proven_ranges_run_concurrently_inside_disjoint_allocator_grants ... ok
[INFO] [stdout] test a_split_fences_partial_source_bytes_before_reassigning_its_remainder ... ok
[INFO] [stdout] test a_slow_open_range_flushes_at_the_exact_journal_interval ... FAILED
[INFO] [stdout] test a_finished_worker_reuses_its_http11_connection_for_a_new_split ... ok
[INFO] [stdout] 
[INFO] [stdout] failures:
[INFO] [stdout] 
[INFO] [stdout] ---- a_slow_open_range_flushes_at_the_exact_journal_interval stdout ----
[INFO] [stdout] 
[INFO] [stdout] thread 'a_slow_open_range_flushes_at_the_exact_journal_interval' (5625) panicked at crates/downpour-engine/tests/worker_pool.rs:521:6:
[INFO] [stdout] the pool must drive the due journal flush while the response stays open: Elapsed(())
[INFO] [stdout] stack backtrace:
[INFO] [stdout]    0:     0x63bcdb75d5f1 - std[617be2ca0a6fd877]::backtrace_rs::backtrace::libunwind::trace
[INFO] [stdout]                                at /rustc/e3feeb59cd1bdd011a2bfcc0747b55125d9b8527/library/std/src/../../backtrace/src/backtrace/libunwind.rs:117:9
[INFO] [stdout]    1:     0x63bcdb75d5f1 - std[617be2ca0a6fd877]::backtrace_rs::backtrace::trace_unsynchronized::<std[617be2ca0a6fd877]::sys::backtrace::_print_fmt::{closure#1}>
[INFO] [stdout]                                at /rustc/e3feeb59cd1bdd011a2bfcc0747b55125d9b8527/library/std/src/../../backtrace/src/backtrace/mod.rs:66:14
[INFO] [stdout]    2:     0x63bcdb75d5f1 - std[617be2ca0a6fd877]::sys::backtrace::_print_fmt
[INFO] [stdout]                                at /rustc/e3feeb59cd1bdd011a2bfcc0747b55125d9b8527/library/std/src/sys/backtrace.rs:74:9
[INFO] [stdout]    3:     0x63bcdb75d5f1 - <<std[617be2ca0a6fd877]::sys::backtrace::BacktraceLock>::print::DisplayBacktrace as core[a373ad73a504971]::fmt::Display>::fmt
[INFO] [stdout]                                at /rustc/e3feeb59cd1bdd011a2bfcc0747b55125d9b8527/library/std/src/sys/backtrace.rs:44:26
[INFO] [stdout]    4:     0x63bcdb7744ea - <core[a373ad73a504971]::fmt::rt::Argument>::fmt
[INFO] [stdout]                                at /rustc/e3feeb59cd1bdd011a2bfcc0747b55125d9b8527/library/core/src/fmt/rt.rs:152:76
[INFO] [stdout]    5:     0x63bcdb7744ea - core[a373ad73a504971]::fmt::write
[INFO] [stdout]    6:     0x63bcdb7627bc - core[a373ad73a504971]::io::write::default_write_fmt::<alloc[2e1b2a31b91974c5]::vec::Vec<u8>>
[INFO] [stdout]                                at /rustc/e3feeb59cd1bdd011a2bfcc0747b55125d9b8527/library/core/src/io/write.rs:402:11
[INFO] [stdout]    7:     0x63bcdb7627bc - <alloc[2e1b2a31b91974c5]::vec::Vec<u8> as core[a373ad73a504971]::io::write::Write>::write_fmt
[INFO] [stdout]                                at /rustc/e3feeb59cd1bdd011a2bfcc0747b55125d9b8527/library/core/src/io/write.rs:335:13
[INFO] [stdout]    8:     0x63bcdb737cc6 - <std[617be2ca0a6fd877]::sys::backtrace::BacktraceLock>::print
[INFO] [stdout]                                at /rustc/e3feeb59cd1bdd011a2bfcc0747b55125d9b8527/library/std/src/sys/backtrace.rs:47:9
[INFO] [stdout]    9:     0x63bcdb737cc6 - std[617be2ca0a6fd877]::panicking::default_hook::{closure#0}
[INFO] [stdout]                                at /rustc/e3feeb59cd1bdd011a2bfcc0747b55125d9b8527/library/std/src/panicking.rs:289:27
[INFO] [stdout]   10:     0x63bcdb754d59 - std[617be2ca0a6fd877]::panicking::default_hook
[INFO] [stdout]                                at /rustc/e3feeb59cd1bdd011a2bfcc0747b55125d9b8527/library/std/src/panicking.rs:313:9
[INFO] [stdout]   11:     0x63bcdaec86c0 - <alloc[2e1b2a31b91974c5]::boxed::Box<dyn for<'a, 'b> core[a373ad73a504971]::ops::function::Fn<(&'a std[617be2ca0a6fd877]::panic::PanicHookInfo<'b>,), Output = ()> + core[a373ad73a504971]::marker::Sync + core[a373ad73a504971]::marker::Send> as core[a373ad73a504971]::ops::function::Fn<(&std[617be2ca0a6fd877]::panic::PanicHookInfo,)>>::call
[INFO] [stdout]                                at /rustc/e3feeb59cd1bdd011a2bfcc0747b55125d9b8527/library/alloc/src/boxed.rs:2328:9
[INFO] [stdout]   12:     0x63bcdaec86c0 - test[aada8e7e76ba119b]::test_main_inner::{closure#0}
[INFO] [stdout]                                at /rustc/e3feeb59cd1bdd011a2bfcc0747b55125d9b8527/library/test/src/lib.rs:137:21
[INFO] [stdout]   13:     0x63bcdb755082 - <alloc[2e1b2a31b91974c5]::boxed::Box<dyn for<'a, 'b> core[a373ad73a504971]::ops::function::Fn<(&'a std[617be2ca0a6fd877]::panic::PanicHookInfo<'b>,), Output = ()> + core[a373ad73a504971]::marker::Sync + core[a373ad73a504971]::marker::Send> as core[a373ad73a504971]::ops::function::Fn<(&std[617be2ca0a6fd877]::panic::PanicHookInfo,)>>::call
[INFO] [stdout]                                at /rustc/e3feeb59cd1bdd011a2bfcc0747b55125d9b8527/library/alloc/src/boxed.rs:2328:9
[INFO] [stdout]   14:     0x63bcdb755082 - std[617be2ca0a6fd877]::panicking::panic_with_hook
[INFO] [stdout]                                at /rustc/e3feeb59cd1bdd011a2bfcc0747b55125d9b8527/library/std/src/panicking.rs:819:13
[INFO] [stdout]   15:     0x63bcdb737d72 - std[617be2ca0a6fd877]::panicking::panic_handler::{closure#0}
[INFO] [stdout]                                at /rustc/e3feeb59cd1bdd011a2bfcc0747b55125d9b8527/library/std/src/panicking.rs:685:13
[INFO] [stdout]   16:     0x63bcdb730909 - std[617be2ca0a6fd877]::sys::backtrace::__rust_end_short_backtrace::<std[617be2ca0a6fd877]::panicking::panic_handler::{closure#0}, !>
[INFO] [stdout]                                at /rustc/e3feeb59cd1bdd011a2bfcc0747b55125d9b8527/library/std/src/sys/backtrace.rs:182:18
[INFO] [stdout]   17:     0x63bcdb738b6d - __rustc[ea4f61d10b84890b]::rust_begin_unwind
[INFO] [stdout]                                at /rustc/e3feeb59cd1bdd011a2bfcc0747b55125d9b8527/library/std/src/panicking.rs:676:5
[INFO] [stdout]   18:     0x63bcdb774d3c - core[a373ad73a504971]::panicking::panic_fmt
[INFO] [stdout]                                at /rustc/e3feeb59cd1bdd011a2bfcc0747b55125d9b8527/library/core/src/panicking.rs:80:14
[INFO] [stdout]   19:     0x63bcdb774a62 - core[a373ad73a504971]::result::unwrap_failed
[INFO] [stdout]                                at /rustc/e3feeb59cd1bdd011a2bfcc0747b55125d9b8527/library/core/src/result.rs:1870:5
[INFO] [stdout]   20:     0x63bcdae60f6b - <core[a373ad73a504971]::result::Result<core[a373ad73a504971]::result::Result<tokio[e5c0bcbdea90c907]::sync::semaphore::SemaphorePermit, tokio[e5c0bcbdea90c907]::sync::batch_semaphore::AcquireError>, tokio[e5c0bcbdea90c907]::time::error::Elapsed>>::expect
[INFO] [stdout]                                at /rustc/e3feeb59cd1bdd011a2bfcc0747b55125d9b8527/library/core/src/result.rs:1184:23
[INFO] [stdout]   21:     0x63bcdae4bca5 - worker_pool[d245661e11033bb2]::a_slow_open_range_flushes_at_the_exact_journal_interval::{closure#0}
[INFO] [stdout]                                at /opt/rustwide/workdir/crates/downpour-engine/tests/worker_pool.rs:521:6
[INFO] [stdout]   22:     0x63bcdae93902 - <core[a373ad73a504971]::pin::Pin<&mut dyn core[a373ad73a504971]::future::future::Future<Output = ()>> as core[a373ad73a504971]::future::future::Future>::poll
[INFO] [stdout]                                at /rustc/e3feeb59cd1bdd011a2bfcc0747b55125d9b8527/library/core/src/future/future.rs:133:9
[INFO] [stdout]   23:     0x63bcdae9397d - <core[a373ad73a504971]::pin::Pin<&mut core[a373ad73a504971]::pin::Pin<&mut dyn core[a373ad73a504971]::future::future::Future<Output = ()>>> as core[a373ad73a504971]::future::future::Future>::poll
[INFO] [stdout]                                at /rustc/e3feeb59cd1bdd011a2bfcc0747b55125d9b8527/library/core/src/future/future.rs:133:9
[INFO] [stdout]   24:     0x63bcdae7e27d - <tokio[e5c0bcbdea90c907]::runtime::scheduler::current_thread::CoreGuard>::block_on::<core[a373ad73a504971]::pin::Pin<&mut core[a373ad73a504971]::pin::Pin<&mut dyn core[a373ad73a504971]::future::future::Future<Output = ()>>>>::{closure#0}::{closure#0}::{closure#0}
[INFO] [stdout]                                at /opt/rustwide/cargo-home/registry/src/index.crates.io-1949cf8c6b5b557f/tokio-1.53.1/src/runtime/scheduler/current_thread/mod.rs:830:70
[INFO] [stdout]   25:     0x63bcdae7e1b5 - tokio[e5c0bcbdea90c907]::task::coop::with_budget::<core[a373ad73a504971]::task::poll::Poll<()>, <tokio[e5c0bcbdea90c907]::runtime::scheduler::current_thread::CoreGuard>::block_on<core[a373ad73a504971]::pin::Pin<&mut core[a373ad73a504971]::pin::Pin<&mut dyn core[a373ad73a504971]::future::future::Future<Output = ()>>>>::{closure#0}::{closure#0}::{closure#0}>
[INFO] [stdout]                                at /opt/rustwide/cargo-home/registry/src/index.crates.io-1949cf8c6b5b557f/tokio-1.53.1/src/task/coop/mod.rs:167:5
[INFO] [stdout]   26:     0x63bcdae7e1b5 - tokio[e5c0bcbdea90c907]::task::coop::budget::<core[a373ad73a504971]::task::poll::Poll<()>, <tokio[e5c0bcbdea90c907]::runtime::scheduler::current_thread::CoreGuard>::block_on<core[a373ad73a504971]::pin::Pin<&mut core[a373ad73a504971]::pin::Pin<&mut dyn core[a373ad73a504971]::future::future::Future<Output = ()>>>>::{closure#0}::{closure#0}::{closure#0}>
[INFO] [stdout]                                at /opt/rustwide/cargo-home/registry/src/index.crates.io-1949cf8c6b5b557f/tokio-1.53.1/src/task/coop/mod.rs:133:5
[INFO] [stdout]   27:     0x63bcdae7e1b5 - <tokio[e5c0bcbdea90c907]::runtime::scheduler::current_thread::CoreGuard>::block_on::<core[a373ad73a504971]::pin::Pin<&mut core[a373ad73a504971]::pin::Pin<&mut dyn core[a373ad73a504971]::future::future::Future<Output = ()>>>>::{closure#0}::{closure#0}
[INFO] [stdout]                                at /opt/rustwide/cargo-home/registry/src/index.crates.io-1949cf8c6b5b557f/tokio-1.53.1/src/runtime/scheduler/current_thread/mod.rs:830:25
[INFO] [stdout]   28:     0x63bcdae78132 - <tokio[e5c0bcbdea90c907]::runtime::scheduler::current_thread::Context>::enter::<core[a373ad73a504971]::task::poll::Poll<()>, <tokio[e5c0bcbdea90c907]::runtime::scheduler::current_thread::CoreGuard>::block_on<core[a373ad73a504971]::pin::Pin<&mut core[a373ad73a504971]::pin::Pin<&mut dyn core[a373ad73a504971]::future::future::Future<Output = ()>>>>::{closure#0}::{closure#0}>
[INFO] [stdout]                                at /opt/rustwide/cargo-home/registry/src/index.crates.io-1949cf8c6b5b557f/tokio-1.53.1/src/runtime/scheduler/current_thread/mod.rs:488:19
[INFO] [stdout]   29:     0x63bcdae7d1fd - <tokio[e5c0bcbdea90c907]::runtime::scheduler::current_thread::CoreGuard>::block_on::<core[a373ad73a504971]::pin::Pin<&mut core[a373ad73a504971]::pin::Pin<&mut dyn core[a373ad73a504971]::future::future::Future<Output = ()>>>>::{closure#0}
[INFO] [stdout]                                at /opt/rustwide/cargo-home/registry/src/index.crates.io-1949cf8c6b5b557f/tokio-1.53.1/src/runtime/scheduler/current_thread/mod.rs:829:44
[INFO] [stdout]   30:     0x63bcdae7c494 - <tokio[e5c0bcbdea90c907]::runtime::scheduler::current_thread::CoreGuard>::enter::<<tokio[e5c0bcbdea90c907]::runtime::scheduler::current_thread::CoreGuard>::block_on<core[a373ad73a504971]::pin::Pin<&mut core[a373ad73a504971]::pin::Pin<&mut dyn core[a373ad73a504971]::future::future::Future<Output = ()>>>>::{closure#0}, core[a373ad73a504971]::option::Option<()>>::{closure#0}
[INFO] [stdout]                                at /opt/rustwide/cargo-home/registry/src/index.crates.io-1949cf8c6b5b557f/tokio-1.53.1/src/runtime/scheduler/current_thread/mod.rs:906:68
[INFO] [stdout]   31:     0x63bcdae821eb - <tokio[e5c0bcbdea90c907]::runtime::context::scoped::Scoped<tokio[e5c0bcbdea90c907]::runtime::scheduler::Context>>::set::<<tokio[e5c0bcbdea90c907]::runtime::scheduler::current_thread::CoreGuard>::enter<<tokio[e5c0bcbdea90c907]::runtime::scheduler::current_thread::CoreGuard>::block_on<core[a373ad73a504971]::pin::Pin<&mut core[a373ad73a504971]::pin::Pin<&mut dyn core[a373ad73a504971]::future::future::Future<Output = ()>>>>::{closure#0}, core[a373ad73a504971]::option::Option<()>>::{closure#0}, (alloc[2e1b2a31b91974c5]::boxed::Box<tokio[e5c0bcbdea90c907]::runtime::scheduler::current_thread::Core>, core[a373ad73a504971]::option::Option<()>)>
[INFO] [stdout]                                at /opt/rustwide/cargo-home/registry/src/index.crates.io-1949cf8c6b5b557f/tokio-1.53.1/src/runtime/context/scoped.rs:40:9
[INFO] [stdout]   32:     0x63bcdae88139 - tokio[e5c0bcbdea90c907]::runtime::context::set_scheduler::<(alloc[2e1b2a31b91974c5]::boxed::Box<tokio[e5c0bcbdea90c907]::runtime::scheduler::current_thread::Core>, core[a373ad73a504971]::option::Option<()>), <tokio[e5c0bcbdea90c907]::runtime::scheduler::current_thread::CoreGuard>::enter<<tokio[e5c0bcbdea90c907]::runtime::scheduler::current_thread::CoreGuard>::block_on<core[a373ad73a504971]::pin::Pin<&mut core[a373ad73a504971]::pin::Pin<&mut dyn core[a373ad73a504971]::future::future::Future<Output = ()>>>>::{closure#0}, core[a373ad73a504971]::option::Option<()>>::{closure#0}>::{closure#0}
[INFO] [stdout]                                at /opt/rustwide/cargo-home/registry/src/index.crates.io-1949cf8c6b5b557f/tokio-1.53.1/src/runtime/context.rs:187:38
[INFO] [stdout]   33:     0x63bcdae8cacf - <std[617be2ca0a6fd877]::thread::local::LocalKey<tokio[e5c0bcbdea90c907]::runtime::context::Context>>::try_with::<tokio[e5c0bcbdea90c907]::runtime::context::set_scheduler<(alloc[2e1b2a31b91974c5]::boxed::Box<tokio[e5c0bcbdea90c907]::runtime::scheduler::current_thread::Core>, core[a373ad73a504971]::option::Option<()>), <tokio[e5c0bcbdea90c907]::runtime::scheduler::current_thread::CoreGuard>::enter<<tokio[e5c0bcbdea90c907]::runtime::scheduler::current_thread::CoreGuard>::block_on<core[a373ad73a504971]::pin::Pin<&mut core[a373ad73a504971]::pin::Pin<&mut dyn core[a373ad73a504971]::future::future::Future<Output = ()>>>>::{closure#0}, core[a373ad73a504971]::option::Option<()>>::{closure#0}>::{closure#0}, (alloc[2e1b2a31b91974c5]::boxed::Box<tokio[e5c0bcbdea90c907]::runtime::scheduler::current_thread::Core>, core[a373ad73a504971]::option::Option<()>)>
[INFO] [stdout]                                at /rustc/e3feeb59cd1bdd011a2bfcc0747b55125d9b8527/library/std/src/thread/local.rs:463:12
[INFO] [stdout]   34:     0x63bcdae8c67e - <std[617be2ca0a6fd877]::thread::local::LocalKey<tokio[e5c0bcbdea90c907]::runtime::context::Context>>::with::<tokio[e5c0bcbdea90c907]::runtime::context::set_scheduler<(alloc[2e1b2a31b91974c5]::boxed::Box<tokio[e5c0bcbdea90c907]::runtime::scheduler::current_thread::Core>, core[a373ad73a504971]::option::Option<()>), <tokio[e5c0bcbdea90c907]::runtime::scheduler::current_thread::CoreGuard>::enter<<tokio[e5c0bcbdea90c907]::runtime::scheduler::current_thread::CoreGuard>::block_on<core[a373ad73a504971]::pin::Pin<&mut core[a373ad73a504971]::pin::Pin<&mut dyn core[a373ad73a504971]::future::future::Future<Output = ()>>>>::{closure#0}, core[a373ad73a504971]::option::Option<()>>::{closure#0}>::{closure#0}, (alloc[2e1b2a31b91974c5]::boxed::Box<tokio[e5c0bcbdea90c907]::runtime::scheduler::current_thread::Core>, core[a373ad73a504971]::option::Option<()>)>
[INFO] [stdout]                                at /rustc/e3feeb59cd1bdd011a2bfcc0747b55125d9b8527/library/std/src/thread/local.rs:427:20
[INFO] [stdout]   35:     0x63bcdae83c1d - tokio[e5c0bcbdea90c907]::runtime::context::set_scheduler::<(alloc[2e1b2a31b91974c5]::boxed::Box<tokio[e5c0bcbdea90c907]::runtime::scheduler::current_thread::Core>, core[a373ad73a504971]::option::Option<()>), <tokio[e5c0bcbdea90c907]::runtime::scheduler::current_thread::CoreGuard>::enter<<tokio[e5c0bcbdea90c907]::runtime::scheduler::current_thread::CoreGuard>::block_on<core[a373ad73a504971]::pin::Pin<&mut core[a373ad73a504971]::pin::Pin<&mut dyn core[a373ad73a504971]::future::future::Future<Output = ()>>>>::{closure#0}, core[a373ad73a504971]::option::Option<()>>::{closure#0}>
[INFO] [stdout]                                at /opt/rustwide/cargo-home/registry/src/index.crates.io-1949cf8c6b5b557f/tokio-1.53.1/src/runtime/context.rs:187:17
[INFO] [stdout]   36:     0x63bcdae7b5f0 - <tokio[e5c0bcbdea90c907]::runtime::scheduler::current_thread::CoreGuard>::enter::<<tokio[e5c0bcbdea90c907]::runtime::scheduler::current_thread::CoreGuard>::block_on<core[a373ad73a504971]::pin::Pin<&mut core[a373ad73a504971]::pin::Pin<&mut dyn core[a373ad73a504971]::future::future::Future<Output = ()>>>>::{closure#0}, core[a373ad73a504971]::option::Option<()>>
[INFO] [stdout]                                at /opt/rustwide/cargo-home/registry/src/index.crates.io-1949cf8c6b5b557f/tokio-1.53.1/src/runtime/scheduler/current_thread/mod.rs:906:27
[INFO] [stdout]   37:     0x63bcdae7b8e6 - <tokio[e5c0bcbdea90c907]::runtime::scheduler::current_thread::CoreGuard>::block_on::<core[a373ad73a504971]::pin::Pin<&mut core[a373ad73a504971]::pin::Pin<&mut dyn core[a373ad73a504971]::future::future::Future<Output = ()>>>>
[INFO] [stdout]                                at /opt/rustwide/cargo-home/registry/src/index.crates.io-1949cf8c6b5b557f/tokio-1.53.1/src/runtime/scheduler/current_thread/mod.rs:817:24
[INFO] [stdout]   38:     0x63bcdae7c160 - <tokio[e5c0bcbdea90c907]::runtime::scheduler::current_thread::CurrentThread>::block_on::<core[a373ad73a504971]::pin::Pin<&mut dyn core[a373ad73a504971]::future::future::Future<Output = ()>>>::{closure#0}
[INFO] [stdout]                                at /opt/rustwide/cargo-home/registry/src/index.crates.io-1949cf8c6b5b557f/tokio-1.53.1/src/runtime/scheduler/current_thread/mod.rs:218:33
[INFO] [stdout]   39:     0x63bcdae8ec48 - tokio[e5c0bcbdea90c907]::runtime::context::runtime::enter_runtime::<<tokio[e5c0bcbdea90c907]::runtime::scheduler::current_thread::CurrentThread>::block_on<core[a373ad73a504971]::pin::Pin<&mut dyn core[a373ad73a504971]::future::future::Future<Output = ()>>>::{closure#0}, ()>
[INFO] [stdout]                                at /opt/rustwide/cargo-home/registry/src/index.crates.io-1949cf8c6b5b557f/tokio-1.53.1/src/runtime/context/runtime.rs:65:16
[INFO] [stdout]   40:     0x63bcdae77cf4 - <tokio[e5c0bcbdea90c907]::runtime::scheduler::current_thread::CurrentThread>::block_on::<core[a373ad73a504971]::pin::Pin<&mut dyn core[a373ad73a504971]::future::future::Future<Output = ()>>>
[INFO] [stdout]                                at /opt/rustwide/cargo-home/registry/src/index.crates.io-1949cf8c6b5b557f/tokio-1.53.1/src/runtime/scheduler/current_thread/mod.rs:206:9
[INFO] [stdout]   41:     0x63bcdae5be1f - <tokio[e5c0bcbdea90c907]::runtime::runtime::Runtime>::block_on_inner::<core[a373ad73a504971]::pin::Pin<&mut dyn core[a373ad73a504971]::future::future::Future<Output = ()>>>
[INFO] [stdout]                                at /opt/rustwide/cargo-home/registry/src/index.crates.io-1949cf8c6b5b557f/tokio-1.53.1/src/runtime/runtime.rs:374:52
[INFO] [stdout]   42:     0x63bcdae5bf6b - <tokio[e5c0bcbdea90c907]::runtime::runtime::Runtime>::block_on::<core[a373ad73a504971]::pin::Pin<&mut dyn core[a373ad73a504971]::future::future::Future<Output = ()>>>
[INFO] [stdout]                                at /opt/rustwide/cargo-home/registry/src/index.crates.io-1949cf8c6b5b557f/tokio-1.53.1/src/runtime/runtime.rs:343:18
[INFO] [stdout]   43:     0x63bcdae5829d - worker_pool[d245661e11033bb2]::a_slow_open_range_flushes_at_the_exact_journal_interval
[INFO] [stdout]                                at /opt/rustwide/workdir/crates/downpour-engine/tests/worker_pool.rs:548:37
[INFO] [stdout]   44:     0x63bcdae4aa07 - worker_pool[d245661e11033bb2]::a_slow_open_range_flushes_at_the_exact_journal_interval::{closure#0}
[INFO] [stdout]                                at /opt/rustwide/workdir/crates/downpour-engine/tests/worker_pool.rs:492:67
[INFO] [stdout]   45:     0x63bcdae47e66 - <worker_pool[d245661e11033bb2]::a_slow_open_range_flushes_at_the_exact_journal_interval::{closure#0} as core[a373ad73a504971]::ops::function::FnOnce<()>>::call_once
[INFO] [stdout]                                at /rustc/e3feeb59cd1bdd011a2bfcc0747b55125d9b8527/library/core/src/ops/function.rs:250:5
[INFO] [stdout]   46:     0x63bcdaebbb0b - <fn() -> core[a373ad73a504971]::result::Result<(), alloc[2e1b2a31b91974c5]::string::String> as core[a373ad73a504971]::ops::function::FnOnce<()>>::call_once
[INFO] [stdout]                                at /rustc/e3feeb59cd1bdd011a2bfcc0747b55125d9b8527/library/core/src/ops/function.rs:250:5
[INFO] [stdout]   47:     0x63bcdaebbb0b - test[aada8e7e76ba119b]::__rust_begin_short_backtrace::<core[a373ad73a504971]::result::Result<(), alloc[2e1b2a31b91974c5]::string::String>, fn() -> core[a373ad73a504971]::result::Result<(), alloc[2e1b2a31b91974c5]::string::String>>
[INFO] [stdout]                                at /rustc/e3feeb59cd1bdd011a2bfcc0747b55125d9b8527/library/test/src/lib.rs:701:18
[INFO] [stdout]   48:     0x63bcdaec8ce5 - test[aada8e7e76ba119b]::run_test_in_process::{closure#0}
[INFO] [stdout]                                at /rustc/e3feeb59cd1bdd011a2bfcc0747b55125d9b8527/library/test/src/lib.rs:724:74
[INFO] [stdout]   49:     0x63bcdaec8ce5 - <core[a373ad73a504971]::panic::unwind_safe::AssertUnwindSafe<test[aada8e7e76ba119b]::run_test_in_process::{closure#0}> as core[a373ad73a504971]::ops::function::FnOnce<()>>::call_once
[INFO] [stdout]                                at /rustc/e3feeb59cd1bdd011a2bfcc0747b55125d9b8527/library/core/src/panic/unwind_safe.rs:275:9
[INFO] [stdout]   50:     0x63bcdaec8ce5 - std[617be2ca0a6fd877]::panicking::catch_unwind::do_call::<core[a373ad73a504971]::panic::unwind_safe::AssertUnwindSafe<test[aada8e7e76ba119b]::run_test_in_process::{closure#0}>, core[a373ad73a504971]::result::Result<(), alloc[2e1b2a31b91974c5]::string::String>>
[INFO] [stdout]                                at /rustc/e3feeb59cd1bdd011a2bfcc0747b55125d9b8527/library/std/src/panicking.rs:573:43
[INFO] [stdout]   51:     0x63bcdaec8ce5 - std[617be2ca0a6fd877]::panicking::catch_unwind::<core[a373ad73a504971]::result::Result<(), alloc[2e1b2a31b91974c5]::string::String>, core[a373ad73a504971]::panic::unwind_safe::AssertUnwindSafe<test[aada8e7e76ba119b]::run_test_in_process::{closure#0}>>
[INFO] [stdout]                                at /rustc/e3feeb59cd1bdd011a2bfcc0747b55125d9b8527/library/std/src/panicking.rs:541:19
[INFO] [stdout]   52:     0x63bcdaec8ce5 - std[617be2ca0a6fd877]::panic::catch_unwind::<core[a373ad73a504971]::panic::unwind_safe::AssertUnwindSafe<test[aada8e7e76ba119b]::run_test_in_process::{closure#0}>, core[a373ad73a504971]::result::Result<(), alloc[2e1b2a31b91974c5]::string::String>>
[INFO] [stdout]                                at /rustc/e3feeb59cd1bdd011a2bfcc0747b55125d9b8527/library/std/src/panic.rs:359:14
[INFO] [stdout]   53:     0x63bcdaec8ce5 - test[aada8e7e76ba119b]::run_test_in_process
[INFO] [stdout]                                at /rustc/e3feeb59cd1bdd011a2bfcc0747b55125d9b8527/library/test/src/lib.rs:724:27
[INFO] [stdout]   54:     0x63bcdaec8ce5 - test[aada8e7e76ba119b]::run_test::{closure#0}
[INFO] [stdout]                                at /rustc/e3feeb59cd1bdd011a2bfcc0747b55125d9b8527/library/test/src/lib.rs:645:43
[INFO] [stdout]   55:     0x63bcdaec25d4 - test[aada8e7e76ba119b]::run_test::{closure#1}
[INFO] [stdout]                                at /rustc/e3feeb59cd1bdd011a2bfcc0747b55125d9b8527/library/test/src/lib.rs:675:41
[INFO] [stdout]   56:     0x63bcdaec25d4 - std[617be2ca0a6fd877]::sys::backtrace::__rust_begin_short_backtrace::<test[aada8e7e76ba119b]::run_test::{closure#1}, ()>
[INFO] [stdout]                                at /rustc/e3feeb59cd1bdd011a2bfcc0747b55125d9b8527/library/std/src/sys/backtrace.rs:166:18
[INFO] [stdout]   57:     0x63bcdaecbd72 - std[617be2ca0a6fd877]::thread::lifecycle::spawn_unchecked::<test[aada8e7e76ba119b]::run_test::{closure#1}, ()>::{closure#1}::{closure#0}
[INFO] [stdout]                                at /rustc/e3feeb59cd1bdd011a2bfcc0747b55125d9b8527/library/std/src/thread/lifecycle.rs:70:13
[INFO] [stdout]   58:     0x63bcdaecbd72 - <core[a373ad73a504971]::panic::unwind_safe::AssertUnwindSafe<std[617be2ca0a6fd877]::thread::lifecycle::spawn_unchecked<test[aada8e7e76ba119b]::run_test::{closure#1}, ()>::{closure#1}::{closure#0}> as core[a373ad73a504971]::ops::function::FnOnce<()>>::call_once
[INFO] [stdout]                                at /rustc/e3feeb59cd1bdd011a2bfcc0747b55125d9b8527/library/core/src/panic/unwind_safe.rs:275:9
[INFO] [stdout]   59:     0x63bcdaecbd72 - std[617be2ca0a6fd877]::panicking::catch_unwind::do_call::<core[a373ad73a504971]::panic::unwind_safe::AssertUnwindSafe<std[617be2ca0a6fd877]::thread::lifecycle::spawn_unchecked<test[aada8e7e76ba119b]::run_test::{closure#1}, ()>::{closure#1}::{closure#0}>, ()>
[INFO] [stdout]                                at /rustc/e3feeb59cd1bdd011a2bfcc0747b55125d9b8527/library/std/src/panicking.rs:573:43
[INFO] [stdout]   60:     0x63bcdaecbd72 - std[617be2ca0a6fd877]::panicking::catch_unwind::<(), core[a373ad73a504971]::panic::unwind_safe::AssertUnwindSafe<std[617be2ca0a6fd877]::thread::lifecycle::spawn_unchecked<test[aada8e7e76ba119b]::run_test::{closure#1}, ()>::{closure#1}::{closure#0}>>
[INFO] [stdout]                                at /rustc/e3feeb59cd1bdd011a2bfcc0747b55125d9b8527/library/std/src/panicking.rs:541:19
[INFO] [stdout]   61:     0x63bcdaecbd72 - std[617be2ca0a6fd877]::panic::catch_unwind::<core[a373ad73a504971]::panic::unwind_safe::AssertUnwindSafe<std[617be2ca0a6fd877]::thread::lifecycle::spawn_unchecked<test[aada8e7e76ba119b]::run_test::{closure#1}, ()>::{closure#1}::{closure#0}>, ()>
[INFO] [stdout]                                at /rustc/e3feeb59cd1bdd011a2bfcc0747b55125d9b8527/library/std/src/panic.rs:359:14
[INFO] [stdout]   62:     0x63bcdaecbd72 - std[617be2ca0a6fd877]::thread::lifecycle::spawn_unchecked::<test[aada8e7e76ba119b]::run_test::{closure#1}, ()>::{closure#1}
[INFO] [stdout]                                at /rustc/e3feeb59cd1bdd011a2bfcc0747b55125d9b8527/library/std/src/thread/lifecycle.rs:68:26
[INFO] [stdout]   63:     0x63bcdaecbd72 - <std[617be2ca0a6fd877]::thread::lifecycle::spawn_unchecked<test[aada8e7e76ba119b]::run_test::{closure#1}, ()>::{closure#1} as core[a373ad73a504971]::ops::function::FnOnce<()>>::call_once::{shim:vtable#0}
[INFO] [stdout]                                at /rustc/e3feeb59cd1bdd011a2bfcc0747b55125d9b8527/library/core/src/ops/function.rs:250:5
[INFO] [stdout]   64:     0x63bcdb75ca9f - <alloc[2e1b2a31b91974c5]::boxed::Box<dyn core[a373ad73a504971]::ops::function::FnOnce<(), Output = ()> + core[a373ad73a504971]::marker::Send> as core[a373ad73a504971]::ops::function::FnOnce<()>>::call_once
[INFO] [stdout]                                at /rustc/e3feeb59cd1bdd011a2bfcc0747b55125d9b8527/library/alloc/src/boxed.rs:2314:9
[INFO] [stdout]   65:     0x63bcdb75ca9f - <std[617be2ca0a6fd877]::sys::thread::unix::Thread>::new::thread_start
[INFO] [stdout]                                at /rustc/e3feeb59cd1bdd011a2bfcc0747b55125d9b8527/library/std/src/sys/thread/unix.rs:127:17
[INFO] [stdout]   66:     0x735dbb264dfa - <unknown>
[INFO] [stdout]   67:     0x735dbb2f83d4 - clone
[INFO] [stdout]   68:                0x0 - <unknown>
[INFO] [stdout] 
[INFO] [stdout] 
[INFO] [stdout] failures:
[INFO] [stdout]     a_slow_open_range_flushes_at_the_exact_journal_interval
[INFO] [stdout] 
[INFO] [stdout] test result: FAILED. 5 passed; 1 failed; 0 ignored; 0 measured; 0 filtered out; finished in 0.27s
[INFO] [stdout] 
[INFO] [stderr] error: test failed, to rerun pass `-p downpour-engine --test worker_pool`
[INFO] running `Command { std: "docker" "inspect" "8919d33d72c91e2a819f2f3ecac71196e0bdd9f1206200ecfbaf023900bea6b2", kill_on_drop: false }`
[INFO] running `Command { std: "docker" "rm" "-f" "8919d33d72c91e2a819f2f3ecac71196e0bdd9f1206200ecfbaf023900bea6b2", kill_on_drop: false }`
[INFO] [stdout] 8919d33d72c91e2a819f2f3ecac71196e0bdd9f1206200ecfbaf023900bea6b2
