[INFO] cloning repository https://github.com/danilhendrasr/nodeflux-technical-assessment
[INFO] running `Command { std: "git" "-c" "credential.helper=" "-c" "credential.helper=/workspace/cargo-home/bin/git-credential-null" "clone" "--bare" "https://github.com/danilhendrasr/nodeflux-technical-assessment" "/workspace/cache/git-repos/https%3A%2F%2Fgithub.com%2Fdanilhendrasr%2Fnodeflux-technical-assessment", kill_on_drop: false }`
[INFO] [stderr] Cloning into bare repository '/workspace/cache/git-repos/https%3A%2F%2Fgithub.com%2Fdanilhendrasr%2Fnodeflux-technical-assessment'...
[INFO] running `Command { std: "git" "rev-parse" "HEAD", kill_on_drop: false }`
[INFO] [stdout] f50f5f09a843b05cca9a9ddcc36744681eadc7b7
[INFO] testing danilhendrasr/nodeflux-technical-assessment against 1.99.0-beta.8 for beta-1.100-3
[INFO] running `Command { std: "git" "clone" "/workspace/cache/git-repos/https%3A%2F%2Fgithub.com%2Fdanilhendrasr%2Fnodeflux-technical-assessment" "/workspace/builds/worker-1-tc1/source", kill_on_drop: false }`
[INFO] [stderr] Cloning into '/workspace/builds/worker-1-tc1/source'...
[INFO] [stderr] done.
[INFO] removed /workspace/builds/worker-1-tc1/source/.cargo/config.toml
[INFO] started tweaking git repo https://github.com/danilhendrasr/nodeflux-technical-assessment
[INFO] finished tweaking git repo https://github.com/danilhendrasr/nodeflux-technical-assessment
[INFO] tweaked toml for git repo https://github.com/danilhendrasr/nodeflux-technical-assessment written to /workspace/builds/worker-1-tc1/source/Cargo.toml
[INFO] validating manifest of git repo https://github.com/danilhendrasr/nodeflux-technical-assessment on toolchain 1.99.0-beta.8
[INFO] running `Command { std: CARGO_HOME="/workspace/cargo-home" RUSTUP_HOME="/workspace/rustup-home" "/workspace/cargo-home/bin/cargo" "+1.99.0-beta.8" "metadata" "--manifest-path" "Cargo.toml" "--no-deps", kill_on_drop: false }`
[INFO] crate git repo https://github.com/danilhendrasr/nodeflux-technical-assessment already has a lockfile, it will not be regenerated
[INFO] running `Command { std: CARGO_HOME="/workspace/cargo-home" RUSTUP_HOME="/workspace/rustup-home" "/workspace/cargo-home/bin/cargo" "+1.99.0-beta.8" "fetch" "--manifest-path" "Cargo.toml", kill_on_drop: false }`
[INFO] [stderr]     Blocking waiting for file lock on package cache
[INFO] [stderr]     Updating crates.io index
[INFO] [stderr]     Blocking waiting for file lock on package cache
[INFO] [stderr]  Downloading crates ...
[INFO] [stderr]   Downloaded zstd-safe v4.1.6+zstd.1.5.2
[INFO] [stderr]   Downloaded zstd v0.10.2+zstd.1.5.2
[INFO] [stderr]   Downloaded zip v0.6.2
[INFO] [stderr]   Downloaded sha1 v0.10.1
[INFO] [stderr]   Downloaded rust-embed-utils v7.2.0
[INFO] [stderr]   Downloaded actix-web-lab-derive v0.16.0
[INFO] [stderr]   Downloaded cpufeatures v0.2.1
[INFO] [stderr]   Downloaded pbkdf2 v0.10.1
[INFO] [stderr]   Downloaded base64ct v1.0.1
[INFO] [stderr]   Downloaded jobserver v0.1.24
[INFO] [stderr]   Downloaded getrandom v0.2.3
[INFO] [stderr]   Downloaded once_cell v1.9.0
[INFO] [stderr]   Downloaded pkg-config v0.3.24
[INFO] [stderr]   Downloaded quote v1.0.14
[INFO] [stderr]   Downloaded shellexpand v2.1.0
[INFO] [stderr]   Downloaded actix-web-codegen v4.0.0
[INFO] [stderr]   Downloaded rand_hc v0.3.1
[INFO] [stderr]   Downloaded wasm-bindgen-macro v0.2.78
[INFO] [stderr]   Downloaded wasm-bindgen-shared v0.2.78
[INFO] [stderr]   Downloaded wasm-bindgen-futures v0.4.28
[INFO] [stderr]   Downloaded security-framework-sys v2.4.2
[INFO] [stderr]   Downloaded openssl-probe v0.1.4
[INFO] [stderr]   Downloaded chrono-utilities v0.0.0-alpha1
[INFO] [stderr]   Downloaded http-range v0.1.5
[INFO] [stderr]   Downloaded cc v1.0.72
[INFO] [stderr]   Downloaded password-hash v0.3.2
[INFO] [stderr]   Downloaded bzip2 v0.4.3
[INFO] [stderr]   Downloaded utoipa v1.1.0
[INFO] [stderr]   Downloaded serde_derive v1.0.140
[INFO] [stderr]   Downloaded dirs-next v2.0.0
[INFO] [stderr]   Downloaded slab v0.4.5
[INFO] [stderr]   Downloaded firestorm v0.5.0
[INFO] [stderr]   Downloaded futures-sink v0.3.19
[INFO] [stderr]   Downloaded httparse v1.5.1
[INFO] [stderr]   Downloaded proc-macro2 v1.0.36
[INFO] [stderr]   Downloaded rust-embed-impl v6.2.0
[INFO] [stderr]   Downloaded semver v1.0.13
[INFO] [stderr]   Downloaded wasm-bindgen-macro-support v0.2.78
[INFO] [stderr]   Downloaded wasm-bindgen-backend v0.2.78
[INFO] [stderr]   Downloaded native-tls v0.2.8
[INFO] [stderr]   Downloaded security-framework v2.4.2
[INFO] [stderr]   Downloaded core-foundation v0.9.2
[INFO] [stderr]   Downloaded futures-channel v0.3.19
[INFO] [stderr]   Downloaded csv-core v0.1.10
[INFO] [stderr]   Downloaded actix-files v0.6.2
[INFO] [stderr]   Downloaded flate2 v1.0.22
[INFO] [stderr]   Downloaded utoipa-gen v1.1.0
[INFO] [stderr]   Downloaded smallvec v1.7.0
[INFO] [stderr]   Downloaded actix-router v0.5.0
[INFO] [stderr]   Downloaded ipnet v2.3.1
[INFO] [stderr]   Downloaded arc-swap v1.5.0
[INFO] [stderr]   Downloaded time v0.3.9
[INFO] [stderr]   Downloaded serde v1.0.140
[INFO] [stderr]   Downloaded lock_api v0.4.6
[INFO] [stderr]   Downloaded js-sys v0.3.55
[INFO] [stderr]   Downloaded rand v0.8.4
[INFO] [stderr]   Downloaded serde_json v1.0.74
[INFO] [stderr]   Downloaded mio v0.8.3
[INFO] [stderr]   Downloaded actix-web-lab v0.16.7
[INFO] [stderr]   Downloaded actix-http v3.0.4
[INFO] [stderr]   Downloaded reqwest v0.11.10
[INFO] [stderr]   Downloaded wasm-bindgen v0.2.78
[INFO] [stderr]   Downloaded syn v1.0.94
[INFO] [stderr]   Downloaded hyper v0.14.16
[INFO] [stderr]   Downloaded actix-web v4.0.1
[INFO] [stderr]   Downloaded libc v0.2.125
[INFO] [stderr]   Downloaded tokio v1.18.2
[INFO] [stderr]   Downloaded bzip2-sys v0.1.11+1.0.8
[INFO] [stderr]   Downloaded zstd-sys v1.6.3+zstd.1.5.2
[INFO] [stderr]   Downloaded web-sys v0.3.55
[INFO] [stderr]   Downloaded rust-embed v6.4.0
[INFO] [stderr]   Downloaded csv v1.1.6
[INFO] [stderr]   Downloaded encoding_rs v0.8.30
[INFO] [stderr]   Downloaded utoipa-swagger-ui v1.1.0
[INFO] running `Command { std: "docker" "create" "-v" "/var/lib/crater-agent-workspace/builds/worker-1-tc1/source:/opt/rustwide/workdir:ro,Z" "-v" "/var/lib/crater-agent-workspace/builds/worker-1-tc1/target:/opt/rustwide/target:rw,Z" "-v" "/var/lib/crater-agent-workspace/cargo-home:/opt/rustwide/cargo-home:ro,Z" "-v" "/var/lib/crater-agent-workspace/rustup-home:/opt/rustwide/rustup-home:ro,Z" "-m" "1610612736" "--network" "none" "ghcr.io/rust-lang/crates-build-env/linux@sha256:77db811e55d90add9212f6832c23229e3de5f1c1f9905e8cb07319ea15df73ac" "sleep" "infinity", kill_on_drop: false }`
[INFO] [stdout] 4125d3295043e32e9e2d2414d2d9386a9bcf4f1c6fd0e600d15447a848c18bc9
[INFO] running `Command { std: "docker" "start" "4125d3295043e32e9e2d2414d2d9386a9bcf4f1c6fd0e600d15447a848c18bc9", kill_on_drop: false }`
[INFO] running `Command { std: "docker" "inspect" "4125d3295043e32e9e2d2414d2d9386a9bcf4f1c6fd0e600d15447a848c18bc9", kill_on_drop: false }`
[INFO] running `Command { std: "docker" "exec" "-e" "SOURCE_DIR=/opt/rustwide/workdir" "-e" "CARGO_HOME=/opt/rustwide/cargo-home" "-e" "RUSTUP_HOME=/opt/rustwide/rustup-home" "-e" "CARGO_TARGET_DIR=/opt/rustwide/target" "-w" "/opt/rustwide/workdir" "--user" "0:0" "4125d3295043e32e9e2d2414d2d9386a9bcf4f1c6fd0e600d15447a848c18bc9" "/opt/rustwide/cargo-home/bin/cargo" "+1.99.0-beta.8" "metadata" "--no-deps" "--format-version=1", kill_on_drop: false }`
[INFO] running `Command { std: "docker" "inspect" "4125d3295043e32e9e2d2414d2d9386a9bcf4f1c6fd0e600d15447a848c18bc9", kill_on_drop: false }`
[INFO] running `Command { std: "docker" "exec" "-e" "SOURCE_DIR=/opt/rustwide/workdir" "-e" "CARGO_HOME=/opt/rustwide/cargo-home" "-e" "RUSTUP_HOME=/opt/rustwide/rustup-home" "-e" "CARGO_TARGET_DIR=/opt/rustwide/target" "-e" "CARGO_INCREMENTAL=0" "-e" "RUST_BACKTRACE=full" "-e" "RUSTFLAGS=--cap-lints=warn" "-e" "RUSTDOCFLAGS=--cap-lints=warn" "-w" "/opt/rustwide/workdir" "--user" "0:0" "4125d3295043e32e9e2d2414d2d9386a9bcf4f1c6fd0e600d15447a848c18bc9" "/opt/rustwide/cargo-home/bin/cargo" "+1.99.0-beta.8" "build" "--frozen" "--message-format=json", kill_on_drop: false }`
[INFO] [stderr]    Compiling libc v0.2.125
[INFO] [stderr]    Compiling proc-macro2 v1.0.36
[INFO] [stderr]    Compiling syn v1.0.94
[INFO] [stderr]    Compiling memchr v2.4.1
[INFO] [stderr]    Compiling log v0.4.14
[INFO] [stderr]    Compiling futures-core v0.3.21
[INFO] [stderr]    Compiling once_cell v1.9.0
[INFO] [stderr]    Compiling generic-array v0.14.5
[INFO] [stderr]    Compiling parking_lot_core v0.9.3
[INFO] [stderr]    Compiling pkg-config v0.3.24
[INFO] [stderr]    Compiling smallvec v1.7.0
[INFO] [stderr]    Compiling cpufeatures v0.2.1
[INFO] [stderr]    Compiling serde_derive v1.0.140
[INFO] [stderr]    Compiling futures-task v0.3.21
[INFO] [stderr]    Compiling lock_api v0.4.6
[INFO] [stderr]    Compiling serde v1.0.140
[INFO] [stderr]    Compiling http v0.2.8
[INFO] [stderr]    Compiling tracing-core v0.1.26
[INFO] [stderr]    Compiling futures-util v0.3.21
[INFO] [stderr]    Compiling regex-syntax v0.6.27
[INFO] [stderr]    Compiling indexmap v1.9.1
[INFO] [stderr]    Compiling crc32fast v1.3.2
[INFO] [stderr]    Compiling slab v0.4.5
[INFO] [stderr]    Compiling futures-sink v0.3.19
[INFO] [stderr]    Compiling futures-io v0.3.21
[INFO] [stderr]    Compiling zstd-safe v4.1.6+zstd.1.5.2
[INFO] [stderr]    Compiling matches v0.1.9
[INFO] [stderr]    Compiling num_threads v0.1.6
[INFO] [stderr]    Compiling subtle v2.4.1
[INFO] [stderr]    Compiling time-macros v0.2.4
[INFO] [stderr]    Compiling httparse v1.5.1
[INFO] [stderr]    Compiling form_urlencoded v1.0.1
[INFO] [stderr]    Compiling bytestring v1.0.0
[INFO] [stderr]    Compiling unicase v2.6.0
[INFO] [stderr]    Compiling encoding_rs v0.8.30
[INFO] [stderr]    Compiling serde_json v1.0.74
[INFO] [stderr]    Compiling alloc-no-stdlib v2.0.3
[INFO] [stderr]    Compiling local-waker v0.1.3
[INFO] [stderr]    Compiling unicode-bidi v0.3.7
[INFO] [stderr]    Compiling alloc-stdlib v0.2.1
[INFO] [stderr]    Compiling aho-corasick v0.7.18
[INFO] [stderr]    Compiling ahash v0.7.6
[INFO] [stderr]    Compiling quote v1.0.14
[INFO] [stderr]    Compiling jobserver v0.1.24
[INFO] [stderr]    Compiling socket2 v0.4.4
[INFO] [stderr]    Compiling num_cpus v1.13.1
[INFO] [stderr]    Compiling signal-hook-registry v1.4.0
[INFO] [stderr]    Compiling mio v0.8.3
[INFO] [stderr]    Compiling cc v1.0.72
[INFO] [stderr]    Compiling parking_lot v0.12.0
[INFO] [stderr]    Compiling getrandom v0.2.3
[INFO] [stderr]    Compiling idna v0.2.3
[INFO] [stderr]    Compiling block-buffer v0.10.2
[INFO] [stderr]    Compiling crypto-common v0.1.3
[INFO] [stderr]    Compiling rand_core v0.6.3
[INFO] [stderr]    Compiling digest v0.10.3
[INFO] [stderr]    Compiling firestorm v0.5.0
[INFO] [stderr]    Compiling actix-service v2.0.2
[INFO] [stderr]    Compiling brotli-decompressor v2.3.2
[INFO] [stderr]    Compiling rand_chacha v0.3.1
[INFO] [stderr]    Compiling actix-utils v3.0.0
[INFO] [stderr]    Compiling cookie v0.16.0
[INFO] [stderr]    Compiling openssl v0.10.38
[INFO] [stderr]    Compiling base64ct v1.0.1
[INFO] [stderr]    Compiling itoa v0.4.8
[INFO] [stderr]    Compiling url v2.2.2
[INFO] [stderr]    Compiling mime_guess v2.0.4
[INFO] [stderr]    Compiling password-hash v0.3.2
[INFO] [stderr]    Compiling sha-1 v0.10.0
[INFO] [stderr]    Compiling rand v0.8.4
[INFO] [stderr]    Compiling time v0.3.9
[INFO] [stderr]    Compiling hmac v0.12.1
[INFO] [stderr]    Compiling zstd-sys v1.6.3+zstd.1.5.2
[INFO] [stderr]    Compiling openssl-sys v0.9.72
[INFO] [stderr]    Compiling bzip2-sys v0.1.11+1.0.8
[INFO] [stderr]    Compiling sha2 v0.10.2
[INFO] [stderr]    Compiling cipher v0.3.0
[INFO] [stderr]    Compiling block-buffer v0.9.0
[INFO] [stderr]    Compiling digest v0.9.0
[INFO] [stderr]    Compiling dirs-sys-next v0.1.2
[INFO] [stderr]    Compiling flate2 v1.0.22
[INFO] [stderr]    Compiling language-tags v0.3.2
[INFO] [stderr]    Compiling native-tls v0.2.8
[INFO] [stderr]    Compiling futures-channel v0.3.19
[INFO] [stderr]    Compiling walkdir v2.3.2
[INFO] [stderr]    Compiling dirs-next v2.0.0
[INFO] [stderr]    Compiling pbkdf2 v0.10.1
[INFO] [stderr]    Compiling aes v0.7.5
[INFO] [stderr]    Compiling sha2 v0.9.9
[INFO] [stderr]    Compiling bzip2 v0.4.3
[INFO] [stderr]    Compiling regex v1.6.0
[INFO] [stderr]    Compiling proc-macro-error-attr v1.0.4
[INFO] [stderr]    Compiling sha1 v0.10.1
[INFO] [stderr]    Compiling brotli v3.3.4
[INFO] [stderr]    Compiling num-integer v0.1.44
[INFO] [stderr]    Compiling constant_time_eq v0.1.5
[INFO] [stderr]    Compiling byteorder v1.4.3
[INFO] [stderr]    Compiling openssl-probe v0.1.4
[INFO] [stderr]    Compiling want v0.3.0
[INFO] [stderr]    Compiling rust-embed-utils v7.2.0
[INFO] [stderr]    Compiling shellexpand v2.1.0
[INFO] [stderr]    Compiling http-body v0.4.4
[INFO] [stderr]    Compiling regex-automata v0.1.10
[INFO] [stderr]    Compiling time v0.1.43
[INFO] [stderr]    Compiling csv-core v0.1.10
[INFO] [stderr]    Compiling http-range v0.1.5
[INFO] [stderr]    Compiling sha1_smol v1.0.0
[INFO] [stderr]    Compiling askama_escape v0.10.3
[INFO] [stderr]    Compiling combine v4.6.4
[INFO] [stderr]    Compiling arc-swap v1.5.0
[INFO] [stderr]    Compiling ipnet v2.3.1
[INFO] [stderr]    Compiling sha1 v0.6.1
[INFO] [stderr]    Compiling chrono v0.4.19
[INFO] [stderr]    Compiling actix-router v0.5.0
[INFO] [stderr]    Compiling chrono-utilities v0.0.0-alpha1
[INFO] [stderr]    Compiling proc-macro-error v1.0.4
[INFO] [stderr]    Compiling tokio-macros v1.8.0
[INFO] [stderr]    Compiling tokio v1.18.2
[INFO] [stderr]    Compiling tracing-attributes v0.1.21
[INFO] [stderr]    Compiling futures-macro v0.3.21
[INFO] [stderr]    Compiling derive_more v0.99.17
[INFO] [stderr]    Compiling actix-web-codegen v4.0.0
[INFO] [stderr]    Compiling actix-macros v0.2.3
[INFO] [stderr]    Compiling rust-embed-impl v6.2.0
[INFO] [stderr]    Compiling utoipa-gen v1.1.0
[INFO] [stderr]    Compiling tracing v0.1.34
[INFO] [stderr]    Compiling async-trait v0.1.53
[INFO] [stderr]    Compiling actix-web-lab-derive v0.16.0
[INFO] [stderr]    Compiling rust-embed v6.4.0
[INFO] [stderr]    Compiling redis v0.21.5
[INFO] [stderr]    Compiling tokio-util v0.7.1
[INFO] [stderr]    Compiling actix-rt v2.7.0
[INFO] [stderr]    Compiling tokio-native-tls v0.3.0
[INFO] [stderr]    Compiling actix-codec v0.5.0
[INFO] [stderr]    Compiling h2 v0.3.13
[INFO] [stderr]    Compiling local-channel v0.1.3
[INFO] [stderr]    Compiling actix-server v2.1.1
[INFO] [stderr]    Compiling serde_urlencoded v0.7.1
[INFO] [stderr]    Compiling bstr v0.2.17
[INFO] [stderr]    Compiling serde_html_form v0.1.0
[INFO] [stderr]    Compiling csv v1.1.6
[INFO] [stderr]    Compiling utoipa v1.1.0
[INFO] [stderr]    Compiling hyper v0.14.16
[INFO] [stderr]    Compiling hyper-tls v0.5.0
[INFO] [stderr]    Compiling reqwest v0.11.10
[INFO] [stderr]    Compiling zstd v0.10.2+zstd.1.5.2
[INFO] [stderr]    Compiling actix-http v3.0.4
[INFO] [stderr]    Compiling zip v0.6.2
[INFO] [stderr]    Compiling utoipa-swagger-ui v1.1.0
[INFO] [stderr]    Compiling actix-web v4.0.1
[INFO] [stderr]    Compiling actix-files v0.6.2
[INFO] [stderr]    Compiling actix-web-lab v0.16.7
[INFO] [stderr]    Compiling rust-covid-api v2.0.0 (/opt/rustwide/workdir)
[INFO] [stderr]     Finished `dev` profile [unoptimized + debuginfo] target(s) in 2m 17s
[INFO] [stderr] warning: the following packages contain code that will be rejected by a future version of Rust: redis v0.21.5
[INFO] [stderr] note: to see what the problems were, use the option `--future-incompat-report`, or run `cargo report future-incompatibilities --id 5`
[INFO] running `Command { std: "docker" "inspect" "4125d3295043e32e9e2d2414d2d9386a9bcf4f1c6fd0e600d15447a848c18bc9", kill_on_drop: false }`
[INFO] running `Command { std: "docker" "exec" "-e" "SOURCE_DIR=/opt/rustwide/workdir" "-e" "CARGO_HOME=/opt/rustwide/cargo-home" "-e" "RUSTUP_HOME=/opt/rustwide/rustup-home" "-e" "CARGO_TARGET_DIR=/opt/rustwide/target" "-e" "CARGO_INCREMENTAL=0" "-e" "RUST_BACKTRACE=full" "-e" "RUSTFLAGS=--cap-lints=warn" "-e" "RUSTDOCFLAGS=--cap-lints=warn" "-w" "/opt/rustwide/workdir" "--user" "0:0" "4125d3295043e32e9e2d2414d2d9386a9bcf4f1c6fd0e600d15447a848c18bc9" "/opt/rustwide/cargo-home/bin/cargo" "+1.99.0-beta.8" "test" "--frozen" "--no-run" "--message-format=json", kill_on_drop: false }`
[INFO] [stderr]    Compiling rust-covid-api v2.0.0 (/opt/rustwide/workdir)
[INFO] [stderr]     Finished `test` profile [unoptimized + debuginfo] target(s) in 7.55s
[INFO] [stderr] warning: the following packages contain code that will be rejected by a future version of Rust: redis v0.21.5
[INFO] [stderr] note: to see what the problems were, use the option `--future-incompat-report`, or run `cargo report future-incompatibilities --id 5`
[INFO] running `Command { std: "docker" "inspect" "4125d3295043e32e9e2d2414d2d9386a9bcf4f1c6fd0e600d15447a848c18bc9", kill_on_drop: false }`
[INFO] running `Command { std: "docker" "exec" "-e" "SOURCE_DIR=/opt/rustwide/workdir" "-e" "CARGO_HOME=/opt/rustwide/cargo-home" "-e" "RUSTUP_HOME=/opt/rustwide/rustup-home" "-e" "CARGO_TARGET_DIR=/opt/rustwide/target" "-e" "CARGO_INCREMENTAL=0" "-e" "RUST_BACKTRACE=full" "-e" "RUSTFLAGS=--cap-lints=warn" "-e" "RUSTDOCFLAGS=--cap-lints=warn" "-w" "/opt/rustwide/workdir" "--user" "0:0" "4125d3295043e32e9e2d2414d2d9386a9bcf4f1c6fd0e600d15447a848c18bc9" "/opt/rustwide/cargo-home/bin/cargo" "+1.99.0-beta.8" "test" "--frozen", kill_on_drop: false }`
[INFO] [stderr]     Finished `test` profile [unoptimized + debuginfo] target(s) in 0.45s
[INFO] [stderr] warning: the following packages contain code that will be rejected by a future version of Rust: redis v0.21.5
[INFO] [stderr] note: to see what the problems were, use the option `--future-incompat-report`, or run `cargo report future-incompatibilities --id 5`
[INFO] [stderr]      Running unittests src/lib.rs (/opt/rustwide/target/debug/deps/rust_covid_api-41da12d476611c36)
[INFO] [stdout] 
[INFO] [stdout] running 0 tests
[INFO] [stdout] 
[INFO] [stdout] test result: ok. 0 passed; 0 failed; 0 ignored; 0 measured; 0 filtered out; finished in 0.00s
[INFO] [stdout] 
[INFO] [stderr]      Running unittests src/main.rs (/opt/rustwide/target/debug/deps/rust_covid_api-e2a72fdefb3ffeee)
[INFO] [stdout] 
[INFO] [stdout] running 0 tests
[INFO] [stdout] 
[INFO] [stdout] test result: ok. 0 passed; 0 failed; 0 ignored; 0 measured; 0 filtered out; finished in 0.00s
[INFO] [stdout] 
[INFO] [stderr]      Running tests/daily.rs (/opt/rustwide/target/debug/deps/daily-bc871cd3240c6dce)
[INFO] [stdout] 
[INFO] [stdout] running 7 tests
[INFO] [stdout] test specific_day::returns_404_given_invalid_day ... FAILED
[INFO] [stdout] test all_days_in_a_month::returns_404_given_invalid_month ... FAILED
[INFO] [stdout] test specific_day::returns_200_given_valid_day ... FAILED
[INFO] [stdout] test all_days::returns_all_days ... FAILED
[INFO] [stdout] test all_days_in_a_year::returns_all_days_in_a_year ... FAILED
[INFO] [stdout] test all_days_in_a_year::returns_404_given_invalid_year ... FAILED
[INFO] [stdout] test all_days_in_a_month::returns_all_days_in_a_month ... FAILED
[INFO] [stdout] 
[INFO] [stdout] failures:
[INFO] [stdout] 
[INFO] [stdout] ---- specific_day::returns_404_given_invalid_day stdout ----
[INFO] [stdout] 
[INFO] [stdout] thread 'specific_day::returns_404_given_invalid_day' (3315) panicked at tests/daily.rs:200:9:
[INFO] [stdout] assertion `left == right` failed
[INFO] [stdout]   left: 500
[INFO] [stdout]  right: 404
[INFO] [stdout] stack backtrace:
[INFO] [stdout]    0:     0x60fd17e4e4c1 - std[70759c8f55707aa4]::backtrace_rs::backtrace::libunwind::trace
[INFO] [stdout]                                at /rustc/dfb0accb7f508ae8be965d8629557221c889dd98/library/std/src/../../backtrace/src/backtrace/libunwind.rs:117:9
[INFO] [stdout]    1:     0x60fd17e4e4c1 - std[70759c8f55707aa4]::backtrace_rs::backtrace::trace_unsynchronized::<std[70759c8f55707aa4]::sys::backtrace::_print_fmt::{closure#1}>
[INFO] [stdout]                                at /rustc/dfb0accb7f508ae8be965d8629557221c889dd98/library/std/src/../../backtrace/src/backtrace/mod.rs:66:14
[INFO] [stdout]    2:     0x60fd17e4e4c1 - std[70759c8f55707aa4]::sys::backtrace::_print_fmt
[INFO] [stdout]                                at /rustc/dfb0accb7f508ae8be965d8629557221c889dd98/library/std/src/sys/backtrace.rs:74:9
[INFO] [stdout]    3:     0x60fd17e4e4c1 - <<std[70759c8f55707aa4]::sys::backtrace::BacktraceLock>::print::DisplayBacktrace as core[df12db4294e9bfd3]::fmt::Display>::fmt
[INFO] [stdout]                                at /rustc/dfb0accb7f508ae8be965d8629557221c889dd98/library/std/src/sys/backtrace.rs:44:26
[INFO] [stdout]    4:     0x60fd17e651aa - <core[df12db4294e9bfd3]::fmt::rt::Argument>::fmt
[INFO] [stdout]                                at /rustc/dfb0accb7f508ae8be965d8629557221c889dd98/library/core/src/fmt/rt.rs:152:76
[INFO] [stdout]    5:     0x60fd17e651aa - core[df12db4294e9bfd3]::fmt::write
[INFO] [stdout]    6:     0x60fd17e52ffc - core[df12db4294e9bfd3]::io::write::default_write_fmt::<alloc[2182bb758b4b3781]::vec::Vec<u8>>
[INFO] [stdout]                                at /rustc/dfb0accb7f508ae8be965d8629557221c889dd98/library/core/src/io/write.rs:402:11
[INFO] [stdout]    7:     0x60fd17e52ffc - <alloc[2182bb758b4b3781]::vec::Vec<u8> as core[df12db4294e9bfd3]::io::write::Write>::write_fmt
[INFO] [stdout]                                at /rustc/dfb0accb7f508ae8be965d8629557221c889dd98/library/core/src/io/write.rs:335:13
[INFO] [stdout]    8:     0x60fd17e29986 - <std[70759c8f55707aa4]::sys::backtrace::BacktraceLock>::print
[INFO] [stdout]                                at /rustc/dfb0accb7f508ae8be965d8629557221c889dd98/library/std/src/sys/backtrace.rs:47:9
[INFO] [stdout]    9:     0x60fd17e29986 - std[70759c8f55707aa4]::panicking::default_hook::{closure#0}
[INFO] [stdout]                                at /rustc/dfb0accb7f508ae8be965d8629557221c889dd98/library/std/src/panicking.rs:292:27
[INFO] [stdout]   10:     0x60fd17e463f9 - std[70759c8f55707aa4]::panicking::default_hook
[INFO] [stdout]                                at /rustc/dfb0accb7f508ae8be965d8629557221c889dd98/library/std/src/panicking.rs:316:9
[INFO] [stdout]   11:     0x60fd176ebca0 - <alloc[2182bb758b4b3781]::boxed::Box<dyn for<'a, 'b> core[df12db4294e9bfd3]::ops::function::Fn<(&'a std[70759c8f55707aa4]::panic::PanicHookInfo<'b>,), Output = ()> + core[df12db4294e9bfd3]::marker::Send + core[df12db4294e9bfd3]::marker::Sync> as core[df12db4294e9bfd3]::ops::function::Fn<(&std[70759c8f55707aa4]::panic::PanicHookInfo,)>>::call
[INFO] [stdout]                                at /rustc/dfb0accb7f508ae8be965d8629557221c889dd98/library/alloc/src/boxed.rs:2334:9
[INFO] [stdout]   12:     0x60fd176ebca0 - test[9d35eded1c95d3be]::test_main_inner::<test[9d35eded1c95d3be]::test_main_static::{closure#0}>::{closure#0}
[INFO] [stdout]                                at /rustc/dfb0accb7f508ae8be965d8629557221c889dd98/library/test/src/lib.rs:155:21
[INFO] [stdout]   13:     0x60fd17e46722 - <alloc[2182bb758b4b3781]::boxed::Box<dyn for<'a, 'b> core[df12db4294e9bfd3]::ops::function::Fn<(&'a std[70759c8f55707aa4]::panic::PanicHookInfo<'b>,), Output = ()> + core[df12db4294e9bfd3]::marker::Send + core[df12db4294e9bfd3]::marker::Sync> as core[df12db4294e9bfd3]::ops::function::Fn<(&std[70759c8f55707aa4]::panic::PanicHookInfo,)>>::call
[INFO] [stdout]                                at /rustc/dfb0accb7f508ae8be965d8629557221c889dd98/library/alloc/src/boxed.rs:2334:9
[INFO] [stdout]   14:     0x60fd17e46722 - std[70759c8f55707aa4]::panicking::panic_with_hook
[INFO] [stdout]                                at /rustc/dfb0accb7f508ae8be965d8629557221c889dd98/library/std/src/panicking.rs:823:13
[INFO] [stdout]   15:     0x60fd17e29a32 - std[70759c8f55707aa4]::panicking::panic_handler::{closure#0}
[INFO] [stdout]                                at /rustc/dfb0accb7f508ae8be965d8629557221c889dd98/library/std/src/panicking.rs:688:13
[INFO] [stdout]   16:     0x60fd17e22499 - std[70759c8f55707aa4]::sys::backtrace::__rust_end_short_backtrace::<std[70759c8f55707aa4]::panicking::panic_handler::{closure#0}, !>
[INFO] [stdout]                                at /rustc/dfb0accb7f508ae8be965d8629557221c889dd98/library/std/src/sys/backtrace.rs:182:18
[INFO] [stdout]   17:     0x60fd17e2a8bd - __rustc[8fa7c3cbc660c2b3]::rust_begin_unwind
[INFO] [stdout]                                at /rustc/dfb0accb7f508ae8be965d8629557221c889dd98/library/std/src/panicking.rs:679:5
[INFO] [stdout]   18:     0x60fd17e659cc - core[df12db4294e9bfd3]::panicking::panic_fmt
[INFO] [stdout]                                at /rustc/dfb0accb7f508ae8be965d8629557221c889dd98/library/core/src/panicking.rs:80:14
[INFO] [stdout]   19:     0x60fd17e65863 - core[df12db4294e9bfd3]::panicking::assert_failed_inner
[INFO] [stdout]                                at /rustc/dfb0accb7f508ae8be965d8629557221c889dd98/library/core/src/panicking.rs:452:17
[INFO] [stdout]   20:     0x60fd17d87932 - core[df12db4294e9bfd3]::panicking::assert_failed::<u16, u16>
[INFO] [stdout]                                at /rustc/dfb0accb7f508ae8be965d8629557221c889dd98/library/core/src/panicking.rs:407:5
[INFO] [stdout]   21:     0x60fd176b7c96 - daily[2d7674be80d15eb]::specific_day::returns_404_given_invalid_day::{closure#0}
[INFO] [stdout]                                at /opt/rustwide/workdir/tests/daily.rs:200:9
[INFO] [stdout]   22:     0x60fd176a24c6 - <tokio[ca09e5f576c143ab]::task::local::RunUntil<daily[2d7674be80d15eb]::specific_day::returns_404_given_invalid_day::{closure#0}> as core[df12db4294e9bfd3]::future::future::Future>::poll::{closure#0}::{closure#0}
[INFO] [stdout]                                at /opt/rustwide/cargo-home/registry/src/index.crates.io-1949cf8c6b5b557f/tokio-1.18.2/src/task/local.rs:649:67
[INFO] [stdout]   23:     0x60fd176cb222 - tokio[ca09e5f576c143ab]::coop::with_budget::<core[df12db4294e9bfd3]::task::poll::Poll<()>, <tokio[ca09e5f576c143ab]::task::local::RunUntil<daily[2d7674be80d15eb]::specific_day::returns_404_given_invalid_day::{closure#0}> as core[df12db4294e9bfd3]::future::future::Future>::poll::{closure#0}::{closure#0}>::{closure#0}
[INFO] [stdout]                                at /opt/rustwide/cargo-home/registry/src/index.crates.io-1949cf8c6b5b557f/tokio-1.18.2/src/coop.rs:102:9
[INFO] [stdout]   24:     0x60fd17698f17 - <std[70759c8f55707aa4]::thread::local::LocalKey<core[df12db4294e9bfd3]::cell::Cell<tokio[ca09e5f576c143ab]::coop::Budget>>>::try_with::<tokio[ca09e5f576c143ab]::coop::with_budget<core[df12db4294e9bfd3]::task::poll::Poll<()>, <tokio[ca09e5f576c143ab]::task::local::RunUntil<daily[2d7674be80d15eb]::specific_day::returns_404_given_invalid_day::{closure#0}> as core[df12db4294e9bfd3]::future::future::Future>::poll::{closure#0}::{closure#0}>::{closure#0}, core[df12db4294e9bfd3]::task::poll::Poll<()>>
[INFO] [stdout]                                at /rustc/dfb0accb7f508ae8be965d8629557221c889dd98/library/std/src/thread/local.rs:463:12
[INFO] [stdout]   25:     0x60fd1769790e - <std[70759c8f55707aa4]::thread::local::LocalKey<core[df12db4294e9bfd3]::cell::Cell<tokio[ca09e5f576c143ab]::coop::Budget>>>::with::<tokio[ca09e5f576c143ab]::coop::with_budget<core[df12db4294e9bfd3]::task::poll::Poll<()>, <tokio[ca09e5f576c143ab]::task::local::RunUntil<daily[2d7674be80d15eb]::specific_day::returns_404_given_invalid_day::{closure#0}> as core[df12db4294e9bfd3]::future::future::Future>::poll::{closure#0}::{closure#0}>::{closure#0}, core[df12db4294e9bfd3]::task::poll::Poll<()>>
[INFO] [stdout]                                at /rustc/dfb0accb7f508ae8be965d8629557221c889dd98/library/std/src/thread/local.rs:427:20
[INFO] [stdout]   26:     0x60fd176a5355 - tokio[ca09e5f576c143ab]::coop::with_budget::<core[df12db4294e9bfd3]::task::poll::Poll<()>, <tokio[ca09e5f576c143ab]::task::local::RunUntil<daily[2d7674be80d15eb]::specific_day::returns_404_given_invalid_day::{closure#0}> as core[df12db4294e9bfd3]::future::future::Future>::poll::{closure#0}::{closure#0}>
[INFO] [stdout]                                at /opt/rustwide/cargo-home/registry/src/index.crates.io-1949cf8c6b5b557f/tokio-1.18.2/src/coop.rs:95:13
[INFO] [stdout]   27:     0x60fd176a5355 - tokio[ca09e5f576c143ab]::coop::budget::<core[df12db4294e9bfd3]::task::poll::Poll<()>, <tokio[ca09e5f576c143ab]::task::local::RunUntil<daily[2d7674be80d15eb]::specific_day::returns_404_given_invalid_day::{closure#0}> as core[df12db4294e9bfd3]::future::future::Future>::poll::{closure#0}::{closure#0}>
[INFO] [stdout]                                at /opt/rustwide/cargo-home/registry/src/index.crates.io-1949cf8c6b5b557f/tokio-1.18.2/src/coop.rs:72:5
[INFO] [stdout]   28:     0x60fd176a5355 - <tokio[ca09e5f576c143ab]::task::local::RunUntil<daily[2d7674be80d15eb]::specific_day::returns_404_given_invalid_day::{closure#0}> as core[df12db4294e9bfd3]::future::future::Future>::poll::{closure#0}
[INFO] [stdout]                                at /opt/rustwide/cargo-home/registry/src/index.crates.io-1949cf8c6b5b557f/tokio-1.18.2/src/task/local.rs:649:42
[INFO] [stdout]   29:     0x60fd176c0de8 - <tokio[ca09e5f576c143ab]::macros::scoped_tls::ScopedKey<tokio[ca09e5f576c143ab]::task::local::Context>>::set::<<tokio[ca09e5f576c143ab]::task::local::RunUntil<daily[2d7674be80d15eb]::specific_day::returns_404_given_invalid_day::{closure#0}> as core[df12db4294e9bfd3]::future::future::Future>::poll::{closure#0}, core[df12db4294e9bfd3]::task::poll::Poll<()>>
[INFO] [stdout]                                at /opt/rustwide/cargo-home/registry/src/index.crates.io-1949cf8c6b5b557f/tokio-1.18.2/src/macros/scoped_tls.rs:61:9
[INFO] [stdout]   30:     0x60fd1769f92a - <tokio[ca09e5f576c143ab]::task::local::LocalSet>::with::<core[df12db4294e9bfd3]::task::poll::Poll<()>, <tokio[ca09e5f576c143ab]::task::local::RunUntil<daily[2d7674be80d15eb]::specific_day::returns_404_given_invalid_day::{closure#0}> as core[df12db4294e9bfd3]::future::future::Future>::poll::{closure#0}>
[INFO] [stdout]                                at /opt/rustwide/cargo-home/registry/src/index.crates.io-1949cf8c6b5b557f/tokio-1.18.2/src/task/local.rs:566:17
[INFO] [stdout]   31:     0x60fd176a9e4b - <tokio[ca09e5f576c143ab]::task::local::RunUntil<daily[2d7674be80d15eb]::specific_day::returns_404_given_invalid_day::{closure#0}> as core[df12db4294e9bfd3]::future::future::Future>::poll
[INFO] [stdout]                                at /opt/rustwide/cargo-home/registry/src/index.crates.io-1949cf8c6b5b557f/tokio-1.18.2/src/task/local.rs:639:22
[INFO] [stdout]   32:     0x60fd176a14bc - <tokio[ca09e5f576c143ab]::task::local::LocalSet>::run_until::<daily[2d7674be80d15eb]::specific_day::returns_404_given_invalid_day::{closure#0}>::{closure#0}
[INFO] [stdout]                                at /opt/rustwide/cargo-home/registry/src/index.crates.io-1949cf8c6b5b557f/tokio-1.18.2/src/task/local.rs:512:19
[INFO] [stdout]   33:     0x60fd176cec0d - <core[df12db4294e9bfd3]::pin::Pin<&mut <tokio[ca09e5f576c143ab]::task::local::LocalSet>::run_until<daily[2d7674be80d15eb]::specific_day::returns_404_given_invalid_day::{closure#0}>::{closure#0}> as core[df12db4294e9bfd3]::future::future::Future>::poll
[INFO] [stdout]                                at /rustc/dfb0accb7f508ae8be965d8629557221c889dd98/library/core/src/future/future.rs:133:9
[INFO] [stdout]   34:     0x60fd176970cd - <tokio[ca09e5f576c143ab]::runtime::basic_scheduler::CoreGuard>::block_on::<core[df12db4294e9bfd3]::pin::Pin<&mut <tokio[ca09e5f576c143ab]::task::local::LocalSet>::run_until<daily[2d7674be80d15eb]::specific_day::returns_404_given_invalid_day::{closure#0}>::{closure#0}>>::{closure#0}::{closure#0}::{closure#0}
[INFO] [stdout]                                at /opt/rustwide/cargo-home/registry/src/index.crates.io-1949cf8c6b5b557f/tokio-1.18.2/src/runtime/basic_scheduler.rs:507:64
[INFO] [stdout]   35:     0x60fd176cab92 - tokio[ca09e5f576c143ab]::coop::with_budget::<core[df12db4294e9bfd3]::task::poll::Poll<()>, <tokio[ca09e5f576c143ab]::runtime::basic_scheduler::CoreGuard>::block_on<core[df12db4294e9bfd3]::pin::Pin<&mut <tokio[ca09e5f576c143ab]::task::local::LocalSet>::run_until<daily[2d7674be80d15eb]::specific_day::returns_404_given_invalid_day::{closure#0}>::{closure#0}>>::{closure#0}::{closure#0}::{closure#0}>::{closure#0}
[INFO] [stdout]                                at /opt/rustwide/cargo-home/registry/src/index.crates.io-1949cf8c6b5b557f/tokio-1.18.2/src/coop.rs:102:9
[INFO] [stdout]   36:     0x60fd17698967 - <std[70759c8f55707aa4]::thread::local::LocalKey<core[df12db4294e9bfd3]::cell::Cell<tokio[ca09e5f576c143ab]::coop::Budget>>>::try_with::<tokio[ca09e5f576c143ab]::coop::with_budget<core[df12db4294e9bfd3]::task::poll::Poll<()>, <tokio[ca09e5f576c143ab]::runtime::basic_scheduler::CoreGuard>::block_on<core[df12db4294e9bfd3]::pin::Pin<&mut <tokio[ca09e5f576c143ab]::task::local::LocalSet>::run_until<daily[2d7674be80d15eb]::specific_day::returns_404_given_invalid_day::{closure#0}>::{closure#0}>>::{closure#0}::{closure#0}::{closure#0}>::{closure#0}, core[df12db4294e9bfd3]::task::poll::Poll<()>>
[INFO] [stdout]                                at /rustc/dfb0accb7f508ae8be965d8629557221c889dd98/library/std/src/thread/local.rs:463:12
[INFO] [stdout]   37:     0x60fd176976de - <std[70759c8f55707aa4]::thread::local::LocalKey<core[df12db4294e9bfd3]::cell::Cell<tokio[ca09e5f576c143ab]::coop::Budget>>>::with::<tokio[ca09e5f576c143ab]::coop::with_budget<core[df12db4294e9bfd3]::task::poll::Poll<()>, <tokio[ca09e5f576c143ab]::runtime::basic_scheduler::CoreGuard>::block_on<core[df12db4294e9bfd3]::pin::Pin<&mut <tokio[ca09e5f576c143ab]::task::local::LocalSet>::run_until<daily[2d7674be80d15eb]::specific_day::returns_404_given_invalid_day::{closure#0}>::{closure#0}>>::{closure#0}::{closure#0}::{closure#0}>::{closure#0}, core[df12db4294e9bfd3]::task::poll::Poll<()>>
[INFO] [stdout]                                at /rustc/dfb0accb7f508ae8be965d8629557221c889dd98/library/std/src/thread/local.rs:427:20
[INFO] [stdout]   38:     0x60fd176967db - tokio[ca09e5f576c143ab]::coop::with_budget::<core[df12db4294e9bfd3]::task::poll::Poll<()>, <tokio[ca09e5f576c143ab]::runtime::basic_scheduler::CoreGuard>::block_on<core[df12db4294e9bfd3]::pin::Pin<&mut <tokio[ca09e5f576c143ab]::task::local::LocalSet>::run_until<daily[2d7674be80d15eb]::specific_day::returns_404_given_invalid_day::{closure#0}>::{closure#0}>>::{closure#0}::{closure#0}::{closure#0}>
[INFO] [stdout]                                at /opt/rustwide/cargo-home/registry/src/index.crates.io-1949cf8c6b5b557f/tokio-1.18.2/src/coop.rs:95:13
[INFO] [stdout]   39:     0x60fd176967db - tokio[ca09e5f576c143ab]::coop::budget::<core[df12db4294e9bfd3]::task::poll::Poll<()>, <tokio[ca09e5f576c143ab]::runtime::basic_scheduler::CoreGuard>::block_on<core[df12db4294e9bfd3]::pin::Pin<&mut <tokio[ca09e5f576c143ab]::task::local::LocalSet>::run_until<daily[2d7674be80d15eb]::specific_day::returns_404_given_invalid_day::{closure#0}>::{closure#0}>>::{closure#0}::{closure#0}::{closure#0}>
[INFO] [stdout]                                at /opt/rustwide/cargo-home/registry/src/index.crates.io-1949cf8c6b5b557f/tokio-1.18.2/src/coop.rs:72:5
[INFO] [stdout]   40:     0x60fd176967db - <tokio[ca09e5f576c143ab]::runtime::basic_scheduler::CoreGuard>::block_on::<core[df12db4294e9bfd3]::pin::Pin<&mut <tokio[ca09e5f576c143ab]::task::local::LocalSet>::run_until<daily[2d7674be80d15eb]::specific_day::returns_404_given_invalid_day::{closure#0}>::{closure#0}>>::{closure#0}::{closure#0}
[INFO] [stdout]                                at /opt/rustwide/cargo-home/registry/src/index.crates.io-1949cf8c6b5b557f/tokio-1.18.2/src/runtime/basic_scheduler.rs:507:25
[INFO] [stdout]   41:     0x60fd1768db02 - <tokio[ca09e5f576c143ab]::runtime::basic_scheduler::Context>::enter::<core[df12db4294e9bfd3]::task::poll::Poll<()>, <tokio[ca09e5f576c143ab]::runtime::basic_scheduler::CoreGuard>::block_on<core[df12db4294e9bfd3]::pin::Pin<&mut <tokio[ca09e5f576c143ab]::task::local::LocalSet>::run_until<daily[2d7674be80d15eb]::specific_day::returns_404_given_invalid_day::{closure#0}>::{closure#0}>>::{closure#0}::{closure#0}>
[INFO] [stdout]                                at /opt/rustwide/cargo-home/registry/src/index.crates.io-1949cf8c6b5b557f/tokio-1.18.2/src/runtime/basic_scheduler.rs:361:19
[INFO] [stdout]   42:     0x60fd1769372c - <tokio[ca09e5f576c143ab]::runtime::basic_scheduler::CoreGuard>::block_on::<core[df12db4294e9bfd3]::pin::Pin<&mut <tokio[ca09e5f576c143ab]::task::local::LocalSet>::run_until<daily[2d7674be80d15eb]::specific_day::returns_404_given_invalid_day::{closure#0}>::{closure#0}>>::{closure#0}
[INFO] [stdout]                                at /opt/rustwide/cargo-home/registry/src/index.crates.io-1949cf8c6b5b557f/tokio-1.18.2/src/runtime/basic_scheduler.rs:506:44
[INFO] [stdout]   43:     0x60fd17692be4 - <tokio[ca09e5f576c143ab]::runtime::basic_scheduler::CoreGuard>::enter::<<tokio[ca09e5f576c143ab]::runtime::basic_scheduler::CoreGuard>::block_on<core[df12db4294e9bfd3]::pin::Pin<&mut <tokio[ca09e5f576c143ab]::task::local::LocalSet>::run_until<daily[2d7674be80d15eb]::specific_day::returns_404_given_invalid_day::{closure#0}>::{closure#0}>>::{closure#0}, ()>::{closure#0}
[INFO] [stdout]                                at /opt/rustwide/cargo-home/registry/src/index.crates.io-1949cf8c6b5b557f/tokio-1.18.2/src/runtime/basic_scheduler.rs:564:57
[INFO] [stdout]   44:     0x60fd176c144d - <tokio[ca09e5f576c143ab]::macros::scoped_tls::ScopedKey<tokio[ca09e5f576c143ab]::runtime::basic_scheduler::Context>>::set::<<tokio[ca09e5f576c143ab]::runtime::basic_scheduler::CoreGuard>::enter<<tokio[ca09e5f576c143ab]::runtime::basic_scheduler::CoreGuard>::block_on<core[df12db4294e9bfd3]::pin::Pin<&mut <tokio[ca09e5f576c143ab]::task::local::LocalSet>::run_until<daily[2d7674be80d15eb]::specific_day::returns_404_given_invalid_day::{closure#0}>::{closure#0}>>::{closure#0}, ()>::{closure#0}, (alloc[2182bb758b4b3781]::boxed::Box<tokio[ca09e5f576c143ab]::runtime::basic_scheduler::Core>, ())>
[INFO] [stdout]                                at /opt/rustwide/cargo-home/registry/src/index.crates.io-1949cf8c6b5b557f/tokio-1.18.2/src/macros/scoped_tls.rs:61:9
[INFO] [stdout]   45:     0x60fd17690b7c - <tokio[ca09e5f576c143ab]::runtime::basic_scheduler::CoreGuard>::enter::<<tokio[ca09e5f576c143ab]::runtime::basic_scheduler::CoreGuard>::block_on<core[df12db4294e9bfd3]::pin::Pin<&mut <tokio[ca09e5f576c143ab]::task::local::LocalSet>::run_until<daily[2d7674be80d15eb]::specific_day::returns_404_given_invalid_day::{closure#0}>::{closure#0}>>::{closure#0}, ()>
[INFO] [stdout]                                at /opt/rustwide/cargo-home/registry/src/index.crates.io-1949cf8c6b5b557f/tokio-1.18.2/src/runtime/basic_scheduler.rs:564:35
[INFO] [stdout]   46:     0x60fd176920c5 - <tokio[ca09e5f576c143ab]::runtime::basic_scheduler::CoreGuard>::block_on::<core[df12db4294e9bfd3]::pin::Pin<&mut <tokio[ca09e5f576c143ab]::task::local::LocalSet>::run_until<daily[2d7674be80d15eb]::specific_day::returns_404_given_invalid_day::{closure#0}>::{closure#0}>>
[INFO] [stdout]                                at /opt/rustwide/cargo-home/registry/src/index.crates.io-1949cf8c6b5b557f/tokio-1.18.2/src/runtime/basic_scheduler.rs:497:14
[INFO] [stdout]   47:     0x60fd1768c680 - <tokio[ca09e5f576c143ab]::runtime::basic_scheduler::BasicScheduler>::block_on::<<tokio[ca09e5f576c143ab]::task::local::LocalSet>::run_until<daily[2d7674be80d15eb]::specific_day::returns_404_given_invalid_day::{closure#0}>::{closure#0}>
[INFO] [stdout]                                at /opt/rustwide/cargo-home/registry/src/index.crates.io-1949cf8c6b5b557f/tokio-1.18.2/src/runtime/basic_scheduler.rs:173:29
[INFO] [stdout]   48:     0x60fd176b3794 - <tokio[ca09e5f576c143ab]::runtime::Runtime>::block_on::<<tokio[ca09e5f576c143ab]::task::local::LocalSet>::run_until<daily[2d7674be80d15eb]::specific_day::returns_404_given_invalid_day::{closure#0}>::{closure#0}>
[INFO] [stdout]                                at /opt/rustwide/cargo-home/registry/src/index.crates.io-1949cf8c6b5b557f/tokio-1.18.2/src/runtime/mod.rs:475:51
[INFO] [stdout]   49:     0x60fd1769fbbb - <tokio[ca09e5f576c143ab]::task::local::LocalSet>::block_on::<daily[2d7674be80d15eb]::specific_day::returns_404_given_invalid_day::{closure#0}>
[INFO] [stdout]                                at /opt/rustwide/cargo-home/registry/src/index.crates.io-1949cf8c6b5b557f/tokio-1.18.2/src/task/local.rs:473:12
[INFO] [stdout]   50:     0x60fd176bd3bd - <actix_rt[8c02a000dd460cd7]::runtime::Runtime>::block_on::<daily[2d7674be80d15eb]::specific_day::returns_404_given_invalid_day::{closure#0}>
[INFO] [stdout]                                at /opt/rustwide/cargo-home/registry/src/index.crates.io-1949cf8c6b5b557f/actix-rt-2.7.0/src/runtime.rs:80:20
[INFO] [stdout]   51:     0x60fd176b408d - <actix_rt[8c02a000dd460cd7]::system::SystemRunner>::block_on::<daily[2d7674be80d15eb]::specific_day::returns_404_given_invalid_day::{closure#0}>
[INFO] [stdout]                                at /opt/rustwide/cargo-home/registry/src/index.crates.io-1949cf8c6b5b557f/actix-rt-2.7.0/src/system.rs:209:17
[INFO] [stdout]   52:     0x60fd176ba272 - daily[2d7674be80d15eb]::specific_day::returns_404_given_invalid_day
[INFO] [stdout]                                at /opt/rustwide/workdir/tests/daily.rs:186:5
[INFO] [stdout]   53:     0x60fd176b6797 - daily[2d7674be80d15eb]::specific_day::returns_404_given_invalid_day::{closure#0}
[INFO] [stdout]                                at /opt/rustwide/workdir/tests/daily.rs:187:45
[INFO] [stdout]   54:     0x60fd176decf6 - <daily[2d7674be80d15eb]::specific_day::returns_404_given_invalid_day::{closure#0} as core[df12db4294e9bfd3]::ops::function::FnOnce<()>>::call_once
[INFO] [stdout]                                at /rustc/dfb0accb7f508ae8be965d8629557221c889dd98/library/core/src/ops/function.rs:250:5
[INFO] [stdout]   55:     0x60fd176def8b - <fn() -> core[df12db4294e9bfd3]::result::Result<(), alloc[2182bb758b4b3781]::string::String> as core[df12db4294e9bfd3]::ops::function::FnOnce<()>>::call_once
[INFO] [stdout]                                at /rustc/dfb0accb7f508ae8be965d8629557221c889dd98/library/core/src/ops/function.rs:250:5
[INFO] [stdout]   56:     0x60fd176def8b - test[9d35eded1c95d3be]::__rust_begin_short_backtrace::<core[df12db4294e9bfd3]::result::Result<(), alloc[2182bb758b4b3781]::string::String>, fn() -> core[df12db4294e9bfd3]::result::Result<(), alloc[2182bb758b4b3781]::string::String>>
[INFO] [stdout]                                at /rustc/dfb0accb7f508ae8be965d8629557221c889dd98/library/test/src/lib.rs:733:18
[INFO] [stdout]   57:     0x60fd176ec5f5 - test[9d35eded1c95d3be]::run_test_in_process::{closure#0}
[INFO] [stdout]                                at /rustc/dfb0accb7f508ae8be965d8629557221c889dd98/library/test/src/lib.rs:756:74
[INFO] [stdout]   58:     0x60fd176ec5f5 - <core[df12db4294e9bfd3]::panic::unwind_safe::AssertUnwindSafe<test[9d35eded1c95d3be]::run_test_in_process::{closure#0}> as core[df12db4294e9bfd3]::ops::function::FnOnce<()>>::call_once
[INFO] [stdout]                                at /rustc/dfb0accb7f508ae8be965d8629557221c889dd98/library/core/src/panic/unwind_safe.rs:275:9
[INFO] [stdout]   59:     0x60fd176ec5f5 - std[70759c8f55707aa4]::panicking::catch_unwind::do_call::<core[df12db4294e9bfd3]::panic::unwind_safe::AssertUnwindSafe<test[9d35eded1c95d3be]::run_test_in_process::{closure#0}>, core[df12db4294e9bfd3]::result::Result<(), alloc[2182bb758b4b3781]::string::String>>
[INFO] [stdout]                                at /rustc/dfb0accb7f508ae8be965d8629557221c889dd98/library/std/src/panicking.rs:576:43
[INFO] [stdout]   60:     0x60fd176ec5f5 - std[70759c8f55707aa4]::panicking::catch_unwind::<core[df12db4294e9bfd3]::result::Result<(), alloc[2182bb758b4b3781]::string::String>, core[df12db4294e9bfd3]::panic::unwind_safe::AssertUnwindSafe<test[9d35eded1c95d3be]::run_test_in_process::{closure#0}>>
[INFO] [stdout]                                at /rustc/dfb0accb7f508ae8be965d8629557221c889dd98/library/std/src/panicking.rs:544:19
[INFO] [stdout]   61:     0x60fd176ec5f5 - std[70759c8f55707aa4]::panic::catch_unwind::<core[df12db4294e9bfd3]::panic::unwind_safe::AssertUnwindSafe<test[9d35eded1c95d3be]::run_test_in_process::{closure#0}>, core[df12db4294e9bfd3]::result::Result<(), alloc[2182bb758b4b3781]::string::String>>
[INFO] [stdout]                                at /rustc/dfb0accb7f508ae8be965d8629557221c889dd98/library/std/src/panic.rs:359:14
[INFO] [stdout]   62:     0x60fd176ec5f5 - test[9d35eded1c95d3be]::run_test_in_process
[INFO] [stdout]                                at /rustc/dfb0accb7f508ae8be965d8629557221c889dd98/library/test/src/lib.rs:756:27
[INFO] [stdout]   63:     0x60fd176ec5f5 - test[9d35eded1c95d3be]::run_test::{closure#0}
[INFO] [stdout]                                at /rustc/dfb0accb7f508ae8be965d8629557221c889dd98/library/test/src/lib.rs:677:43
[INFO] [stdout]   64:     0x60fd176e5eb4 - test[9d35eded1c95d3be]::run_test::{closure#1}
[INFO] [stdout]                                at /rustc/dfb0accb7f508ae8be965d8629557221c889dd98/library/test/src/lib.rs:707:41
[INFO] [stdout]   65:     0x60fd176e5eb4 - std[70759c8f55707aa4]::sys::backtrace::__rust_begin_short_backtrace::<test[9d35eded1c95d3be]::run_test::{closure#1}, ()>
[INFO] [stdout]                                at /rustc/dfb0accb7f508ae8be965d8629557221c889dd98/library/std/src/sys/backtrace.rs:166:18
[INFO] [stdout]   66:     0x60fd176ef752 - std[70759c8f55707aa4]::thread::lifecycle::spawn_unchecked::<test[9d35eded1c95d3be]::run_test::{closure#1}, ()>::{closure#1}::{closure#0}
[INFO] [stdout]                                at /rustc/dfb0accb7f508ae8be965d8629557221c889dd98/library/std/src/thread/lifecycle.rs:70:13
[INFO] [stdout]   67:     0x60fd176ef752 - <core[df12db4294e9bfd3]::panic::unwind_safe::AssertUnwindSafe<std[70759c8f55707aa4]::thread::lifecycle::spawn_unchecked<test[9d35eded1c95d3be]::run_test::{closure#1}, ()>::{closure#1}::{closure#0}> as core[df12db4294e9bfd3]::ops::function::FnOnce<()>>::call_once
[INFO] [stdout]                                at /rustc/dfb0accb7f508ae8be965d8629557221c889dd98/library/core/src/panic/unwind_safe.rs:275:9
[INFO] [stdout]   68:     0x60fd176ef752 - std[70759c8f55707aa4]::panicking::catch_unwind::do_call::<core[df12db4294e9bfd3]::panic::unwind_safe::AssertUnwindSafe<std[70759c8f55707aa4]::thread::lifecycle::spawn_unchecked<test[9d35eded1c95d3be]::run_test::{closure#1}, ()>::{closure#1}::{closure#0}>, ()>
[INFO] [stdout]                                at /rustc/dfb0accb7f508ae8be965d8629557221c889dd98/library/std/src/panicking.rs:576:43
[INFO] [stdout]   69:     0x60fd176ef752 - std[70759c8f55707aa4]::panicking::catch_unwind::<(), core[df12db4294e9bfd3]::panic::unwind_safe::AssertUnwindSafe<std[70759c8f55707aa4]::thread::lifecycle::spawn_unchecked<test[9d35eded1c95d3be]::run_test::{closure#1}, ()>::{closure#1}::{closure#0}>>
[INFO] [stdout]                                at /rustc/dfb0accb7f508ae8be965d8629557221c889dd98/library/std/src/panicking.rs:544:19
[INFO] [stdout]   70:     0x60fd176ef752 - std[70759c8f55707aa4]::panic::catch_unwind::<core[df12db4294e9bfd3]::panic::unwind_safe::AssertUnwindSafe<std[70759c8f55707aa4]::thread::lifecycle::spawn_unchecked<test[9d35eded1c95d3be]::run_test::{closure#1}, ()>::{closure#1}::{closure#0}>, ()>
[INFO] [stdout]                                at /rustc/dfb0accb7f508ae8be965d8629557221c889dd98/library/std/src/panic.rs:359:14
[INFO] [stdout]   71:     0x60fd176ef752 - std[70759c8f55707aa4]::thread::lifecycle::spawn_unchecked::<test[9d35eded1c95d3be]::run_test::{closure#1}, ()>::{closure#1}
[INFO] [stdout]                                at /rustc/dfb0accb7f508ae8be965d8629557221c889dd98/library/std/src/thread/lifecycle.rs:68:26
[INFO] [stdout]   72:     0x60fd176ef752 - <std[70759c8f55707aa4]::thread::lifecycle::spawn_unchecked<test[9d35eded1c95d3be]::run_test::{closure#1}, ()>::{closure#1} as core[df12db4294e9bfd3]::ops::function::FnOnce<()>>::call_once::{shim:vtable#0}
[INFO] [stdout]                                at /rustc/dfb0accb7f508ae8be965d8629557221c889dd98/library/core/src/ops/function.rs:250:5
[INFO] [stdout]   73:     0x60fd17e4d9e9 - <alloc[2182bb758b4b3781]::boxed::Box<dyn core[df12db4294e9bfd3]::ops::function::FnOnce<(), Output = ()> + core[df12db4294e9bfd3]::marker::Send> as core[df12db4294e9bfd3]::ops::function::FnOnce<()>>::call_once
[INFO] [stdout]                                at /rustc/dfb0accb7f508ae8be965d8629557221c889dd98/library/alloc/src/boxed.rs:2320:9
[INFO] [stdout]   74:     0x60fd17e4d9e9 - <std[70759c8f55707aa4]::sys::thread::unix::Thread>::new::thread_start
[INFO] [stdout]                                at /rustc/dfb0accb7f508ae8be965d8629557221c889dd98/library/std/src/sys/thread/unix.rs:123:17
[INFO] [stdout]   75:     0x7dd8d0957dfa - <unknown>
[INFO] [stdout]   76:     0x7dd8d09eb3d4 - clone
[INFO] [stdout]   77:                0x0 - <unknown>
[INFO] [stdout] 
[INFO] [stdout] ---- all_days_in_a_month::returns_404_given_invalid_month stdout ----
[INFO] [stdout] 
[INFO] [stdout] thread 'all_days_in_a_month::returns_404_given_invalid_month' (3310) panicked at tests/daily.rs:148:9:
[INFO] [stdout] assertion `left == right` failed
[INFO] [stdout]   left: 500
[INFO] [stdout]  right: 404
[INFO] [stdout] stack backtrace:
[INFO] [stdout]    0:     0x60fd17e4e4c1 - std[70759c8f55707aa4]::backtrace_rs::backtrace::libunwind::trace
[INFO] [stdout]                                at /rustc/dfb0accb7f508ae8be965d8629557221c889dd98/library/std/src/../../backtrace/src/backtrace/libunwind.rs:117:9
[INFO] [stdout]    1:     0x60fd17e4e4c1 - std[70759c8f55707aa4]::backtrace_rs::backtrace::trace_unsynchronized::<std[70759c8f55707aa4]::sys::backtrace::_print_fmt::{closure#1}>
[INFO] [stdout]                                at /rustc/dfb0accb7f508ae8be965d8629557221c889dd98/library/std/src/../../backtrace/src/backtrace/mod.rs:66:14
[INFO] [stdout]    2:     0x60fd17e4e4c1 - std[70759c8f55707aa4]::sys::backtrace::_print_fmt
[INFO] [stdout]                                at /rustc/dfb0accb7f508ae8be965d8629557221c889dd98/library/std/src/sys/backtrace.rs:74:9
[INFO] [stdout]    3:     0x60fd17e4e4c1 - <<std[70759c8f55707aa4]::sys::backtrace::BacktraceLock>::print::DisplayBacktrace as core[df12db4294e9bfd3]::fmt::Display>::fmt
[INFO] [stdout]                                at /rustc/dfb0accb7f508ae8be965d8629557221c889dd98/library/std/src/sys/backtrace.rs:44:26
[INFO] [stdout]    4:     0x60fd17e651aa - <core[df12db4294e9bfd3]::fmt::rt::Argument>::fmt
[INFO] [stdout]                                at /rustc/dfb0accb7f508ae8be965d8629557221c889dd98/library/core/src/fmt/rt.rs:152:76
[INFO] [stdout]    5:     0x60fd17e651aa - core[df12db4294e9bfd3]::fmt::write
[INFO] [stdout]    6:     0x60fd17e52ffc - core[df12db4294e9bfd3]::io::write::default_write_fmt::<alloc[2182bb758b4b3781]::vec::Vec<u8>>
[INFO] [stdout]                                at /rustc/dfb0accb7f508ae8be965d8629557221c889dd98/library/core/src/io/write.rs:402:11
[INFO] [stdout]    7:     0x60fd17e52ffc - <alloc[2182bb758b4b3781]::vec::Vec<u8> as core[df12db4294e9bfd3]::io::write::Write>::write_fmt
[INFO] [stdout]                                at /rustc/dfb0accb7f508ae8be965d8629557221c889dd98/library/core/src/io/write.rs:335:13
[INFO] [stdout]    8:     0x60fd17e29986 - <std[70759c8f55707aa4]::sys::backtrace::BacktraceLock>::print
[INFO] [stdout]                                at /rustc/dfb0accb7f508ae8be965d8629557221c889dd98/library/std/src/sys/backtrace.rs:47:9
[INFO] [stdout]    9:     0x60fd17e29986 - std[70759c8f55707aa4]::panicking::default_hook::{closure#0}
[INFO] [stdout]                                at /rustc/dfb0accb7f508ae8be965d8629557221c889dd98/library/std/src/panicking.rs:292:27
[INFO] [stdout]   10:     0x60fd17e463f9 - std[70759c8f55707aa4]::panicking::default_hook
[INFO] [stdout]                                at /rustc/dfb0accb7f508ae8be965d8629557221c889dd98/library/std/src/panicking.rs:316:9
[INFO] [stdout]   11:     0x60fd176ebca0 - <alloc[2182bb758b4b3781]::boxed::Box<dyn for<'a, 'b> core[df12db4294e9bfd3]::ops::function::Fn<(&'a std[70759c8f55707aa4]::panic::PanicHookInfo<'b>,), Output = ()> + core[df12db4294e9bfd3]::marker::Send + core[df12db4294e9bfd3]::marker::Sync> as core[df12db4294e9bfd3]::ops::function::Fn<(&std[70759c8f55707aa4]::panic::PanicHookInfo,)>>::call
[INFO] [stdout]                                at /rustc/dfb0accb7f508ae8be965d8629557221c889dd98/library/alloc/src/boxed.rs:2334:9
[INFO] [stdout]   12:     0x60fd176ebca0 - test[9d35eded1c95d3be]::test_main_inner::<test[9d35eded1c95d3be]::test_main_static::{closure#0}>::{closure#0}
[INFO] [stdout]                                at /rustc/dfb0accb7f508ae8be965d8629557221c889dd98/library/test/src/lib.rs:155:21
[INFO] [stdout]   13:     0x60fd17e46722 - <alloc[2182bb758b4b3781]::boxed::Box<dyn for<'a, 'b> core[df12db4294e9bfd3]::ops::function::Fn<(&'a std[70759c8f55707aa4]::panic::PanicHookInfo<'b>,), Output = ()> + core[df12db4294e9bfd3]::marker::Send + core[df12db4294e9bfd3]::marker::Sync> as core[df12db4294e9bfd3]::ops::function::Fn<(&std[70759c8f55707aa4]::panic::PanicHookInfo,)>>::call
[INFO] [stdout]                                at /rustc/dfb0accb7f508ae8be965d8629557221c889dd98/library/alloc/src/boxed.rs:2334:9
[INFO] [stdout]   14:     0x60fd17e46722 - std[70759c8f55707aa4]::panicking::panic_with_hook
[INFO] [stdout]                                at /rustc/dfb0accb7f508ae8be965d8629557221c889dd98/library/std/src/panicking.rs:823:13
[INFO] [stdout]   15:     0x60fd17e29a32 - std[70759c8f55707aa4]::panicking::panic_handler::{closure#0}
[INFO] [stdout]                                at /rustc/dfb0accb7f508ae8be965d8629557221c889dd98/library/std/src/panicking.rs:688:13
[INFO] [stdout]   16:     0x60fd17e22499 - std[70759c8f55707aa4]::sys::backtrace::__rust_end_short_backtrace::<std[70759c8f55707aa4]::panicking::panic_handler::{closure#0}, !>
[INFO] [stdout]                                at /rustc/dfb0accb7f508ae8be965d8629557221c889dd98/library/std/src/sys/backtrace.rs:182:18
[INFO] [stdout]   17:     0x60fd17e2a8bd - __rustc[8fa7c3cbc660c2b3]::rust_begin_unwind
[INFO] [stdout]                                at /rustc/dfb0accb7f508ae8be965d8629557221c889dd98/library/std/src/panicking.rs:679:5
[INFO] [stdout]   18:     0x60fd17e659cc - core[df12db4294e9bfd3]::panicking::panic_fmt
[INFO] [stdout]                                at /rustc/dfb0accb7f508ae8be965d8629557221c889dd98/library/core/src/panicking.rs:80:14
[INFO] [stdout]   19:     0x60fd17e65863 - core[df12db4294e9bfd3]::panicking::assert_failed_inner
[INFO] [stdout]                                at /rustc/dfb0accb7f508ae8be965d8629557221c889dd98/library/core/src/panicking.rs:452:17
[INFO] [stdout]   20:     0x60fd17d87932 - core[df12db4294e9bfd3]::panicking::assert_failed::<u16, u16>
[INFO] [stdout]                                at /rustc/dfb0accb7f508ae8be965d8629557221c889dd98/library/core/src/panicking.rs:407:5
[INFO] [stdout]   21:     0x60fd176d6cd6 - daily[2d7674be80d15eb]::all_days_in_a_month::returns_404_given_invalid_month::{closure#0}
[INFO] [stdout]                                at /opt/rustwide/workdir/tests/daily.rs:148:9
[INFO] [stdout]   22:     0x60fd176a2546 - <tokio[ca09e5f576c143ab]::task::local::RunUntil<daily[2d7674be80d15eb]::all_days_in_a_month::returns_404_given_invalid_month::{closure#0}> as core[df12db4294e9bfd3]::future::future::Future>::poll::{closure#0}::{closure#0}
[INFO] [stdout]                                at /opt/rustwide/cargo-home/registry/src/index.crates.io-1949cf8c6b5b557f/tokio-1.18.2/src/task/local.rs:649:67
[INFO] [stdout]   23:     0x60fd176cb5e2 - tokio[ca09e5f576c143ab]::coop::with_budget::<core[df12db4294e9bfd3]::task::poll::Poll<()>, <tokio[ca09e5f576c143ab]::task::local::RunUntil<daily[2d7674be80d15eb]::all_days_in_a_month::returns_404_given_invalid_month::{closure#0}> as core[df12db4294e9bfd3]::future::future::Future>::poll::{closure#0}::{closure#0}>::{closure#0}
[INFO] [stdout]                                at /opt/rustwide/cargo-home/registry/src/index.crates.io-1949cf8c6b5b557f/tokio-1.18.2/src/coop.rs:102:9
[INFO] [stdout]   24:     0x60fd17699257 - <std[70759c8f55707aa4]::thread::local::LocalKey<core[df12db4294e9bfd3]::cell::Cell<tokio[ca09e5f576c143ab]::coop::Budget>>>::try_with::<tokio[ca09e5f576c143ab]::coop::with_budget<core[df12db4294e9bfd3]::task::poll::Poll<()>, <tokio[ca09e5f576c143ab]::task::local::RunUntil<daily[2d7674be80d15eb]::all_days_in_a_month::returns_404_given_invalid_month::{closure#0}> as core[df12db4294e9bfd3]::future::future::Future>::poll::{closure#0}::{closure#0}>::{closure#0}, core[df12db4294e9bfd3]::task::poll::Poll<()>>
[INFO] [stdout]                                at /rustc/dfb0accb7f508ae8be965d8629557221c889dd98/library/std/src/thread/local.rs:463:12
[INFO] [stdout]   25:     0x60fd17697a4e - <std[70759c8f55707aa4]::thread::local::LocalKey<core[df12db4294e9bfd3]::cell::Cell<tokio[ca09e5f576c143ab]::coop::Budget>>>::with::<tokio[ca09e5f576c143ab]::coop::with_budget<core[df12db4294e9bfd3]::task::poll::Poll<()>, <tokio[ca09e5f576c143ab]::task::local::RunUntil<daily[2d7674be80d15eb]::all_days_in_a_month::returns_404_given_invalid_month::{closure#0}> as core[df12db4294e9bfd3]::future::future::Future>::poll::{closure#0}::{closure#0}>::{closure#0}, core[df12db4294e9bfd3]::task::poll::Poll<()>>
[INFO] [stdout]                                at /rustc/dfb0accb7f508ae8be965d8629557221c889dd98/library/std/src/thread/local.rs:427:20
[INFO] [stdout]   26:     0x60fd176a5a95 - tokio[ca09e5f576c143ab]::coop::with_budget::<core[df12db4294e9bfd3]::task::poll::Poll<()>, <tokio[ca09e5f576c143ab]::task::local::RunUntil<daily[2d7674be80d15eb]::all_days_in_a_month::returns_404_given_invalid_month::{closure#0}> as core[df12db4294e9bfd3]::future::future::Future>::poll::{closure#0}::{closure#0}>
[INFO] [stdout]                                at /opt/rustwide/cargo-home/registry/src/index.crates.io-1949cf8c6b5b557f/tokio-1.18.2/src/coop.rs:95:13
[INFO] [stdout]   27:     0x60fd176a5a95 - tokio[ca09e5f576c143ab]::coop::budget::<core[df12db4294e9bfd3]::task::poll::Poll<()>, <tokio[ca09e5f576c143ab]::task::local::RunUntil<daily[2d7674be80d15eb]::all_days_in_a_month::returns_404_given_invalid_month::{closure#0}> as core[df12db4294e9bfd3]::future::future::Future>::poll::{closure#0}::{closure#0}>
[INFO] [stdout]                                at /opt/rustwide/cargo-home/registry/src/index.crates.io-1949cf8c6b5b557f/tokio-1.18.2/src/coop.rs:72:5
[INFO] [stdout]   28:     0x60fd176a5a95 - <tokio[ca09e5f576c143ab]::task::local::RunUntil<daily[2d7674be80d15eb]::all_days_in_a_month::returns_404_given_invalid_month::{closure#0}> as core[df12db4294e9bfd3]::future::future::Future>::poll::{closure#0}
[INFO] [stdout]                                at /opt/rustwide/cargo-home/registry/src/index.crates.io-1949cf8c6b5b557f/tokio-1.18.2/src/task/local.rs:649:42
[INFO] [stdout]   29:     0x60fd176c1168 - <tokio[ca09e5f576c143ab]::macros::scoped_tls::ScopedKey<tokio[ca09e5f576c143ab]::task::local::Context>>::set::<<tokio[ca09e5f576c143ab]::task::local::RunUntil<daily[2d7674be80d15eb]::all_days_in_a_month::returns_404_given_invalid_month::{closure#0}> as core[df12db4294e9bfd3]::future::future::Future>::poll::{closure#0}, core[df12db4294e9bfd3]::task::poll::Poll<()>>
[INFO] [stdout]                                at /opt/rustwide/cargo-home/registry/src/index.crates.io-1949cf8c6b5b557f/tokio-1.18.2/src/macros/scoped_tls.rs:61:9
[INFO] [stdout]   30:     0x60fd1769fa6a - <tokio[ca09e5f576c143ab]::task::local::LocalSet>::with::<core[df12db4294e9bfd3]::task::poll::Poll<()>, <tokio[ca09e5f576c143ab]::task::local::RunUntil<daily[2d7674be80d15eb]::all_days_in_a_month::returns_404_given_invalid_month::{closure#0}> as core[df12db4294e9bfd3]::future::future::Future>::poll::{closure#0}>
[INFO] [stdout]                                at /opt/rustwide/cargo-home/registry/src/index.crates.io-1949cf8c6b5b557f/tokio-1.18.2/src/task/local.rs:566:17
[INFO] [stdout]   31:     0x60fd176a9f8b - <tokio[ca09e5f576c143ab]::task::local::RunUntil<daily[2d7674be80d15eb]::all_days_in_a_month::returns_404_given_invalid_month::{closure#0}> as core[df12db4294e9bfd3]::future::future::Future>::poll
[INFO] [stdout]                                at /opt/rustwide/cargo-home/registry/src/index.crates.io-1949cf8c6b5b557f/tokio-1.18.2/src/task/local.rs:639:22
[INFO] [stdout]   32:     0x60fd176a1dfc - <tokio[ca09e5f576c143ab]::task::local::LocalSet>::run_until::<daily[2d7674be80d15eb]::all_days_in_a_month::returns_404_given_invalid_month::{closure#0}>::{closure#0}
[INFO] [stdout]                                at /opt/rustwide/cargo-home/registry/src/index.crates.io-1949cf8c6b5b557f/tokio-1.18.2/src/task/local.rs:512:19
[INFO] [stdout]   33:     0x60fd176ced0d - <core[df12db4294e9bfd3]::pin::Pin<&mut <tokio[ca09e5f576c143ab]::task::local::LocalSet>::run_until<daily[2d7674be80d15eb]::all_days_in_a_month::returns_404_given_invalid_month::{closure#0}>::{closure#0}> as core[df12db4294e9bfd3]::future::future::Future>::poll
[INFO] [stdout]                                at /rustc/dfb0accb7f508ae8be965d8629557221c889dd98/library/core/src/future/future.rs:133:9
[INFO] [stdout]   34:     0x60fd176971cd - <tokio[ca09e5f576c143ab]::runtime::basic_scheduler::CoreGuard>::block_on::<core[df12db4294e9bfd3]::pin::Pin<&mut <tokio[ca09e5f576c143ab]::task::local::LocalSet>::run_until<daily[2d7674be80d15eb]::all_days_in_a_month::returns_404_given_invalid_month::{closure#0}>::{closure#0}>>::{closure#0}::{closure#0}::{closure#0}
[INFO] [stdout]                                at /opt/rustwide/cargo-home/registry/src/index.crates.io-1949cf8c6b5b557f/tokio-1.18.2/src/runtime/basic_scheduler.rs:507:64
[INFO] [stdout]   35:     0x60fd176caf52 - tokio[ca09e5f576c143ab]::coop::with_budget::<core[df12db4294e9bfd3]::task::poll::Poll<()>, <tokio[ca09e5f576c143ab]::runtime::basic_scheduler::CoreGuard>::block_on<core[df12db4294e9bfd3]::pin::Pin<&mut <tokio[ca09e5f576c143ab]::task::local::LocalSet>::run_until<daily[2d7674be80d15eb]::all_days_in_a_month::returns_404_given_invalid_month::{closure#0}>::{closure#0}>>::{closure#0}::{closure#0}::{closure#0}>::{closure#0}
[INFO] [stdout]                                at /opt/rustwide/cargo-home/registry/src/index.crates.io-1949cf8c6b5b557f/tokio-1.18.2/src/coop.rs:102:9
[INFO] [stdout]   36:     0x60fd17698ca7 - <std[70759c8f55707aa4]::thread::local::LocalKey<core[df12db4294e9bfd3]::cell::Cell<tokio[ca09e5f576c143ab]::coop::Budget>>>::try_with::<tokio[ca09e5f576c143ab]::coop::with_budget<core[df12db4294e9bfd3]::task::poll::Poll<()>, <tokio[ca09e5f576c143ab]::runtime::basic_scheduler::CoreGuard>::block_on<core[df12db4294e9bfd3]::pin::Pin<&mut <tokio[ca09e5f576c143ab]::task::local::LocalSet>::run_until<daily[2d7674be80d15eb]::all_days_in_a_month::returns_404_given_invalid_month::{closure#0}>::{closure#0}>>::{closure#0}::{closure#0}::{closure#0}>::{closure#0}, core[df12db4294e9bfd3]::task::poll::Poll<()>>
[INFO] [stdout]                                at /rustc/dfb0accb7f508ae8be965d8629557221c889dd98/library/std/src/thread/local.rs:463:12
[INFO] [stdout]   37:     0x60fd1769781e - <std[70759c8f55707aa4]::thread::local::LocalKey<core[df12db4294e9bfd3]::cell::Cell<tokio[ca09e5f576c143ab]::coop::Budget>>>::with::<tokio[ca09e5f576c143ab]::coop::with_budget<core[df12db4294e9bfd3]::task::poll::Poll<()>, <tokio[ca09e5f576c143ab]::runtime::basic_scheduler::CoreGuard>::block_on<core[df12db4294e9bfd3]::pin::Pin<&mut <tokio[ca09e5f576c143ab]::task::local::LocalSet>::run_until<daily[2d7674be80d15eb]::all_days_in_a_month::returns_404_given_invalid_month::{closure#0}>::{closure#0}>>::{closure#0}::{closure#0}::{closure#0}>::{closure#0}, core[df12db4294e9bfd3]::task::poll::Poll<()>>
[INFO] [stdout]                                at /rustc/dfb0accb7f508ae8be965d8629557221c889dd98/library/std/src/thread/local.rs:427:20
[INFO] [stdout]   38:     0x60fd17696ddb - tokio[ca09e5f576c143ab]::coop::with_budget::<core[df12db4294e9bfd3]::task::poll::Poll<()>, <tokio[ca09e5f576c143ab]::runtime::basic_scheduler::CoreGuard>::block_on<core[df12db4294e9bfd3]::pin::Pin<&mut <tokio[ca09e5f576c143ab]::task::local::LocalSet>::run_until<daily[2d7674be80d15eb]::all_days_in_a_month::returns_404_given_invalid_month::{closure#0}>::{closure#0}>>::{closure#0}::{closure#0}::{closure#0}>
[INFO] [stdout]                                at /opt/rustwide/cargo-home/registry/src/index.crates.io-1949cf8c6b5b557f/tokio-1.18.2/src/coop.rs:95:13
[INFO] [stdout]   39:     0x60fd17696ddb - tokio[ca09e5f576c143ab]::coop::budget::<core[df12db4294e9bfd3]::task::poll::Poll<()>, <tokio[ca09e5f576c143ab]::runtime::basic_scheduler::CoreGuard>::block_on<core[df12db4294e9bfd3]::pin::Pin<&mut <tokio[ca09e5f576c143ab]::task::local::LocalSet>::run_until<daily[2d7674be80d15eb]::all_days_in_a_month::returns_404_given_invalid_month::{closure#0}>::{closure#0}>>::{closure#0}::{closure#0}::{closure#0}>
[INFO] [stdout]                                at /opt/rustwide/cargo-home/registry/src/index.crates.io-1949cf8c6b5b557f/tokio-1.18.2/src/coop.rs:72:5
[INFO] [stdout]   40:     0x60fd17696ddb - <tokio[ca09e5f576c143ab]::runtime::basic_scheduler::CoreGuard>::block_on::<core[df12db4294e9bfd3]::pin::Pin<&mut <tokio[ca09e5f576c143ab]::task::local::LocalSet>::run_until<daily[2d7674be80d15eb]::all_days_in_a_month::returns_404_given_invalid_month::{closure#0}>::{closure#0}>>::{closure#0}::{closure#0}
[INFO] [stdout]                                at /opt/rustwide/cargo-home/registry/src/index.crates.io-1949cf8c6b5b557f/tokio-1.18.2/src/runtime/basic_scheduler.rs:507:25
[INFO] [stdout]   41:     0x60fd1768e602 - <tokio[ca09e5f576c143ab]::runtime::basic_scheduler::Context>::enter::<core[df12db4294e9bfd3]::task::poll::Poll<()>, <tokio[ca09e5f576c143ab]::runtime::basic_scheduler::CoreGuard>::block_on<core[df12db4294e9bfd3]::pin::Pin<&mut <tokio[ca09e5f576c143ab]::task::local::LocalSet>::run_until<daily[2d7674be80d15eb]::all_days_in_a_month::returns_404_given_invalid_month::{closure#0}>::{closure#0}>>::{closure#0}::{closure#0}>
[INFO] [stdout]                                at /opt/rustwide/cargo-home/registry/src/index.crates.io-1949cf8c6b5b557f/tokio-1.18.2/src/runtime/basic_scheduler.rs:361:19
[INFO] [stdout]   42:     0x60fd176957ec - <tokio[ca09e5f576c143ab]::runtime::basic_scheduler::CoreGuard>::block_on::<core[df12db4294e9bfd3]::pin::Pin<&mut <tokio[ca09e5f576c143ab]::task::local::LocalSet>::run_until<daily[2d7674be80d15eb]::all_days_in_a_month::returns_404_given_invalid_month::{closure#0}>::{closure#0}>>::{closure#0}
[INFO] [stdout]                                at /opt/rustwide/cargo-home/registry/src/index.crates.io-1949cf8c6b5b557f/tokio-1.18.2/src/runtime/basic_scheduler.rs:506:44
[INFO] [stdout]   43:     0x60fd17692c64 - <tokio[ca09e5f576c143ab]::runtime::basic_scheduler::CoreGuard>::enter::<<tokio[ca09e5f576c143ab]::runtime::basic_scheduler::CoreGuard>::block_on<core[df12db4294e9bfd3]::pin::Pin<&mut <tokio[ca09e5f576c143ab]::task::local::LocalSet>::run_until<daily[2d7674be80d15eb]::all_days_in_a_month::returns_404_given_invalid_month::{closure#0}>::{closure#0}>>::{closure#0}, ()>::{closure#0}
[INFO] [stdout]                                at /opt/rustwide/cargo-home/registry/src/index.crates.io-1949cf8c6b5b557f/tokio-1.18.2/src/runtime/basic_scheduler.rs:564:57
[INFO] [stdout]   44:     0x60fd176c184d - <tokio[ca09e5f576c143ab]::macros::scoped_tls::ScopedKey<tokio[ca09e5f576c143ab]::runtime::basic_scheduler::Context>>::set::<<tokio[ca09e5f576c143ab]::runtime::basic_scheduler::CoreGuard>::enter<<tokio[ca09e5f576c143ab]::runtime::basic_scheduler::CoreGuard>::block_on<core[df12db4294e9bfd3]::pin::Pin<&mut <tokio[ca09e5f576c143ab]::task::local::LocalSet>::run_until<daily[2d7674be80d15eb]::all_days_in_a_month::returns_404_given_invalid_month::{closure#0}>::{closure#0}>>::{closure#0}, ()>::{closure#0}, (alloc[2182bb758b4b3781]::boxed::Box<tokio[ca09e5f576c143ab]::runtime::basic_scheduler::Core>, ())>
[INFO] [stdout]                                at /opt/rustwide/cargo-home/registry/src/index.crates.io-1949cf8c6b5b557f/tokio-1.18.2/src/macros/scoped_tls.rs:61:9
[INFO] [stdout]   45:     0x60fd17691a7c - <tokio[ca09e5f576c143ab]::runtime::basic_scheduler::CoreGuard>::enter::<<tokio[ca09e5f576c143ab]::runtime::basic_scheduler::CoreGuard>::block_on<core[df12db4294e9bfd3]::pin::Pin<&mut <tokio[ca09e5f576c143ab]::task::local::LocalSet>::run_until<daily[2d7674be80d15eb]::all_days_in_a_month::returns_404_given_invalid_month::{closure#0}>::{closure#0}>>::{closure#0}, ()>
[INFO] [stdout]                                at /opt/rustwide/cargo-home/registry/src/index.crates.io-1949cf8c6b5b557f/tokio-1.18.2/src/runtime/basic_scheduler.rs:564:35
[INFO] [stdout]   46:     0x60fd176921c5 - <tokio[ca09e5f576c143ab]::runtime::basic_scheduler::CoreGuard>::block_on::<core[df12db4294e9bfd3]::pin::Pin<&mut <tokio[ca09e5f576c143ab]::task::local::LocalSet>::run_until<daily[2d7674be80d15eb]::all_days_in_a_month::returns_404_given_invalid_month::{closure#0}>::{closure#0}>>
[INFO] [stdout]                                at /opt/rustwide/cargo-home/registry/src/index.crates.io-1949cf8c6b5b557f/tokio-1.18.2/src/runtime/basic_scheduler.rs:497:14
[INFO] [stdout]   47:     0x60fd1768d200 - <tokio[ca09e5f576c143ab]::runtime::basic_scheduler::BasicScheduler>::block_on::<<tokio[ca09e5f576c143ab]::task::local::LocalSet>::run_until<daily[2d7674be80d15eb]::all_days_in_a_month::returns_404_given_invalid_month::{closure#0}>::{closure#0}>
[INFO] [stdout]                                at /opt/rustwide/cargo-home/registry/src/index.crates.io-1949cf8c6b5b557f/tokio-1.18.2/src/runtime/basic_scheduler.rs:173:29
[INFO] [stdout]   48:     0x60fd176b3e14 - <tokio[ca09e5f576c143ab]::runtime::Runtime>::block_on::<<tokio[ca09e5f576c143ab]::task::local::LocalSet>::run_until<daily[2d7674be80d15eb]::all_days_in_a_month::returns_404_given_invalid_month::{closure#0}>::{closure#0}>
[INFO] [stdout]                                at /opt/rustwide/cargo-home/registry/src/index.crates.io-1949cf8c6b5b557f/tokio-1.18.2/src/runtime/mod.rs:475:51
[INFO] [stdout]   49:     0x60fd1769fdbb - <tokio[ca09e5f576c143ab]::task::local::LocalSet>::block_on::<daily[2d7674be80d15eb]::all_days_in_a_month::returns_404_given_invalid_month::{closure#0}>
[INFO] [stdout]                                at /opt/rustwide/cargo-home/registry/src/index.crates.io-1949cf8c6b5b557f/tokio-1.18.2/src/task/local.rs:473:12
[INFO] [stdout]   50:     0x60fd176bd4fd - <actix_rt[8c02a000dd460cd7]::runtime::Runtime>::block_on::<daily[2d7674be80d15eb]::all_days_in_a_month::returns_404_given_invalid_month::{closure#0}>
[INFO] [stdout]                                at /opt/rustwide/cargo-home/registry/src/index.crates.io-1949cf8c6b5b557f/actix-rt-2.7.0/src/runtime.rs:80:20
[INFO] [stdout]   51:     0x60fd176b418d - <actix_rt[8c02a000dd460cd7]::system::SystemRunner>::block_on::<daily[2d7674be80d15eb]::all_days_in_a_month::returns_404_given_invalid_month::{closure#0}>
[INFO] [stdout]                                at /opt/rustwide/cargo-home/registry/src/index.crates.io-1949cf8c6b5b557f/actix-rt-2.7.0/src/system.rs:209:17
[INFO] [stdout]   52:     0x60fd176d8062 - daily[2d7674be80d15eb]::all_days_in_a_month::returns_404_given_invalid_month
[INFO] [stdout]                                at /opt/rustwide/workdir/tests/daily.rs:136:5
[INFO] [stdout]   53:     0x60fd176d55f7 - daily[2d7674be80d15eb]::all_days_in_a_month::returns_404_given_invalid_month::{closure#0}
[INFO] [stdout]                                at /opt/rustwide/workdir/tests/daily.rs:137:47
[INFO] [stdout]   54:     0x60fd176ded76 - <daily[2d7674be80d15eb]::all_days_in_a_month::returns_404_given_invalid_month::{closure#0} as core[df12db4294e9bfd3]::ops::function::FnOnce<()>>::call_once
[INFO] [stdout]                                at /rustc/dfb0accb7f508ae8be965d8629557221c889dd98/library/core/src/ops/function.rs:250:5
[INFO] [stdout]   55:     0x60fd176def8b - <fn() -> core[df12db4294e9bfd3]::result::Result<(), alloc[2182bb758b4b3781]::string::String> as core[df12db4294e9bfd3]::ops::function::FnOnce<()>>::call_once
[INFO] [stdout]                                at /rustc/dfb0accb7f508ae8be965d8629557221c889dd98/library/core/src/ops/function.rs:250:5
[INFO] [stdout]   56:     0x60fd176def8b - test[9d35eded1c95d3be]::__rust_begin_short_backtrace::<core[df12db4294e9bfd3]::result::Result<(), alloc[2182bb758b4b3781]::string::String>, fn() -> core[df12db4294e9bfd3]::result::Result<(), alloc[2182bb758b4b3781]::string::String>>
[INFO] [stdout]                                at /rustc/dfb0accb7f508ae8be965d8629557221c889dd98/library/test/src/lib.rs:733:18
[INFO] [stdout]   57:     0x60fd176ec5f5 - test[9d35eded1c95d3be]::run_test_in_process::{closure#0}
[INFO] [stdout]                                at /rustc/dfb0accb7f508ae8be965d8629557221c889dd98/library/test/src/lib.rs:756:74
[INFO] [stdout]   58:     0x60fd176ec5f5 - <core[df12db4294e9bfd3]::panic::unwind_safe::AssertUnwindSafe<test[9d35eded1c95d3be]::run_test_in_process::{closure#0}> as core[df12db4294e9bfd3]::ops::function::FnOnce<()>>::call_once
[INFO] [stdout]                                at /rustc/dfb0accb7f508ae8be965d8629557221c889dd98/library/core/src/panic/unwind_safe.rs:275:9
[INFO] [stdout]   59:     0x60fd176ec5f5 - std[70759c8f55707aa4]::panicking::catch_unwind::do_call::<core[df12db4294e9bfd3]::panic::unwind_safe::AssertUnwindSafe<test[9d35eded1c95d3be]::run_test_in_process::{closure#0}>, core[df12db4294e9bfd3]::result::Result<(), alloc[2182bb758b4b3781]::string::String>>
[INFO] [stdout]                                at /rustc/dfb0accb7f508ae8be965d8629557221c889dd98/library/std/src/panicking.rs:576:43
[INFO] [stdout]   60:     0x60fd176ec5f5 - std[70759c8f55707aa4]::panicking::catch_unwind::<core[df12db4294e9bfd3]::result::Result<(), alloc[2182bb758b4b3781]::string::String>, core[df12db4294e9bfd3]::panic::unwind_safe::AssertUnwindSafe<test[9d35eded1c95d3be]::run_test_in_process::{closure#0}>>
[INFO] [stdout]                                at /rustc/dfb0accb7f508ae8be965d8629557221c889dd98/library/std/src/panicking.rs:544:19
[INFO] [stdout]   61:     0x60fd176ec5f5 - std[70759c8f55707aa4]::panic::catch_unwind::<core[df12db4294e9bfd3]::panic::unwind_safe::AssertUnwindSafe<test[9d35eded1c95d3be]::run_test_in_process::{closure#0}>, core[df12db4294e9bfd3]::result::Result<(), alloc[2182bb758b4b3781]::string::String>>
[INFO] [stdout]                                at /rustc/dfb0accb7f508ae8be965d8629557221c889dd98/library/std/src/panic.rs:359:14
[INFO] [stdout]   62:     0x60fd176ec5f5 - test[9d35eded1c95d3be]::run_test_in_process
[INFO] [stdout]                                at /rustc/dfb0accb7f508ae8be965d8629557221c889dd98/library/test/src/lib.rs:756:27
[INFO] [stdout]   63:     0x60fd176ec5f5 - test[9d35eded1c95d3be]::run_test::{closure#0}
[INFO] [stdout]                                at /rustc/dfb0accb7f508ae8be965d8629557221c889dd98/library/test/src/lib.rs:677:43
[INFO] [stdout]   64:     0x60fd176e5eb4 - test[9d35eded1c95d3be]::run_test::{closure#1}
[INFO] [stdout]                                at /rustc/dfb0accb7f508ae8be965d8629557221c889dd98/library/test/src/lib.rs:707:41
[INFO] [stdout]   65:     0x60fd176e5eb4 - std[70759c8f55707aa4]::sys::backtrace::__rust_begin_short_backtrace::<test[9d35eded1c95d3be]::run_test::{closure#1}, ()>
[INFO] [stdout]                                at /rustc/dfb0accb7f508ae8be965d8629557221c889dd98/library/std/src/sys/backtrace.rs:166:18
[INFO] [stdout]   66:     0x60fd176ef752 - std[70759c8f55707aa4]::thread::lifecycle::spawn_unchecked::<test[9d35eded1c95d3be]::run_test::{closure#1}, ()>::{closure#1}::{closure#0}
[INFO] [stdout]                                at /rustc/dfb0accb7f508ae8be965d8629557221c889dd98/library/std/src/thread/lifecycle.rs:70:13
[INFO] [stdout]   67:     0x60fd176ef752 - <core[df12db4294e9bfd3]::panic::unwind_safe::AssertUnwindSafe<std[70759c8f55707aa4]::thread::lifecycle::spawn_unchecked<test[9d35eded1c95d3be]::run_test::{closure#1}, ()>::{closure#1}::{closure#0}> as core[df12db4294e9bfd3]::ops::function::FnOnce<()>>::call_once
[INFO] [stdout]                                at /rustc/dfb0accb7f508ae8be965d8629557221c889dd98/library/core/src/panic/unwind_safe.rs:275:9
[INFO] [stdout]   68:     0x60fd176ef752 - std[70759c8f55707aa4]::panicking::catch_unwind::do_call::<core[df12db4294e9bfd3]::panic::unwind_safe::AssertUnwindSafe<std[70759c8f55707aa4]::thread::lifecycle::spawn_unchecked<test[9d35eded1c95d3be]::run_test::{closure#1}, ()>::{closure#1}::{closure#0}>, ()>
[INFO] [stdout]                                at /rustc/dfb0accb7f508ae8be965d8629557221c889dd98/library/std/src/panicking.rs:576:43
[INFO] [stdout]   69:     0x60fd176ef752 - std[70759c8f55707aa4]::panicking::catch_unwind::<(), core[df12db4294e9bfd3]::panic::unwind_safe::AssertUnwindSafe<std[70759c8f55707aa4]::thread::lifecycle::spawn_unchecked<test[9d35eded1c95d3be]::run_test::{closure#1}, ()>::{closure#1}::{closure#0}>>
[INFO] [stdout]                                at /rustc/dfb0accb7f508ae8be965d8629557221c889dd98/library/std/src/panicking.rs:544:19
[INFO] [stdout]   70:     0x60fd176ef752 - std[70759c8f55707aa4]::panic::catch_unwind::<core[df12db4294e9bfd3]::panic::unwind_safe::AssertUnwindSafe<std[70759c8f55707aa4]::thread::lifecycle::spawn_unchecked<test[9d35eded1c95d3be]::run_test::{closure#1}, ()>::{closure#1}::{closure#0}>, ()>
[INFO] [stdout]                                at /rustc/dfb0accb7f508ae8be965d8629557221c889dd98/library/std/src/panic.rs:359:14
[INFO] [stdout]   71:     0x60fd176ef752 - std[70759c8f55707aa4]::thread::lifecycle::spawn_unchecked::<test[9d35eded1c95d3be]::run_test::{closure#1}, ()>::{closure#1}
[INFO] [stdout]                                at /rustc/dfb0accb7f508ae8be965d8629557221c889dd98/library/std/src/thread/lifecycle.rs:68:26
[INFO] [stdout]   72:     0x60fd176ef752 - <std[70759c8f55707aa4]::thread::lifecycle::spawn_unchecked<test[9d35eded1c95d3be]::run_test::{closure#1}, ()>::{closure#1} as core[df12db4294e9bfd3]::ops::function::FnOnce<()>>::call_once::{shim:vtable#0}
[INFO] [stdout]                                at /rustc/dfb0accb7f508ae8be965d8629557221c889dd98/library/core/src/ops/function.rs:250:5
[INFO] [stdout]   73:     0x60fd17e4d9e9 - <alloc[2182bb758b4b3781]::boxed::Box<dyn core[df12db4294e9bfd3]::ops::function::FnOnce<(), Output = ()> + core[df12db4294e9bfd3]::marker::Send> as core[df12db4294e9bfd3]::ops::function::FnOnce<()>>::call_once
[INFO] [stdout]                                at /rustc/dfb0accb7f508ae8be965d8629557221c889dd98/library/alloc/src/boxed.rs:2320:9
[INFO] [stdout]   74:     0x60fd17e4d9e9 - <std[70759c8f55707aa4]::sys::thread::unix::Thread>::new::thread_start
[INFO] [stdout]                                at /rustc/dfb0accb7f508ae8be965d8629557221c889dd98/library/std/src/sys/thread/unix.rs:123:17
[INFO] [stdout]   75:     0x7dd8d0957dfa - <unknown>
[INFO] [stdout]   76:     0x7dd8d09eb3d4 - clone
[INFO] [stdout]   77:                0x0 - <unknown>
[INFO] [stdout] 
[INFO] [stdout] ---- specific_day::returns_200_given_valid_day stdout ----
[INFO] [stdout] 
[INFO] [stdout] thread 'specific_day::returns_200_given_valid_day' (3314) panicked at tests/daily.rs:174:9:
[INFO] [stdout] assertion `left == right` failed
[INFO] [stdout]   left: 500
[INFO] [stdout]  right: 200
[INFO] [stdout] stack backtrace:
[INFO] [stdout]    0:     0x60fd17e4e4c1 - std[70759c8f55707aa4]::backtrace_rs::backtrace::libunwind::trace
[INFO] [stdout]                                at /rustc/dfb0accb7f508ae8be965d8629557221c889dd98/library/std/src/../../backtrace/src/backtrace/libunwind.rs:117:9
[INFO] [stdout]    1:     0x60fd17e4e4c1 - std[70759c8f55707aa4]::backtrace_rs::backtrace::trace_unsynchronized::<std[70759c8f55707aa4]::sys::backtrace::_print_fmt::{closure#1}>
[INFO] [stdout]                                at /rustc/dfb0accb7f508ae8be965d8629557221c889dd98/library/std/src/../../backtrace/src/backtrace/mod.rs:66:14
[INFO] [stdout]    2:     0x60fd17e4e4c1 - std[70759c8f55707aa4]::sys::backtrace::_print_fmt
[INFO] [stdout]                                at /rustc/dfb0accb7f508ae8be965d8629557221c889dd98/library/std/src/sys/backtrace.rs:74:9
[INFO] [stdout]    3:     0x60fd17e4e4c1 - <<std[70759c8f55707aa4]::sys::backtrace::BacktraceLock>::print::DisplayBacktrace as core[df12db4294e9bfd3]::fmt::Display>::fmt
[INFO] [stdout]                                at /rustc/dfb0accb7f508ae8be965d8629557221c889dd98/library/std/src/sys/backtrace.rs:44:26
[INFO] [stdout]    4:     0x60fd17e651aa - <core[df12db4294e9bfd3]::fmt::rt::Argument>::fmt
[INFO] [stdout]                                at /rustc/dfb0accb7f508ae8be965d8629557221c889dd98/library/core/src/fmt/rt.rs:152:76
[INFO] [stdout]    5:     0x60fd17e651aa - core[df12db4294e9bfd3]::fmt::write
[INFO] [stdout]    6:     0x60fd17e52ffc - core[df12db4294e9bfd3]::io::write::default_write_fmt::<alloc[2182bb758b4b3781]::vec::Vec<u8>>
[INFO] [stdout]                                at /rustc/dfb0accb7f508ae8be965d8629557221c889dd98/library/core/src/io/write.rs:402:11
[INFO] [stdout]    7:     0x60fd17e52ffc - <alloc[2182bb758b4b3781]::vec::Vec<u8> as core[df12db4294e9bfd3]::io::write::Write>::write_fmt
[INFO] [stdout]                                at /rustc/dfb0accb7f508ae8be965d8629557221c889dd98/library/core/src/io/write.rs:335:13
[INFO] [stdout]    8:     0x60fd17e29986 - <std[70759c8f55707aa4]::sys::backtrace::BacktraceLock>::print
[INFO] [stdout]                                at /rustc/dfb0accb7f508ae8be965d8629557221c889dd98/library/std/src/sys/backtrace.rs:47:9
[INFO] [stdout]    9:     0x60fd17e29986 - std[70759c8f55707aa4]::panicking::default_hook::{closure#0}
[INFO] [stdout]                                at /rustc/dfb0accb7f508ae8be965d8629557221c889dd98/library/std/src/panicking.rs:292:27
[INFO] [stdout]   10:     0x60fd17e463f9 - std[70759c8f55707aa4]::panicking::default_hook
[INFO] [stdout]                                at /rustc/dfb0accb7f508ae8be965d8629557221c889dd98/library/std/src/panicking.rs:316:9
[INFO] [stdout]   11:     0x60fd176ebca0 - <alloc[2182bb758b4b3781]::boxed::Box<dyn for<'a, 'b> core[df12db4294e9bfd3]::ops::function::Fn<(&'a std[70759c8f55707aa4]::panic::PanicHookInfo<'b>,), Output = ()> + core[df12db4294e9bfd3]::marker::Send + core[df12db4294e9bfd3]::marker::Sync> as core[df12db4294e9bfd3]::ops::function::Fn<(&std[70759c8f55707aa4]::panic::PanicHookInfo,)>>::call
[INFO] [stdout]                                at /rustc/dfb0accb7f508ae8be965d8629557221c889dd98/library/alloc/src/boxed.rs:2334:9
[INFO] [stdout]   12:     0x60fd176ebca0 - test[9d35eded1c95d3be]::test_main_inner::<test[9d35eded1c95d3be]::test_main_static::{closure#0}>::{closure#0}
[INFO] [stdout]                                at /rustc/dfb0accb7f508ae8be965d8629557221c889dd98/library/test/src/lib.rs:155:21
[INFO] [stdout]   13:     0x60fd17e46722 - <alloc[2182bb758b4b3781]::boxed::Box<dyn for<'a, 'b> core[df12db4294e9bfd3]::ops::function::Fn<(&'a std[70759c8f55707aa4]::panic::PanicHookInfo<'b>,), Output = ()> + core[df12db4294e9bfd3]::marker::Send + core[df12db4294e9bfd3]::marker::Sync> as core[df12db4294e9bfd3]::ops::function::Fn<(&std[70759c8f55707aa4]::panic::PanicHookInfo,)>>::call
[INFO] [stdout]                                at /rustc/dfb0accb7f508ae8be965d8629557221c889dd98/library/alloc/src/boxed.rs:2334:9
[INFO] [stdout]   14:     0x60fd17e46722 - std[70759c8f55707aa4]::panicking::panic_with_hook
[INFO] [stdout]                                at /rustc/dfb0accb7f508ae8be965d8629557221c889dd98/library/std/src/panicking.rs:823:13
[INFO] [stdout]   15:     0x60fd17e29a32 - std[70759c8f55707aa4]::panicking::panic_handler::{closure#0}
[INFO] [stdout]                                at /rustc/dfb0accb7f508ae8be965d8629557221c889dd98/library/std/src/panicking.rs:688:13
[INFO] [stdout]   16:     0x60fd17e22499 - std[70759c8f55707aa4]::sys::backtrace::__rust_end_short_backtrace::<std[70759c8f55707aa4]::panicking::panic_handler::{closure#0}, !>
[INFO] [stdout]                                at /rustc/dfb0accb7f508ae8be965d8629557221c889dd98/library/std/src/sys/backtrace.rs:182:18
[INFO] [stdout]   17:     0x60fd17e2a8bd - __rustc[8fa7c3cbc660c2b3]::rust_begin_unwind
[INFO] [stdout]                                at /rustc/dfb0accb7f508ae8be965d8629557221c889dd98/library/std/src/panicking.rs:679:5
[INFO] [stdout]   18:     0x60fd17e659cc - core[df12db4294e9bfd3]::panicking::panic_fmt
[INFO] [stdout]                                at /rustc/dfb0accb7f508ae8be965d8629557221c889dd98/library/core/src/panicking.rs:80:14
[INFO] [stdout]   19:     0x60fd17e65863 - core[df12db4294e9bfd3]::panicking::assert_failed_inner
[INFO] [stdout]                                at /rustc/dfb0accb7f508ae8be965d8629557221c889dd98/library/core/src/panicking.rs:452:17
[INFO] [stdout]   20:     0x60fd17d87932 - core[df12db4294e9bfd3]::panicking::assert_failed::<u16, u16>
[INFO] [stdout]                                at /rustc/dfb0accb7f508ae8be965d8629557221c889dd98/library/core/src/panicking.rs:407:5
[INFO] [stdout]   21:     0x60fd176b71dc - daily[2d7674be80d15eb]::specific_day::returns_200_given_valid_day::{closure#0}
[INFO] [stdout]                                at /opt/rustwide/workdir/tests/daily.rs:174:9
[INFO] [stdout]   22:     0x60fd176a24a6 - <tokio[ca09e5f576c143ab]::task::local::RunUntil<daily[2d7674be80d15eb]::specific_day::returns_200_given_valid_day::{closure#0}> as core[df12db4294e9bfd3]::future::future::Future>::poll::{closure#0}::{closure#0}
[INFO] [stdout]                                at /opt/rustwide/cargo-home/registry/src/index.crates.io-1949cf8c6b5b557f/tokio-1.18.2/src/task/local.rs:649:67
[INFO] [stdout]   23:     0x60fd176cb132 - tokio[ca09e5f576c143ab]::coop::with_budget::<core[df12db4294e9bfd3]::task::poll::Poll<()>, <tokio[ca09e5f576c143ab]::task::local::RunUntil<daily[2d7674be80d15eb]::specific_day::returns_200_given_valid_day::{closure#0}> as core[df12db4294e9bfd3]::future::future::Future>::poll::{closure#0}::{closure#0}>::{closure#0}
[INFO] [stdout]                                at /opt/rustwide/cargo-home/registry/src/index.crates.io-1949cf8c6b5b557f/tokio-1.18.2/src/coop.rs:102:9
[INFO] [stdout]   24:     0x60fd17698e47 - <std[70759c8f55707aa4]::thread::local::LocalKey<core[df12db4294e9bfd3]::cell::Cell<tokio[ca09e5f576c143ab]::coop::Budget>>>::try_with::<tokio[ca09e5f576c143ab]::coop::with_budget<core[df12db4294e9bfd3]::task::poll::Poll<()>, <tokio[ca09e5f576c143ab]::task::local::RunUntil<daily[2d7674be80d15eb]::specific_day::returns_200_given_valid_day::{closure#0}> as core[df12db4294e9bfd3]::future::future::Future>::poll::{closure#0}::{closure#0}>::{closure#0}, core[df12db4294e9bfd3]::task::poll::Poll<()>>
[INFO] [stdout]                                at /rustc/dfb0accb7f508ae8be965d8629557221c889dd98/library/std/src/thread/local.rs:463:12
[INFO] [stdout]   25:     0x60fd176978be - <std[70759c8f55707aa4]::thread::local::LocalKey<core[df12db4294e9bfd3]::cell::Cell<tokio[ca09e5f576c143ab]::coop::Budget>>>::with::<tokio[ca09e5f576c143ab]::coop::with_budget<core[df12db4294e9bfd3]::task::poll::Poll<()>, <tokio[ca09e5f576c143ab]::task::local::RunUntil<daily[2d7674be80d15eb]::specific_day::returns_200_given_valid_day::{closure#0}> as core[df12db4294e9bfd3]::future::future::Future>::poll::{closure#0}::{closure#0}>::{closure#0}, core[df12db4294e9bfd3]::task::poll::Poll<()>>
[INFO] [stdout]                                at /rustc/dfb0accb7f508ae8be965d8629557221c889dd98/library/std/src/thread/local.rs:427:20
[INFO] [stdout]   26:     0x60fd176a5185 - tokio[ca09e5f576c143ab]::coop::with_budget::<core[df12db4294e9bfd3]::task::poll::Poll<()>, <tokio[ca09e5f576c143ab]::task::local::RunUntil<daily[2d7674be80d15eb]::specific_day::returns_200_given_valid_day::{closure#0}> as core[df12db4294e9bfd3]::future::future::Future>::poll::{closure#0}::{closure#0}>
[INFO] [stdout]                                at /opt/rustwide/cargo-home/registry/src/index.crates.io-1949cf8c6b5b557f/tokio-1.18.2/src/coop.rs:95:13
[INFO] [stdout]   27:     0x60fd176a5185 - tokio[ca09e5f576c143ab]::coop::budget::<core[df12db4294e9bfd3]::task::poll::Poll<()>, <tokio[ca09e5f576c143ab]::task::local::RunUntil<daily[2d7674be80d15eb]::specific_day::returns_200_given_valid_day::{closure#0}> as core[df12db4294e9bfd3]::future::future::Future>::poll::{closure#0}::{closure#0}>
[INFO] [stdout]                                at /opt/rustwide/cargo-home/registry/src/index.crates.io-1949cf8c6b5b557f/tokio-1.18.2/src/coop.rs:72:5
[INFO] [stdout]   28:     0x60fd176a5185 - <tokio[ca09e5f576c143ab]::task::local::RunUntil<daily[2d7674be80d15eb]::specific_day::returns_200_given_valid_day::{closure#0}> as core[df12db4294e9bfd3]::future::future::Future>::poll::{closure#0}
[INFO] [stdout]                                at /opt/rustwide/cargo-home/registry/src/index.crates.io-1949cf8c6b5b557f/tokio-1.18.2/src/task/local.rs:649:42
[INFO] [stdout]   29:     0x60fd176c0d08 - <tokio[ca09e5f576c143ab]::macros::scoped_tls::ScopedKey<tokio[ca09e5f576c143ab]::task::local::Context>>::set::<<tokio[ca09e5f576c143ab]::task::local::RunUntil<daily[2d7674be80d15eb]::specific_day::returns_200_given_valid_day::{closure#0}> as core[df12db4294e9bfd3]::future::future::Future>::poll::{closure#0}, core[df12db4294e9bfd3]::task::poll::Poll<()>>
[INFO] [stdout]                                at /opt/rustwide/cargo-home/registry/src/index.crates.io-1949cf8c6b5b557f/tokio-1.18.2/src/macros/scoped_tls.rs:61:9
[INFO] [stdout]   30:     0x60fd1769f8da - <tokio[ca09e5f576c143ab]::task::local::LocalSet>::with::<core[df12db4294e9bfd3]::task::poll::Poll<()>, <tokio[ca09e5f576c143ab]::task::local::RunUntil<daily[2d7674be80d15eb]::specific_day::returns_200_given_valid_day::{closure#0}> as core[df12db4294e9bfd3]::future::future::Future>::poll::{closure#0}>
[INFO] [stdout]                                at /opt/rustwide/cargo-home/registry/src/index.crates.io-1949cf8c6b5b557f/tokio-1.18.2/src/task/local.rs:566:17
[INFO] [stdout]   31:     0x60fd176a9dfb - <tokio[ca09e5f576c143ab]::task::local::RunUntil<daily[2d7674be80d15eb]::specific_day::returns_200_given_valid_day::{closure#0}> as core[df12db4294e9bfd3]::future::future::Future>::poll
[INFO] [stdout]                                at /opt/rustwide/cargo-home/registry/src/index.crates.io-1949cf8c6b5b557f/tokio-1.18.2/src/task/local.rs:639:22
[INFO] [stdout]   32:     0x60fd176a126c - <tokio[ca09e5f576c143ab]::task::local::LocalSet>::run_until::<daily[2d7674be80d15eb]::specific_day::returns_200_given_valid_day::{closure#0}>::{closure#0}
[INFO] [stdout]                                at /opt/rustwide/cargo-home/registry/src/index.crates.io-1949cf8c6b5b557f/tokio-1.18.2/src/task/local.rs:512:19
[INFO] [stdout]   33:     0x60fd176cebcd - <core[df12db4294e9bfd3]::pin::Pin<&mut <tokio[ca09e5f576c143ab]::task::local::LocalSet>::run_until<daily[2d7674be80d15eb]::specific_day::returns_200_given_valid_day::{closure#0}>::{closure#0}> as core[df12db4294e9bfd3]::future::future::Future>::poll
[INFO] [stdout]                                at /rustc/dfb0accb7f508ae8be965d8629557221c889dd98/library/core/src/future/future.rs:133:9
[INFO] [stdout]   34:     0x60fd1769708d - <tokio[ca09e5f576c143ab]::runtime::basic_scheduler::CoreGuard>::block_on::<core[df12db4294e9bfd3]::pin::Pin<&mut <tokio[ca09e5f576c143ab]::task::local::LocalSet>::run_until<daily[2d7674be80d15eb]::specific_day::returns_200_given_valid_day::{closure#0}>::{closure#0}>>::{closure#0}::{closure#0}::{closure#0}
[INFO] [stdout]                                at /opt/rustwide/cargo-home/registry/src/index.crates.io-1949cf8c6b5b557f/tokio-1.18.2/src/runtime/basic_scheduler.rs:507:64
[INFO] [stdout]   35:     0x60fd176caaa2 - tokio[ca09e5f576c143ab]::coop::with_budget::<core[df12db4294e9bfd3]::task::poll::Poll<()>, <tokio[ca09e5f576c143ab]::runtime::basic_scheduler::CoreGuard>::block_on<core[df12db4294e9bfd3]::pin::Pin<&mut <tokio[ca09e5f576c143ab]::task::local::LocalSet>::run_until<daily[2d7674be80d15eb]::specific_day::returns_200_given_valid_day::{closure#0}>::{closure#0}>>::{closure#0}::{closure#0}::{closure#0}>::{closure#0}
[INFO] [stdout]                                at /opt/rustwide/cargo-home/registry/src/index.crates.io-1949cf8c6b5b557f/tokio-1.18.2/src/coop.rs:102:9
[INFO] [stdout]   36:     0x60fd17698897 - <std[70759c8f55707aa4]::thread::local::LocalKey<core[df12db4294e9bfd3]::cell::Cell<tokio[ca09e5f576c143ab]::coop::Budget>>>::try_with::<tokio[ca09e5f576c143ab]::coop::with_budget<core[df12db4294e9bfd3]::task::poll::Poll<()>, <tokio[ca09e5f576c143ab]::runtime::basic_scheduler::CoreGuard>::block_on<core[df12db4294e9bfd3]::pin::Pin<&mut <tokio[ca09e5f576c143ab]::task::local::LocalSet>::run_until<daily[2d7674be80d15eb]::specific_day::returns_200_given_valid_day::{closure#0}>::{closure#0}>>::{closure#0}::{closure#0}::{closure#0}>::{closure#0}, core[df12db4294e9bfd3]::task::poll::Poll<()>>
[INFO] [stdout]                                at /rustc/dfb0accb7f508ae8be965d8629557221c889dd98/library/std/src/thread/local.rs:463:12
[INFO] [stdout]   37:     0x60fd1769768e - <std[70759c8f55707aa4]::thread::local::LocalKey<core[df12db4294e9bfd3]::cell::Cell<tokio[ca09e5f576c143ab]::coop::Budget>>>::with::<tokio[ca09e5f576c143ab]::coop::with_budget<core[df12db4294e9bfd3]::task::poll::Poll<()>, <tokio[ca09e5f576c143ab]::runtime::basic_scheduler::CoreGuard>::block_on<core[df12db4294e9bfd3]::pin::Pin<&mut <tokio[ca09e5f576c143ab]::task::local::LocalSet>::run_until<daily[2d7674be80d15eb]::specific_day::returns_200_given_valid_day::{closure#0}>::{closure#0}>>::{closure#0}::{closure#0}::{closure#0}>::{closure#0}, core[df12db4294e9bfd3]::task::poll::Poll<()>>
[INFO] [stdout]                                at /rustc/dfb0accb7f508ae8be965d8629557221c889dd98/library/std/src/thread/local.rs:427:20
[INFO] [stdout]   38:     0x60fd1769665b - tokio[ca09e5f576c143ab]::coop::with_budget::<core[df12db4294e9bfd3]::task::poll::Poll<()>, <tokio[ca09e5f576c143ab]::runtime::basic_scheduler::CoreGuard>::block_on<core[df12db4294e9bfd3]::pin::Pin<&mut <tokio[ca09e5f576c143ab]::task::local::LocalSet>::run_until<daily[2d7674be80d15eb]::specific_day::returns_200_given_valid_day::{closure#0}>::{closure#0}>>::{closure#0}::{closure#0}::{closure#0}>
[INFO] [stdout]                                at /opt/rustwide/cargo-home/registry/src/index.crates.io-1949cf8c6b5b557f/tokio-1.18.2/src/coop.rs:95:13
[INFO] [stdout]   39:     0x60fd1769665b - tokio[ca09e5f576c143ab]::coop::budget::<core[df12db4294e9bfd3]::task::poll::Poll<()>, <tokio[ca09e5f576c143ab]::runtime::basic_scheduler::CoreGuard>::block_on<core[df12db4294e9bfd3]::pin::Pin<&mut <tokio[ca09e5f576c143ab]::task::local::LocalSet>::run_until<daily[2d7674be80d15eb]::specific_day::returns_200_given_valid_day::{closure#0}>::{closure#0}>>::{closure#0}::{closure#0}::{closure#0}>
[INFO] [stdout]                                at /opt/rustwide/cargo-home/registry/src/index.crates.io-1949cf8c6b5b557f/tokio-1.18.2/src/coop.rs:72:5
[INFO] [stdout]   40:     0x60fd1769665b - <tokio[ca09e5f576c143ab]::runtime::basic_scheduler::CoreGuard>::block_on::<core[df12db4294e9bfd3]::pin::Pin<&mut <tokio[ca09e5f576c143ab]::task::local::LocalSet>::run_until<daily[2d7674be80d15eb]::specific_day::returns_200_given_valid_day::{closure#0}>::{closure#0}>>::{closure#0}::{closure#0}
[INFO] [stdout]                                at /opt/rustwide/cargo-home/registry/src/index.crates.io-1949cf8c6b5b557f/tokio-1.18.2/src/runtime/basic_scheduler.rs:507:25
[INFO] [stdout]   41:     0x60fd1768d842 - <tokio[ca09e5f576c143ab]::runtime::basic_scheduler::Context>::enter::<core[df12db4294e9bfd3]::task::poll::Poll<()>, <tokio[ca09e5f576c143ab]::runtime::basic_scheduler::CoreGuard>::block_on<core[df12db4294e9bfd3]::pin::Pin<&mut <tokio[ca09e5f576c143ab]::task::local::LocalSet>::run_until<daily[2d7674be80d15eb]::specific_day::returns_200_given_valid_day::{closure#0}>::{closure#0}>>::{closure#0}::{closure#0}>
[INFO] [stdout]                                at /opt/rustwide/cargo-home/registry/src/index.crates.io-1949cf8c6b5b557f/tokio-1.18.2/src/runtime/basic_scheduler.rs:361:19
[INFO] [stdout]   42:     0x60fd17692efc - <tokio[ca09e5f576c143ab]::runtime::basic_scheduler::CoreGuard>::block_on::<core[df12db4294e9bfd3]::pin::Pin<&mut <tokio[ca09e5f576c143ab]::task::local::LocalSet>::run_until<daily[2d7674be80d15eb]::specific_day::returns_200_given_valid_day::{closure#0}>::{closure#0}>>::{closure#0}
[INFO] [stdout]                                at /opt/rustwide/cargo-home/registry/src/index.crates.io-1949cf8c6b5b557f/tokio-1.18.2/src/runtime/basic_scheduler.rs:506:44
[INFO] [stdout]   43:     0x60fd17692bc4 - <tokio[ca09e5f576c143ab]::runtime::basic_scheduler::CoreGuard>::enter::<<tokio[ca09e5f576c143ab]::runtime::basic_scheduler::CoreGuard>::block_on<core[df12db4294e9bfd3]::pin::Pin<&mut <tokio[ca09e5f576c143ab]::task::local::LocalSet>::run_until<daily[2d7674be80d15eb]::specific_day::returns_200_given_valid_day::{closure#0}>::{closure#0}>>::{closure#0}, ()>::{closure#0}
[INFO] [stdout]                                at /opt/rustwide/cargo-home/registry/src/index.crates.io-1949cf8c6b5b557f/tokio-1.18.2/src/runtime/basic_scheduler.rs:564:57
[INFO] [stdout]   44:     0x60fd176c134d - <tokio[ca09e5f576c143ab]::macros::scoped_tls::ScopedKey<tokio[ca09e5f576c143ab]::runtime::basic_scheduler::Context>>::set::<<tokio[ca09e5f576c143ab]::runtime::basic_scheduler::CoreGuard>::enter<<tokio[ca09e5f576c143ab]::runtime::basic_scheduler::CoreGuard>::block_on<core[df12db4294e9bfd3]::pin::Pin<&mut <tokio[ca09e5f576c143ab]::task::local::LocalSet>::run_until<daily[2d7674be80d15eb]::specific_day::returns_200_given_valid_day::{closure#0}>::{closure#0}>>::{closure#0}, ()>::{closure#0}, (alloc[2182bb758b4b3781]::boxed::Box<tokio[ca09e5f576c143ab]::runtime::basic_scheduler::Core>, ())>
[INFO] [stdout]                                at /opt/rustwide/cargo-home/registry/src/index.crates.io-1949cf8c6b5b557f/tokio-1.18.2/src/macros/scoped_tls.rs:61:9
[INFO] [stdout]   45:     0x60fd176907bc - <tokio[ca09e5f576c143ab]::runtime::basic_scheduler::CoreGuard>::enter::<<tokio[ca09e5f576c143ab]::runtime::basic_scheduler::CoreGuard>::block_on<core[df12db4294e9bfd3]::pin::Pin<&mut <tokio[ca09e5f576c143ab]::task::local::LocalSet>::run_until<daily[2d7674be80d15eb]::specific_day::returns_200_given_valid_day::{closure#0}>::{closure#0}>>::{closure#0}, ()>
[INFO] [stdout]                                at /opt/rustwide/cargo-home/registry/src/index.crates.io-1949cf8c6b5b557f/tokio-1.18.2/src/runtime/basic_scheduler.rs:564:35
[INFO] [stdout]   46:     0x60fd17692085 - <tokio[ca09e5f576c143ab]::runtime::basic_scheduler::CoreGuard>::block_on::<core[df12db4294e9bfd3]::pin::Pin<&mut <tokio[ca09e5f576c143ab]::task::local::LocalSet>::run_until<daily[2d7674be80d15eb]::specific_day::returns_200_given_valid_day::{closure#0}>::{closure#0}>>
[INFO] [stdout]                                at /opt/rustwide/cargo-home/registry/src/index.crates.io-1949cf8c6b5b557f/tokio-1.18.2/src/runtime/basic_scheduler.rs:497:14
[INFO] [stdout]   47:     0x60fd1768c3a0 - <tokio[ca09e5f576c143ab]::runtime::basic_scheduler::BasicScheduler>::block_on::<<tokio[ca09e5f576c143ab]::task::local::LocalSet>::run_until<daily[2d7674be80d15eb]::specific_day::returns_200_given_valid_day::{closure#0}>::{closure#0}>
[INFO] [stdout]                                at /opt/rustwide/cargo-home/registry/src/index.crates.io-1949cf8c6b5b557f/tokio-1.18.2/src/runtime/basic_scheduler.rs:173:29
[INFO] [stdout]   48:     0x60fd176b35f4 - <tokio[ca09e5f576c143ab]::runtime::Runtime>::block_on::<<tokio[ca09e5f576c143ab]::task::local::LocalSet>::run_until<daily[2d7674be80d15eb]::specific_day::returns_200_given_valid_day::{closure#0}>::{closure#0}>
[INFO] [stdout]                                at /opt/rustwide/cargo-home/registry/src/index.crates.io-1949cf8c6b5b557f/tokio-1.18.2/src/runtime/mod.rs:475:51
[INFO] [stdout]   49:     0x60fd1769fb3d - <tokio[ca09e5f576c143ab]::task::local::LocalSet>::block_on::<daily[2d7674be80d15eb]::specific_day::returns_200_given_valid_day::{closure#0}>
[INFO] [stdout]                                at /opt/rustwide/cargo-home/registry/src/index.crates.io-1949cf8c6b5b557f/tokio-1.18.2/src/task/local.rs:473:12
[INFO] [stdout]   50:     0x60fd176bd36b - <actix_rt[8c02a000dd460cd7]::runtime::Runtime>::block_on::<daily[2d7674be80d15eb]::specific_day::returns_200_given_valid_day::{closure#0}>
[INFO] [stdout]                                at /opt/rustwide/cargo-home/registry/src/index.crates.io-1949cf8c6b5b557f/actix-rt-2.7.0/src/runtime.rs:80:20
[INFO] [stdout]   51:     0x60fd176b404f - <actix_rt[8c02a000dd460cd7]::system::SystemRunner>::block_on::<daily[2d7674be80d15eb]::specific_day::returns_200_given_valid_day::{closure#0}>
[INFO] [stdout]                                at /opt/rustwide/cargo-home/registry/src/index.crates.io-1949cf8c6b5b557f/actix-rt-2.7.0/src/system.rs:209:17
[INFO] [stdout]   52:     0x60fd176ba1f4 - daily[2d7674be80d15eb]::specific_day::returns_200_given_valid_day
[INFO] [stdout]                                at /opt/rustwide/workdir/tests/daily.rs:157:5
[INFO] [stdout]   53:     0x60fd176b6767 - daily[2d7674be80d15eb]::specific_day::returns_200_given_valid_day::{closure#0}
[INFO] [stdout]                                at /opt/rustwide/workdir/tests/daily.rs:158:43
[INFO] [stdout]   54:     0x60fd176decd6 - <daily[2d7674be80d15eb]::specific_day::returns_200_given_valid_day::{closure#0} as core[df12db4294e9bfd3]::ops::function::FnOnce<()>>::call_once
[INFO] [stdout]                                at /rustc/dfb0accb7f508ae8be965d8629557221c889dd98/library/core/src/ops/function.rs:250:5
[INFO] [stdout]   55:     0x60fd176def8b - <fn() -> core[df12db4294e9bfd3]::result::Result<(), alloc[2182bb758b4b3781]::string::String> as core[df12db4294e9bfd3]::ops::function::FnOnce<()>>::call_once
[INFO] [stdout]                                at /rustc/dfb0accb7f508ae8be965d8629557221c889dd98/library/core/src/ops/function.rs:250:5
[INFO] [stdout]   56:     0x60fd176def8b - test[9d35eded1c95d3be]::__rust_begin_short_backtrace::<core[df12db4294e9bfd3]::result::Result<(), alloc[2182bb758b4b3781]::string::String>, fn() -> core[df12db4294e9bfd3]::result::Result<(), alloc[2182bb758b4b3781]::string::String>>
[INFO] [stdout]                                at /rustc/dfb0accb7f508ae8be965d8629557221c889dd98/library/test/src/lib.rs:733:18
[INFO] [stdout]   57:     0x60fd176ec5f5 - test[9d35eded1c95d3be]::run_test_in_process::{closure#0}
[INFO] [stdout]                                at /rustc/dfb0accb7f508ae8be965d8629557221c889dd98/library/test/src/lib.rs:756:74
[INFO] [stdout]   58:     0x60fd176ec5f5 - <core[df12db4294e9bfd3]::panic::unwind_safe::AssertUnwindSafe<test[9d35eded1c95d3be]::run_test_in_process::{closure#0}> as core[df12db4294e9bfd3]::ops::function::FnOnce<()>>::call_once
[INFO] [stdout]                                at /rustc/dfb0accb7f508ae8be965d8629557221c889dd98/library/core/src/panic/unwind_safe.rs:275:9
[INFO] [stdout]   59:     0x60fd176ec5f5 - std[70759c8f55707aa4]::panicking::catch_unwind::do_call::<core[df12db4294e9bfd3]::panic::unwind_safe::AssertUnwindSafe<test[9d35eded1c95d3be]::run_test_in_process::{closure#0}>, core[df12db4294e9bfd3]::result::Result<(), alloc[2182bb758b4b3781]::string::String>>
[INFO] [stdout]                                at /rustc/dfb0accb7f508ae8be965d8629557221c889dd98/library/std/src/panicking.rs:576:43
[INFO] [stdout]   60:     0x60fd176ec5f5 - std[70759c8f55707aa4]::panicking::catch_unwind::<core[df12db4294e9bfd3]::result::Result<(), alloc[2182bb758b4b3781]::string::String>, core[df12db4294e9bfd3]::panic::unwind_safe::AssertUnwindSafe<test[9d35eded1c95d3be]::run_test_in_process::{closure#0}>>
[INFO] [stdout]                                at /rustc/dfb0accb7f508ae8be965d8629557221c889dd98/library/std/src/panicking.rs:544:19
[INFO] [stdout]   61:     0x60fd176ec5f5 - std[70759c8f55707aa4]::panic::catch_unwind::<core[df12db4294e9bfd3]::panic::unwind_safe::AssertUnwindSafe<test[9d35eded1c95d3be]::run_test_in_process::{closure#0}>, core[df12db4294e9bfd3]::result::Result<(), alloc[2182bb758b4b3781]::string::String>>
[INFO] [stdout]                                at /rustc/dfb0accb7f508ae8be965d8629557221c889dd98/library/std/src/panic.rs:359:14
[INFO] [stdout]   62:     0x60fd176ec5f5 - test[9d35eded1c95d3be]::run_test_in_process
[INFO] [stdout]                                at /rustc/dfb0accb7f508ae8be965d8629557221c889dd98/library/test/src/lib.rs:756:27
[INFO] [stdout]   63:     0x60fd176ec5f5 - test[9d35eded1c95d3be]::run_test::{closure#0}
[INFO] [stdout]                                at /rustc/dfb0accb7f508ae8be965d8629557221c889dd98/library/test/src/lib.rs:677:43
[INFO] [stdout]   64:     0x60fd176e5eb4 - test[9d35eded1c95d3be]::run_test::{closure#1}
[INFO] [stdout]                                at /rustc/dfb0accb7f508ae8be965d8629557221c889dd98/library/test/src/lib.rs:707:41
[INFO] [stdout]   65:     0x60fd176e5eb4 - std[70759c8f55707aa4]::sys::backtrace::__rust_begin_short_backtrace::<test[9d35eded1c95d3be]::run_test::{closure#1}, ()>
[INFO] [stdout]                                at /rustc/dfb0accb7f508ae8be965d8629557221c889dd98/library/std/src/sys/backtrace.rs:166:18
[INFO] [stdout]   66:     0x60fd176ef752 - std[70759c8f55707aa4]::thread::lifecycle::spawn_unchecked::<test[9d35eded1c95d3be]::run_test::{closure#1}, ()>::{closure#1}::{closure#0}
[INFO] [stdout]                                at /rustc/dfb0accb7f508ae8be965d8629557221c889dd98/library/std/src/thread/lifecycle.rs:70:13
[INFO] [stdout]   67:     0x60fd176ef752 - <core[df12db4294e9bfd3]::panic::unwind_safe::AssertUnwindSafe<std[70759c8f55707aa4]::thread::lifecycle::spawn_unchecked<test[9d35eded1c95d3be]::run_test::{closure#1}, ()>::{closure#1}::{closure#0}> as core[df12db4294e9bfd3]::ops::function::FnOnce<()>>::call_once
[INFO] [stdout]                                at /rustc/dfb0accb7f508ae8be965d8629557221c889dd98/library/core/src/panic/unwind_safe.rs:275:9
[INFO] [stdout]   68:     0x60fd176ef752 - std[70759c8f55707aa4]::panicking::catch_unwind::do_call::<core[df12db4294e9bfd3]::panic::unwind_safe::AssertUnwindSafe<std[70759c8f55707aa4]::thread::lifecycle::spawn_unchecked<test[9d35eded1c95d3be]::run_test::{closure#1}, ()>::{closure#1}::{closure#0}>, ()>
[INFO] [stdout]                                at /rustc/dfb0accb7f508ae8be965d8629557221c889dd98/library/std/src/panicking.rs:576:43
[INFO] [stdout]   69:     0x60fd176ef752 - std[70759c8f55707aa4]::panicking::catch_unwind::<(), core[df12db4294e9bfd3]::panic::unwind_safe::AssertUnwindSafe<std[70759c8f55707aa4]::thread::lifecycle::spawn_unchecked<test[9d35eded1c95d3be]::run_test::{closure#1}, ()>::{closure#1}::{closure#0}>>
[INFO] [stdout]                                at /rustc/dfb0accb7f508ae8be965d8629557221c889dd98/library/std/src/panicking.rs:544:19
[INFO] [stdout]   70:     0x60fd176ef752 - std[70759c8f55707aa4]::panic::catch_unwind::<core[df12db4294e9bfd3]::panic::unwind_safe::AssertUnwindSafe<std[70759c8f55707aa4]::thread::lifecycle::spawn_unchecked<test[9d35eded1c95d3be]::run_test::{closure#1}, ()>::{closure#1}::{closure#0}>, ()>
[INFO] [stdout]                                at /rustc/dfb0accb7f508ae8be965d8629557221c889dd98/library/std/src/panic.rs:359:14
[INFO] [stdout]   71:     0x60fd176ef752 - std[70759c8f55707aa4]::thread::lifecycle::spawn_unchecked::<test[9d35eded1c95d3be]::run_test::{closure#1}, ()>::{closure#1}
[INFO] [stdout]                                at /rustc/dfb0accb7f508ae8be965d8629557221c889dd98/library/std/src/thread/lifecycle.rs:68:26
[INFO] [stdout]   72:     0x60fd176ef752 - <std[70759c8f55707aa4]::thread::lifecycle::spawn_unchecked<test[9d35eded1c95d3be]::run_test::{closure#1}, ()>::{closure#1} as core[df12db4294e9bfd3]::ops::function::FnOnce<()>>::call_once::{shim:vtable#0}
[INFO] [stdout]                                at /rustc/dfb0accb7f508ae8be965d8629557221c889dd98/library/core/src/ops/function.rs:250:5
[INFO] [stdout]   73:     0x60fd17e4d9e9 - <alloc[2182bb758b4b3781]::boxed::Box<dyn core[df12db4294e9bfd3]::ops::function::FnOnce<(), Output = ()> + core[df12db4294e9bfd3]::marker::Send> as core[df12db4294e9bfd3]::ops::function::FnOnce<()>>::call_once
[INFO] [stdout]                                at /rustc/dfb0accb7f508ae8be965d8629557221c889dd98/library/alloc/src/boxed.rs:2320:9
[INFO] [stdout]   74:     0x60fd17e4d9e9 - <std[70759c8f55707aa4]::sys::thread::unix::Thread>::new::thread_start
[INFO] [stdout]                                at /rustc/dfb0accb7f508ae8be965d8629557221c889dd98/library/std/src/sys/thread/unix.rs:123:17
[INFO] [stdout]   75:     0x7dd8d0957dfa - <unknown>
[INFO] [stdout]   76:     0x7dd8d09eb3d4 - clone
[INFO] [stdout]   77:                0x0 - <unknown>
[INFO] [stdout] 
[INFO] [stdout] ---- all_days::returns_all_days stdout ----
[INFO] [stdout] 
[INFO] [stdout] thread 'all_days::returns_all_days' (3309) panicked at tests/daily.rs:32:9:
[INFO] [stdout] assertion `left == right` failed
[INFO] [stdout]   left: 500
[INFO] [stdout]  right: 200
[INFO] [stdout] stack backtrace:
[INFO] [stdout]    0:     0x60fd17e4e4c1 - std[70759c8f55707aa4]::backtrace_rs::backtrace::libunwind::trace
[INFO] [stdout]                                at /rustc/dfb0accb7f508ae8be965d8629557221c889dd98/library/std/src/../../backtrace/src/backtrace/libunwind.rs:117:9
[INFO] [stdout]    1:     0x60fd17e4e4c1 - std[70759c8f55707aa4]::backtrace_rs::backtrace::trace_unsynchronized::<std[70759c8f55707aa4]::sys::backtrace::_print_fmt::{closure#1}>
[INFO] [stdout]                                at /rustc/dfb0accb7f508ae8be965d8629557221c889dd98/library/std/src/../../backtrace/src/backtrace/mod.rs:66:14
[INFO] [stdout]    2:     0x60fd17e4e4c1 - std[70759c8f55707aa4]::sys::backtrace::_print_fmt
[INFO] [stdout]                                at /rustc/dfb0accb7f508ae8be965d8629557221c889dd98/library/std/src/sys/backtrace.rs:74:9
[INFO] [stdout]    3:     0x60fd17e4e4c1 - <<std[70759c8f55707aa4]::sys::backtrace::BacktraceLock>::print::DisplayBacktrace as core[df12db4294e9bfd3]::fmt::Display>::fmt
[INFO] [stdout]                                at /rustc/dfb0accb7f508ae8be965d8629557221c889dd98/library/std/src/sys/backtrace.rs:44:26
[INFO] [stdout]    4:     0x60fd17e651aa - <core[df12db4294e9bfd3]::fmt::rt::Argument>::fmt
[INFO] [stdout]                                at /rustc/dfb0accb7f508ae8be965d8629557221c889dd98/library/core/src/fmt/rt.rs:152:76
[INFO] [stdout]    5:     0x60fd17e651aa - core[df12db4294e9bfd3]::fmt::write
[INFO] [stdout]    6:     0x60fd17e52ffc - core[df12db4294e9bfd3]::io::write::default_write_fmt::<alloc[2182bb758b4b3781]::vec::Vec<u8>>
[INFO] [stdout]                                at /rustc/dfb0accb7f508ae8be965d8629557221c889dd98/library/core/src/io/write.rs:402:11
[INFO] [stdout]    7:     0x60fd17e52ffc - <alloc[2182bb758b4b3781]::vec::Vec<u8> as core[df12db4294e9bfd3]::io::write::Write>::write_fmt
[INFO] [stdout]                                at /rustc/dfb0accb7f508ae8be965d8629557221c889dd98/library/core/src/io/write.rs:335:13
[INFO] [stdout]    8:     0x60fd17e29986 - <std[70759c8f55707aa4]::sys::backtrace::BacktraceLock>::print
[INFO] [stdout]                                at /rustc/dfb0accb7f508ae8be965d8629557221c889dd98/library/std/src/sys/backtrace.rs:47:9
[INFO] [stdout]    9:     0x60fd17e29986 - std[70759c8f55707aa4]::panicking::default_hook::{closure#0}
[INFO] [stdout]                                at /rustc/dfb0accb7f508ae8be965d8629557221c889dd98/library/std/src/panicking.rs:292:27
[INFO] [stdout]   10:     0x60fd17e463f9 - std[70759c8f55707aa4]::panicking::default_hook
[INFO] [stdout]                                at /rustc/dfb0accb7f508ae8be965d8629557221c889dd98/library/std/src/panicking.rs:316:9
[INFO] [stdout]   11:     0x60fd176ebca0 - <alloc[2182bb758b4b3781]::boxed::Box<dyn for<'a, 'b> core[df12db4294e9bfd3]::ops::function::Fn<(&'a std[70759c8f55707aa4]::panic::PanicHookInfo<'b>,), Output = ()> + core[df12db4294e9bfd3]::marker::Send + core[df12db4294e9bfd3]::marker::Sync> as core[df12db4294e9bfd3]::ops::function::Fn<(&std[70759c8f55707aa4]::panic::PanicHookInfo,)>>::call
[INFO] [stdout]                                at /rustc/dfb0accb7f508ae8be965d8629557221c889dd98/library/alloc/src/boxed.rs:2334:9
[INFO] [stdout]   12:     0x60fd176ebca0 - test[9d35eded1c95d3be]::test_main_inner::<test[9d35eded1c95d3be]::test_main_static::{closure#0}>::{closure#0}
[INFO] [stdout]                                at /rustc/dfb0accb7f508ae8be965d8629557221c889dd98/library/test/src/lib.rs:155:21
[INFO] [stdout]   13:     0x60fd17e46722 - <alloc[2182bb758b4b3781]::boxed::Box<dyn for<'a, 'b> core[df12db4294e9bfd3]::ops::function::Fn<(&'a std[70759c8f55707aa4]::panic::PanicHookInfo<'b>,), Output = ()> + core[df12db4294e9bfd3]::marker::Send + core[df12db4294e9bfd3]::marker::Sync> as core[df12db4294e9bfd3]::ops::function::Fn<(&std[70759c8f55707aa4]::panic::PanicHookInfo,)>>::call
[INFO] [stdout]                                at /rustc/dfb0accb7f508ae8be965d8629557221c889dd98/library/alloc/src/boxed.rs:2334:9
[INFO] [stdout]   14:     0x60fd17e46722 - std[70759c8f55707aa4]::panicking::panic_with_hook
[INFO] [stdout]                                at /rustc/dfb0accb7f508ae8be965d8629557221c889dd98/library/std/src/panicking.rs:823:13
[INFO] [stdout]   15:     0x60fd17e29a32 - std[70759c8f55707aa4]::panicking::panic_handler::{closure#0}
[INFO] [stdout]                                at /rustc/dfb0accb7f508ae8be965d8629557221c889dd98/library/std/src/panicking.rs:688:13
[INFO] [stdout]   16:     0x60fd17e22499 - std[70759c8f55707aa4]::sys::backtrace::__rust_end_short_backtrace::<std[70759c8f55707aa4]::panicking::panic_handler::{closure#0}, !>
[INFO] [stdout]                                at /rustc/dfb0accb7f508ae8be965d8629557221c889dd98/library/std/src/sys/backtrace.rs:182:18
[INFO] [stdout]   17:     0x60fd17e2a8bd - __rustc[8fa7c3cbc660c2b3]::rust_begin_unwind
[INFO] [stdout]                                at /rustc/dfb0accb7f508ae8be965d8629557221c889dd98/library/std/src/panicking.rs:679:5
[INFO] [stdout]   18:     0x60fd17e659cc - core[df12db4294e9bfd3]::panicking::panic_fmt
[INFO] [stdout]                                at /rustc/dfb0accb7f508ae8be965d8629557221c889dd98/library/core/src/panicking.rs:80:14
[INFO] [stdout]   19:     0x60fd17e65863 - core[df12db4294e9bfd3]::panicking::assert_failed_inner
[INFO] [stdout]                                at /rustc/dfb0accb7f508ae8be965d8629557221c889dd98/library/core/src/panicking.rs:452:17
[INFO] [stdout]   20:     0x60fd17d87932 - core[df12db4294e9bfd3]::panicking::assert_failed::<u16, u16>
[INFO] [stdout]                                at /rustc/dfb0accb7f508ae8be965d8629557221c889dd98/library/core/src/panicking.rs:407:5
[INFO] [stdout]   21:     0x60fd176a2e2e - daily[2d7674be80d15eb]::all_days::returns_all_days::{closure#0}
[INFO] [stdout]                                at /opt/rustwide/workdir/tests/daily.rs:32:9
[INFO] [stdout]   22:     0x60fd176a2566 - <tokio[ca09e5f576c143ab]::task::local::RunUntil<daily[2d7674be80d15eb]::all_days::returns_all_days::{closure#0}> as core[df12db4294e9bfd3]::future::future::Future>::poll::{closure#0}::{closure#0}
[INFO] [stdout]                                at /opt/rustwide/cargo-home/registry/src/index.crates.io-1949cf8c6b5b557f/tokio-1.18.2/src/task/local.rs:649:67
[INFO] [stdout]   23:     0x60fd176cb6d2 - tokio[ca09e5f576c143ab]::coop::with_budget::<core[df12db4294e9bfd3]::task::poll::Poll<()>, <tokio[ca09e5f576c143ab]::task::local::RunUntil<daily[2d7674be80d15eb]::all_days::returns_all_days::{closure#0}> as core[df12db4294e9bfd3]::future::future::Future>::poll::{closure#0}::{closure#0}>::{closure#0}
[INFO] [stdout]                                at /opt/rustwide/cargo-home/registry/src/index.crates.io-1949cf8c6b5b557f/tokio-1.18.2/src/coop.rs:102:9
[INFO] [stdout]   24:     0x60fd17699327 - <std[70759c8f55707aa4]::thread::local::LocalKey<core[df12db4294e9bfd3]::cell::Cell<tokio[ca09e5f576c143ab]::coop::Budget>>>::try_with::<tokio[ca09e5f576c143ab]::coop::with_budget<core[df12db4294e9bfd3]::task::poll::Poll<()>, <tokio[ca09e5f576c143ab]::task::local::RunUntil<daily[2d7674be80d15eb]::all_days::returns_all_days::{closure#0}> as core[df12db4294e9bfd3]::future::future::Future>::poll::{closure#0}::{closure#0}>::{closure#0}, core[df12db4294e9bfd3]::task::poll::Poll<()>>
[INFO] [stdout]                                at /rustc/dfb0accb7f508ae8be965d8629557221c889dd98/library/std/src/thread/local.rs:463:12
[INFO] [stdout]   25:     0x60fd17697a9e - <std[70759c8f55707aa4]::thread::local::LocalKey<core[df12db4294e9bfd3]::cell::Cell<tokio[ca09e5f576c143ab]::coop::Budget>>>::with::<tokio[ca09e5f576c143ab]::coop::with_budget<core[df12db4294e9bfd3]::task::poll::Poll<()>, <tokio[ca09e5f576c143ab]::task::local::RunUntil<daily[2d7674be80d15eb]::all_days::returns_all_days::{closure#0}> as core[df12db4294e9bfd3]::future::future::Future>::poll::{closure#0}::{closure#0}>::{closure#0}, core[df12db4294e9bfd3]::task::poll::Poll<()>>
[INFO] [stdout]                                at /rustc/dfb0accb7f508ae8be965d8629557221c889dd98/library/std/src/thread/local.rs:427:20
[INFO] [stdout]   26:     0x60fd176a5c65 - tokio[ca09e5f576c143ab]::coop::with_budget::<core[df12db4294e9bfd3]::task::poll::Poll<()>, <tokio[ca09e5f576c143ab]::task::local::RunUntil<daily[2d7674be80d15eb]::all_days::returns_all_days::{closure#0}> as core[df12db4294e9bfd3]::future::future::Future>::poll::{closure#0}::{closure#0}>
[INFO] [stdout]                                at /opt/rustwide/cargo-home/registry/src/index.crates.io-1949cf8c6b5b557f/tokio-1.18.2/src/coop.rs:95:13
[INFO] [stdout]   27:     0x60fd176a5c65 - tokio[ca09e5f576c143ab]::coop::budget::<core[df12db4294e9bfd3]::task::poll::Poll<()>, <tokio[ca09e5f576c143ab]::task::local::RunUntil<daily[2d7674be80d15eb]::all_days::returns_all_days::{closure#0}> as core[df12db4294e9bfd3]::future::future::Future>::poll::{closure#0}::{closure#0}>
[INFO] [stdout]                                at /opt/rustwide/cargo-home/registry/src/index.crates.io-1949cf8c6b5b557f/tokio-1.18.2/src/coop.rs:72:5
[INFO] [stdout]   28:     0x60fd176a5c65 - <tokio[ca09e5f576c143ab]::task::local::RunUntil<daily[2d7674be80d15eb]::all_days::returns_all_days::{closure#0}> as core[df12db4294e9bfd3]::future::future::Future>::poll::{closure#0}
[INFO] [stdout]                                at /opt/rustwide/cargo-home/registry/src/index.crates.io-1949cf8c6b5b557f/tokio-1.18.2/src/task/local.rs:649:42
[INFO] [stdout]   29:     0x60fd176c1248 - <tokio[ca09e5f576c143ab]::macros::scoped_tls::ScopedKey<tokio[ca09e5f576c143ab]::task::local::Context>>::set::<<tokio[ca09e5f576c143ab]::task::local::RunUntil<daily[2d7674be80d15eb]::all_days::returns_all_days::{closure#0}> as core[df12db4294e9bfd3]::future::future::Future>::poll::{closure#0}, core[df12db4294e9bfd3]::task::poll::Poll<()>>
[INFO] [stdout]                                at /opt/rustwide/cargo-home/registry/src/index.crates.io-1949cf8c6b5b557f/tokio-1.18.2/src/macros/scoped_tls.rs:61:9
[INFO] [stdout]   30:     0x60fd1769faba - <tokio[ca09e5f576c143ab]::task::local::LocalSet>::with::<core[df12db4294e9bfd3]::task::poll::Poll<()>, <tokio[ca09e5f576c143ab]::task::local::RunUntil<daily[2d7674be80d15eb]::all_days::returns_all_days::{closure#0}> as core[df12db4294e9bfd3]::future::future::Future>::poll::{closure#0}>
[INFO] [stdout]                                at /opt/rustwide/cargo-home/registry/src/index.crates.io-1949cf8c6b5b557f/tokio-1.18.2/src/task/local.rs:566:17
[INFO] [stdout]   31:     0x60fd176a9fdb - <tokio[ca09e5f576c143ab]::task::local::RunUntil<daily[2d7674be80d15eb]::all_days::returns_all_days::{closure#0}> as core[df12db4294e9bfd3]::future::future::Future>::poll
[INFO] [stdout]                                at /opt/rustwide/cargo-home/registry/src/index.crates.io-1949cf8c6b5b557f/tokio-1.18.2/src/task/local.rs:639:22
[INFO] [stdout]   32:     0x60fd176a204c - <tokio[ca09e5f576c143ab]::task::local::LocalSet>::run_until::<daily[2d7674be80d15eb]::all_days::returns_all_days::{closure#0}>::{closure#0}
[INFO] [stdout]                                at /opt/rustwide/cargo-home/registry/src/index.crates.io-1949cf8c6b5b557f/tokio-1.18.2/src/task/local.rs:512:19
[INFO] [stdout]   33:     0x60fd176ced4d - <core[df12db4294e9bfd3]::pin::Pin<&mut <tokio[ca09e5f576c143ab]::task::local::LocalSet>::run_until<daily[2d7674be80d15eb]::all_days::returns_all_days::{closure#0}>::{closure#0}> as core[df12db4294e9bfd3]::future::future::Future>::poll
[INFO] [stdout]                                at /rustc/dfb0accb7f508ae8be965d8629557221c889dd98/library/core/src/future/future.rs:133:9
[INFO] [stdout]   34:     0x60fd1769720d - <tokio[ca09e5f576c143ab]::runtime::basic_scheduler::CoreGuard>::block_on::<core[df12db4294e9bfd3]::pin::Pin<&mut <tokio[ca09e5f576c143ab]::task::local::LocalSet>::run_until<daily[2d7674be80d15eb]::all_days::returns_all_days::{closure#0}>::{closure#0}>>::{closure#0}::{closure#0}::{closure#0}
[INFO] [stdout]                                at /opt/rustwide/cargo-home/registry/src/index.crates.io-1949cf8c6b5b557f/tokio-1.18.2/src/runtime/basic_scheduler.rs:507:64
[INFO] [stdout]   35:     0x60fd176cb042 - tokio[ca09e5f576c143ab]::coop::with_budget::<core[df12db4294e9bfd3]::task::poll::Poll<()>, <tokio[ca09e5f576c143ab]::runtime::basic_scheduler::CoreGuard>::block_on<core[df12db4294e9bfd3]::pin::Pin<&mut <tokio[ca09e5f576c143ab]::task::local::LocalSet>::run_until<daily[2d7674be80d15eb]::all_days::returns_all_days::{closure#0}>::{closure#0}>>::{closure#0}::{closure#0}::{closure#0}>::{closure#0}
[INFO] [stdout]                                at /opt/rustwide/cargo-home/registry/src/index.crates.io-1949cf8c6b5b557f/tokio-1.18.2/src/coop.rs:102:9
[INFO] [stdout]   36:     0x60fd17698d77 - <std[70759c8f55707aa4]::thread::local::LocalKey<core[df12db4294e9bfd3]::cell::Cell<tokio[ca09e5f576c143ab]::coop::Budget>>>::try_with::<tokio[ca09e5f576c143ab]::coop::with_budget<core[df12db4294e9bfd3]::task::poll::Poll<()>, <tokio[ca09e5f576c143ab]::runtime::basic_scheduler::CoreGuard>::block_on<core[df12db4294e9bfd3]::pin::Pin<&mut <tokio[ca09e5f576c143ab]::task::local::LocalSet>::run_until<daily[2d7674be80d15eb]::all_days::returns_all_days::{closure#0}>::{closure#0}>>::{closure#0}::{closure#0}::{closure#0}>::{closure#0}, core[df12db4294e9bfd3]::task::poll::Poll<()>>
[INFO] [stdout]                                at /rustc/dfb0accb7f508ae8be965d8629557221c889dd98/library/std/src/thread/local.rs:463:12
[INFO] [stdout]   37:     0x60fd1769786e - <std[70759c8f55707aa4]::thread::local::LocalKey<core[df12db4294e9bfd3]::cell::Cell<tokio[ca09e5f576c143ab]::coop::Budget>>>::with::<tokio[ca09e5f576c143ab]::coop::with_budget<core[df12db4294e9bfd3]::task::poll::Poll<()>, <tokio[ca09e5f576c143ab]::runtime::basic_scheduler::CoreGuard>::block_on<core[df12db4294e9bfd3]::pin::Pin<&mut <tokio[ca09e5f576c143ab]::task::local::LocalSet>::run_until<daily[2d7674be80d15eb]::all_days::returns_all_days::{closure#0}>::{closure#0}>>::{closure#0}::{closure#0}::{closure#0}>::{closure#0}, core[df12db4294e9bfd3]::task::poll::Poll<()>>
[INFO] [stdout]                                at /rustc/dfb0accb7f508ae8be965d8629557221c889dd98/library/std/src/thread/local.rs:427:20
[INFO] [stdout]   38:     0x60fd17696f5b - tokio[ca09e5f576c143ab]::coop::with_budget::<core[df12db4294e9bfd3]::task::poll::Poll<()>, <tokio[ca09e5f576c143ab]::runtime::basic_scheduler::CoreGuard>::block_on<core[df12db4294e9bfd3]::pin::Pin<&mut <tokio[ca09e5f576c143ab]::task::local::LocalSet>::run_until<daily[2d7674be80d15eb]::all_days::returns_all_days::{closure#0}>::{closure#0}>>::{closure#0}::{closure#0}::{closure#0}>
[INFO] [stdout]                                at /opt/rustwide/cargo-home/registry/src/index.crates.io-1949cf8c6b5b557f/tokio-1.18.2/src/coop.rs:95:13
[INFO] [stdout]   39:     0x60fd17696f5b - tokio[ca09e5f576c143ab]::coop::budget::<core[df12db4294e9bfd3]::task::poll::Poll<()>, <tokio[ca09e5f576c143ab]::runtime::basic_scheduler::CoreGuard>::block_on<core[df12db4294e9bfd3]::pin::Pin<&mut <tokio[ca09e5f576c143ab]::task::local::LocalSet>::run_until<daily[2d7674be80d15eb]::all_days::returns_all_days::{closure#0}>::{closure#0}>>::{closure#0}::{closure#0}::{closure#0}>
[INFO] [stdout]                                at /opt/rustwide/cargo-home/registry/src/index.crates.io-1949cf8c6b5b557f/tokio-1.18.2/src/coop.rs:72:5
[INFO] [stdout]   40:     0x60fd17696f5b - <tokio[ca09e5f576c143ab]::runtime::basic_scheduler::CoreGuard>::block_on::<core[df12db4294e9bfd3]::pin::Pin<&mut <tokio[ca09e5f576c143ab]::task::local::LocalSet>::run_until<daily[2d7674be80d15eb]::all_days::returns_all_days::{closure#0}>::{closure#0}>>::{closure#0}::{closure#0}
[INFO] [stdout]                                at /opt/rustwide/cargo-home/registry/src/index.crates.io-1949cf8c6b5b557f/tokio-1.18.2/src/runtime/basic_scheduler.rs:507:25
[INFO] [stdout]   41:     0x60fd1768e8c2 - <tokio[ca09e5f576c143ab]::runtime::basic_scheduler::Context>::enter::<core[df12db4294e9bfd3]::task::poll::Poll<()>, <tokio[ca09e5f576c143ab]::runtime::basic_scheduler::CoreGuard>::block_on<core[df12db4294e9bfd3]::pin::Pin<&mut <tokio[ca09e5f576c143ab]::task::local::LocalSet>::run_until<daily[2d7674be80d15eb]::all_days::returns_all_days::{closure#0}>::{closure#0}>>::{closure#0}::{closure#0}>
[INFO] [stdout]                                at /opt/rustwide/cargo-home/registry/src/index.crates.io-1949cf8c6b5b557f/tokio-1.18.2/src/runtime/basic_scheduler.rs:361:19
[INFO] [stdout]   42:     0x60fd1769601c - <tokio[ca09e5f576c143ab]::runtime::basic_scheduler::CoreGuard>::block_on::<core[df12db4294e9bfd3]::pin::Pin<&mut <tokio[ca09e5f576c143ab]::task::local::LocalSet>::run_until<daily[2d7674be80d15eb]::all_days::returns_all_days::{closure#0}>::{closure#0}>>::{closure#0}
[INFO] [stdout]                                at /opt/rustwide/cargo-home/registry/src/index.crates.io-1949cf8c6b5b557f/tokio-1.18.2/src/runtime/basic_scheduler.rs:506:44
[INFO] [stdout]   43:     0x60fd17692c84 - <tokio[ca09e5f576c143ab]::runtime::basic_scheduler::CoreGuard>::enter::<<tokio[ca09e5f576c143ab]::runtime::basic_scheduler::CoreGuard>::block_on<core[df12db4294e9bfd3]::pin::Pin<&mut <tokio[ca09e5f576c143ab]::task::local::LocalSet>::run_until<daily[2d7674be80d15eb]::all_days::returns_all_days::{closure#0}>::{closure#0}>>::{closure#0}, ()>::{closure#0}
[INFO] [stdout]                                at /opt/rustwide/cargo-home/registry/src/index.crates.io-1949cf8c6b5b557f/tokio-1.18.2/src/runtime/basic_scheduler.rs:564:57
[INFO] [stdout]   44:     0x60fd176c194d - <tokio[ca09e5f576c143ab]::macros::scoped_tls::ScopedKey<tokio[ca09e5f576c143ab]::runtime::basic_scheduler::Context>>::set::<<tokio[ca09e5f576c143ab]::runtime::basic_scheduler::CoreGuard>::enter<<tokio[ca09e5f576c143ab]::runtime::basic_scheduler::CoreGuard>::block_on<core[df12db4294e9bfd3]::pin::Pin<&mut <tokio[ca09e5f576c143ab]::task::local::LocalSet>::run_until<daily[2d7674be80d15eb]::all_days::returns_all_days::{closure#0}>::{closure#0}>>::{closure#0}, ()>::{closure#0}, (alloc[2182bb758b4b3781]::boxed::Box<tokio[ca09e5f576c143ab]::runtime::basic_scheduler::Core>, ())>
[INFO] [stdout]                                at /opt/rustwide/cargo-home/registry/src/index.crates.io-1949cf8c6b5b557f/tokio-1.18.2/src/macros/scoped_tls.rs:61:9
[INFO] [stdout]   45:     0x60fd17691e3c - <tokio[ca09e5f576c143ab]::runtime::basic_scheduler::CoreGuard>::enter::<<tokio[ca09e5f576c143ab]::runtime::basic_scheduler::CoreGuard>::block_on<core[df12db4294e9bfd3]::pin::Pin<&mut <tokio[ca09e5f576c143ab]::task::local::LocalSet>::run_until<daily[2d7674be80d15eb]::all_days::returns_all_days::{closure#0}>::{closure#0}>>::{closure#0}, ()>
[INFO] [stdout]                                at /opt/rustwide/cargo-home/registry/src/index.crates.io-1949cf8c6b5b557f/tokio-1.18.2/src/runtime/basic_scheduler.rs:564:35
[INFO] [stdout]   46:     0x60fd17692205 - <tokio[ca09e5f576c143ab]::runtime::basic_scheduler::CoreGuard>::block_on::<core[df12db4294e9bfd3]::pin::Pin<&mut <tokio[ca09e5f576c143ab]::task::local::LocalSet>::run_until<daily[2d7674be80d15eb]::all_days::returns_all_days::{closure#0}>::{closure#0}>>
[INFO] [stdout]                                at /opt/rustwide/cargo-home/registry/src/index.crates.io-1949cf8c6b5b557f/tokio-1.18.2/src/runtime/basic_scheduler.rs:497:14
[INFO] [stdout]   47:     0x60fd1768d4e0 - <tokio[ca09e5f576c143ab]::runtime::basic_scheduler::BasicScheduler>::block_on::<<tokio[ca09e5f576c143ab]::task::local::LocalSet>::run_until<daily[2d7674be80d15eb]::all_days::returns_all_days::{closure#0}>::{closure#0}>
[INFO] [stdout]                                at /opt/rustwide/cargo-home/registry/src/index.crates.io-1949cf8c6b5b557f/tokio-1.18.2/src/runtime/basic_scheduler.rs:173:29
[INFO] [stdout]   48:     0x60fd176b3fb4 - <tokio[ca09e5f576c143ab]::runtime::Runtime>::block_on::<<tokio[ca09e5f576c143ab]::task::local::LocalSet>::run_until<daily[2d7674be80d15eb]::all_days::returns_all_days::{closure#0}>::{closure#0}>
[INFO] [stdout]                                at /opt/rustwide/cargo-home/registry/src/index.crates.io-1949cf8c6b5b557f/tokio-1.18.2/src/runtime/mod.rs:475:51
[INFO] [stdout]   49:     0x60fd1769fe3b - <tokio[ca09e5f576c143ab]::task::local::LocalSet>::block_on::<daily[2d7674be80d15eb]::all_days::returns_all_days::{closure#0}>
[INFO] [stdout]                                at /opt/rustwide/cargo-home/registry/src/index.crates.io-1949cf8c6b5b557f/tokio-1.18.2/src/task/local.rs:473:12
[INFO] [stdout]   50:     0x60fd176bd54d - <actix_rt[8c02a000dd460cd7]::runtime::Runtime>::block_on::<daily[2d7674be80d15eb]::all_days::returns_all_days::{closure#0}>
[INFO] [stdout]                                at /opt/rustwide/cargo-home/registry/src/index.crates.io-1949cf8c6b5b557f/actix-rt-2.7.0/src/runtime.rs:80:20
[INFO] [stdout]   51:     0x60fd176b41cd - <actix_rt[8c02a000dd460cd7]::system::SystemRunner>::block_on::<daily[2d7674be80d15eb]::all_days::returns_all_days::{closure#0}>
[INFO] [stdout]                                at /opt/rustwide/cargo-home/registry/src/index.crates.io-1949cf8c6b5b557f/actix-rt-2.7.0/src/system.rs:209:17
[INFO] [stdout]   52:     0x60fd176a6932 - daily[2d7674be80d15eb]::all_days::returns_all_days
[INFO] [stdout]                                at /opt/rustwide/workdir/tests/daily.rs:10:5
[INFO] [stdout]   53:     0x60fd176a2597 - daily[2d7674be80d15eb]::all_days::returns_all_days::{closure#0}
[INFO] [stdout]                                at /opt/rustwide/workdir/tests/daily.rs:11:32
[INFO] [stdout]   54:     0x60fd176ded96 - <daily[2d7674be80d15eb]::all_days::returns_all_days::{closure#0} as core[df12db4294e9bfd3]::ops::function::FnOnce<()>>::call_once
[INFO] [stdout]                                at /rustc/dfb0accb7f508ae8be965d8629557221c889dd98/library/core/src/ops/function.rs:250:5
[INFO] [stdout]   55:     0x60fd176def8b - <fn() -> core[df12db4294e9bfd3]::result::Result<(), alloc[2182bb758b4b3781]::string::String> as core[df12db4294e9bfd3]::ops::function::FnOnce<()>>::call_once
[INFO] [stdout]                                at /rustc/dfb0accb7f508ae8be965d8629557221c889dd98/library/core/src/ops/function.rs:250:5
[INFO] [stdout]   56:     0x60fd176def8b - test[9d35eded1c95d3be]::__rust_begin_short_backtrace::<core[df12db4294e9bfd3]::result::Result<(), alloc[2182bb758b4b3781]::string::String>, fn() -> core[df12db4294e9bfd3]::result::Result<(), alloc[2182bb758b4b3781]::string::String>>
[INFO] [stdout]                                at /rustc/dfb0accb7f508ae8be965d8629557221c889dd98/library/test/src/lib.rs:733:18
[INFO] [stdout]   57:     0x60fd176ec5f5 - test[9d35eded1c95d3be]::run_test_in_process::{closure#0}
[INFO] [stdout]                                at /rustc/dfb0accb7f508ae8be965d8629557221c889dd98/library/test/src/lib.rs:756:74
[INFO] [stdout]   58:     0x60fd176ec5f5 - <core[df12db4294e9bfd3]::panic::unwind_safe::AssertUnwindSafe<test[9d35eded1c95d3be]::run_test_in_process::{closure#0}> as core[df12db4294e9bfd3]::ops::function::FnOnce<()>>::call_once
[INFO] [stdout]                                at /rustc/dfb0accb7f508ae8be965d8629557221c889dd98/library/core/src/panic/unwind_safe.rs:275:9
[INFO] [stdout]   59:     0x60fd176ec5f5 - std[70759c8f55707aa4]::panicking::catch_unwind::do_call::<core[df12db4294e9bfd3]::panic::unwind_safe::AssertUnwindSafe<test[9d35eded1c95d3be]::run_test_in_process::{closure#0}>, core[df12db4294e9bfd3]::result::Result<(), alloc[2182bb758b4b3781]::string::String>>
[INFO] [stdout]                                at /rustc/dfb0accb7f508ae8be965d8629557221c889dd98/library/std/src/panicking.rs:576:43
[INFO] [stdout]   60:     0x60fd176ec5f5 - std[70759c8f55707aa4]::panicking::catch_unwind::<core[df12db4294e9bfd3]::result::Result<(), alloc[2182bb758b4b3781]::string::String>, core[df12db4294e9bfd3]::panic::unwind_safe::AssertUnwindSafe<test[9d35eded1c95d3be]::run_test_in_process::{closure#0}>>
[INFO] [stdout]                                at /rustc/dfb0accb7f508ae8be965d8629557221c889dd98/library/std/src/panicking.rs:544:19
[INFO] [stdout]   61:     0x60fd176ec5f5 - std[70759c8f55707aa4]::panic::catch_unwind::<core[df12db4294e9bfd3]::panic::unwind_safe::AssertUnwindSafe<test[9d35eded1c95d3be]::run_test_in_process::{closure#0}>, core[df12db4294e9bfd3]::result::Result<(), alloc[2182bb758b4b3781]::string::String>>
[INFO] [stdout]                                at /rustc/dfb0accb7f508ae8be965d8629557221c889dd98/library/std/src/panic.rs:359:14
[INFO] [stdout]   62:     0x60fd176ec5f5 - test[9d35eded1c95d3be]::run_test_in_process
[INFO] [stdout]                                at /rustc/dfb0accb7f508ae8be965d8629557221c889dd98/library/test/src/lib.rs:756:27
[INFO] [stdout]   63:     0x60fd176ec5f5 - test[9d35eded1c95d3be]::run_test::{closure#0}
[INFO] [stdout]                                at /rustc/dfb0accb7f508ae8be965d8629557221c889dd98/library/test/src/lib.rs:677:43
[INFO] [stdout]   64:     0x60fd176e5eb4 - test[9d35eded1c95d3be]::run_test::{closure#1}
[INFO] [stdout]                                at /rustc/dfb0accb7f508ae8be965d8629557221c889dd98/library/test/src/lib.rs:707:41
[INFO] [stdout]   65:     0x60fd176e5eb4 - std[70759c8f55707aa4]::sys::backtrace::__rust_begin_short_backtrace::<test[9d35eded1c95d3be]::run_test::{closure#1}, ()>
[INFO] [stdout]                                at /rustc/dfb0accb7f508ae8be965d8629557221c889dd98/library/std/src/sys/backtrace.rs:166:18
[INFO] [stdout]   66:     0x60fd176ef752 - std[70759c8f55707aa4]::thread::lifecycle::spawn_unchecked::<test[9d35eded1c95d3be]::run_test::{closure#1}, ()>::{closure#1}::{closure#0}
[INFO] [stdout]                                at /rustc/dfb0accb7f508ae8be965d8629557221c889dd98/library/std/src/thread/lifecycle.rs:70:13
[INFO] [stdout]   67:     0x60fd176ef752 - <core[df12db4294e9bfd3]::panic::unwind_safe::AssertUnwindSafe<std[70759c8f55707aa4]::thread::lifecycle::spawn_unchecked<test[9d35eded1c95d3be]::run_test::{closure#1}, ()>::{closure#1}::{closure#0}> as core[df12db4294e9bfd3]::ops::function::FnOnce<()>>::call_once
[INFO] [stdout]                                at /rustc/dfb0accb7f508ae8be965d8629557221c889dd98/library/core/src/panic/unwind_safe.rs:275:9
[INFO] [stdout]   68:     0x60fd176ef752 - std[70759c8f55707aa4]::panicking::catch_unwind::do_call::<core[df12db4294e9bfd3]::panic::unwind_safe::AssertUnwindSafe<std[70759c8f55707aa4]::thread::lifecycle::spawn_unchecked<test[9d35eded1c95d3be]::run_test::{closure#1}, ()>::{closure#1}::{closure#0}>, ()>
[INFO] [stdout]                                at /rustc/dfb0accb7f508ae8be965d8629557221c889dd98/library/std/src/panicking.rs:576:43
[INFO] [stdout]   69:     0x60fd176ef752 - std[70759c8f55707aa4]::panicking::catch_unwind::<(), core[df12db4294e9bfd3]::panic::unwind_safe::AssertUnwindSafe<std[70759c8f55707aa4]::thread::lifecycle::spawn_unchecked<test[9d35eded1c95d3be]::run_test::{closure#1}, ()>::{closure#1}::{closure#0}>>
[INFO] [stdout]                                at /rustc/dfb0accb7f508ae8be965d8629557221c889dd98/library/std/src/panicking.rs:544:19
[INFO] [stdout]   70:     0x60fd176ef752 - std[70759c8f55707aa4]::panic::catch_unwind::<core[df12db4294e9bfd3]::panic::unwind_safe::AssertUnwindSafe<std[70759c8f55707aa4]::thread::lifecycle::spawn_unchecked<test[9d35eded1c95d3be]::run_test::{closure#1}, ()>::{closure#1}::{closure#0}>, ()>
[INFO] [stdout]                                at /rustc/dfb0accb7f508ae8be965d8629557221c889dd98/library/std/src/panic.rs:359:14
[INFO] [stdout]   71:     0x60fd176ef752 - std[70759c8f55707aa4]::thread::lifecycle::spawn_unchecked::<test[9d35eded1c95d3be]::run_test::{closure#1}, ()>::{closure#1}
[INFO] [stdout]                                at /rustc/dfb0accb7f508ae8be965d8629557221c889dd98/library/std/src/thread/lifecycle.rs:68:26
[INFO] [stdout]   72:     0x60fd176ef752 - <std[70759c8f55707aa4]::thread::lifecycle::spawn_unchecked<test[9d35eded1c95d3be]::run_test::{closure#1}, ()>::{closure#1} as core[df12db4294e9bfd3]::ops::function::FnOnce<()>>::call_once::{shim:vtable#0}
[INFO] [stdout]                                at /rustc/dfb0accb7f508ae8be965d8629557221c889dd98/library/core/src/ops/function.rs:250:5
[INFO] [stdout]   73:     0x60fd17e4d9e9 - <alloc[2182bb758b4b3781]::boxed::Box<dyn core[df12db4294e9bfd3]::ops::function::FnOnce<(), Output = ()> + core[df12db4294e9bfd3]::marker::Send> as core[df12db4294e9bfd3]::ops::function::FnOnce<()>>::call_once
[INFO] [stdout]                                at /rustc/dfb0accb7f508ae8be965d8629557221c889dd98/library/alloc/src/boxed.rs:2320:9
[INFO] [stdout]   74:     0x60fd17e4d9e9 - <std[70759c8f55707aa4]::sys::thread::unix::Thread>::new::thread_start
[INFO] [stdout]                                at /rustc/dfb0accb7f508ae8be965d8629557221c889dd98/library/std/src/sys/thread/unix.rs:123:17
[INFO] [stdout]   75:     0x7dd8d0957dfa - <unknown>
[INFO] [stdout]   76:     0x7dd8d09eb3d4 - clone
[INFO] [stdout]   77:                0x0 - <unknown>
[INFO] [stdout] 
[INFO] [stdout] ---- all_days_in_a_year::returns_all_days_in_a_year stdout ----
[INFO] [stdout] 
[INFO] [stdout] thread 'all_days_in_a_year::returns_all_days_in_a_year' (3313) panicked at tests/daily.rs:72:9:
[INFO] [stdout] assertion `left == right` failed
[INFO] [stdout]   left: 500
[INFO] [stdout]  right: 200
[INFO] [stdout] stack backtrace:
[INFO] [stdout]    0:     0x60fd17e4e4c1 - std[70759c8f55707aa4]::backtrace_rs::backtrace::libunwind::trace
[INFO] [stdout]                                at /rustc/dfb0accb7f508ae8be965d8629557221c889dd98/library/std/src/../../backtrace/src/backtrace/libunwind.rs:117:9
[INFO] [stdout]    1:     0x60fd17e4e4c1 - std[70759c8f55707aa4]::backtrace_rs::backtrace::trace_unsynchronized::<std[70759c8f55707aa4]::sys::backtrace::_print_fmt::{closure#1}>
[INFO] [stdout]                                at /rustc/dfb0accb7f508ae8be965d8629557221c889dd98/library/std/src/../../backtrace/src/backtrace/mod.rs:66:14
[INFO] [stdout]    2:     0x60fd17e4e4c1 - std[70759c8f55707aa4]::sys::backtrace::_print_fmt
[INFO] [stdout]                                at /rustc/dfb0accb7f508ae8be965d8629557221c889dd98/library/std/src/sys/backtrace.rs:74:9
[INFO] [stdout]    3:     0x60fd17e4e4c1 - <<std[70759c8f55707aa4]::sys::backtrace::BacktraceLock>::print::DisplayBacktrace as core[df12db4294e9bfd3]::fmt::Display>::fmt
[INFO] [stdout]                                at /rustc/dfb0accb7f508ae8be965d8629557221c889dd98/library/std/src/sys/backtrace.rs:44:26
[INFO] [stdout]    4:     0x60fd17e651aa - <core[df12db4294e9bfd3]::fmt::rt::Argument>::fmt
[INFO] [stdout]                                at /rustc/dfb0accb7f508ae8be965d8629557221c889dd98/library/core/src/fmt/rt.rs:152:76
[INFO] [stdout]    5:     0x60fd17e651aa - core[df12db4294e9bfd3]::fmt::write
[INFO] [stdout]    6:     0x60fd17e52ffc - core[df12db4294e9bfd3]::io::write::default_write_fmt::<alloc[2182bb758b4b3781]::vec::Vec<u8>>
[INFO] [stdout]                                at /rustc/dfb0accb7f508ae8be965d8629557221c889dd98/library/core/src/io/write.rs:402:11
[INFO] [stdout]    7:     0x60fd17e52ffc - <alloc[2182bb758b4b3781]::vec::Vec<u8> as core[df12db4294e9bfd3]::io::write::Write>::write_fmt
[INFO] [stdout]                                at /rustc/dfb0accb7f508ae8be965d8629557221c889dd98/library/core/src/io/write.rs:335:13
[INFO] [stdout]    8:     0x60fd17e29986 - <std[70759c8f55707aa4]::sys::backtrace::BacktraceLock>::print
[INFO] [stdout]                                at /rustc/dfb0accb7f508ae8be965d8629557221c889dd98/library/std/src/sys/backtrace.rs:47:9
[INFO] [stdout]    9:     0x60fd17e29986 - std[70759c8f55707aa4]::panicking::default_hook::{closure#0}
[INFO] [stdout]                                at /rustc/dfb0accb7f508ae8be965d8629557221c889dd98/library/std/src/panicking.rs:292:27
[INFO] [stdout]   10:     0x60fd17e463f9 - std[70759c8f55707aa4]::panicking::default_hook
[INFO] [stdout]                                at /rustc/dfb0accb7f508ae8be965d8629557221c889dd98/library/std/src/panicking.rs:316:9
[INFO] [stdout]   11:     0x60fd176ebca0 - <alloc[2182bb758b4b3781]::boxed::Box<dyn for<'a, 'b> core[df12db4294e9bfd3]::ops::function::Fn<(&'a std[70759c8f55707aa4]::panic::PanicHookInfo<'b>,), Output = ()> + core[df12db4294e9bfd3]::marker::Send + core[df12db4294e9bfd3]::marker::Sync> as core[df12db4294e9bfd3]::ops::function::Fn<(&std[70759c8f55707aa4]::panic::PanicHookInfo,)>>::call
[INFO] [stdout]                                at /rustc/dfb0accb7f508ae8be965d8629557221c889dd98/library/alloc/src/boxed.rs:2334:9
[INFO] [stdout]   12:     0x60fd176ebca0 - test[9d35eded1c95d3be]::test_main_inner::<test[9d35eded1c95d3be]::test_main_static::{closure#0}>::{closure#0}
[INFO] [stdout]                                at /rustc/dfb0accb7f508ae8be965d8629557221c889dd98/library/test/src/lib.rs:155:21
[INFO] [stdout]   13:     0x60fd17e46722 - <alloc[2182bb758b4b3781]::boxed::Box<dyn for<'a, 'b> core[df12db4294e9bfd3]::ops::function::Fn<(&'a std[70759c8f55707aa4]::panic::PanicHookInfo<'b>,), Output = ()> + core[df12db4294e9bfd3]::marker::Send + core[df12db4294e9bfd3]::marker::Sync> as core[df12db4294e9bfd3]::ops::function::Fn<(&std[70759c8f55707aa4]::panic::PanicHookInfo,)>>::call
[INFO] [stdout]                                at /rustc/dfb0accb7f508ae8be965d8629557221c889dd98/library/alloc/src/boxed.rs:2334:9
[INFO] [stdout]   14:     0x60fd17e46722 - std[70759c8f55707aa4]::panicking::panic_with_hook
[INFO] [stdout]                                at /rustc/dfb0accb7f508ae8be965d8629557221c889dd98/library/std/src/panicking.rs:823:13
[INFO] [stdout]   15:     0x60fd17e29a32 - std[70759c8f55707aa4]::panicking::panic_handler::{closure#0}
[INFO] [stdout]                                at /rustc/dfb0accb7f508ae8be965d8629557221c889dd98/library/std/src/panicking.rs:688:13
[INFO] [stdout]   16:     0x60fd17e22499 - std[70759c8f55707aa4]::sys::backtrace::__rust_end_short_backtrace::<std[70759c8f55707aa4]::panicking::panic_handler::{closure#0}, !>
[INFO] [stdout]                                at /rustc/dfb0accb7f508ae8be965d8629557221c889dd98/library/std/src/sys/backtrace.rs:182:18
[INFO] [stdout]   17:     0x60fd17e2a8bd - __rustc[8fa7c3cbc660c2b3]::rust_begin_unwind
[INFO] [stdout]                                at /rustc/dfb0accb7f508ae8be965d8629557221c889dd98/library/std/src/panicking.rs:679:5
[INFO] [stdout]   18:     0x60fd17e659cc - core[df12db4294e9bfd3]::panicking::panic_fmt
[INFO] [stdout]                                at /rustc/dfb0accb7f508ae8be965d8629557221c889dd98/library/core/src/panicking.rs:80:14
[INFO] [stdout]   19:     0x60fd17e65863 - core[df12db4294e9bfd3]::panicking::assert_failed_inner
[INFO] [stdout]                                at /rustc/dfb0accb7f508ae8be965d8629557221c889dd98/library/core/src/panicking.rs:452:17
[INFO] [stdout]   20:     0x60fd17d87932 - core[df12db4294e9bfd3]::panicking::assert_failed::<u16, u16>
[INFO] [stdout]                                at /rustc/dfb0accb7f508ae8be965d8629557221c889dd98/library/core/src/panicking.rs:407:5
[INFO] [stdout]   21:     0x60fd176c3963 - daily[2d7674be80d15eb]::all_days_in_a_year::returns_all_days_in_a_year::{closure#0}
[INFO] [stdout]                                at /opt/rustwide/workdir/tests/daily.rs:72:9
[INFO] [stdout]   22:     0x60fd176a24e6 - <tokio[ca09e5f576c143ab]::task::local::RunUntil<daily[2d7674be80d15eb]::all_days_in_a_year::returns_all_days_in_a_year::{closure#0}> as core[df12db4294e9bfd3]::future::future::Future>::poll::{closure#0}::{closure#0}
[INFO] [stdout]                                at /opt/rustwide/cargo-home/registry/src/index.crates.io-1949cf8c6b5b557f/tokio-1.18.2/src/task/local.rs:649:67
[INFO] [stdout]   23:     0x60fd176cb312 - tokio[ca09e5f576c143ab]::coop::with_budget::<core[df12db4294e9bfd3]::task::poll::Poll<()>, <tokio[ca09e5f576c143ab]::task::local::RunUntil<daily[2d7674be80d15eb]::all_days_in_a_year::returns_all_days_in_a_year::{closure#0}> as core[df12db4294e9bfd3]::future::future::Future>::poll::{closure#0}::{closure#0}>::{closure#0}
[INFO] [stdout]                                at /opt/rustwide/cargo-home/registry/src/index.crates.io-1949cf8c6b5b557f/tokio-1.18.2/src/coop.rs:102:9
[INFO] [stdout]   24:     0x60fd17698fe7 - <std[70759c8f55707aa4]::thread::local::LocalKey<core[df12db4294e9bfd3]::cell::Cell<tokio[ca09e5f576c143ab]::coop::Budget>>>::try_with::<tokio[ca09e5f576c143ab]::coop::with_budget<core[df12db4294e9bfd3]::task::poll::Poll<()>, <tokio[ca09e5f576c143ab]::task::local::RunUntil<daily[2d7674be80d15eb]::all_days_in_a_year::returns_all_days_in_a_year::{closure#0}> as core[df12db4294e9bfd3]::future::future::Future>::poll::{closure#0}::{closure#0}>::{closure#0}, core[df12db4294e9bfd3]::task::poll::Poll<()>>
[INFO] [stdout]                                at /rustc/dfb0accb7f508ae8be965d8629557221c889dd98/library/std/src/thread/local.rs:463:12
[INFO] [stdout]   25:     0x60fd1769795e - <std[70759c8f55707aa4]::thread::local::LocalKey<core[df12db4294e9bfd3]::cell::Cell<tokio[ca09e5f576c143ab]::coop::Budget>>>::with::<tokio[ca09e5f576c143ab]::coop::with_budget<core[df12db4294e9bfd3]::task::poll::Poll<()>, <tokio[ca09e5f576c143ab]::task::local::RunUntil<daily[2d7674be80d15eb]::all_days_in_a_year::returns_all_days_in_a_year::{closure#0}> as core[df12db4294e9bfd3]::future::future::Future>::poll::{closure#0}::{closure#0}>::{closure#0}, core[df12db4294e9bfd3]::task::poll::Poll<()>>
[INFO] [stdout]                                at /rustc/dfb0accb7f508ae8be965d8629557221c889dd98/library/std/src/thread/local.rs:427:20
[INFO] [stdout]   26:     0x60fd176a5525 - tokio[ca09e5f576c143ab]::coop::with_budget::<core[df12db4294e9bfd3]::task::poll::Poll<()>, <tokio[ca09e5f576c143ab]::task::local::RunUntil<daily[2d7674be80d15eb]::all_days_in_a_year::returns_all_days_in_a_year::{closure#0}> as core[df12db4294e9bfd3]::future::future::Future>::poll::{closure#0}::{closure#0}>
[INFO] [stdout]                                at /opt/rustwide/cargo-home/registry/src/index.crates.io-1949cf8c6b5b557f/tokio-1.18.2/src/coop.rs:95:13
[INFO] [stdout]   27:     0x60fd176a5525 - tokio[ca09e5f576c143ab]::coop::budget::<core[df12db4294e9bfd3]::task::poll::Poll<()>, <tokio[ca09e5f576c143ab]::task::local::RunUntil<daily[2d7674be80d15eb]::all_days_in_a_year::returns_all_days_in_a_year::{closure#0}> as core[df12db4294e9bfd3]::future::future::Future>::poll::{closure#0}::{closure#0}>
[INFO] [stdout]                                at /opt/rustwide/cargo-home/registry/src/index.crates.io-1949cf8c6b5b557f/tokio-1.18.2/src/coop.rs:72:5
[INFO] [stdout]   28:     0x60fd176a5525 - <tokio[ca09e5f576c143ab]::task::local::RunUntil<daily[2d7674be80d15eb]::all_days_in_a_year::returns_all_days_in_a_year::{closure#0}> as core[df12db4294e9bfd3]::future::future::Future>::poll::{closure#0}
[INFO] [stdout]                                at /opt/rustwide/cargo-home/registry/src/index.crates.io-1949cf8c6b5b557f/tokio-1.18.2/src/task/local.rs:649:42
[INFO] [stdout]   29:     0x60fd176c0ec8 - <tokio[ca09e5f576c143ab]::macros::scoped_tls::ScopedKey<tokio[ca09e5f576c143ab]::task::local::Context>>::set::<<tokio[ca09e5f576c143ab]::task::local::RunUntil<daily[2d7674be80d15eb]::all_days_in_a_year::returns_all_days_in_a_year::{closure#0}> as core[df12db4294e9bfd3]::future::future::Future>::poll::{closure#0}, core[df12db4294e9bfd3]::task::poll::Poll<()>>
[INFO] [stdout]                                at /opt/rustwide/cargo-home/registry/src/index.crates.io-1949cf8c6b5b557f/tokio-1.18.2/src/macros/scoped_tls.rs:61:9
[INFO] [stdout]   30:     0x60fd1769f97a - <tokio[ca09e5f576c143ab]::task::local::LocalSet>::with::<core[df12db4294e9bfd3]::task::poll::Poll<()>, <tokio[ca09e5f576c143ab]::task::local::RunUntil<daily[2d7674be80d15eb]::all_days_in_a_year::returns_all_days_in_a_year::{closure#0}> as core[df12db4294e9bfd3]::future::future::Future>::poll::{closure#0}>
[INFO] [stdout]                                at /opt/rustwide/cargo-home/registry/src/index.crates.io-1949cf8c6b5b557f/tokio-1.18.2/src/task/local.rs:566:17
[INFO] [stdout]   31:     0x60fd176a9e9b - <tokio[ca09e5f576c143ab]::task::local::RunUntil<daily[2d7674be80d15eb]::all_days_in_a_year::returns_all_days_in_a_year::{closure#0}> as core[df12db4294e9bfd3]::future::future::Future>::poll
[INFO] [stdout]                                at /opt/rustwide/cargo-home/registry/src/index.crates.io-1949cf8c6b5b557f/tokio-1.18.2/src/task/local.rs:639:22
[INFO] [stdout]   32:     0x60fd176a170c - <tokio[ca09e5f576c143ab]::task::local::LocalSet>::run_until::<daily[2d7674be80d15eb]::all_days_in_a_year::returns_all_days_in_a_year::{closure#0}>::{closure#0}
[INFO] [stdout]                                at /opt/rustwide/cargo-home/registry/src/index.crates.io-1949cf8c6b5b557f/tokio-1.18.2/src/task/local.rs:512:19
[INFO] [stdout]   33:     0x60fd176cec4d - <core[df12db4294e9bfd3]::pin::Pin<&mut <tokio[ca09e5f576c143ab]::task::local::LocalSet>::run_until<daily[2d7674be80d15eb]::all_days_in_a_year::returns_all_days_in_a_year::{closure#0}>::{closure#0}> as core[df12db4294e9bfd3]::future::future::Future>::poll
[INFO] [stdout]                                at /rustc/dfb0accb7f508ae8be965d8629557221c889dd98/library/core/src/future/future.rs:133:9
[INFO] [stdout]   34:     0x60fd1769710d - <tokio[ca09e5f576c143ab]::runtime::basic_scheduler::CoreGuard>::block_on::<core[df12db4294e9bfd3]::pin::Pin<&mut <tokio[ca09e5f576c143ab]::task::local::LocalSet>::run_until<daily[2d7674be80d15eb]::all_days_in_a_year::returns_all_days_in_a_year::{closure#0}>::{closure#0}>>::{closure#0}::{closure#0}::{closure#0}
[INFO] [stdout]                                at /opt/rustwide/cargo-home/registry/src/index.crates.io-1949cf8c6b5b557f/tokio-1.18.2/src/runtime/basic_scheduler.rs:507:64
[INFO] [stdout]   35:     0x60fd176cac82 - tokio[ca09e5f576c143ab]::coop::with_budget::<core[df12db4294e9bfd3]::task::poll::Poll<()>, <tokio[ca09e5f576c143ab]::runtime::basic_scheduler::CoreGuard>::block_on<core[df12db4294e9bfd3]::pin::Pin<&mut <tokio[ca09e5f576c143ab]::task::local::LocalSet>::run_until<daily[2d7674be80d15eb]::all_days_in_a_year::returns_all_days_in_a_year::{closure#0}>::{closure#0}>>::{closure#0}::{closure#0}::{closure#0}>::{closure#0}
[INFO] [stdout]                                at /opt/rustwide/cargo-home/registry/src/index.crates.io-1949cf8c6b5b557f/tokio-1.18.2/src/coop.rs:102:9
[INFO] [stdout]   36:     0x60fd17698a37 - <std[70759c8f55707aa4]::thread::local::LocalKey<core[df12db4294e9bfd3]::cell::Cell<tokio[ca09e5f576c143ab]::coop::Budget>>>::try_with::<tokio[ca09e5f576c143ab]::coop::with_budget<core[df12db4294e9bfd3]::task::poll::Poll<()>, <tokio[ca09e5f576c143ab]::runtime::basic_scheduler::CoreGuard>::block_on<core[df12db4294e9bfd3]::pin::Pin<&mut <tokio[ca09e5f576c143ab]::task::local::LocalSet>::run_until<daily[2d7674be80d15eb]::all_days_in_a_year::returns_all_days_in_a_year::{closure#0}>::{closure#0}>>::{closure#0}::{closure#0}::{closure#0}>::{closure#0}, core[df12db4294e9bfd3]::task::poll::Poll<()>>
[INFO] [stdout]                                at /rustc/dfb0accb7f508ae8be965d8629557221c889dd98/library/std/src/thread/local.rs:463:12
[INFO] [stdout]   37:     0x60fd1769772e - <std[70759c8f55707aa4]::thread::local::LocalKey<core[df12db4294e9bfd3]::cell::Cell<tokio[ca09e5f576c143ab]::coop::Budget>>>::with::<tokio[ca09e5f576c143ab]::coop::with_budget<core[df12db4294e9bfd3]::task::poll::Poll<()>, <tokio[ca09e5f576c143ab]::runtime::basic_scheduler::CoreGuard>::block_on<core[df12db4294e9bfd3]::pin::Pin<&mut <tokio[ca09e5f576c143ab]::task::local::LocalSet>::run_until<daily[2d7674be80d15eb]::all_days_in_a_year::returns_all_days_in_a_year::{closure#0}>::{closure#0}>>::{closure#0}::{closure#0}::{closure#0}>::{closure#0}, core[df12db4294e9bfd3]::task::poll::Poll<()>>
[INFO] [stdout]                                at /rustc/dfb0accb7f508ae8be965d8629557221c889dd98/library/std/src/thread/local.rs:427:20
[INFO] [stdout]   38:     0x60fd1769695b - tokio[ca09e5f576c143ab]::coop::with_budget::<core[df12db4294e9bfd3]::task::poll::Poll<()>, <tokio[ca09e5f576c143ab]::runtime::basic_scheduler::CoreGuard>::block_on<core[df12db4294e9bfd3]::pin::Pin<&mut <tokio[ca09e5f576c143ab]::task::local::LocalSet>::run_until<daily[2d7674be80d15eb]::all_days_in_a_year::returns_all_days_in_a_year::{closure#0}>::{closure#0}>>::{closure#0}::{closure#0}::{closure#0}>
[INFO] [stdout]                                at /opt/rustwide/cargo-home/registry/src/index.crates.io-1949cf8c6b5b557f/tokio-1.18.2/src/coop.rs:95:13
[INFO] [stdout]   39:     0x60fd1769695b - tokio[ca09e5f576c143ab]::coop::budget::<core[df12db4294e9bfd3]::task::poll::Poll<()>, <tokio[ca09e5f576c143ab]::runtime::basic_scheduler::CoreGuard>::block_on<core[df12db4294e9bfd3]::pin::Pin<&mut <tokio[ca09e5f576c143ab]::task::local::LocalSet>::run_until<daily[2d7674be80d15eb]::all_days_in_a_year::returns_all_days_in_a_year::{closure#0}>::{closure#0}>>::{closure#0}::{closure#0}::{closure#0}>
[INFO] [stdout]                                at /opt/rustwide/cargo-home/registry/src/index.crates.io-1949cf8c6b5b557f/tokio-1.18.2/src/coop.rs:72:5
[INFO] [stdout]   40:     0x60fd1769695b - <tokio[ca09e5f576c143ab]::runtime::basic_scheduler::CoreGuard>::block_on::<core[df12db4294e9bfd3]::pin::Pin<&mut <tokio[ca09e5f576c143ab]::task::local::LocalSet>::run_until<daily[2d7674be80d15eb]::all_days_in_a_year::returns_all_days_in_a_year::{closure#0}>::{closure#0}>>::{closure#0}::{closure#0}
[INFO] [stdout]                                at /opt/rustwide/cargo-home/registry/src/index.crates.io-1949cf8c6b5b557f/tokio-1.18.2/src/runtime/basic_scheduler.rs:507:25
[INFO] [stdout]   41:     0x60fd1768ddc2 - <tokio[ca09e5f576c143ab]::runtime::basic_scheduler::Context>::enter::<core[df12db4294e9bfd3]::task::poll::Poll<()>, <tokio[ca09e5f576c143ab]::runtime::basic_scheduler::CoreGuard>::block_on<core[df12db4294e9bfd3]::pin::Pin<&mut <tokio[ca09e5f576c143ab]::task::local::LocalSet>::run_until<daily[2d7674be80d15eb]::all_days_in_a_year::returns_all_days_in_a_year::{closure#0}>::{closure#0}>>::{closure#0}::{closure#0}>
[INFO] [stdout]                                at /opt/rustwide/cargo-home/registry/src/index.crates.io-1949cf8c6b5b557f/tokio-1.18.2/src/runtime/basic_scheduler.rs:361:19
[INFO] [stdout]   42:     0x60fd17693f5c - <tokio[ca09e5f576c143ab]::runtime::basic_scheduler::CoreGuard>::block_on::<core[df12db4294e9bfd3]::pin::Pin<&mut <tokio[ca09e5f576c143ab]::task::local::LocalSet>::run_until<daily[2d7674be80d15eb]::all_days_in_a_year::returns_all_days_in_a_year::{closure#0}>::{closure#0}>>::{closure#0}
[INFO] [stdout]                                at /opt/rustwide/cargo-home/registry/src/index.crates.io-1949cf8c6b5b557f/tokio-1.18.2/src/runtime/basic_scheduler.rs:506:44
[INFO] [stdout]   43:     0x60fd17692c04 - <tokio[ca09e5f576c143ab]::runtime::basic_scheduler::CoreGuard>::enter::<<tokio[ca09e5f576c143ab]::runtime::basic_scheduler::CoreGuard>::block_on<core[df12db4294e9bfd3]::pin::Pin<&mut <tokio[ca09e5f576c143ab]::task::local::LocalSet>::run_until<daily[2d7674be80d15eb]::all_days_in_a_year::returns_all_days_in_a_year::{closure#0}>::{closure#0}>>::{closure#0}, ()>::{closure#0}
[INFO] [stdout]                                at /opt/rustwide/cargo-home/registry/src/index.crates.io-1949cf8c6b5b557f/tokio-1.18.2/src/runtime/basic_scheduler.rs:564:57
[INFO] [stdout]   44:     0x60fd176c154d - <tokio[ca09e5f576c143ab]::macros::scoped_tls::ScopedKey<tokio[ca09e5f576c143ab]::runtime::basic_scheduler::Context>>::set::<<tokio[ca09e5f576c143ab]::runtime::basic_scheduler::CoreGuard>::enter<<tokio[ca09e5f576c143ab]::runtime::basic_scheduler::CoreGuard>::block_on<core[df12db4294e9bfd3]::pin::Pin<&mut <tokio[ca09e5f576c143ab]::task::local::LocalSet>::run_until<daily[2d7674be80d15eb]::all_days_in_a_year::returns_all_days_in_a_year::{closure#0}>::{closure#0}>>::{closure#0}, ()>::{closure#0}, (alloc[2182bb758b4b3781]::boxed::Box<tokio[ca09e5f576c143ab]::runtime::basic_scheduler::Core>, ())>
[INFO] [stdout]                                at /opt/rustwide/cargo-home/registry/src/index.crates.io-1949cf8c6b5b557f/tokio-1.18.2/src/macros/scoped_tls.rs:61:9
[INFO] [stdout]   45:     0x60fd17690f3c - <tokio[ca09e5f576c143ab]::runtime::basic_scheduler::CoreGuard>::enter::<<tokio[ca09e5f576c143ab]::runtime::basic_scheduler::CoreGuard>::block_on<core[df12db4294e9bfd3]::pin::Pin<&mut <tokio[ca09e5f576c143ab]::task::local::LocalSet>::run_until<daily[2d7674be80d15eb]::all_days_in_a_year::returns_all_days_in_a_year::{closure#0}>::{closure#0}>>::{closure#0}, ()>
[INFO] [stdout]                                at /opt/rustwide/cargo-home/registry/src/index.crates.io-1949cf8c6b5b557f/tokio-1.18.2/src/runtime/basic_scheduler.rs:564:35
[INFO] [stdout]   46:     0x60fd17692105 - <tokio[ca09e5f576c143ab]::runtime::basic_scheduler::CoreGuard>::block_on::<core[df12db4294e9bfd3]::pin::Pin<&mut <tokio[ca09e5f576c143ab]::task::local::LocalSet>::run_until<daily[2d7674be80d15eb]::all_days_in_a_year::returns_all_days_in_a_year::{closure#0}>::{closure#0}>>
[INFO] [stdout]                                at /opt/rustwide/cargo-home/registry/src/index.crates.io-1949cf8c6b5b557f/tokio-1.18.2/src/runtime/basic_scheduler.rs:497:14
[INFO] [stdout]   47:     0x60fd1768c960 - <tokio[ca09e5f576c143ab]::runtime::basic_scheduler::BasicScheduler>::block_on::<<tokio[ca09e5f576c143ab]::task::local::LocalSet>::run_until<daily[2d7674be80d15eb]::all_days_in_a_year::returns_all_days_in_a_year::{closure#0}>::{closure#0}>
[INFO] [stdout]                                at /opt/rustwide/cargo-home/registry/src/index.crates.io-1949cf8c6b5b557f/tokio-1.18.2/src/runtime/basic_scheduler.rs:173:29
[INFO] [stdout]   48:     0x60fd176b3934 - <tokio[ca09e5f576c143ab]::runtime::Runtime>::block_on::<<tokio[ca09e5f576c143ab]::task::local::LocalSet>::run_until<daily[2d7674be80d15eb]::all_days_in_a_year::returns_all_days_in_a_year::{closure#0}>::{closure#0}>
[INFO] [stdout]                                at /opt/rustwide/cargo-home/registry/src/index.crates.io-1949cf8c6b5b557f/tokio-1.18.2/src/runtime/mod.rs:475:51
[INFO] [stdout]   49:     0x60fd1769fc3b - <tokio[ca09e5f576c143ab]::task::local::LocalSet>::block_on::<daily[2d7674be80d15eb]::all_days_in_a_year::returns_all_days_in_a_year::{closure#0}>
[INFO] [stdout]                                at /opt/rustwide/cargo-home/registry/src/index.crates.io-1949cf8c6b5b557f/tokio-1.18.2/src/task/local.rs:473:12
[INFO] [stdout]   50:     0x60fd176bd40d - <actix_rt[8c02a000dd460cd7]::runtime::Runtime>::block_on::<daily[2d7674be80d15eb]::all_days_in_a_year::returns_all_days_in_a_year::{closure#0}>
[INFO] [stdout]                                at /opt/rustwide/cargo-home/registry/src/index.crates.io-1949cf8c6b5b557f/actix-rt-2.7.0/src/runtime.rs:80:20
[INFO] [stdout]   51:     0x60fd176b40cd - <actix_rt[8c02a000dd460cd7]::system::SystemRunner>::block_on::<daily[2d7674be80d15eb]::all_days_in_a_year::returns_all_days_in_a_year::{closure#0}>
[INFO] [stdout]                                at /opt/rustwide/cargo-home/registry/src/index.crates.io-1949cf8c6b5b557f/actix-rt-2.7.0/src/system.rs:209:17
[INFO] [stdout]   52:     0x60fd176c5362 - daily[2d7674be80d15eb]::all_days_in_a_year::returns_all_days_in_a_year
[INFO] [stdout]                                at /opt/rustwide/workdir/tests/daily.rs:57:5
[INFO] [stdout]   53:     0x60fd176c2f77 - daily[2d7674be80d15eb]::all_days_in_a_year::returns_all_days_in_a_year::{closure#0}
[INFO] [stdout]                                at /opt/rustwide/workdir/tests/daily.rs:58:42
[INFO] [stdout]   54:     0x60fd176ded16 - <daily[2d7674be80d15eb]::all_days_in_a_year::returns_all_days_in_a_year::{closure#0} as core[df12db4294e9bfd3]::ops::function::FnOnce<()>>::call_once
[INFO] [stdout]                                at /rustc/dfb0accb7f508ae8be965d8629557221c889dd98/library/core/src/ops/function.rs:250:5
[INFO] [stdout]   55:     0x60fd176def8b - <fn() -> core[df12db4294e9bfd3]::result::Result<(), alloc[2182bb758b4b3781]::string::String> as core[df12db4294e9bfd3]::ops::function::FnOnce<()>>::call_once
[INFO] [stdout]                                at /rustc/dfb0accb7f508ae8be965d8629557221c889dd98/library/core/src/ops/function.rs:250:5
[INFO] [stdout]   56:     0x60fd176def8b - test[9d35eded1c95d3be]::__rust_begin_short_backtrace::<core[df12db4294e9bfd3]::result::Result<(), alloc[2182bb758b4b3781]::string::String>, fn() -> core[df12db4294e9bfd3]::result::Result<(), alloc[2182bb758b4b3781]::string::String>>
[INFO] [stdout]                                at /rustc/dfb0accb7f508ae8be965d8629557221c889dd98/library/test/src/lib.rs:733:18
[INFO] [stdout]   57:     0x60fd176ec5f5 - test[9d35eded1c95d3be]::run_test_in_process::{closure#0}
[INFO] [stdout]                                at /rustc/dfb0accb7f508ae8be965d8629557221c889dd98/library/test/src/lib.rs:756:74
[INFO] [stdout]   58:     0x60fd176ec5f5 - <core[df12db4294e9bfd3]::panic::unwind_safe::AssertUnwindSafe<test[9d35eded1c95d3be]::run_test_in_process::{closure#0}> as core[df12db4294e9bfd3]::ops::function::FnOnce<()>>::call_once
[INFO] [stdout]                                at /rustc/dfb0accb7f508ae8be965d8629557221c889dd98/library/core/src/panic/unwind_safe.rs:275:9
[INFO] [stdout]   59:     0x60fd176ec5f5 - std[70759c8f55707aa4]::panicking::catch_unwind::do_call::<core[df12db4294e9bfd3]::panic::unwind_safe::AssertUnwindSafe<test[9d35eded1c95d3be]::run_test_in_process::{closure#0}>, core[df12db4294e9bfd3]::result::Result<(), alloc[2182bb758b4b3781]::string::String>>
[INFO] [stdout]                                at /rustc/dfb0accb7f508ae8be965d8629557221c889dd98/library/std/src/panicking.rs:576:43
[INFO] [stdout]   60:     0x60fd176ec5f5 - std[70759c8f55707aa4]::panicking::catch_unwind::<core[df12db4294e9bfd3]::result::Result<(), alloc[2182bb758b4b3781]::string::String>, core[df12db4294e9bfd3]::panic::unwind_safe::AssertUnwindSafe<test[9d35eded1c95d3be]::run_test_in_process::{closure#0}>>
[INFO] [stdout]                                at /rustc/dfb0accb7f508ae8be965d8629557221c889dd98/library/std/src/panicking.rs:544:19
[INFO] [stdout]   61:     0x60fd176ec5f5 - std[70759c8f55707aa4]::panic::catch_unwind::<core[df12db4294e9bfd3]::panic::unwind_safe::AssertUnwindSafe<test[9d35eded1c95d3be]::run_test_in_process::{closure#0}>, core[df12db4294e9bfd3]::result::Result<(), alloc[2182bb758b4b3781]::string::String>>
[INFO] [stdout]                                at /rustc/dfb0accb7f508ae8be965d8629557221c889dd98/library/std/src/panic.rs:359:14
[INFO] [stdout]   62:     0x60fd176ec5f5 - test[9d35eded1c95d3be]::run_test_in_process
[INFO] [stdout]                                at /rustc/dfb0accb7f508ae8be965d8629557221c889dd98/library/test/src/lib.rs:756:27
[INFO] [stdout]   63:     0x60fd176ec5f5 - test[9d35eded1c95d3be]::run_test::{closure#0}
[INFO] [stdout]                                at /rustc/dfb0accb7f508ae8be965d8629557221c889dd98/library/test/src/lib.rs:677:43
[INFO] [stdout]   64:     0x60fd176e5eb4 - test[9d35eded1c95d3be]::run_test::{closure#1}
[INFO] [stdout]                                at /rustc/dfb0accb7f508ae8be965d8629557221c889dd98/library/test/src/lib.rs:707:41
[INFO] [stdout]   65:     0x60fd176e5eb4 - std[70759c8f55707aa4]::sys::backtrace::__rust_begin_short_backtrace::<test[9d35eded1c95d3be]::run_test::{closure#1}, ()>
[INFO] [stdout]                                at /rustc/dfb0accb7f508ae8be965d8629557221c889dd98/library/std/src/sys/backtrace.rs:166:18
[INFO] [stdout]   66:     0x60fd176ef752 - std[70759c8f55707aa4]::thread::lifecycle::spawn_unchecked::<test[9d35eded1c95d3be]::run_test::{closure#1}, ()>::{closure#1}::{closure#0}
[INFO] [stdout]                                at /rustc/dfb0accb7f508ae8be965d8629557221c889dd98/library/std/src/thread/lifecycle.rs:70:13
[INFO] [stdout]   67:     0x60fd176ef752 - <core[df12db4294e9bfd3]::panic::unwind_safe::AssertUnwindSafe<std[70759c8f55707aa4]::thread::lifecycle::spawn_unchecked<test[9d35eded1c95d3be]::run_test::{closure#1}, ()>::{closure#1}::{closure#0}> as core[df12db4294e9bfd3]::ops::function::FnOnce<()>>::call_once
[INFO] [stdout]                                at /rustc/dfb0accb7f508ae8be965d8629557221c889dd98/library/core/src/panic/unwind_safe.rs:275:9
[INFO] [stdout]   68:     0x60fd176ef752 - std[70759c8f55707aa4]::panicking::catch_unwind::do_call::<core[df12db4294e9bfd3]::panic::unwind_safe::AssertUnwindSafe<std[70759c8f55707aa4]::thread::lifecycle::spawn_unchecked<test[9d35eded1c95d3be]::run_test::{closure#1}, ()>::{closure#1}::{closure#0}>, ()>
[INFO] [stdout]                                at /rustc/dfb0accb7f508ae8be965d8629557221c889dd98/library/std/src/panicking.rs:576:43
[INFO] [stdout]   69:     0x60fd176ef752 - std[70759c8f55707aa4]::panicking::catch_unwind::<(), core[df12db4294e9bfd3]::panic::unwind_safe::AssertUnwindSafe<std[70759c8f55707aa4]::thread::lifecycle::spawn_unchecked<test[9d35eded1c95d3be]::run_test::{closure#1}, ()>::{closure#1}::{closure#0}>>
[INFO] [stdout]                                at /rustc/dfb0accb7f508ae8be965d8629557221c889dd98/library/std/src/panicking.rs:544:19
[INFO] [stdout]   70:     0x60fd176ef752 - std[70759c8f55707aa4]::panic::catch_unwind::<core[df12db4294e9bfd3]::panic::unwind_safe::AssertUnwindSafe<std[70759c8f55707aa4]::thread::lifecycle::spawn_unchecked<test[9d35eded1c95d3be]::run_test::{closure#1}, ()>::{closure#1}::{closure#0}>, ()>
[INFO] [stdout]                                at /rustc/dfb0accb7f508ae8be965d8629557221c889dd98/library/std/src/panic.rs:359:14
[INFO] [stdout]   71:     0x60fd176ef752 - std[70759c8f55707aa4]::thread::lifecycle::spawn_unchecked::<test[9d35eded1c95d3be]::run_test::{closure#1}, ()>::{closure#1}
[INFO] [stdout]                                at /rustc/dfb0accb7f508ae8be965d8629557221c889dd98/library/std/src/thread/lifecycle.rs:68:26
[INFO] [stdout]   72:     0x60fd176ef752 - <std[70759c8f55707aa4]::thread::lifecycle::spawn_unchecked<test[9d35eded1c95d3be]::run_test::{closure#1}, ()>::{closure#1} as core[df12db4294e9bfd3]::ops::function::FnOnce<()>>::call_once::{shim:vtable#0}
[INFO] [stdout]                                at /rustc/dfb0accb7f508ae8be965d8629557221c889dd98/library/core/src/ops/function.rs:250:5
[INFO] [stdout]   73:     0x60fd17e4d9e9 - <alloc[2182bb758b4b3781]::boxed::Box<dyn core[df12db4294e9bfd3]::ops::function::FnOnce<(), Output = ()> + core[df12db4294e9bfd3]::marker::Send> as core[df12db4294e9bfd3]::ops::function::FnOnce<()>>::call_once
[INFO] [stdout]                                at /rustc/dfb0accb7f508ae8be965d8629557221c889dd98/library/alloc/src/boxed.rs:2320:9
[INFO] [stdout]   74:     0x60fd17e4d9e9 - <std[70759c8f55707aa4]::sys::thread::unix::Thread>::new::thread_start
[INFO] [stdout]                                at /rustc/dfb0accb7f508ae8be965d8629557221c889dd98/library/std/src/sys/thread/unix.rs:123:17
[INFO] [stdout]   75:     0x7dd8d0957dfa - <unknown>
[INFO] [stdout]   76:     0x7dd8d09eb3d4 - clone
[INFO] [stdout]   77:                0x0 - <unknown>
[INFO] [stdout] 
[INFO] [stdout] ---- all_days_in_a_year::returns_404_given_invalid_year stdout ----
[INFO] [stdout] 
[INFO] [stdout] thread 'all_days_in_a_year::returns_404_given_invalid_year' (3312) panicked at tests/daily.rs:95:9:
[INFO] [stdout] assertion `left == right` failed
[INFO] [stdout]   left: 500
[INFO] [stdout]  right: 404
[INFO] [stdout] stack backtrace:
[INFO] [stdout]    0:     0x60fd17e4e4c1 - std[70759c8f55707aa4]::backtrace_rs::backtrace::libunwind::trace
[INFO] [stdout]                                at /rustc/dfb0accb7f508ae8be965d8629557221c889dd98/library/std/src/../../backtrace/src/backtrace/libunwind.rs:117:9
[INFO] [stdout]    1:     0x60fd17e4e4c1 - std[70759c8f55707aa4]::backtrace_rs::backtrace::trace_unsynchronized::<std[70759c8f55707aa4]::sys::backtrace::_print_fmt::{closure#1}>
[INFO] [stdout]                                at /rustc/dfb0accb7f508ae8be965d8629557221c889dd98/library/std/src/../../backtrace/src/backtrace/mod.rs:66:14
[INFO] [stdout]    2:     0x60fd17e4e4c1 - std[70759c8f55707aa4]::sys::backtrace::_print_fmt
[INFO] [stdout]                                at /rustc/dfb0accb7f508ae8be965d8629557221c889dd98/library/std/src/sys/backtrace.rs:74:9
[INFO] [stdout]    3:     0x60fd17e4e4c1 - <<std[70759c8f55707aa4]::sys::backtrace::BacktraceLock>::print::DisplayBacktrace as core[df12db4294e9bfd3]::fmt::Display>::fmt
[INFO] [stdout]                                at /rustc/dfb0accb7f508ae8be965d8629557221c889dd98/library/std/src/sys/backtrace.rs:44:26
[INFO] [stdout]    4:     0x60fd17e651aa - <core[df12db4294e9bfd3]::fmt::rt::Argument>::fmt
[INFO] [stdout]                                at /rustc/dfb0accb7f508ae8be965d8629557221c889dd98/library/core/src/fmt/rt.rs:152:76
[INFO] [stdout]    5:     0x60fd17e651aa - core[df12db4294e9bfd3]::fmt::write
[INFO] [stdout]    6:     0x60fd17e52ffc - core[df12db4294e9bfd3]::io::write::default_write_fmt::<alloc[2182bb758b4b3781]::vec::Vec<u8>>
[INFO] [stdout]                                at /rustc/dfb0accb7f508ae8be965d8629557221c889dd98/library/core/src/io/write.rs:402:11
[INFO] [stdout]    7:     0x60fd17e52ffc - <alloc[2182bb758b4b3781]::vec::Vec<u8> as core[df12db4294e9bfd3]::io::write::Write>::write_fmt
[INFO] [stdout]                                at /rustc/dfb0accb7f508ae8be965d8629557221c889dd98/library/core/src/io/write.rs:335:13
[INFO] [stdout]    8:     0x60fd17e29986 - <std[70759c8f55707aa4]::sys::backtrace::BacktraceLock>::print
[INFO] [stdout]                                at /rustc/dfb0accb7f508ae8be965d8629557221c889dd98/library/std/src/sys/backtrace.rs:47:9
[INFO] [stdout]    9:     0x60fd17e29986 - std[70759c8f55707aa4]::panicking::default_hook::{closure#0}
[INFO] [stdout]                                at /rustc/dfb0accb7f508ae8be965d8629557221c889dd98/library/std/src/panicking.rs:292:27
[INFO] [stdout]   10:     0x60fd17e463f9 - std[70759c8f55707aa4]::panicking::default_hook
[INFO] [stdout]                                at /rustc/dfb0accb7f508ae8be965d8629557221c889dd98/library/std/src/panicking.rs:316:9
[INFO] [stdout]   11:     0x60fd176ebca0 - <alloc[2182bb758b4b3781]::boxed::Box<dyn for<'a, 'b> core[df12db4294e9bfd3]::ops::function::Fn<(&'a std[70759c8f55707aa4]::panic::PanicHookInfo<'b>,), Output = ()> + core[df12db4294e9bfd3]::marker::Send + core[df12db4294e9bfd3]::marker::Sync> as core[df12db4294e9bfd3]::ops::function::Fn<(&std[70759c8f55707aa4]::panic::PanicHookInfo,)>>::call
[INFO] [stdout]                                at /rustc/dfb0accb7f508ae8be965d8629557221c889dd98/library/alloc/src/boxed.rs:2334:9
[INFO] [stdout]   12:     0x60fd176ebca0 - test[9d35eded1c95d3be]::test_main_inner::<test[9d35eded1c95d3be]::test_main_static::{closure#0}>::{closure#0}
[INFO] [stdout]                                at /rustc/dfb0accb7f508ae8be965d8629557221c889dd98/library/test/src/lib.rs:155:21
[INFO] [stdout]   13:     0x60fd17e46722 - <alloc[2182bb758b4b3781]::boxed::Box<dyn for<'a, 'b> core[df12db4294e9bfd3]::ops::function::Fn<(&'a std[70759c8f55707aa4]::panic::PanicHookInfo<'b>,), Output = ()> + core[df12db4294e9bfd3]::marker::Send + core[df12db4294e9bfd3]::marker::Sync> as core[df12db4294e9bfd3]::ops::function::Fn<(&std[70759c8f55707aa4]::panic::PanicHookInfo,)>>::call
[INFO] [stdout]                                at /rustc/dfb0accb7f508ae8be965d8629557221c889dd98/library/alloc/src/boxed.rs:2334:9
[INFO] [stdout]   14:     0x60fd17e46722 - std[70759c8f55707aa4]::panicking::panic_with_hook
[INFO] [stdout]                                at /rustc/dfb0accb7f508ae8be965d8629557221c889dd98/library/std/src/panicking.rs:823:13
[INFO] [stdout]   15:     0x60fd17e29a32 - std[70759c8f55707aa4]::panicking::panic_handler::{closure#0}
[INFO] [stdout]                                at /rustc/dfb0accb7f508ae8be965d8629557221c889dd98/library/std/src/panicking.rs:688:13
[INFO] [stdout]   16:     0x60fd17e22499 - std[70759c8f55707aa4]::sys::backtrace::__rust_end_short_backtrace::<std[70759c8f55707aa4]::panicking::panic_handler::{closure#0}, !>
[INFO] [stdout]                                at /rustc/dfb0accb7f508ae8be965d8629557221c889dd98/library/std/src/sys/backtrace.rs:182:18
[INFO] [stdout]   17:     0x60fd17e2a8bd - __rustc[8fa7c3cbc660c2b3]::rust_begin_unwind
[INFO] [stdout]                                at /rustc/dfb0accb7f508ae8be965d8629557221c889dd98/library/std/src/panicking.rs:679:5
[INFO] [stdout]   18:     0x60fd17e659cc - core[df12db4294e9bfd3]::panicking::panic_fmt
[INFO] [stdout]                                at /rustc/dfb0accb7f508ae8be965d8629557221c889dd98/library/core/src/panicking.rs:80:14
[INFO] [stdout]   19:     0x60fd17e65863 - core[df12db4294e9bfd3]::panicking::assert_failed_inner
[INFO] [stdout]                                at /rustc/dfb0accb7f508ae8be965d8629557221c889dd98/library/core/src/panicking.rs:452:17
[INFO] [stdout]   20:     0x60fd17d87932 - core[df12db4294e9bfd3]::panicking::assert_failed::<u16, u16>
[INFO] [stdout]                                at /rustc/dfb0accb7f508ae8be965d8629557221c889dd98/library/core/src/panicking.rs:407:5
[INFO] [stdout]   21:     0x60fd176c4486 - daily[2d7674be80d15eb]::all_days_in_a_year::returns_404_given_invalid_year::{closure#0}
[INFO] [stdout]                                at /opt/rustwide/workdir/tests/daily.rs:95:9
[INFO] [stdout]   22:     0x60fd176a2506 - <tokio[ca09e5f576c143ab]::task::local::RunUntil<daily[2d7674be80d15eb]::all_days_in_a_year::returns_404_given_invalid_year::{closure#0}> as core[df12db4294e9bfd3]::future::future::Future>::poll::{closure#0}::{closure#0}
[INFO] [stdout]                                at /opt/rustwide/cargo-home/registry/src/index.crates.io-1949cf8c6b5b557f/tokio-1.18.2/src/task/local.rs:649:67
[INFO] [stdout]   23:     0x60fd176cb402 - tokio[ca09e5f576c143ab]::coop::with_budget::<core[df12db4294e9bfd3]::task::poll::Poll<()>, <tokio[ca09e5f576c143ab]::task::local::RunUntil<daily[2d7674be80d15eb]::all_days_in_a_year::returns_404_given_invalid_year::{closure#0}> as core[df12db4294e9bfd3]::future::future::Future>::poll::{closure#0}::{closure#0}>::{closure#0}
[INFO] [stdout]                                at /opt/rustwide/cargo-home/registry/src/index.crates.io-1949cf8c6b5b557f/tokio-1.18.2/src/coop.rs:102:9
[INFO] [stdout]   24:     0x60fd176990b7 - <std[70759c8f55707aa4]::thread::local::LocalKey<core[df12db4294e9bfd3]::cell::Cell<tokio[ca09e5f576c143ab]::coop::Budget>>>::try_with::<tokio[ca09e5f576c143ab]::coop::with_budget<core[df12db4294e9bfd3]::task::poll::Poll<()>, <tokio[ca09e5f576c143ab]::task::local::RunUntil<daily[2d7674be80d15eb]::all_days_in_a_year::returns_404_given_invalid_year::{closure#0}> as core[df12db4294e9bfd3]::future::future::Future>::poll::{closure#0}::{closure#0}>::{closure#0}, core[df12db4294e9bfd3]::task::poll::Poll<()>>
[INFO] [stdout]                                at /rustc/dfb0accb7f508ae8be965d8629557221c889dd98/library/std/src/thread/local.rs:463:12
[INFO] [stdout]   25:     0x60fd176979ae - <std[70759c8f55707aa4]::thread::local::LocalKey<core[df12db4294e9bfd3]::cell::Cell<tokio[ca09e5f576c143ab]::coop::Budget>>>::with::<tokio[ca09e5f576c143ab]::coop::with_budget<core[df12db4294e9bfd3]::task::poll::Poll<()>, <tokio[ca09e5f576c143ab]::task::local::RunUntil<daily[2d7674be80d15eb]::all_days_in_a_year::returns_404_given_invalid_year::{closure#0}> as core[df12db4294e9bfd3]::future::future::Future>::poll::{closure#0}::{closure#0}>::{closure#0}, core[df12db4294e9bfd3]::task::poll::Poll<()>>
[INFO] [stdout]                                at /rustc/dfb0accb7f508ae8be965d8629557221c889dd98/library/std/src/thread/local.rs:427:20
[INFO] [stdout]   26:     0x60fd176a56f5 - tokio[ca09e5f576c143ab]::coop::with_budget::<core[df12db4294e9bfd3]::task::poll::Poll<()>, <tokio[ca09e5f576c143ab]::task::local::RunUntil<daily[2d7674be80d15eb]::all_days_in_a_year::returns_404_given_invalid_year::{closure#0}> as core[df12db4294e9bfd3]::future::future::Future>::poll::{closure#0}::{closure#0}>
[INFO] [stdout]                                at /opt/rustwide/cargo-home/registry/src/index.crates.io-1949cf8c6b5b557f/tokio-1.18.2/src/coop.rs:95:13
[INFO] [stdout]   27:     0x60fd176a56f5 - tokio[ca09e5f576c143ab]::coop::budget::<core[df12db4294e9bfd3]::task::poll::Poll<()>, <tokio[ca09e5f576c143ab]::task::local::RunUntil<daily[2d7674be80d15eb]::all_days_in_a_year::returns_404_given_invalid_year::{closure#0}> as core[df12db4294e9bfd3]::future::future::Future>::poll::{closure#0}::{closure#0}>
[INFO] [stdout]                                at /opt/rustwide/cargo-home/registry/src/index.crates.io-1949cf8c6b5b557f/tokio-1.18.2/src/coop.rs:72:5
[INFO] [stdout]   28:     0x60fd176a56f5 - <tokio[ca09e5f576c143ab]::task::local::RunUntil<daily[2d7674be80d15eb]::all_days_in_a_year::returns_404_given_invalid_year::{closure#0}> as core[df12db4294e9bfd3]::future::future::Future>::poll::{closure#0}
[INFO] [stdout]                                at /opt/rustwide/cargo-home/registry/src/index.crates.io-1949cf8c6b5b557f/tokio-1.18.2/src/task/local.rs:649:42
[INFO] [stdout]   29:     0x60fd176c0fa8 - <tokio[ca09e5f576c143ab]::macros::scoped_tls::ScopedKey<tokio[ca09e5f576c143ab]::task::local::Context>>::set::<<tokio[ca09e5f576c143ab]::task::local::RunUntil<daily[2d7674be80d15eb]::all_days_in_a_year::returns_404_given_invalid_year::{closure#0}> as core[df12db4294e9bfd3]::future::future::Future>::poll::{closure#0}, core[df12db4294e9bfd3]::task::poll::Poll<()>>
[INFO] [stdout]                                at /opt/rustwide/cargo-home/registry/src/index.crates.io-1949cf8c6b5b557f/tokio-1.18.2/src/macros/scoped_tls.rs:61:9
[INFO] [stdout]   30:     0x60fd1769f9ca - <tokio[ca09e5f576c143ab]::task::local::LocalSet>::with::<core[df12db4294e9bfd3]::task::poll::Poll<()>, <tokio[ca09e5f576c143ab]::task::local::RunUntil<daily[2d7674be80d15eb]::all_days_in_a_year::returns_404_given_invalid_year::{closure#0}> as core[df12db4294e9bfd3]::future::future::Future>::poll::{closure#0}>
[INFO] [stdout]                                at /opt/rustwide/cargo-home/registry/src/index.crates.io-1949cf8c6b5b557f/tokio-1.18.2/src/task/local.rs:566:17
[INFO] [stdout]   31:     0x60fd176a9eeb - <tokio[ca09e5f576c143ab]::task::local::RunUntil<daily[2d7674be80d15eb]::all_days_in_a_year::returns_404_given_invalid_year::{closure#0}> as core[df12db4294e9bfd3]::future::future::Future>::poll
[INFO] [stdout]                                at /opt/rustwide/cargo-home/registry/src/index.crates.io-1949cf8c6b5b557f/tokio-1.18.2/src/task/local.rs:639:22
[INFO] [stdout]   32:     0x60fd176a195c - <tokio[ca09e5f576c143ab]::task::local::LocalSet>::run_until::<daily[2d7674be80d15eb]::all_days_in_a_year::returns_404_given_invalid_year::{closure#0}>::{closure#0}
[INFO] [stdout]                                at /opt/rustwide/cargo-home/registry/src/index.crates.io-1949cf8c6b5b557f/tokio-1.18.2/src/task/local.rs:512:19
[INFO] [stdout]   33:     0x60fd176cec8d - <core[df12db4294e9bfd3]::pin::Pin<&mut <tokio[ca09e5f576c143ab]::task::local::LocalSet>::run_until<daily[2d7674be80d15eb]::all_days_in_a_year::returns_404_given_invalid_year::{closure#0}>::{closure#0}> as core[df12db4294e9bfd3]::future::future::Future>::poll
[INFO] [stdout]                                at /rustc/dfb0accb7f508ae8be965d8629557221c889dd98/library/core/src/future/future.rs:133:9
[INFO] [stdout]   34:     0x60fd1769714d - <tokio[ca09e5f576c143ab]::runtime::basic_scheduler::CoreGuard>::block_on::<core[df12db4294e9bfd3]::pin::Pin<&mut <tokio[ca09e5f576c143ab]::task::local::LocalSet>::run_until<daily[2d7674be80d15eb]::all_days_in_a_year::returns_404_given_invalid_year::{closure#0}>::{closure#0}>>::{closure#0}::{closure#0}::{closure#0}
[INFO] [stdout]                                at /opt/rustwide/cargo-home/registry/src/index.crates.io-1949cf8c6b5b557f/tokio-1.18.2/src/runtime/basic_scheduler.rs:507:64
[INFO] [stdout]   35:     0x60fd176cad72 - tokio[ca09e5f576c143ab]::coop::with_budget::<core[df12db4294e9bfd3]::task::poll::Poll<()>, <tokio[ca09e5f576c143ab]::runtime::basic_scheduler::CoreGuard>::block_on<core[df12db4294e9bfd3]::pin::Pin<&mut <tokio[ca09e5f576c143ab]::task::local::LocalSet>::run_until<daily[2d7674be80d15eb]::all_days_in_a_year::returns_404_given_invalid_year::{closure#0}>::{closure#0}>>::{closure#0}::{closure#0}::{closure#0}>::{closure#0}
[INFO] [stdout]                                at /opt/rustwide/cargo-home/registry/src/index.crates.io-1949cf8c6b5b557f/tokio-1.18.2/src/coop.rs:102:9
[INFO] [stdout]   36:     0x60fd17698b07 - <std[70759c8f55707aa4]::thread::local::LocalKey<core[df12db4294e9bfd3]::cell::Cell<tokio[ca09e5f576c143ab]::coop::Budget>>>::try_with::<tokio[ca09e5f576c143ab]::coop::with_budget<core[df12db4294e9bfd3]::task::poll::Poll<()>, <tokio[ca09e5f576c143ab]::runtime::basic_scheduler::CoreGuard>::block_on<core[df12db4294e9bfd3]::pin::Pin<&mut <tokio[ca09e5f576c143ab]::task::local::LocalSet>::run_until<daily[2d7674be80d15eb]::all_days_in_a_year::returns_404_given_invalid_year::{closure#0}>::{closure#0}>>::{closure#0}::{closure#0}::{closure#0}>::{closure#0}, core[df12db4294e9bfd3]::task::poll::Poll<()>>
[INFO] [stdout]                                at /rustc/dfb0accb7f508ae8be965d8629557221c889dd98/library/std/src/thread/local.rs:463:12
[INFO] [stdout]   37:     0x60fd1769777e - <std[70759c8f55707aa4]::thread::local::LocalKey<core[df12db4294e9bfd3]::cell::Cell<tokio[ca09e5f576c143ab]::coop::Budget>>>::with::<tokio[ca09e5f576c143ab]::coop::with_budget<core[df12db4294e9bfd3]::task::poll::Poll<()>, <tokio[ca09e5f576c143ab]::runtime::basic_scheduler::CoreGuard>::block_on<core[df12db4294e9bfd3]::pin::Pin<&mut <tokio[ca09e5f576c143ab]::task::local::LocalSet>::run_until<daily[2d7674be80d15eb]::all_days_in_a_year::returns_404_given_invalid_year::{closure#0}>::{closure#0}>>::{closure#0}::{closure#0}::{closure#0}>::{closure#0}, core[df12db4294e9bfd3]::task::poll::Poll<()>>
[INFO] [stdout]                                at /rustc/dfb0accb7f508ae8be965d8629557221c889dd98/library/std/src/thread/local.rs:427:20
[INFO] [stdout]   38:     0x60fd17696adb - tokio[ca09e5f576c143ab]::coop::with_budget::<core[df12db4294e9bfd3]::task::poll::Poll<()>, <tokio[ca09e5f576c143ab]::runtime::basic_scheduler::CoreGuard>::block_on<core[df12db4294e9bfd3]::pin::Pin<&mut <tokio[ca09e5f576c143ab]::task::local::LocalSet>::run_until<daily[2d7674be80d15eb]::all_days_in_a_year::returns_404_given_invalid_year::{closure#0}>::{closure#0}>>::{closure#0}::{closure#0}::{closure#0}>
[INFO] [stdout]                                at /opt/rustwide/cargo-home/registry/src/index.crates.io-1949cf8c6b5b557f/tokio-1.18.2/src/coop.rs:95:13
[INFO] [stdout]   39:     0x60fd17696adb - tokio[ca09e5f576c143ab]::coop::budget::<core[df12db4294e9bfd3]::task::poll::Poll<()>, <tokio[ca09e5f576c143ab]::runtime::basic_scheduler::CoreGuard>::block_on<core[df12db4294e9bfd3]::pin::Pin<&mut <tokio[ca09e5f576c143ab]::task::local::LocalSet>::run_until<daily[2d7674be80d15eb]::all_days_in_a_year::returns_404_given_invalid_year::{closure#0}>::{closure#0}>>::{closure#0}::{closure#0}::{closure#0}>
[INFO] [stdout]                                at /opt/rustwide/cargo-home/registry/src/index.crates.io-1949cf8c6b5b557f/tokio-1.18.2/src/coop.rs:72:5
[INFO] [stdout]   40:     0x60fd17696adb - <tokio[ca09e5f576c143ab]::runtime::basic_scheduler::CoreGuard>::block_on::<core[df12db4294e9bfd3]::pin::Pin<&mut <tokio[ca09e5f576c143ab]::task::local::LocalSet>::run_until<daily[2d7674be80d15eb]::all_days_in_a_year::returns_404_given_invalid_year::{closure#0}>::{closure#0}>>::{closure#0}::{closure#0}
[INFO] [stdout]                                at /opt/rustwide/cargo-home/registry/src/index.crates.io-1949cf8c6b5b557f/tokio-1.18.2/src/runtime/basic_scheduler.rs:507:25
[INFO] [stdout]   41:     0x60fd1768e082 - <tokio[ca09e5f576c143ab]::runtime::basic_scheduler::Context>::enter::<core[df12db4294e9bfd3]::task::poll::Poll<()>, <tokio[ca09e5f576c143ab]::runtime::basic_scheduler::CoreGuard>::block_on<core[df12db4294e9bfd3]::pin::Pin<&mut <tokio[ca09e5f576c143ab]::task::local::LocalSet>::run_until<daily[2d7674be80d15eb]::all_days_in_a_year::returns_404_given_invalid_year::{closure#0}>::{closure#0}>>::{closure#0}::{closure#0}>
[INFO] [stdout]                                at /opt/rustwide/cargo-home/registry/src/index.crates.io-1949cf8c6b5b557f/tokio-1.18.2/src/runtime/basic_scheduler.rs:361:19
[INFO] [stdout]   42:     0x60fd1769478c - <tokio[ca09e5f576c143ab]::runtime::basic_scheduler::CoreGuard>::block_on::<core[df12db4294e9bfd3]::pin::Pin<&mut <tokio[ca09e5f576c143ab]::task::local::LocalSet>::run_until<daily[2d7674be80d15eb]::all_days_in_a_year::returns_404_given_invalid_year::{closure#0}>::{closure#0}>>::{closure#0}
[INFO] [stdout]                                at /opt/rustwide/cargo-home/registry/src/index.crates.io-1949cf8c6b5b557f/tokio-1.18.2/src/runtime/basic_scheduler.rs:506:44
[INFO] [stdout]   43:     0x60fd17692c24 - <tokio[ca09e5f576c143ab]::runtime::basic_scheduler::CoreGuard>::enter::<<tokio[ca09e5f576c143ab]::runtime::basic_scheduler::CoreGuard>::block_on<core[df12db4294e9bfd3]::pin::Pin<&mut <tokio[ca09e5f576c143ab]::task::local::LocalSet>::run_until<daily[2d7674be80d15eb]::all_days_in_a_year::returns_404_given_invalid_year::{closure#0}>::{closure#0}>>::{closure#0}, ()>::{closure#0}
[INFO] [stdout]                                at /opt/rustwide/cargo-home/registry/src/index.crates.io-1949cf8c6b5b557f/tokio-1.18.2/src/runtime/basic_scheduler.rs:564:57
[INFO] [stdout]   44:     0x60fd176c164d - <tokio[ca09e5f576c143ab]::macros::scoped_tls::ScopedKey<tokio[ca09e5f576c143ab]::runtime::basic_scheduler::Context>>::set::<<tokio[ca09e5f576c143ab]::runtime::basic_scheduler::CoreGuard>::enter<<tokio[ca09e5f576c143ab]::runtime::basic_scheduler::CoreGuard>::block_on<core[df12db4294e9bfd3]::pin::Pin<&mut <tokio[ca09e5f576c143ab]::task::local::LocalSet>::run_until<daily[2d7674be80d15eb]::all_days_in_a_year::returns_404_given_invalid_year::{closure#0}>::{closure#0}>>::{closure#0}, ()>::{closure#0}, (alloc[2182bb758b4b3781]::boxed::Box<tokio[ca09e5f576c143ab]::runtime::basic_scheduler::Core>, ())>
[INFO] [stdout]                                at /opt/rustwide/cargo-home/registry/src/index.crates.io-1949cf8c6b5b557f/tokio-1.18.2/src/macros/scoped_tls.rs:61:9
[INFO] [stdout]   45:     0x60fd176912fc - <tokio[ca09e5f576c143ab]::runtime::basic_scheduler::CoreGuard>::enter::<<tokio[ca09e5f576c143ab]::runtime::basic_scheduler::CoreGuard>::block_on<core[df12db4294e9bfd3]::pin::Pin<&mut <tokio[ca09e5f576c143ab]::task::local::LocalSet>::run_until<daily[2d7674be80d15eb]::all_days_in_a_year::returns_404_given_invalid_year::{closure#0}>::{closure#0}>>::{closure#0}, ()>
[INFO] [stdout]                                at /opt/rustwide/cargo-home/registry/src/index.crates.io-1949cf8c6b5b557f/tokio-1.18.2/src/runtime/basic_scheduler.rs:564:35
[INFO] [stdout]   46:     0x60fd17692145 - <tokio[ca09e5f576c143ab]::runtime::basic_scheduler::CoreGuard>::block_on::<core[df12db4294e9bfd3]::pin::Pin<&mut <tokio[ca09e5f576c143ab]::task::local::LocalSet>::run_until<daily[2d7674be80d15eb]::all_days_in_a_year::returns_404_given_invalid_year::{closure#0}>::{closure#0}>>
[INFO] [stdout]                                at /opt/rustwide/cargo-home/registry/src/index.crates.io-1949cf8c6b5b557f/tokio-1.18.2/src/runtime/basic_scheduler.rs:497:14
[INFO] [stdout]   47:     0x60fd1768cc40 - <tokio[ca09e5f576c143ab]::runtime::basic_scheduler::BasicScheduler>::block_on::<<tokio[ca09e5f576c143ab]::task::local::LocalSet>::run_until<daily[2d7674be80d15eb]::all_days_in_a_year::returns_404_given_invalid_year::{closure#0}>::{closure#0}>
[INFO] [stdout]                                at /opt/rustwide/cargo-home/registry/src/index.crates.io-1949cf8c6b5b557f/tokio-1.18.2/src/runtime/basic_scheduler.rs:173:29
[INFO] [stdout]   48:     0x60fd176b3ad4 - <tokio[ca09e5f576c143ab]::runtime::Runtime>::block_on::<<tokio[ca09e5f576c143ab]::task::local::LocalSet>::run_until<daily[2d7674be80d15eb]::all_days_in_a_year::returns_404_given_invalid_year::{closure#0}>::{closure#0}>
[INFO] [stdout]                                at /opt/rustwide/cargo-home/registry/src/index.crates.io-1949cf8c6b5b557f/tokio-1.18.2/src/runtime/mod.rs:475:51
[INFO] [stdout]   49:     0x60fd1769fcbb - <tokio[ca09e5f576c143ab]::task::local::LocalSet>::block_on::<daily[2d7674be80d15eb]::all_days_in_a_year::returns_404_given_invalid_year::{closure#0}>
[INFO] [stdout]                                at /opt/rustwide/cargo-home/registry/src/index.crates.io-1949cf8c6b5b557f/tokio-1.18.2/src/task/local.rs:473:12
[INFO] [stdout]   50:     0x60fd176bd45d - <actix_rt[8c02a000dd460cd7]::runtime::Runtime>::block_on::<daily[2d7674be80d15eb]::all_days_in_a_year::returns_404_given_invalid_year::{closure#0}>
[INFO] [stdout]                                at /opt/rustwide/cargo-home/registry/src/index.crates.io-1949cf8c6b5b557f/actix-rt-2.7.0/src/runtime.rs:80:20
[INFO] [stdout]   51:     0x60fd176b410d - <actix_rt[8c02a000dd460cd7]::system::SystemRunner>::block_on::<daily[2d7674be80d15eb]::all_days_in_a_year::returns_404_given_invalid_year::{closure#0}>
[INFO] [stdout]                                at /opt/rustwide/cargo-home/registry/src/index.crates.io-1949cf8c6b5b557f/actix-rt-2.7.0/src/system.rs:209:17
[INFO] [stdout]   52:     0x60fd176c53e2 - daily[2d7674be80d15eb]::all_days_in_a_year::returns_404_given_invalid_year
[INFO] [stdout]                                at /opt/rustwide/workdir/tests/daily.rs:83:5
[INFO] [stdout]   53:     0x60fd176c2fa7 - daily[2d7674be80d15eb]::all_days_in_a_year::returns_404_given_invalid_year::{closure#0}
[INFO] [stdout]                                at /opt/rustwide/workdir/tests/daily.rs:84:46
[INFO] [stdout]   54:     0x60fd176ded36 - <daily[2d7674be80d15eb]::all_days_in_a_year::returns_404_given_invalid_year::{closure#0} as core[df12db4294e9bfd3]::ops::function::FnOnce<()>>::call_once
[INFO] [stdout]                                at /rustc/dfb0accb7f508ae8be965d8629557221c889dd98/library/core/src/ops/function.rs:250:5
[INFO] [stdout]   55:     0x60fd176def8b - <fn() -> core[df12db4294e9bfd3]::result::Result<(), alloc[2182bb758b4b3781]::string::String> as core[df12db4294e9bfd3]::ops::function::FnOnce<()>>::call_once
[INFO] [stdout]                                at /rustc/dfb0accb7f508ae8be965d8629557221c889dd98/library/core/src/ops/function.rs:250:5
[INFO] [stdout]   56:     0x60fd176def8b - test[9d35eded1c95d3be]::__rust_begin_short_backtrace::<core[df12db4294e9bfd3]::result::Result<(), alloc[2182bb758b4b3781]::string::String>, fn() -> core[df12db4294e9bfd3]::result::Result<(), alloc[2182bb758b4b3781]::string::String>>
[INFO] [stdout]                                at /rustc/dfb0accb7f508ae8be965d8629557221c889dd98/library/test/src/lib.rs:733:18
[INFO] [stdout]   57:     0x60fd176ec5f5 - test[9d35eded1c95d3be]::run_test_in_process::{closure#0}
[INFO] [stdout]                                at /rustc/dfb0accb7f508ae8be965d8629557221c889dd98/library/test/src/lib.rs:756:74
[INFO] [stdout]   58:     0x60fd176ec5f5 - <core[df12db4294e9bfd3]::panic::unwind_safe::AssertUnwindSafe<test[9d35eded1c95d3be]::run_test_in_process::{closure#0}> as core[df12db4294e9bfd3]::ops::function::FnOnce<()>>::call_once
[INFO] [stdout]                                at /rustc/dfb0accb7f508ae8be965d8629557221c889dd98/library/core/src/panic/unwind_safe.rs:275:9
[INFO] [stdout]   59:     0x60fd176ec5f5 - std[70759c8f55707aa4]::panicking::catch_unwind::do_call::<core[df12db4294e9bfd3]::panic::unwind_safe::AssertUnwindSafe<test[9d35eded1c95d3be]::run_test_in_process::{closure#0}>, core[df12db4294e9bfd3]::result::Result<(), alloc[2182bb758b4b3781]::string::String>>
[INFO] [stdout]                                at /rustc/dfb0accb7f508ae8be965d8629557221c889dd98/library/std/src/panicking.rs:576:43
[INFO] [stdout]   60:     0x60fd176ec5f5 - std[70759c8f55707aa4]::panicking::catch_unwind::<core[df12db4294e9bfd3]::result::Result<(), alloc[2182bb758b4b3781]::string::String>, core[df12db4294e9bfd3]::panic::unwind_safe::AssertUnwindSafe<test[9d35eded1c95d3be]::run_test_in_process::{closure#0}>>
[INFO] [stdout]                                at /rustc/dfb0accb7f508ae8be965d8629557221c889dd98/library/std/src/panicking.rs:544:19
[INFO] [stdout]   61:     0x60fd176ec5f5 - std[70759c8f55707aa4]::panic::catch_unwind::<core[df12db4294e9bfd3]::panic::unwind_safe::AssertUnwindSafe<test[9d35eded1c95d3be]::run_test_in_process::{closure#0}>, core[df12db4294e9bfd3]::result::Result<(), alloc[2182bb758b4b3781]::string::String>>
[INFO] [stdout]                                at /rustc/dfb0accb7f508ae8be965d8629557221c889dd98/library/std/src/panic.rs:359:14
[INFO] [stdout]   62:     0x60fd176ec5f5 - test[9d35eded1c95d3be]::run_test_in_process
[INFO] [stdout]                                at /rustc/dfb0accb7f508ae8be965d8629557221c889dd98/library/test/src/lib.rs:756:27
[INFO] [stdout]   63:     0x60fd176ec5f5 - test[9d35eded1c95d3be]::run_test::{closure#0}
[INFO] [stdout]                                at /rustc/dfb0accb7f508ae8be965d8629557221c889dd98/library/test/src/lib.rs:677:43
[INFO] [stdout]   64:     0x60fd176e5eb4 - test[9d35eded1c95d3be]::run_test::{closure#1}
[INFO] [stdout]                                at /rustc/dfb0accb7f508ae8be965d8629557221c889dd98/library/test/src/lib.rs:707:41
[INFO] [stdout]   65:     0x60fd176e5eb4 - std[70759c8f55707aa4]::sys::backtrace::__rust_begin_short_backtrace::<test[9d35eded1c95d3be]::run_test::{closure#1}, ()>
[INFO] [stdout]                                at /rustc/dfb0accb7f508ae8be965d8629557221c889dd98/library/std/src/sys/backtrace.rs:166:18
[INFO] [stdout]   66:     0x60fd176ef752 - std[70759c8f55707aa4]::thread::lifecycle::spawn_unchecked::<test[9d35eded1c95d3be]::run_test::{closure#1}, ()>::{closure#1}::{closure#0}
[INFO] [stdout]                                at /rustc/dfb0accb7f508ae8be965d8629557221c889dd98/library/std/src/thread/lifecycle.rs:70:13
[INFO] [stdout]   67:     0x60fd176ef752 - <core[df12db4294e9bfd3]::panic::unwind_safe::AssertUnwindSafe<std[70759c8f55707aa4]::thread::lifecycle::spawn_unchecked<test[9d35eded1c95d3be]::run_test::{closure#1}, ()>::{closure#1}::{closure#0}> as core[df12db4294e9bfd3]::ops::function::FnOnce<()>>::call_once
[INFO] [stdout]                                at /rustc/dfb0accb7f508ae8be965d8629557221c889dd98/library/core/src/panic/unwind_safe.rs:275:9
[INFO] [stdout]   68:     0x60fd176ef752 - std[70759c8f55707aa4]::panicking::catch_unwind::do_call::<core[df12db4294e9bfd3]::panic::unwind_safe::AssertUnwindSafe<std[70759c8f55707aa4]::thread::lifecycle::spawn_unchecked<test[9d35eded1c95d3be]::run_test::{closure#1}, ()>::{closure#1}::{closure#0}>, ()>
[INFO] [stdout]                                at /rustc/dfb0accb7f508ae8be965d8629557221c889dd98/library/std/src/panicking.rs:576:43
[INFO] [stdout]   69:     0x60fd176ef752 - std[70759c8f55707aa4]::panicking::catch_unwind::<(), core[df12db4294e9bfd3]::panic::unwind_safe::AssertUnwindSafe<std[70759c8f55707aa4]::thread::lifecycle::spawn_unchecked<test[9d35eded1c95d3be]::run_test::{closure#1}, ()>::{closure#1}::{closure#0}>>
[INFO] [stdout]                                at /rustc/dfb0accb7f508ae8be965d8629557221c889dd98/library/std/src/panicking.rs:544:19
[INFO] [stdout]   70:     0x60fd176ef752 - std[70759c8f55707aa4]::panic::catch_unwind::<core[df12db4294e9bfd3]::panic::unwind_safe::AssertUnwindSafe<std[70759c8f55707aa4]::thread::lifecycle::spawn_unchecked<test[9d35eded1c95d3be]::run_test::{closure#1}, ()>::{closure#1}::{closure#0}>, ()>
[INFO] [stdout]                                at /rustc/dfb0accb7f508ae8be965d8629557221c889dd98/library/std/src/panic.rs:359:14
[INFO] [stdout]   71:     0x60fd176ef752 - std[70759c8f55707aa4]::thread::lifecycle::spawn_unchecked::<test[9d35eded1c95d3be]::run_test::{closure#1}, ()>::{closure#1}
[INFO] [stdout]                                at /rustc/dfb0accb7f508ae8be965d8629557221c889dd98/library/std/src/thread/lifecycle.rs:68:26
[INFO] [stdout]   72:     0x60fd176ef752 - <std[70759c8f55707aa4]::thread::lifecycle::spawn_unchecked<test[9d35eded1c95d3be]::run_test::{closure#1}, ()>::{closure#1} as core[df12db4294e9bfd3]::ops::function::FnOnce<()>>::call_once::{shim:vtable#0}
[INFO] [stdout]                                at /rustc/dfb0accb7f508ae8be965d8629557221c889dd98/library/core/src/ops/function.rs:250:5
[INFO] [stdout]   73:     0x60fd17e4d9e9 - <alloc[2182bb758b4b3781]::boxed::Box<dyn core[df12db4294e9bfd3]::ops::function::FnOnce<(), Output = ()> + core[df12db4294e9bfd3]::marker::Send> as core[df12db4294e9bfd3]::ops::function::FnOnce<()>>::call_once
[INFO] [stdout]                                at /rustc/dfb0accb7f508ae8be965d8629557221c889dd98/library/alloc/src/boxed.rs:2320:9
[INFO] [stdout]   74:     0x60fd17e4d9e9 - <std[70759c8f55707aa4]::sys::thread::unix::Thread>::new::thread_start
[INFO] [stdout]                                at /rustc/dfb0accb7f508ae8be965d8629557221c889dd98/library/std/src/sys/thread/unix.rs:123:17
[INFO] [stdout]   75:     0x7dd8d0957dfa - <unknown>
[INFO] [stdout]   76:     0x7dd8d09eb3d4 - clone
[INFO] [stdout]   77:                0x0 - <unknown>
[INFO] [stdout] 
[INFO] [stdout] ---- all_days_in_a_month::returns_all_days_in_a_month stdout ----
[INFO] [stdout] 
[INFO] [stdout] thread 'all_days_in_a_month::returns_all_days_in_a_month' (3311) panicked at tests/daily.rs:120:9:
[INFO] [stdout] assertion `left == right` failed
[INFO] [stdout]   left: 500
[INFO] [stdout]  right: 200
[INFO] [stdout] stack backtrace:
[INFO] [stdout]    0:     0x60fd17e4e4c1 - std[70759c8f55707aa4]::backtrace_rs::backtrace::libunwind::trace
[INFO] [stdout]                                at /rustc/dfb0accb7f508ae8be965d8629557221c889dd98/library/std/src/../../backtrace/src/backtrace/libunwind.rs:117:9
[INFO] [stdout]    1:     0x60fd17e4e4c1 - std[70759c8f55707aa4]::backtrace_rs::backtrace::trace_unsynchronized::<std[70759c8f55707aa4]::sys::backtrace::_print_fmt::{closure#1}>
[INFO] [stdout]                                at /rustc/dfb0accb7f508ae8be965d8629557221c889dd98/library/std/src/../../backtrace/src/backtrace/mod.rs:66:14
[INFO] [stdout]    2:     0x60fd17e4e4c1 - std[70759c8f55707aa4]::sys::backtrace::_print_fmt
[INFO] [stdout]                                at /rustc/dfb0accb7f508ae8be965d8629557221c889dd98/library/std/src/sys/backtrace.rs:74:9
[INFO] [stdout]    3:     0x60fd17e4e4c1 - <<std[70759c8f55707aa4]::sys::backtrace::BacktraceLock>::print::DisplayBacktrace as core[df12db4294e9bfd3]::fmt::Display>::fmt
[INFO] [stdout]                                at /rustc/dfb0accb7f508ae8be965d8629557221c889dd98/library/std/src/sys/backtrace.rs:44:26
[INFO] [stdout]    4:     0x60fd17e651aa - <core[df12db4294e9bfd3]::fmt::rt::Argument>::fmt
[INFO] [stdout]                                at /rustc/dfb0accb7f508ae8be965d8629557221c889dd98/library/core/src/fmt/rt.rs:152:76
[INFO] [stdout]    5:     0x60fd17e651aa - core[df12db4294e9bfd3]::fmt::write
[INFO] [stdout]    6:     0x60fd17e52ffc - core[df12db4294e9bfd3]::io::write::default_write_fmt::<alloc[2182bb758b4b3781]::vec::Vec<u8>>
[INFO] [stdout]                                at /rustc/dfb0accb7f508ae8be965d8629557221c889dd98/library/core/src/io/write.rs:402:11
[INFO] [stdout]    7:     0x60fd17e52ffc - <alloc[2182bb758b4b3781]::vec::Vec<u8> as core[df12db4294e9bfd3]::io::write::Write>::write_fmt
[INFO] [stdout]                                at /rustc/dfb0accb7f508ae8be965d8629557221c889dd98/library/core/src/io/write.rs:335:13
[INFO] [stdout]    8:     0x60fd17e29986 - <std[70759c8f55707aa4]::sys::backtrace::BacktraceLock>::print
[INFO] [stdout]                                at /rustc/dfb0accb7f508ae8be965d8629557221c889dd98/library/std/src/sys/backtrace.rs:47:9
[INFO] [stdout]    9:     0x60fd17e29986 - std[70759c8f55707aa4]::panicking::default_hook::{closure#0}
[INFO] [stdout]                                at /rustc/dfb0accb7f508ae8be965d8629557221c889dd98/library/std/src/panicking.rs:292:27
[INFO] [stdout]   10:     0x60fd17e463f9 - std[70759c8f55707aa4]::panicking::default_hook
[INFO] [stdout]                                at /rustc/dfb0accb7f508ae8be965d8629557221c889dd98/library/std/src/panicking.rs:316:9
[INFO] [stdout]   11:     0x60fd176ebca0 - <alloc[2182bb758b4b3781]::boxed::Box<dyn for<'a, 'b> core[df12db4294e9bfd3]::ops::function::Fn<(&'a std[70759c8f55707aa4]::panic::PanicHookInfo<'b>,), Output = ()> + core[df12db4294e9bfd3]::marker::Send + core[df12db4294e9bfd3]::marker::Sync> as core[df12db4294e9bfd3]::ops::function::Fn<(&std[70759c8f55707aa4]::panic::PanicHookInfo,)>>::call
[INFO] [stdout]                                at /rustc/dfb0accb7f508ae8be965d8629557221c889dd98/library/alloc/src/boxed.rs:2334:9
[INFO] [stdout]   12:     0x60fd176ebca0 - test[9d35eded1c95d3be]::test_main_inner::<test[9d35eded1c95d3be]::test_main_static::{closure#0}>::{closure#0}
[INFO] [stdout]                                at /rustc/dfb0accb7f508ae8be965d8629557221c889dd98/library/test/src/lib.rs:155:21
[INFO] [stdout]   13:     0x60fd17e46722 - <alloc[2182bb758b4b3781]::boxed::Box<dyn for<'a, 'b> core[df12db4294e9bfd3]::ops::function::Fn<(&'a std[70759c8f55707aa4]::panic::PanicHookInfo<'b>,), Output = ()> + core[df12db4294e9bfd3]::marker::Send + core[df12db4294e9bfd3]::marker::Sync> as core[df12db4294e9bfd3]::ops::function::Fn<(&std[70759c8f55707aa4]::panic::PanicHookInfo,)>>::call
[INFO] [stdout]                                at /rustc/dfb0accb7f508ae8be965d8629557221c889dd98/library/alloc/src/boxed.rs:2334:9
[INFO] [stdout]   14:     0x60fd17e46722 - std[70759c8f55707aa4]::panicking::panic_with_hook
[INFO] [stdout]                                at /rustc/dfb0accb7f508ae8be965d8629557221c889dd98/library/std/src/panicking.rs:823:13
[INFO] [stdout]   15:     0x60fd17e29a32 - std[70759c8f55707aa4]::panicking::panic_handler::{closure#0}
[INFO] [stdout]                                at /rustc/dfb0accb7f508ae8be965d8629557221c889dd98/library/std/src/panicking.rs:688:13
[INFO] [stdout]   16:     0x60fd17e22499 - std[70759c8f55707aa4]::sys::backtrace::__rust_end_short_backtrace::<std[70759c8f55707aa4]::panicking::panic_handler::{closure#0}, !>
[INFO] [stdout]                                at /rustc/dfb0accb7f508ae8be965d8629557221c889dd98/library/std/src/sys/backtrace.rs:182:18
[INFO] [stdout]   17:     0x60fd17e2a8bd - __rustc[8fa7c3cbc660c2b3]::rust_begin_unwind
[INFO] [stdout]                                at /rustc/dfb0accb7f508ae8be965d8629557221c889dd98/library/std/src/panicking.rs:679:5
[INFO] [stdout]   18:     0x60fd17e659cc - core[df12db4294e9bfd3]::panicking::panic_fmt
[INFO] [stdout]                                at /rustc/dfb0accb7f508ae8be965d8629557221c889dd98/library/core/src/panicking.rs:80:14
[INFO] [stdout]   19:     0x60fd17e65863 - core[df12db4294e9bfd3]::panicking::assert_failed_inner
[INFO] [stdout]                                at /rustc/dfb0accb7f508ae8be965d8629557221c889dd98/library/core/src/panicking.rs:452:17
[INFO] [stdout]   20:     0x60fd17d87932 - core[df12db4294e9bfd3]::panicking::assert_failed::<u16, u16>
[INFO] [stdout]                                at /rustc/dfb0accb7f508ae8be965d8629557221c889dd98/library/core/src/panicking.rs:407:5
[INFO] [stdout]   21:     0x60fd176d6019 - daily[2d7674be80d15eb]::all_days_in_a_month::returns_all_days_in_a_month::{closure#0}
[INFO] [stdout]                                at /opt/rustwide/workdir/tests/daily.rs:120:9
[INFO] [stdout]   22:     0x60fd176a2526 - <tokio[ca09e5f576c143ab]::task::local::RunUntil<daily[2d7674be80d15eb]::all_days_in_a_month::returns_all_days_in_a_month::{closure#0}> as core[df12db4294e9bfd3]::future::future::Future>::poll::{closure#0}::{closure#0}
[INFO] [stdout]                                at /opt/rustwide/cargo-home/registry/src/index.crates.io-1949cf8c6b5b557f/tokio-1.18.2/src/task/local.rs:649:67
[INFO] [stdout]   23:     0x60fd176cb4f2 - tokio[ca09e5f576c143ab]::coop::with_budget::<core[df12db4294e9bfd3]::task::poll::Poll<()>, <tokio[ca09e5f576c143ab]::task::local::RunUntil<daily[2d7674be80d15eb]::all_days_in_a_month::returns_all_days_in_a_month::{closure#0}> as core[df12db4294e9bfd3]::future::future::Future>::poll::{closure#0}::{closure#0}>::{closure#0}
[INFO] [stdout]                                at /opt/rustwide/cargo-home/registry/src/index.crates.io-1949cf8c6b5b557f/tokio-1.18.2/src/coop.rs:102:9
[INFO] [stdout]   24:     0x60fd17699187 - <std[70759c8f55707aa4]::thread::local::LocalKey<core[df12db4294e9bfd3]::cell::Cell<tokio[ca09e5f576c143ab]::coop::Budget>>>::try_with::<tokio[ca09e5f576c143ab]::coop::with_budget<core[df12db4294e9bfd3]::task::poll::Poll<()>, <tokio[ca09e5f576c143ab]::task::local::RunUntil<daily[2d7674be80d15eb]::all_days_in_a_month::returns_all_days_in_a_month::{closure#0}> as core[df12db4294e9bfd3]::future::future::Future>::poll::{closure#0}::{closure#0}>::{closure#0}, core[df12db4294e9bfd3]::task::poll::Poll<()>>
[INFO] [stdout]                                at /rustc/dfb0accb7f508ae8be965d8629557221c889dd98/library/std/src/thread/local.rs:463:12
[INFO] [stdout]   25:     0x60fd176979fe - <std[70759c8f55707aa4]::thread::local::LocalKey<core[df12db4294e9bfd3]::cell::Cell<tokio[ca09e5f576c143ab]::coop::Budget>>>::with::<tokio[ca09e5f576c143ab]::coop::with_budget<core[df12db4294e9bfd3]::task::poll::Poll<()>, <tokio[ca09e5f576c143ab]::task::local::RunUntil<daily[2d7674be80d15eb]::all_days_in_a_month::returns_all_days_in_a_month::{closure#0}> as core[df12db4294e9bfd3]::future::future::Future>::poll::{closure#0}::{closure#0}>::{closure#0}, core[df12db4294e9bfd3]::task::poll::Poll<()>>
[INFO] [stdout]                                at /rustc/dfb0accb7f508ae8be965d8629557221c889dd98/library/std/src/thread/local.rs:427:20
[INFO] [stdout]   26:     0x60fd176a58c5 - tokio[ca09e5f576c143ab]::coop::with_budget::<core[df12db4294e9bfd3]::task::poll::Poll<()>, <tokio[ca09e5f576c143ab]::task::local::RunUntil<daily[2d7674be80d15eb]::all_days_in_a_month::returns_all_days_in_a_month::{closure#0}> as core[df12db4294e9bfd3]::future::future::Future>::poll::{closure#0}::{closure#0}>
[INFO] [stdout]                                at /opt/rustwide/cargo-home/registry/src/index.crates.io-1949cf8c6b5b557f/tokio-1.18.2/src/coop.rs:95:13
[INFO] [stdout]   27:     0x60fd176a58c5 - tokio[ca09e5f576c143ab]::coop::budget::<core[df12db4294e9bfd3]::task::poll::Poll<()>, <tokio[ca09e5f576c143ab]::task::local::RunUntil<daily[2d7674be80d15eb]::all_days_in_a_month::returns_all_days_in_a_month::{closure#0}> as core[df12db4294e9bfd3]::future::future::Future>::poll::{closure#0}::{closure#0}>
[INFO] [stdout]                                at /opt/rustwide/cargo-home/registry/src/index.crates.io-1949cf8c6b5b557f/tokio-1.18.2/src/coop.rs:72:5
[INFO] [stdout]   28:     0x60fd176a58c5 - <tokio[ca09e5f576c143ab]::task::local::RunUntil<daily[2d7674be80d15eb]::all_days_in_a_month::returns_all_days_in_a_month::{closure#0}> as core[df12db4294e9bfd3]::future::future::Future>::poll::{closure#0}
[INFO] [stdout]                                at /opt/rustwide/cargo-home/registry/src/index.crates.io-1949cf8c6b5b557f/tokio-1.18.2/src/task/local.rs:649:42
[INFO] [stdout]   29:     0x60fd176c1088 - <tokio[ca09e5f576c143ab]::macros::scoped_tls::ScopedKey<tokio[ca09e5f576c143ab]::task::local::Context>>::set::<<tokio[ca09e5f576c143ab]::task::local::RunUntil<daily[2d7674be80d15eb]::all_days_in_a_month::returns_all_days_in_a_month::{closure#0}> as core[df12db4294e9bfd3]::future::future::Future>::poll::{closure#0}, core[df12db4294e9bfd3]::task::poll::Poll<()>>
[INFO] [stdout]                                at /opt/rustwide/cargo-home/registry/src/index.crates.io-1949cf8c6b5b557f/tokio-1.18.2/src/macros/scoped_tls.rs:61:9
[INFO] [stdout]   30:     0x60fd1769fa1a - <tokio[ca09e5f576c143ab]::task::local::LocalSet>::with::<core[df12db4294e9bfd3]::task::poll::Poll<()>, <tokio[ca09e5f576c143ab]::task::local::RunUntil<daily[2d7674be80d15eb]::all_days_in_a_month::returns_all_days_in_a_month::{closure#0}> as core[df12db4294e9bfd3]::future::future::Future>::poll::{closure#0}>
[INFO] [stdout]                                at /opt/rustwide/cargo-home/registry/src/index.crates.io-1949cf8c6b5b557f/tokio-1.18.2/src/task/local.rs:566:17
[INFO] [stdout]   31:     0x60fd176a9f3b - <tokio[ca09e5f576c143ab]::task::local::RunUntil<daily[2d7674be80d15eb]::all_days_in_a_month::returns_all_days_in_a_month::{closure#0}> as core[df12db4294e9bfd3]::future::future::Future>::poll
[INFO] [stdout]                                at /opt/rustwide/cargo-home/registry/src/index.crates.io-1949cf8c6b5b557f/tokio-1.18.2/src/task/local.rs:639:22
[INFO] [stdout]   32:     0x60fd176a1bac - <tokio[ca09e5f576c143ab]::task::local::LocalSet>::run_until::<daily[2d7674be80d15eb]::all_days_in_a_month::returns_all_days_in_a_month::{closure#0}>::{closure#0}
[INFO] [stdout]                                at /opt/rustwide/cargo-home/registry/src/index.crates.io-1949cf8c6b5b557f/tokio-1.18.2/src/task/local.rs:512:19
[INFO] [stdout]   33:     0x60fd176ceccd - <core[df12db4294e9bfd3]::pin::Pin<&mut <tokio[ca09e5f576c143ab]::task::local::LocalSet>::run_until<daily[2d7674be80d15eb]::all_days_in_a_month::returns_all_days_in_a_month::{closure#0}>::{closure#0}> as core[df12db4294e9bfd3]::future::future::Future>::poll
[INFO] [stdout]                                at /rustc/dfb0accb7f508ae8be965d8629557221c889dd98/library/core/src/future/future.rs:133:9
[INFO] [stdout]   34:     0x60fd1769718d - <tokio[ca09e5f576c143ab]::runtime::basic_scheduler::CoreGuard>::block_on::<core[df12db4294e9bfd3]::pin::Pin<&mut <tokio[ca09e5f576c143ab]::task::local::LocalSet>::run_until<daily[2d7674be80d15eb]::all_days_in_a_month::returns_all_days_in_a_month::{closure#0}>::{closure#0}>>::{closure#0}::{closure#0}::{closure#0}
[INFO] [stdout]                                at /opt/rustwide/cargo-home/registry/src/index.crates.io-1949cf8c6b5b557f/tokio-1.18.2/src/runtime/basic_scheduler.rs:507:64
[INFO] [stdout]   35:     0x60fd176cae62 - tokio[ca09e5f576c143ab]::coop::with_budget::<core[df12db4294e9bfd3]::task::poll::Poll<()>, <tokio[ca09e5f576c143ab]::runtime::basic_scheduler::CoreGuard>::block_on<core[df12db4294e9bfd3]::pin::Pin<&mut <tokio[ca09e5f576c143ab]::task::local::LocalSet>::run_until<daily[2d7674be80d15eb]::all_days_in_a_month::returns_all_days_in_a_month::{closure#0}>::{closure#0}>>::{closure#0}::{closure#0}::{closure#0}>::{closure#0}
[INFO] [stdout]                                at /opt/rustwide/cargo-home/registry/src/index.crates.io-1949cf8c6b5b557f/tokio-1.18.2/src/coop.rs:102:9
[INFO] [stdout]   36:     0x60fd17698bd7 - <std[70759c8f55707aa4]::thread::local::LocalKey<core[df12db4294e9bfd3]::cell::Cell<tokio[ca09e5f576c143ab]::coop::Budget>>>::try_with::<tokio[ca09e5f576c143ab]::coop::with_budget<core[df12db4294e9bfd3]::task::poll::Poll<()>, <tokio[ca09e5f576c143ab]::runtime::basic_scheduler::CoreGuard>::block_on<core[df12db4294e9bfd3]::pin::Pin<&mut <tokio[ca09e5f576c143ab]::task::local::LocalSet>::run_until<daily[2d7674be80d15eb]::all_days_in_a_month::returns_all_days_in_a_month::{closure#0}>::{closure#0}>>::{closure#0}::{closure#0}::{closure#0}>::{closure#0}, core[df12db4294e9bfd3]::task::poll::Poll<()>>
[INFO] [stdout]                                at /rustc/dfb0accb7f508ae8be965d8629557221c889dd98/library/std/src/thread/local.rs:463:12
[INFO] [stdout]   37:     0x60fd176977ce - <std[70759c8f55707aa4]::thread::local::LocalKey<core[df12db4294e9bfd3]::cell::Cell<tokio[ca09e5f576c143ab]::coop::Budget>>>::with::<tokio[ca09e5f576c143ab]::coop::with_budget<core[df12db4294e9bfd3]::task::poll::Poll<()>, <tokio[ca09e5f576c143ab]::runtime::basic_scheduler::CoreGuard>::block_on<core[df12db4294e9bfd3]::pin::Pin<&mut <tokio[ca09e5f576c143ab]::task::local::LocalSet>::run_until<daily[2d7674be80d15eb]::all_days_in_a_month::returns_all_days_in_a_month::{closure#0}>::{closure#0}>>::{closure#0}::{closure#0}::{closure#0}>::{closure#0}, core[df12db4294e9bfd3]::task::poll::Poll<()>>
[INFO] [stdout]                                at /rustc/dfb0accb7f508ae8be965d8629557221c889dd98/library/std/src/thread/local.rs:427:20
[INFO] [stdout]   38:     0x60fd17696c5b - tokio[ca09e5f576c143ab]::coop::with_budget::<core[df12db4294e9bfd3]::task::poll::Poll<()>, <tokio[ca09e5f576c143ab]::runtime::basic_scheduler::CoreGuard>::block_on<core[df12db4294e9bfd3]::pin::Pin<&mut <tokio[ca09e5f576c143ab]::task::local::LocalSet>::run_until<daily[2d7674be80d15eb]::all_days_in_a_month::returns_all_days_in_a_month::{closure#0}>::{closure#0}>>::{closure#0}::{closure#0}::{closure#0}>
[INFO] [stdout]                                at /opt/rustwide/cargo-home/registry/src/index.crates.io-1949cf8c6b5b557f/tokio-1.18.2/src/coop.rs:95:13
[INFO] [stdout]   39:     0x60fd17696c5b - tokio[ca09e5f576c143ab]::coop::budget::<core[df12db4294e9bfd3]::task::poll::Poll<()>, <tokio[ca09e5f576c143ab]::runtime::basic_scheduler::CoreGuard>::block_on<core[df12db4294e9bfd3]::pin::Pin<&mut <tokio[ca09e5f576c143ab]::task::local::LocalSet>::run_until<daily[2d7674be80d15eb]::all_days_in_a_month::returns_all_days_in_a_month::{closure#0}>::{closure#0}>>::{closure#0}::{closure#0}::{closure#0}>
[INFO] [stdout]                                at /opt/rustwide/cargo-home/registry/src/index.crates.io-1949cf8c6b5b557f/tokio-1.18.2/src/coop.rs:72:5
[INFO] [stdout]   40:     0x60fd17696c5b - <tokio[ca09e5f576c143ab]::runtime::basic_scheduler::CoreGuard>::block_on::<core[df12db4294e9bfd3]::pin::Pin<&mut <tokio[ca09e5f576c143ab]::task::local::LocalSet>::run_until<daily[2d7674be80d15eb]::all_days_in_a_month::returns_all_days_in_a_month::{closure#0}>::{closure#0}>>::{closure#0}::{closure#0}
[INFO] [stdout]                                at /opt/rustwide/cargo-home/registry/src/index.crates.io-1949cf8c6b5b557f/tokio-1.18.2/src/runtime/basic_scheduler.rs:507:25
[INFO] [stdout]   41:     0x60fd1768e342 - <tokio[ca09e5f576c143ab]::runtime::basic_scheduler::Context>::enter::<core[df12db4294e9bfd3]::task::poll::Poll<()>, <tokio[ca09e5f576c143ab]::runtime::basic_scheduler::CoreGuard>::block_on<core[df12db4294e9bfd3]::pin::Pin<&mut <tokio[ca09e5f576c143ab]::task::local::LocalSet>::run_until<daily[2d7674be80d15eb]::all_days_in_a_month::returns_all_days_in_a_month::{closure#0}>::{closure#0}>>::{closure#0}::{closure#0}>
[INFO] [stdout]                                at /opt/rustwide/cargo-home/registry/src/index.crates.io-1949cf8c6b5b557f/tokio-1.18.2/src/runtime/basic_scheduler.rs:361:19
[INFO] [stdout]   42:     0x60fd17694fbc - <tokio[ca09e5f576c143ab]::runtime::basic_scheduler::CoreGuard>::block_on::<core[df12db4294e9bfd3]::pin::Pin<&mut <tokio[ca09e5f576c143ab]::task::local::LocalSet>::run_until<daily[2d7674be80d15eb]::all_days_in_a_month::returns_all_days_in_a_month::{closure#0}>::{closure#0}>>::{closure#0}
[INFO] [stdout]                                at /opt/rustwide/cargo-home/registry/src/index.crates.io-1949cf8c6b5b557f/tokio-1.18.2/src/runtime/basic_scheduler.rs:506:44
[INFO] [stdout]   43:     0x60fd17692c44 - <tokio[ca09e5f576c143ab]::runtime::basic_scheduler::CoreGuard>::enter::<<tokio[ca09e5f576c143ab]::runtime::basic_scheduler::CoreGuard>::block_on<core[df12db4294e9bfd3]::pin::Pin<&mut <tokio[ca09e5f576c143ab]::task::local::LocalSet>::run_until<daily[2d7674be80d15eb]::all_days_in_a_month::returns_all_days_in_a_month::{closure#0}>::{closure#0}>>::{closure#0}, ()>::{closure#0}
[INFO] [stdout]                                at /opt/rustwide/cargo-home/registry/src/index.crates.io-1949cf8c6b5b557f/tokio-1.18.2/src/runtime/basic_scheduler.rs:564:57
[INFO] [stdout]   44:     0x60fd176c174d - <tokio[ca09e5f576c143ab]::macros::scoped_tls::ScopedKey<tokio[ca09e5f576c143ab]::runtime::basic_scheduler::Context>>::set::<<tokio[ca09e5f576c143ab]::runtime::basic_scheduler::CoreGuard>::enter<<tokio[ca09e5f576c143ab]::runtime::basic_scheduler::CoreGuard>::block_on<core[df12db4294e9bfd3]::pin::Pin<&mut <tokio[ca09e5f576c143ab]::task::local::LocalSet>::run_until<daily[2d7674be80d15eb]::all_days_in_a_month::returns_all_days_in_a_month::{closure#0}>::{closure#0}>>::{closure#0}, ()>::{closure#0}, (alloc[2182bb758b4b3781]::boxed::Box<tokio[ca09e5f576c143ab]::runtime::basic_scheduler::Core>, ())>
[INFO] [stdout]                                at /opt/rustwide/cargo-home/registry/src/index.crates.io-1949cf8c6b5b557f/tokio-1.18.2/src/macros/scoped_tls.rs:61:9
[INFO] [stdout]   45:     0x60fd176916bc - <tokio[ca09e5f576c143ab]::runtime::basic_scheduler::CoreGuard>::enter::<<tokio[ca09e5f576c143ab]::runtime::basic_scheduler::CoreGuard>::block_on<core[df12db4294e9bfd3]::pin::Pin<&mut <tokio[ca09e5f576c143ab]::task::local::LocalSet>::run_until<daily[2d7674be80d15eb]::all_days_in_a_month::returns_all_days_in_a_month::{closure#0}>::{closure#0}>>::{closure#0}, ()>
[INFO] [stdout]                                at /opt/rustwide/cargo-home/registry/src/index.crates.io-1949cf8c6b5b557f/tokio-1.18.2/src/runtime/basic_scheduler.rs:564:35
[INFO] [stdout]   46:     0x60fd17692185 - <tokio[ca09e5f576c143ab]::runtime::basic_scheduler::CoreGuard>::block_on::<core[df12db4294e9bfd3]::pin::Pin<&mut <tokio[ca09e5f576c143ab]::task::local::LocalSet>::run_until<daily[2d7674be80d15eb]::all_days_in_a_month::returns_all_days_in_a_month::{closure#0}>::{closure#0}>>
[INFO] [stdout]                                at /opt/rustwide/cargo-home/registry/src/index.crates.io-1949cf8c6b5b557f/tokio-1.18.2/src/runtime/basic_scheduler.rs:497:14
[INFO] [stdout]   47:     0x60fd1768cf20 - <tokio[ca09e5f576c143ab]::runtime::basic_scheduler::BasicScheduler>::block_on::<<tokio[ca09e5f576c143ab]::task::local::LocalSet>::run_until<daily[2d7674be80d15eb]::all_days_in_a_month::returns_all_days_in_a_month::{closure#0}>::{closure#0}>
[INFO] [stdout]                                at /opt/rustwide/cargo-home/registry/src/index.crates.io-1949cf8c6b5b557f/tokio-1.18.2/src/runtime/basic_scheduler.rs:173:29
[INFO] [stdout]   48:     0x60fd176b3c74 - <tokio[ca09e5f576c143ab]::runtime::Runtime>::block_on::<<tokio[ca09e5f576c143ab]::task::local::LocalSet>::run_until<daily[2d7674be80d15eb]::all_days_in_a_month::returns_all_days_in_a_month::{closure#0}>::{closure#0}>
[INFO] [stdout]                                at /opt/rustwide/cargo-home/registry/src/index.crates.io-1949cf8c6b5b557f/tokio-1.18.2/src/runtime/mod.rs:475:51
[INFO] [stdout]   49:     0x60fd1769fd3d - <tokio[ca09e5f576c143ab]::task::local::LocalSet>::block_on::<daily[2d7674be80d15eb]::all_days_in_a_month::returns_all_days_in_a_month::{closure#0}>
[INFO] [stdout]                                at /opt/rustwide/cargo-home/registry/src/index.crates.io-1949cf8c6b5b557f/tokio-1.18.2/src/task/local.rs:473:12
[INFO] [stdout]   50:     0x60fd176bd4ab - <actix_rt[8c02a000dd460cd7]::runtime::Runtime>::block_on::<daily[2d7674be80d15eb]::all_days_in_a_month::returns_all_days_in_a_month::{closure#0}>
[INFO] [stdout]                                at /opt/rustwide/cargo-home/registry/src/index.crates.io-1949cf8c6b5b557f/actix-rt-2.7.0/src/runtime.rs:80:20
[INFO] [stdout]   51:     0x60fd176b414f - <actix_rt[8c02a000dd460cd7]::system::SystemRunner>::block_on::<daily[2d7674be80d15eb]::all_days_in_a_month::returns_all_days_in_a_month::{closure#0}>
[INFO] [stdout]                                at /opt/rustwide/cargo-home/registry/src/index.crates.io-1949cf8c6b5b557f/actix-rt-2.7.0/src/system.rs:209:17
[INFO] [stdout]   52:     0x60fd176d7fe4 - daily[2d7674be80d15eb]::all_days_in_a_month::returns_all_days_in_a_month
[INFO] [stdout]                                at /opt/rustwide/workdir/tests/daily.rs:104:5
[INFO] [stdout]   53:     0x60fd176d55c7 - daily[2d7674be80d15eb]::all_days_in_a_month::returns_all_days_in_a_month::{closure#0}
[INFO] [stdout]                                at /opt/rustwide/workdir/tests/daily.rs:105:43
[INFO] [stdout]   54:     0x60fd176ded56 - <daily[2d7674be80d15eb]::all_days_in_a_month::returns_all_days_in_a_month::{closure#0} as core[df12db4294e9bfd3]::ops::function::FnOnce<()>>::call_once
[INFO] [stdout]                                at /rustc/dfb0accb7f508ae8be965d8629557221c889dd98/library/core/src/ops/function.rs:250:5
[INFO] [stdout]   55:     0x60fd176def8b - <fn() -> core[df12db4294e9bfd3]::result::Result<(), alloc[2182bb758b4b3781]::string::String> as core[df12db4294e9bfd3]::ops::function::FnOnce<()>>::call_once
[INFO] [stdout]                                at /rustc/dfb0accb7f508ae8be965d8629557221c889dd98/library/core/src/ops/function.rs:250:5
[INFO] [stdout]   56:     0x60fd176def8b - test[9d35eded1c95d3be]::__rust_begin_short_backtrace::<core[df12db4294e9bfd3]::result::Result<(), alloc[2182bb758b4b3781]::string::String>, fn() -> core[df12db4294e9bfd3]::result::Result<(), alloc[2182bb758b4b3781]::string::String>>
[INFO] [stdout]                                at /rustc/dfb0accb7f508ae8be965d8629557221c889dd98/library/test/src/lib.rs:733:18
[INFO] [stdout]   57:     0x60fd176ec5f5 - test[9d35eded1c95d3be]::run_test_in_process::{closure#0}
[INFO] [stdout]                                at /rustc/dfb0accb7f508ae8be965d8629557221c889dd98/library/test/src/lib.rs:756:74
[INFO] [stdout]   58:     0x60fd176ec5f5 - <core[df12db4294e9bfd3]::panic::unwind_safe::AssertUnwindSafe<test[9d35eded1c95d3be]::run_test_in_process::{closure#0}> as core[df12db4294e9bfd3]::ops::function::FnOnce<()>>::call_once
[INFO] [stdout]                                at /rustc/dfb0accb7f508ae8be965d8629557221c889dd98/library/core/src/panic/unwind_safe.rs:275:9
[INFO] [stdout]   59:     0x60fd176ec5f5 - std[70759c8f55707aa4]::panicking::catch_unwind::do_call::<core[df12db4294e9bfd3]::panic::unwind_safe::AssertUnwindSafe<test[9d35eded1c95d3be]::run_test_in_process::{closure#0}>, core[df12db4294e9bfd3]::result::Result<(), alloc[2182bb758b4b3781]::string::String>>
[INFO] [stdout]                                at /rustc/dfb0accb7f508ae8be965d8629557221c889dd98/library/std/src/panicking.rs:576:43
[INFO] [stdout]   60:     0x60fd176ec5f5 - std[70759c8f55707aa4]::panicking::catch_unwind::<core[df12db4294e9bfd3]::result::Result<(), alloc[2182bb758b4b3781]::string::String>, core[df12db4294e9bfd3]::panic::unwind_safe::AssertUnwindSafe<test[9d35eded1c95d3be]::run_test_in_process::{closure#0}>>
[INFO] [stdout]                                at /rustc/dfb0accb7f508ae8be965d8629557221c889dd98/library/std/src/panicking.rs:544:19
[INFO] [stdout]   61:     0x60fd176ec5f5 - std[70759c8f55707aa4]::panic::catch_unwind::<core[df12db4294e9bfd3]::panic::unwind_safe::AssertUnwindSafe<test[9d35eded1c95d3be]::run_test_in_process::{closure#0}>, core[df12db4294e9bfd3]::result::Result<(), alloc[2182bb758b4b3781]::string::String>>
[INFO] [stdout]                                at /rustc/dfb0accb7f508ae8be965d8629557221c889dd98/library/std/src/panic.rs:359:14
[INFO] [stdout]   62:     0x60fd176ec5f5 - test[9d35eded1c95d3be]::run_test_in_process
[INFO] [stdout]                                at /rustc/dfb0accb7f508ae8be965d8629557221c889dd98/library/test/src/lib.rs:756:27
[INFO] [stdout]   63:     0x60fd176ec5f5 - test[9d35eded1c95d3be]::run_test::{closure#0}
[INFO] [stdout]                                at /rustc/dfb0accb7f508ae8be965d8629557221c889dd98/library/test/src/lib.rs:677:43
[INFO] [stdout]   64:     0x60fd176e5eb4 - test[9d35eded1c95d3be]::run_test::{closure#1}
[INFO] [stdout]                                at /rustc/dfb0accb7f508ae8be965d8629557221c889dd98/library/test/src/lib.rs:707:41
[INFO] [stdout]   65:     0x60fd176e5eb4 - std[70759c8f55707aa4]::sys::backtrace::__rust_begin_short_backtrace::<test[9d35eded1c95d3be]::run_test::{closure#1}, ()>
[INFO] [stdout]                                at /rustc/dfb0accb7f508ae8be965d8629557221c889dd98/library/std/src/sys/backtrace.rs:166:18
[INFO] [stdout]   66:     0x60fd176ef752 - std[70759c8f55707aa4]::thread::lifecycle::spawn_unchecked::<test[9d35eded1c95d3be]::run_test::{closure#1}, ()>::{closure#1}::{closure#0}
[INFO] [stdout]                                at /rustc/dfb0accb7f508ae8be965d8629557221c889dd98/library/std/src/thread/lifecycle.rs:70:13
[INFO] [stdout]   67:     0x60fd176ef752 - <core[df12db4294e9bfd3]::panic::unwind_safe::AssertUnwindSafe<std[70759c8f55707aa4]::thread::lifecycle::spawn_unchecked<test[9d35eded1c95d3be]::run_test::{closure#1}, ()>::{closure#1}::{closure#0}> as core[df12db4294e9bfd3]::ops::function::FnOnce<()>>::call_once
[INFO] [stdout]                                at /rustc/dfb0accb7f508ae8be965d8629557221c889dd98/library/core/src/panic/unwind_safe.rs:275:9
[INFO] [stdout]   68:     0x60fd176ef752 - std[70759c8f55707aa4]::panicking::catch_unwind::do_call::<core[df12db4294e9bfd3]::panic::unwind_safe::AssertUnwindSafe<std[70759c8f55707aa4]::thread::lifecycle::spawn_unchecked<test[9d35eded1c95d3be]::run_test::{closure#1}, ()>::{closure#1}::{closure#0}>, ()>
[INFO] [stdout]                                at /rustc/dfb0accb7f508ae8be965d8629557221c889dd98/library/std/src/panicking.rs:576:43
[INFO] [stdout]   69:     0x60fd176ef752 - std[70759c8f55707aa4]::panicking::catch_unwind::<(), core[df12db4294e9bfd3]::panic::unwind_safe::AssertUnwindSafe<std[70759c8f55707aa4]::thread::lifecycle::spawn_unchecked<test[9d35eded1c95d3be]::run_test::{closure#1}, ()>::{closure#1}::{closure#0}>>
[INFO] [stdout]                                at /rustc/dfb0accb7f508ae8be965d8629557221c889dd98/library/std/src/panicking.rs:544:19
[INFO] [stdout]   70:     0x60fd176ef752 - std[70759c8f55707aa4]::panic::catch_unwind::<core[df12db4294e9bfd3]::panic::unwind_safe::AssertUnwindSafe<std[70759c8f55707aa4]::thread::lifecycle::spawn_unchecked<test[9d35eded1c95d3be]::run_test::{closure#1}, ()>::{closure#1}::{closure#0}>, ()>
[INFO] [stdout]                                at /rustc/dfb0accb7f508ae8be965d8629557221c889dd98/library/std/src/panic.rs:359:14
[INFO] [stdout]   71:     0x60fd176ef752 - std[70759c8f55707aa4]::thread::lifecycle::spawn_unchecked::<test[9d35eded1c95d3be]::run_test::{closure#1}, ()>::{closure#1}
[INFO] [stdout]                                at /rustc/dfb0accb7f508ae8be965d8629557221c889dd98/library/std/src/thread/lifecycle.rs:68:26
[INFO] [stdout]   72:     0x60fd176ef752 - <std[70759c8f55707aa4]::thread::lifecycle::spawn_unchecked<test[9d35eded1c95d3be]::run_test::{closure#1}, ()>::{closure#1} as core[df12db4294e9bfd3]::ops::function::FnOnce<()>>::call_once::{shim:vtable#0}
[INFO] [stdout]                                at /rustc/dfb0accb7f508ae8be965d8629557221c889dd98/library/core/src/ops/function.rs:250:5
[INFO] [stdout]   73:     0x60fd17e4d9e9 - <alloc[2182bb758b4b3781]::boxed::Box<dyn core[df12db4294e9bfd3]::ops::function::FnOnce<(), Output = ()> + core[df12db4294e9bfd3]::marker::Send> as core[df12db4294e9bfd3]::ops::function::FnOnce<()>>::call_once
[INFO] [stdout]                                at /rustc/dfb0accb7f508ae8be965d8629557221c889dd98/library/alloc/src/boxed.rs:2320:9
[INFO] [stdout]   74:     0x60fd17e4d9e9 - <std[70759c8f55707aa4]::sys::thread::unix::Thread>::new::thread_start
[INFO] [stdout]                                at /rustc/dfb0accb7f508ae8be965d8629557221c889dd98/library/std/src/sys/thread/unix.rs:123:17
[INFO] [stdout]   75:     0x7dd8d0957dfa - <unknown>
[INFO] [stdout]   76:     0x7dd8d09eb3d4 - clone
[INFO] [stdout]   77:                0x0 - <unknown>
[INFO] [stdout] 
[INFO] [stdout] 
[INFO] [stdout] failures:
[INFO] [stdout]     all_days::returns_all_days
[INFO] [stdout]     all_days_in_a_month::returns_404_given_invalid_month
[INFO] [stdout]     all_days_in_a_month::returns_all_days_in_a_month
[INFO] [stdout]     all_days_in_a_year::returns_404_given_invalid_year
[INFO] [stdout]     all_days_in_a_year::returns_all_days_in_a_year
[INFO] [stdout]     specific_day::returns_200_given_valid_day
[INFO] [stdout]     specific_day::returns_404_given_invalid_day
[INFO] [stdout] 
[INFO] [stdout] test result: FAILED. 0 passed; 7 failed; 0 ignored; 0 measured; 0 filtered out; finished in 0.20s
[INFO] [stdout] 
[INFO] [stderr] error: test failed, to rerun pass `--test daily`
[INFO] running `Command { std: "docker" "inspect" "4125d3295043e32e9e2d2414d2d9386a9bcf4f1c6fd0e600d15447a848c18bc9", kill_on_drop: false }`
[INFO] running `Command { std: "docker" "rm" "-f" "4125d3295043e32e9e2d2414d2d9386a9bcf4f1c6fd0e600d15447a848c18bc9", kill_on_drop: false }`
[INFO] [stdout] 4125d3295043e32e9e2d2414d2d9386a9bcf4f1c6fd0e600d15447a848c18bc9
