[INFO] cloning repository https://github.com/YuH25JP/rusty-book-manager
[INFO] running `Command { std: "git" "-c" "credential.helper=" "-c" "credential.helper=/workspace/cargo-home/bin/git-credential-null" "clone" "--bare" "https://github.com/YuH25JP/rusty-book-manager" "/workspace/cache/git-repos/https%3A%2F%2Fgithub.com%2FYuH25JP%2Frusty-book-manager", kill_on_drop: false }`
[INFO] [stderr] Cloning into bare repository '/workspace/cache/git-repos/https%3A%2F%2Fgithub.com%2FYuH25JP%2Frusty-book-manager'...
[INFO] running `Command { std: "git" "rev-parse" "HEAD", kill_on_drop: false }`
[INFO] [stdout] e36355f68d43e9aedeb4c46f0f76c4dd8f9a84e0
[INFO] testing YuH25JP/rusty-book-manager against 1.99.0-beta.8 for beta-1.100-3
[INFO] running `Command { std: "git" "clone" "/workspace/cache/git-repos/https%3A%2F%2Fgithub.com%2FYuH25JP%2Frusty-book-manager" "/workspace/builds/worker-0-tc1/source", kill_on_drop: false }`
[INFO] [stderr] Cloning into '/workspace/builds/worker-0-tc1/source'...
[INFO] [stderr] done.
[INFO] removed /workspace/builds/worker-0-tc1/source/rust-toolchain.toml
[INFO] started tweaking git repo https://github.com/YuH25JP/rusty-book-manager
[INFO] finished tweaking git repo https://github.com/YuH25JP/rusty-book-manager
[INFO] tweaked toml for git repo https://github.com/YuH25JP/rusty-book-manager written to /workspace/builds/worker-0-tc1/source/Cargo.toml
[INFO] validating manifest of git repo https://github.com/YuH25JP/rusty-book-manager on toolchain 1.99.0-beta.8
[INFO] running `Command { std: CARGO_HOME="/workspace/cargo-home" RUSTUP_HOME="/workspace/rustup-home" "/workspace/cargo-home/bin/cargo" "+1.99.0-beta.8" "metadata" "--manifest-path" "Cargo.toml" "--no-deps", kill_on_drop: false }`
[INFO] crate git repo https://github.com/YuH25JP/rusty-book-manager already has a lockfile, it will not be regenerated
[INFO] running `Command { std: CARGO_HOME="/workspace/cargo-home" RUSTUP_HOME="/workspace/rustup-home" "/workspace/cargo-home/bin/cargo" "+1.99.0-beta.8" "fetch" "--manifest-path" "Cargo.toml", kill_on_drop: false }`
[INFO] [stderr]     Updating crates.io index
[INFO] [stderr]  Downloading crates ...
[INFO] [stderr]   Downloaded uuid v1.21.0
[INFO] [stderr]   Downloaded wasm-bindgen v0.2.110
[INFO] [stderr]   Downloaded wasm-bindgen-shared v0.2.110
[INFO] [stderr]   Downloaded sqlx-sqlite v0.7.4
[INFO] [stderr]   Downloaded wasm-bindgen-macro v0.2.110
[INFO] [stderr]   Downloaded redox_syscall v0.7.1
[INFO] [stderr]   Downloaded sqlx-macros v0.7.4
[INFO] [stderr]   Downloaded sqlformat v0.2.6
[INFO] [stderr]   Downloaded sqlx-mysql v0.7.4
[INFO] [stderr]   Downloaded sqlx-macros-core v0.7.4
[INFO] [stderr]   Downloaded rstest v0.18.2
[INFO] [stderr]   Downloaded wasm-bindgen-macro-support v0.2.110
[INFO] [stderr]   Downloaded axum-macros v0.4.2
[INFO] [stderr]   Downloaded js-sys v0.3.87
[INFO] [stderr]   Downloaded rstest_macros v0.18.2
[INFO] [stderr]   Downloaded tempfile v3.25.0
[INFO] [stderr]   Downloaded sqlx-core v0.7.4
[INFO] [stderr]   Downloaded sqlx-postgres v0.7.4
[INFO] [stderr]   Downloaded sqlx v0.7.4
[INFO] [stderr]   Downloaded regex-syntax v0.8.9
[INFO] [stderr]   Downloaded libsqlite3-sys v0.27.0
[INFO] running `Command { std: "docker" "create" "-v" "/var/lib/crater-agent-workspace/builds/worker-0-tc1/source:/opt/rustwide/workdir:ro,Z" "-v" "/var/lib/crater-agent-workspace/builds/worker-0-tc1/target:/opt/rustwide/target:rw,Z" "-v" "/var/lib/crater-agent-workspace/cargo-home:/opt/rustwide/cargo-home:ro,Z" "-v" "/var/lib/crater-agent-workspace/rustup-home:/opt/rustwide/rustup-home:ro,Z" "-m" "1610612736" "--network" "none" "ghcr.io/rust-lang/crates-build-env/linux@sha256:77db811e55d90add9212f6832c23229e3de5f1c1f9905e8cb07319ea15df73ac" "sleep" "infinity", kill_on_drop: false }`
[INFO] [stdout] a0c615f446107c544d125aa583eb906600151fe12374e0e0c31999a9ceb9fce5
[INFO] running `Command { std: "docker" "start" "a0c615f446107c544d125aa583eb906600151fe12374e0e0c31999a9ceb9fce5", kill_on_drop: false }`
[INFO] running `Command { std: "docker" "inspect" "a0c615f446107c544d125aa583eb906600151fe12374e0e0c31999a9ceb9fce5", kill_on_drop: false }`
[INFO] running `Command { std: "docker" "exec" "-e" "SOURCE_DIR=/opt/rustwide/workdir" "-e" "CARGO_HOME=/opt/rustwide/cargo-home" "-e" "RUSTUP_HOME=/opt/rustwide/rustup-home" "-e" "CARGO_TARGET_DIR=/opt/rustwide/target" "-w" "/opt/rustwide/workdir" "--user" "0:0" "a0c615f446107c544d125aa583eb906600151fe12374e0e0c31999a9ceb9fce5" "/opt/rustwide/cargo-home/bin/cargo" "+1.99.0-beta.8" "metadata" "--no-deps" "--format-version=1", kill_on_drop: false }`
[INFO] running `Command { std: "docker" "inspect" "a0c615f446107c544d125aa583eb906600151fe12374e0e0c31999a9ceb9fce5", kill_on_drop: false }`
[INFO] running `Command { std: "docker" "exec" "-e" "SOURCE_DIR=/opt/rustwide/workdir" "-e" "CARGO_HOME=/opt/rustwide/cargo-home" "-e" "RUSTUP_HOME=/opt/rustwide/rustup-home" "-e" "CARGO_TARGET_DIR=/opt/rustwide/target" "-e" "CARGO_INCREMENTAL=0" "-e" "RUST_BACKTRACE=full" "-e" "RUSTFLAGS=--cap-lints=warn" "-e" "RUSTDOCFLAGS=--cap-lints=warn" "-w" "/opt/rustwide/workdir" "--user" "0:0" "a0c615f446107c544d125aa583eb906600151fe12374e0e0c31999a9ceb9fce5" "/opt/rustwide/cargo-home/bin/cargo" "+1.99.0-beta.8" "build" "--frozen" "--message-format=json", kill_on_drop: false }`
[INFO] [stderr]    Compiling proc-macro2 v1.0.106
[INFO] [stderr]    Compiling quote v1.0.44
[INFO] [stderr]    Compiling unicode-ident v1.0.24
[INFO] [stderr]    Compiling libc v0.2.182
[INFO] [stderr]    Compiling cfg-if v1.0.4
[INFO] [stderr]    Compiling version_check v0.9.5
[INFO] [stderr]    Compiling stable_deref_trait v1.2.1
[INFO] [stderr]    Compiling typenum v1.19.0
[INFO] [stderr]    Compiling futures-core v0.3.32
[INFO] [stderr]    Compiling parking_lot_core v0.9.12
[INFO] [stderr]    Compiling bytes v1.11.1
[INFO] [stderr]    Compiling pin-project-lite v0.2.16
[INFO] [stderr]    Compiling writeable v0.6.2
[INFO] [stderr]    Compiling litemap v0.8.1
[INFO] [stderr]    Compiling scopeguard v1.2.0
[INFO] [stderr]    Compiling subtle v2.6.1
[INFO] [stderr]    Compiling icu_normalizer_data v2.1.1
[INFO] [stderr]    Compiling itoa v1.0.17
[INFO] [stderr]    Compiling lock_api v0.4.14
[INFO] [stderr]    Compiling icu_properties_data v2.1.2
[INFO] [stderr]    Compiling once_cell v1.21.3
[INFO] [stderr]    Compiling smallvec v1.15.1
[INFO] [stderr]    Compiling serde_core v1.0.228
[INFO] [stderr]    Compiling zerocopy v0.8.39
[INFO] [stderr]    Compiling futures-sink v0.3.32
[INFO] [stderr]    Compiling memchr v2.8.0
[INFO] [stderr]    Compiling percent-encoding v2.3.2
[INFO] [stderr]    Compiling getrandom v0.3.4
[INFO] [stderr]    Compiling serde v1.0.228
[INFO] [stderr]    Compiling autocfg v1.5.0
[INFO] [stderr]    Compiling tracing-core v0.1.36
[INFO] [stderr]    Compiling futures-io v0.3.32
[INFO] [stderr]    Compiling generic-array v0.14.7
[INFO] [stderr]    Compiling ahash v0.8.12
[INFO] [stderr]    Compiling log v0.4.29
[INFO] [stderr]    Compiling futures-task v0.3.32
[INFO] [stderr]    Compiling zmij v1.0.21
[INFO] [stderr]    Compiling slab v0.4.12
[INFO] [stderr]    Compiling utf8_iter v1.0.4
[INFO] [stderr]    Compiling crossbeam-utils v0.8.21
[INFO] [stderr]    Compiling serde_json v1.0.149
[INFO] [stderr]    Compiling thiserror v1.0.69
[INFO] [stderr]    Compiling cpufeatures v0.2.17
[INFO] [stderr]    Compiling allocator-api2 v0.2.21
[INFO] [stderr]    Compiling paste v1.0.15
[INFO] [stderr]    Compiling futures-util v0.3.32
[INFO] [stderr]    Compiling nom v7.1.3
[INFO] [stderr]    Compiling num-traits v0.2.19
[INFO] [stderr]    Compiling unicode_categories v0.1.1
[INFO] [stderr]    Compiling crc-catalog v2.4.0
[INFO] [stderr]    Compiling equivalent v1.0.2
[INFO] [stderr]    Compiling iana-time-zone v0.1.65
[INFO] [stderr]    Compiling tinyvec_macros v0.1.1
[INFO] [stderr]    Compiling hashbrown v0.16.1
[INFO] [stderr]    Compiling tinyvec v1.10.0
[INFO] [stderr]    Compiling crc v3.4.0
[INFO] [stderr]    Compiling byteorder v1.5.0
[INFO] [stderr]    Compiling syn v2.0.117
[INFO] [stderr]    Compiling uuid v1.21.0
[INFO] [stderr]    Compiling hex v0.4.3
[INFO] [stderr]    Compiling event-listener v2.5.3
[INFO] [stderr]    Compiling crossbeam-queue v0.3.12
[INFO] [stderr]    Compiling http v1.4.0
[INFO] [stderr]    Compiling form_urlencoded v1.2.2
[INFO] [stderr]    Compiling mio v1.1.1
[INFO] [stderr]    Compiling socket2 v0.6.2
[INFO] [stderr]    Compiling errno v0.3.14
[INFO] [stderr]    Compiling getrandom v0.2.17
[INFO] [stderr]    Compiling signal-hook-registry v1.4.8
[INFO] [stderr]    Compiling unicode-normalization v0.1.25
[INFO] [stderr]    Compiling parking_lot v0.12.5
[INFO] [stderr]    Compiling indexmap v2.13.0
[INFO] [stderr]    Compiling rand_core v0.6.4
[INFO] [stderr]    Compiling tokio v1.49.0
[INFO] [stderr]    Compiling futures-channel v0.3.32
[INFO] [stderr]    Compiling unicode-properties v0.1.4
[INFO] [stderr]    Compiling unicode-bidi v0.3.18
[INFO] [stderr]    Compiling getrandom v0.4.1
[INFO] [stderr]    Compiling atoi v2.0.0
[INFO] [stderr]    Compiling chrono v0.4.43
[INFO] [stderr]    Compiling bitflags v2.11.0
[INFO] [stderr]    Compiling rustix v1.1.3
[INFO] [stderr]    Compiling futures-intrusive v0.5.0
[INFO] [stderr]    Compiling http-body v1.0.1
[INFO] [stderr]    Compiling block-buffer v0.10.4
[INFO] [stderr]    Compiling crypto-common v0.1.7
[INFO] [stderr]    Compiling digest v0.10.7
[INFO] [stderr]    Compiling stringprep v0.1.5
[INFO] [stderr]    Compiling base64 v0.21.7
[INFO] [stderr]    Compiling linux-raw-sys v0.11.0
[INFO] [stderr]    Compiling whoami v1.6.1
[INFO] [stderr]    Compiling httparse v1.10.1
[INFO] [stderr]    Compiling sha2 v0.10.9
[INFO] [stderr]    Compiling hmac v0.12.1
[INFO] [stderr]    Compiling dotenvy v0.15.7
[INFO] [stderr]    Compiling syn v1.0.109
[INFO] [stderr]    Compiling home v0.5.12
[INFO] [stderr]    Compiling hkdf v0.12.4
[INFO] [stderr]    Compiling md-5 v0.10.6
[INFO] [stderr]    Compiling fastrand v2.3.0
[INFO] [stderr]    Compiling rustversion v1.0.22
[INFO] [stderr]    Compiling tower-service v0.3.3
[INFO] [stderr]    Compiling sqlformat v0.2.6
[INFO] [stderr]    Compiling unicode-segmentation v1.12.0
[INFO] [stderr]    Compiling pin-utils v0.1.0
[INFO] [stderr]    Compiling atomic-waker v1.1.2
[INFO] [stderr]    Compiling tower-layer v0.3.3
[INFO] [stderr]    Compiling httpdate v1.0.3
[INFO] [stderr]    Compiling heck v0.4.1
[INFO] [stderr]    Compiling sync_wrapper v1.0.2
[INFO] [stderr]    Compiling http-body-util v0.1.3
[INFO] [stderr]    Compiling mime v0.3.17
[INFO] [stderr]    Compiling anyhow v1.0.102
[INFO] [stderr]    Compiling ryu v1.0.23
[INFO] [stderr]    Compiling serde_path_to_error v0.1.20
[INFO] [stderr]    Compiling matchit v0.7.3
[INFO] [stderr]    Compiling tempfile v3.25.0
[INFO] [stderr]    Compiling ppv-lite86 v0.2.21
[INFO] [stderr]    Compiling hashbrown v0.14.5
[INFO] [stderr]    Compiling rand_chacha v0.3.1
[INFO] [stderr]    Compiling synstructure v0.13.2
[INFO] [stderr]    Compiling rand v0.8.5
[INFO] [stderr]    Compiling hashlink v0.8.4
[INFO] [stderr]    Compiling zerofrom-derive v0.1.6
[INFO] [stderr]    Compiling yoke-derive v0.8.1
[INFO] [stderr]    Compiling zerovec-derive v0.11.2
[INFO] [stderr]    Compiling displaydoc v0.2.5
[INFO] [stderr]    Compiling serde_derive v1.0.228
[INFO] [stderr]    Compiling tracing-attributes v0.1.31
[INFO] [stderr]    Compiling tokio-macros v2.6.0
[INFO] [stderr]    Compiling thiserror-impl v1.0.69
[INFO] [stderr]    Compiling async-trait v0.1.89
[INFO] [stderr]    Compiling axum-macros v0.4.2
[INFO] [stderr]    Compiling tokio-stream v0.1.18
[INFO] [stderr]    Compiling zerofrom v0.1.6
[INFO] [stderr]    Compiling tracing v0.1.44
[INFO] [stderr]    Compiling yoke v0.8.1
[INFO] [stderr]    Compiling axum-core v0.4.5
[INFO] [stderr]    Compiling zerovec v0.11.5
[INFO] [stderr]    Compiling zerotrie v0.2.3
[INFO] [stderr]    Compiling tinystr v0.8.2
[INFO] [stderr]    Compiling potential_utf v0.1.4
[INFO] [stderr]    Compiling icu_locale_core v2.1.1
[INFO] [stderr]    Compiling icu_collections v2.1.1
[INFO] [stderr]    Compiling icu_provider v2.1.1
[INFO] [stderr]    Compiling either v1.15.0
[INFO] [stderr]    Compiling serde_urlencoded v0.7.1
[INFO] [stderr]    Compiling icu_properties v2.1.2
[INFO] [stderr]    Compiling icu_normalizer v2.1.1
[INFO] [stderr]    Compiling idna_adapter v1.2.1
[INFO] [stderr]    Compiling idna v1.1.0
[INFO] [stderr]    Compiling url v2.5.8
[INFO] [stderr]    Compiling sqlx-core v0.7.4
[INFO] [stderr]    Compiling hyper v1.8.1
[INFO] [stderr]    Compiling tower v0.5.3
[INFO] [stderr]    Compiling hyper-util v0.1.20
[INFO] [stderr]    Compiling axum v0.7.9
[INFO] [stderr]    Compiling sqlx-postgres v0.7.4
[INFO] [stderr]    Compiling sqlx-macros-core v0.7.4
[INFO] [stderr]    Compiling sqlx-macros v0.7.4
[INFO] [stderr]    Compiling sqlx v0.7.4
[INFO] [stderr]    Compiling rusty-book-manager v0.1.0 (/opt/rustwide/workdir)
[INFO] [stderr]     Finished `dev` profile [unoptimized + debuginfo] target(s) in 1m 19s
[INFO] [stderr] warning: the following packages contain code that will be rejected by a future version of Rust: sqlx-postgres v0.7.4
[INFO] [stderr] note: to see what the problems were, use the option `--future-incompat-report`, or run `cargo report future-incompatibilities --id 2`
[INFO] running `Command { std: "docker" "inspect" "a0c615f446107c544d125aa583eb906600151fe12374e0e0c31999a9ceb9fce5", kill_on_drop: false }`
[INFO] running `Command { std: "docker" "exec" "-e" "SOURCE_DIR=/opt/rustwide/workdir" "-e" "CARGO_HOME=/opt/rustwide/cargo-home" "-e" "RUSTUP_HOME=/opt/rustwide/rustup-home" "-e" "CARGO_TARGET_DIR=/opt/rustwide/target" "-e" "CARGO_INCREMENTAL=0" "-e" "RUST_BACKTRACE=full" "-e" "RUSTFLAGS=--cap-lints=warn" "-e" "RUSTDOCFLAGS=--cap-lints=warn" "-w" "/opt/rustwide/workdir" "--user" "0:0" "a0c615f446107c544d125aa583eb906600151fe12374e0e0c31999a9ceb9fce5" "/opt/rustwide/cargo-home/bin/cargo" "+1.99.0-beta.8" "test" "--frozen" "--no-run" "--message-format=json", kill_on_drop: false }`
[INFO] [stderr]    Compiling futures-sink v0.3.32
[INFO] [stderr]    Compiling futures-macro v0.3.32
[INFO] [stderr]    Compiling semver v1.0.27
[INFO] [stderr]    Compiling aho-corasick v1.1.4
[INFO] [stderr]    Compiling regex-syntax v0.8.9
[INFO] [stderr]    Compiling glob v0.3.3
[INFO] [stderr]    Compiling relative-path v1.9.3
[INFO] [stderr]    Compiling futures-timer v3.0.3
[INFO] [stderr]    Compiling futures-channel v0.3.32
[INFO] [stderr]    Compiling futures-util v0.3.32
[INFO] [stderr]    Compiling rustc_version v0.4.1
[INFO] [stderr]    Compiling hyper v1.8.1
[INFO] [stderr]    Compiling rstest_macros v0.18.2
[INFO] [stderr]    Compiling hyper-util v0.1.20
[INFO] [stderr]    Compiling regex-automata v0.4.14
[INFO] [stderr]    Compiling sqlx-core v0.7.4
[INFO] [stderr]    Compiling futures-executor v0.3.32
[INFO] [stderr]    Compiling axum-core v0.4.5
[INFO] [stderr]    Compiling tower v0.5.3
[INFO] [stderr]    Compiling futures v0.3.32
[INFO] [stderr]    Compiling regex v1.12.3
[INFO] [stderr]    Compiling sqlx-postgres v0.7.4
[INFO] [stderr]    Compiling axum v0.7.9
[INFO] [stderr]    Compiling rstest v0.18.2
[INFO] [stderr]    Compiling sqlx-macros-core v0.7.4
[INFO] [stderr]    Compiling sqlx-macros v0.7.4
[INFO] [stderr]    Compiling sqlx v0.7.4
[INFO] [stderr]    Compiling rusty-book-manager v0.1.0 (/opt/rustwide/workdir)
[INFO] [stderr]     Finished `test` profile [unoptimized + debuginfo] target(s) in 25.97s
[INFO] [stderr] warning: the following packages contain code that will be rejected by a future version of Rust: sqlx-postgres v0.7.4
[INFO] [stderr] note: to see what the problems were, use the option `--future-incompat-report`, or run `cargo report future-incompatibilities --id 2`
[INFO] running `Command { std: "docker" "inspect" "a0c615f446107c544d125aa583eb906600151fe12374e0e0c31999a9ceb9fce5", kill_on_drop: false }`
[INFO] running `Command { std: "docker" "exec" "-e" "SOURCE_DIR=/opt/rustwide/workdir" "-e" "CARGO_HOME=/opt/rustwide/cargo-home" "-e" "RUSTUP_HOME=/opt/rustwide/rustup-home" "-e" "CARGO_TARGET_DIR=/opt/rustwide/target" "-e" "CARGO_INCREMENTAL=0" "-e" "RUST_BACKTRACE=full" "-e" "RUSTFLAGS=--cap-lints=warn" "-e" "RUSTDOCFLAGS=--cap-lints=warn" "-w" "/opt/rustwide/workdir" "--user" "0:0" "a0c615f446107c544d125aa583eb906600151fe12374e0e0c31999a9ceb9fce5" "/opt/rustwide/cargo-home/bin/cargo" "+1.99.0-beta.8" "test" "--frozen", kill_on_drop: false }`
[INFO] [stderr]     Finished `test` profile [unoptimized + debuginfo] target(s) in 0.34s
[INFO] [stderr] warning: the following packages contain code that will be rejected by a future version of Rust: sqlx-postgres v0.7.4
[INFO] [stderr] note: to see what the problems were, use the option `--future-incompat-report`, or run `cargo report future-incompatibilities --id 2`
[INFO] [stderr]      Running unittests src/main.rs (/opt/rustwide/target/debug/deps/rusty_book_manager-f2ceadc6ce13ac5b)
[INFO] [stdout] 
[INFO] [stdout] running 2 tests
[INFO] [stdout] test health_check_works ... ok
[INFO] [stdout] test health_check_db_works ... FAILED
[INFO] [stdout] 
[INFO] [stdout] failures:
[INFO] [stdout] 
[INFO] [stdout] ---- health_check_db_works stdout ----
[INFO] [stdout] 
[INFO] [stdout] thread 'health_check_db_works' (3303) panicked at /opt/rustwide/cargo-home/registry/src/index.crates.io-1949cf8c6b5b557f/sqlx-postgres-0.7.4/src/testing/mod.rs:81:44:
[INFO] [stdout] DATABASE_URL must be set: EnvVar(NotPresent)
[INFO] [stdout] stack backtrace:
[INFO] [stdout]    0:     0x5dfa84f63821 - std[70759c8f55707aa4]::backtrace_rs::backtrace::libunwind::trace
[INFO] [stdout]                                at /rustc/dfb0accb7f508ae8be965d8629557221c889dd98/library/std/src/../../backtrace/src/backtrace/libunwind.rs:117:9
[INFO] [stdout]    1:     0x5dfa84f63821 - std[70759c8f55707aa4]::backtrace_rs::backtrace::trace_unsynchronized::<std[70759c8f55707aa4]::sys::backtrace::_print_fmt::{closure#1}>
[INFO] [stdout]                                at /rustc/dfb0accb7f508ae8be965d8629557221c889dd98/library/std/src/../../backtrace/src/backtrace/mod.rs:66:14
[INFO] [stdout]    2:     0x5dfa84f63821 - std[70759c8f55707aa4]::sys::backtrace::_print_fmt
[INFO] [stdout]                                at /rustc/dfb0accb7f508ae8be965d8629557221c889dd98/library/std/src/sys/backtrace.rs:74:9
[INFO] [stdout]    3:     0x5dfa84f63821 - <<std[70759c8f55707aa4]::sys::backtrace::BacktraceLock>::print::DisplayBacktrace as core[df12db4294e9bfd3]::fmt::Display>::fmt
[INFO] [stdout]                                at /rustc/dfb0accb7f508ae8be965d8629557221c889dd98/library/std/src/sys/backtrace.rs:44:26
[INFO] [stdout]    4:     0x5dfa84f7acea - <core[df12db4294e9bfd3]::fmt::rt::Argument>::fmt
[INFO] [stdout]                                at /rustc/dfb0accb7f508ae8be965d8629557221c889dd98/library/core/src/fmt/rt.rs:152:76
[INFO] [stdout]    5:     0x5dfa84f7acea - core[df12db4294e9bfd3]::fmt::write
[INFO] [stdout]    6:     0x5dfa84f6824c - core[df12db4294e9bfd3]::io::write::default_write_fmt::<alloc[2182bb758b4b3781]::vec::Vec<u8>>
[INFO] [stdout]                                at /rustc/dfb0accb7f508ae8be965d8629557221c889dd98/library/core/src/io/write.rs:402:11
[INFO] [stdout]    7:     0x5dfa84f6824c - <alloc[2182bb758b4b3781]::vec::Vec<u8> as core[df12db4294e9bfd3]::io::write::Write>::write_fmt
[INFO] [stdout]                                at /rustc/dfb0accb7f508ae8be965d8629557221c889dd98/library/core/src/io/write.rs:335:13
[INFO] [stdout]    8:     0x5dfa84f3e8a6 - <std[70759c8f55707aa4]::sys::backtrace::BacktraceLock>::print
[INFO] [stdout]                                at /rustc/dfb0accb7f508ae8be965d8629557221c889dd98/library/std/src/sys/backtrace.rs:47:9
[INFO] [stdout]    9:     0x5dfa84f3e8a6 - std[70759c8f55707aa4]::panicking::default_hook::{closure#0}
[INFO] [stdout]                                at /rustc/dfb0accb7f508ae8be965d8629557221c889dd98/library/std/src/panicking.rs:292:27
[INFO] [stdout]   10:     0x5dfa84f5b639 - std[70759c8f55707aa4]::panicking::default_hook
[INFO] [stdout]                                at /rustc/dfb0accb7f508ae8be965d8629557221c889dd98/library/std/src/panicking.rs:316:9
[INFO] [stdout]   11:     0x5dfa84be6e60 - <alloc[2182bb758b4b3781]::boxed::Box<dyn for<'a, 'b> core[df12db4294e9bfd3]::ops::function::Fn<(&'a std[70759c8f55707aa4]::panic::PanicHookInfo<'b>,), Output = ()> + core[df12db4294e9bfd3]::marker::Send + core[df12db4294e9bfd3]::marker::Sync> as core[df12db4294e9bfd3]::ops::function::Fn<(&std[70759c8f55707aa4]::panic::PanicHookInfo,)>>::call
[INFO] [stdout]                                at /rustc/dfb0accb7f508ae8be965d8629557221c889dd98/library/alloc/src/boxed.rs:2334:9
[INFO] [stdout]   12:     0x5dfa84be6e60 - test[9d35eded1c95d3be]::test_main_inner::<test[9d35eded1c95d3be]::test_main_static::{closure#0}>::{closure#0}
[INFO] [stdout]                                at /rustc/dfb0accb7f508ae8be965d8629557221c889dd98/library/test/src/lib.rs:155:21
[INFO] [stdout]   13:     0x5dfa84f5b962 - <alloc[2182bb758b4b3781]::boxed::Box<dyn for<'a, 'b> core[df12db4294e9bfd3]::ops::function::Fn<(&'a std[70759c8f55707aa4]::panic::PanicHookInfo<'b>,), Output = ()> + core[df12db4294e9bfd3]::marker::Send + core[df12db4294e9bfd3]::marker::Sync> as core[df12db4294e9bfd3]::ops::function::Fn<(&std[70759c8f55707aa4]::panic::PanicHookInfo,)>>::call
[INFO] [stdout]                                at /rustc/dfb0accb7f508ae8be965d8629557221c889dd98/library/alloc/src/boxed.rs:2334:9
[INFO] [stdout]   14:     0x5dfa84f5b962 - std[70759c8f55707aa4]::panicking::panic_with_hook
[INFO] [stdout]                                at /rustc/dfb0accb7f508ae8be965d8629557221c889dd98/library/std/src/panicking.rs:823:13
[INFO] [stdout]   15:     0x5dfa84f3e952 - std[70759c8f55707aa4]::panicking::panic_handler::{closure#0}
[INFO] [stdout]                                at /rustc/dfb0accb7f508ae8be965d8629557221c889dd98/library/std/src/panicking.rs:688:13
[INFO] [stdout]   16:     0x5dfa84f373b9 - std[70759c8f55707aa4]::sys::backtrace::__rust_end_short_backtrace::<std[70759c8f55707aa4]::panicking::panic_handler::{closure#0}, !>
[INFO] [stdout]                                at /rustc/dfb0accb7f508ae8be965d8629557221c889dd98/library/std/src/sys/backtrace.rs:182:18
[INFO] [stdout]   17:     0x5dfa84f3f7dd - __rustc[8fa7c3cbc660c2b3]::rust_begin_unwind
[INFO] [stdout]                                at /rustc/dfb0accb7f508ae8be965d8629557221c889dd98/library/std/src/panicking.rs:679:5
[INFO] [stdout]   18:     0x5dfa84f7b50c - core[df12db4294e9bfd3]::panicking::panic_fmt
[INFO] [stdout]                                at /rustc/dfb0accb7f508ae8be965d8629557221c889dd98/library/core/src/panicking.rs:80:14
[INFO] [stdout]   19:     0x5dfa84f7b262 - core[df12db4294e9bfd3]::result::unwrap_failed
[INFO] [stdout]                                at /rustc/dfb0accb7f508ae8be965d8629557221c889dd98/library/core/src/result.rs:1871:5
[INFO] [stdout]   20:     0x5dfa84c474ab - <core[df12db4294e9bfd3]::result::Result<alloc[2182bb758b4b3781]::string::String, dotenvy[90abd6cc0a2034c8]::errors::Error>>::expect
[INFO] [stdout]                                at /rustc/dfb0accb7f508ae8be965d8629557221c889dd98/library/core/src/result.rs:1184:23
[INFO] [stdout]   21:     0x5dfa84c3d5a0 - sqlx_postgres[2cd3542c5823923c]::testing::test_context::{closure#0}
[INFO] [stdout]                                at /opt/rustwide/cargo-home/registry/src/index.crates.io-1949cf8c6b5b557f/sqlx-postgres-0.7.4/src/testing/mod.rs:81:44
[INFO] [stdout]   22:     0x5dfa84c40022 - <sqlx_postgres[2cd3542c5823923c]::database::Postgres as sqlx_core[d04022b50a2e01de]::testing::TestSupport>::test_context::{closure#0}
[INFO] [stdout]                                at /opt/rustwide/cargo-home/registry/src/index.crates.io-1949cf8c6b5b557f/sqlx-postgres-0.7.4/src/testing/mod.rs:30:42
[INFO] [stdout]   23:     0x5dfa84bc569f - <core[df12db4294e9bfd3]::pin::Pin<alloc[2182bb758b4b3781]::boxed::Box<dyn core[df12db4294e9bfd3]::future::future::Future<Output = core[df12db4294e9bfd3]::result::Result<sqlx_core[d04022b50a2e01de]::testing::TestContext<sqlx_postgres[2cd3542c5823923c]::database::Postgres>, sqlx_core[d04022b50a2e01de]::error::Error>> + core[df12db4294e9bfd3]::marker::Send>> as core[df12db4294e9bfd3]::future::future::Future>::poll
[INFO] [stdout]                                at /rustc/dfb0accb7f508ae8be965d8629557221c889dd98/library/core/src/future/future.rs:133:9
[INFO] [stdout]   24:     0x5dfa84bd8f29 - sqlx_core[d04022b50a2e01de]::testing::run_test::<sqlx_postgres[2cd3542c5823923c]::database::Postgres, sqlx_core[d04022b50a2e01de]::testing::run_test_with_pool<sqlx_postgres[2cd3542c5823923c]::database::Postgres, fn(sqlx_core[d04022b50a2e01de]::pool::Pool<sqlx_postgres[2cd3542c5823923c]::database::Postgres>) -> rusty_book_manager[d18899a86e1b5161]::health_check_db_works::health_check_db_works::{closure#0}, rusty_book_manager[d18899a86e1b5161]::health_check_db_works::health_check_db_works::{closure#0}>::{closure#0}, sqlx_core[d04022b50a2e01de]::testing::run_test_with_pool<sqlx_postgres[2cd3542c5823923c]::database::Postgres, fn(sqlx_core[d04022b50a2e01de]::pool::Pool<sqlx_postgres[2cd3542c5823923c]::database::Postgres>) -> rusty_book_manager[d18899a86e1b5161]::health_check_db_works::health_check_db_works::{closure#0}, rusty_book_manager[d18899a86e1b5161]::health_check_db_works::health_check_db_works::{closure#0}>::{closure#0}::{closure#0}>::{closure#0}
[INFO] [stdout]                                at /opt/rustwide/cargo-home/registry/src/index.crates.io-1949cf8c6b5b557f/sqlx-core-0.7.4/src/testing/mod.rs:212:14
[INFO] [stdout]   25:     0x5dfa84bc577d - <core[df12db4294e9bfd3]::pin::Pin<alloc[2182bb758b4b3781]::boxed::Box<sqlx_core[d04022b50a2e01de]::testing::run_test<sqlx_postgres[2cd3542c5823923c]::database::Postgres, sqlx_core[d04022b50a2e01de]::testing::run_test_with_pool<sqlx_postgres[2cd3542c5823923c]::database::Postgres, fn(sqlx_core[d04022b50a2e01de]::pool::Pool<sqlx_postgres[2cd3542c5823923c]::database::Postgres>) -> rusty_book_manager[d18899a86e1b5161]::health_check_db_works::health_check_db_works::{closure#0}, rusty_book_manager[d18899a86e1b5161]::health_check_db_works::health_check_db_works::{closure#0}>::{closure#0}, sqlx_core[d04022b50a2e01de]::testing::run_test_with_pool<sqlx_postgres[2cd3542c5823923c]::database::Postgres, fn(sqlx_core[d04022b50a2e01de]::pool::Pool<sqlx_postgres[2cd3542c5823923c]::database::Postgres>) -> rusty_book_manager[d18899a86e1b5161]::health_check_db_works::health_check_db_works::{closure#0}, rusty_book_manager[d18899a86e1b5161]::health_check_db_works::health_check_db_works::{closure#0}>::{closure#0}::{closure#0}>::{closure#0}>> as core[df12db4294e9bfd3]::future::future::Future>::poll
[INFO] [stdout]                                at /rustc/dfb0accb7f508ae8be965d8629557221c889dd98/library/core/src/future/future.rs:133:9
[INFO] [stdout]   26:     0x5dfa84bc583d - <core[df12db4294e9bfd3]::pin::Pin<&mut core[df12db4294e9bfd3]::pin::Pin<alloc[2182bb758b4b3781]::boxed::Box<sqlx_core[d04022b50a2e01de]::testing::run_test<sqlx_postgres[2cd3542c5823923c]::database::Postgres, sqlx_core[d04022b50a2e01de]::testing::run_test_with_pool<sqlx_postgres[2cd3542c5823923c]::database::Postgres, fn(sqlx_core[d04022b50a2e01de]::pool::Pool<sqlx_postgres[2cd3542c5823923c]::database::Postgres>) -> rusty_book_manager[d18899a86e1b5161]::health_check_db_works::health_check_db_works::{closure#0}, rusty_book_manager[d18899a86e1b5161]::health_check_db_works::health_check_db_works::{closure#0}>::{closure#0}, sqlx_core[d04022b50a2e01de]::testing::run_test_with_pool<sqlx_postgres[2cd3542c5823923c]::database::Postgres, fn(sqlx_core[d04022b50a2e01de]::pool::Pool<sqlx_postgres[2cd3542c5823923c]::database::Postgres>) -> rusty_book_manager[d18899a86e1b5161]::health_check_db_works::health_check_db_works::{closure#0}, rusty_book_manager[d18899a86e1b5161]::health_check_db_works::health_check_db_works::{closure#0}>::{closure#0}::{closure#0}>::{closure#0}>>> as core[df12db4294e9bfd3]::future::future::Future>::poll
[INFO] [stdout]                                at /rustc/dfb0accb7f508ae8be965d8629557221c889dd98/library/core/src/future/future.rs:133:9
[INFO] [stdout]   27:     0x5dfa84bd453d - <tokio[7484576b45ea400b]::runtime::scheduler::current_thread::CoreGuard>::block_on::<core[df12db4294e9bfd3]::pin::Pin<&mut core[df12db4294e9bfd3]::pin::Pin<alloc[2182bb758b4b3781]::boxed::Box<sqlx_core[d04022b50a2e01de]::testing::run_test<sqlx_postgres[2cd3542c5823923c]::database::Postgres, sqlx_core[d04022b50a2e01de]::testing::run_test_with_pool<sqlx_postgres[2cd3542c5823923c]::database::Postgres, fn(sqlx_core[d04022b50a2e01de]::pool::Pool<sqlx_postgres[2cd3542c5823923c]::database::Postgres>) -> rusty_book_manager[d18899a86e1b5161]::health_check_db_works::health_check_db_works::{closure#0}, rusty_book_manager[d18899a86e1b5161]::health_check_db_works::health_check_db_works::{closure#0}>::{closure#0}, sqlx_core[d04022b50a2e01de]::testing::run_test_with_pool<sqlx_postgres[2cd3542c5823923c]::database::Postgres, fn(sqlx_core[d04022b50a2e01de]::pool::Pool<sqlx_postgres[2cd3542c5823923c]::database::Postgres>) -> rusty_book_manager[d18899a86e1b5161]::health_check_db_works::health_check_db_works::{closure#0}, rusty_book_manager[d18899a86e1b5161]::health_check_db_works::health_check_db_works::{closure#0}>::{closure#0}::{closure#0}>::{closure#0}>>>>::{closure#0}::{closure#0}::{closure#0}
[INFO] [stdout]                                at /opt/rustwide/cargo-home/registry/src/index.crates.io-1949cf8c6b5b557f/tokio-1.49.0/src/runtime/scheduler/current_thread/mod.rs:753:70
[INFO] [stdout]   28:     0x5dfa84bd4285 - tokio[7484576b45ea400b]::task::coop::with_budget::<core[df12db4294e9bfd3]::task::poll::Poll<()>, <tokio[7484576b45ea400b]::runtime::scheduler::current_thread::CoreGuard>::block_on<core[df12db4294e9bfd3]::pin::Pin<&mut core[df12db4294e9bfd3]::pin::Pin<alloc[2182bb758b4b3781]::boxed::Box<sqlx_core[d04022b50a2e01de]::testing::run_test<sqlx_postgres[2cd3542c5823923c]::database::Postgres, sqlx_core[d04022b50a2e01de]::testing::run_test_with_pool<sqlx_postgres[2cd3542c5823923c]::database::Postgres, fn(sqlx_core[d04022b50a2e01de]::pool::Pool<sqlx_postgres[2cd3542c5823923c]::database::Postgres>) -> rusty_book_manager[d18899a86e1b5161]::health_check_db_works::health_check_db_works::{closure#0}, rusty_book_manager[d18899a86e1b5161]::health_check_db_works::health_check_db_works::{closure#0}>::{closure#0}, sqlx_core[d04022b50a2e01de]::testing::run_test_with_pool<sqlx_postgres[2cd3542c5823923c]::database::Postgres, fn(sqlx_core[d04022b50a2e01de]::pool::Pool<sqlx_postgres[2cd3542c5823923c]::database::Postgres>) -> rusty_book_manager[d18899a86e1b5161]::health_check_db_works::health_check_db_works::{closure#0}, rusty_book_manager[d18899a86e1b5161]::health_check_db_works::health_check_db_works::{closure#0}>::{closure#0}::{closure#0}>::{closure#0}>>>>::{closure#0}::{closure#0}::{closure#0}>
[INFO] [stdout]                                at /opt/rustwide/cargo-home/registry/src/index.crates.io-1949cf8c6b5b557f/tokio-1.49.0/src/task/coop/mod.rs:167:5
[INFO] [stdout]   29:     0x5dfa84bd4285 - tokio[7484576b45ea400b]::task::coop::budget::<core[df12db4294e9bfd3]::task::poll::Poll<()>, <tokio[7484576b45ea400b]::runtime::scheduler::current_thread::CoreGuard>::block_on<core[df12db4294e9bfd3]::pin::Pin<&mut core[df12db4294e9bfd3]::pin::Pin<alloc[2182bb758b4b3781]::boxed::Box<sqlx_core[d04022b50a2e01de]::testing::run_test<sqlx_postgres[2cd3542c5823923c]::database::Postgres, sqlx_core[d04022b50a2e01de]::testing::run_test_with_pool<sqlx_postgres[2cd3542c5823923c]::database::Postgres, fn(sqlx_core[d04022b50a2e01de]::pool::Pool<sqlx_postgres[2cd3542c5823923c]::database::Postgres>) -> rusty_book_manager[d18899a86e1b5161]::health_check_db_works::health_check_db_works::{closure#0}, rusty_book_manager[d18899a86e1b5161]::health_check_db_works::health_check_db_works::{closure#0}>::{closure#0}, sqlx_core[d04022b50a2e01de]::testing::run_test_with_pool<sqlx_postgres[2cd3542c5823923c]::database::Postgres, fn(sqlx_core[d04022b50a2e01de]::pool::Pool<sqlx_postgres[2cd3542c5823923c]::database::Postgres>) -> rusty_book_manager[d18899a86e1b5161]::health_check_db_works::health_check_db_works::{closure#0}, rusty_book_manager[d18899a86e1b5161]::health_check_db_works::health_check_db_works::{closure#0}>::{closure#0}::{closure#0}>::{closure#0}>>>>::{closure#0}::{closure#0}::{closure#0}>
[INFO] [stdout]                                at /opt/rustwide/cargo-home/registry/src/index.crates.io-1949cf8c6b5b557f/tokio-1.49.0/src/task/coop/mod.rs:133:5
[INFO] [stdout]   30:     0x5dfa84bd4285 - <tokio[7484576b45ea400b]::runtime::scheduler::current_thread::CoreGuard>::block_on::<core[df12db4294e9bfd3]::pin::Pin<&mut core[df12db4294e9bfd3]::pin::Pin<alloc[2182bb758b4b3781]::boxed::Box<sqlx_core[d04022b50a2e01de]::testing::run_test<sqlx_postgres[2cd3542c5823923c]::database::Postgres, sqlx_core[d04022b50a2e01de]::testing::run_test_with_pool<sqlx_postgres[2cd3542c5823923c]::database::Postgres, fn(sqlx_core[d04022b50a2e01de]::pool::Pool<sqlx_postgres[2cd3542c5823923c]::database::Postgres>) -> rusty_book_manager[d18899a86e1b5161]::health_check_db_works::health_check_db_works::{closure#0}, rusty_book_manager[d18899a86e1b5161]::health_check_db_works::health_check_db_works::{closure#0}>::{closure#0}, sqlx_core[d04022b50a2e01de]::testing::run_test_with_pool<sqlx_postgres[2cd3542c5823923c]::database::Postgres, fn(sqlx_core[d04022b50a2e01de]::pool::Pool<sqlx_postgres[2cd3542c5823923c]::database::Postgres>) -> rusty_book_manager[d18899a86e1b5161]::health_check_db_works::health_check_db_works::{closure#0}, rusty_book_manager[d18899a86e1b5161]::health_check_db_works::health_check_db_works::{closure#0}>::{closure#0}::{closure#0}>::{closure#0}>>>>::{closure#0}::{closure#0}
[INFO] [stdout]                                at /opt/rustwide/cargo-home/registry/src/index.crates.io-1949cf8c6b5b557f/tokio-1.49.0/src/runtime/scheduler/current_thread/mod.rs:753:25
[INFO] [stdout]   31:     0x5dfa84bcd582 - <tokio[7484576b45ea400b]::runtime::scheduler::current_thread::Context>::enter::<core[df12db4294e9bfd3]::task::poll::Poll<()>, <tokio[7484576b45ea400b]::runtime::scheduler::current_thread::CoreGuard>::block_on<core[df12db4294e9bfd3]::pin::Pin<&mut core[df12db4294e9bfd3]::pin::Pin<alloc[2182bb758b4b3781]::boxed::Box<sqlx_core[d04022b50a2e01de]::testing::run_test<sqlx_postgres[2cd3542c5823923c]::database::Postgres, sqlx_core[d04022b50a2e01de]::testing::run_test_with_pool<sqlx_postgres[2cd3542c5823923c]::database::Postgres, fn(sqlx_core[d04022b50a2e01de]::pool::Pool<sqlx_postgres[2cd3542c5823923c]::database::Postgres>) -> rusty_book_manager[d18899a86e1b5161]::health_check_db_works::health_check_db_works::{closure#0}, rusty_book_manager[d18899a86e1b5161]::health_check_db_works::health_check_db_works::{closure#0}>::{closure#0}, sqlx_core[d04022b50a2e01de]::testing::run_test_with_pool<sqlx_postgres[2cd3542c5823923c]::database::Postgres, fn(sqlx_core[d04022b50a2e01de]::pool::Pool<sqlx_postgres[2cd3542c5823923c]::database::Postgres>) -> rusty_book_manager[d18899a86e1b5161]::health_check_db_works::health_check_db_works::{closure#0}, rusty_book_manager[d18899a86e1b5161]::health_check_db_works::health_check_db_works::{closure#0}>::{closure#0}::{closure#0}>::{closure#0}>>>>::{closure#0}::{closure#0}>
[INFO] [stdout]                                at /opt/rustwide/cargo-home/registry/src/index.crates.io-1949cf8c6b5b557f/tokio-1.49.0/src/runtime/scheduler/current_thread/mod.rs:442:19
[INFO] [stdout]   32:     0x5dfa84bd210d - <tokio[7484576b45ea400b]::runtime::scheduler::current_thread::CoreGuard>::block_on::<core[df12db4294e9bfd3]::pin::Pin<&mut core[df12db4294e9bfd3]::pin::Pin<alloc[2182bb758b4b3781]::boxed::Box<sqlx_core[d04022b50a2e01de]::testing::run_test<sqlx_postgres[2cd3542c5823923c]::database::Postgres, sqlx_core[d04022b50a2e01de]::testing::run_test_with_pool<sqlx_postgres[2cd3542c5823923c]::database::Postgres, fn(sqlx_core[d04022b50a2e01de]::pool::Pool<sqlx_postgres[2cd3542c5823923c]::database::Postgres>) -> rusty_book_manager[d18899a86e1b5161]::health_check_db_works::health_check_db_works::{closure#0}, rusty_book_manager[d18899a86e1b5161]::health_check_db_works::health_check_db_works::{closure#0}>::{closure#0}, sqlx_core[d04022b50a2e01de]::testing::run_test_with_pool<sqlx_postgres[2cd3542c5823923c]::database::Postgres, fn(sqlx_core[d04022b50a2e01de]::pool::Pool<sqlx_postgres[2cd3542c5823923c]::database::Postgres>) -> rusty_book_manager[d18899a86e1b5161]::health_check_db_works::health_check_db_works::{closure#0}, rusty_book_manager[d18899a86e1b5161]::health_check_db_works::health_check_db_works::{closure#0}>::{closure#0}::{closure#0}>::{closure#0}>>>>::{closure#0}
[INFO] [stdout]                                at /opt/rustwide/cargo-home/registry/src/index.crates.io-1949cf8c6b5b557f/tokio-1.49.0/src/runtime/scheduler/current_thread/mod.rs:752:44
[INFO] [stdout]   33:     0x5dfa84bd13c4 - <tokio[7484576b45ea400b]::runtime::scheduler::current_thread::CoreGuard>::enter::<<tokio[7484576b45ea400b]::runtime::scheduler::current_thread::CoreGuard>::block_on<core[df12db4294e9bfd3]::pin::Pin<&mut core[df12db4294e9bfd3]::pin::Pin<alloc[2182bb758b4b3781]::boxed::Box<sqlx_core[d04022b50a2e01de]::testing::run_test<sqlx_postgres[2cd3542c5823923c]::database::Postgres, sqlx_core[d04022b50a2e01de]::testing::run_test_with_pool<sqlx_postgres[2cd3542c5823923c]::database::Postgres, fn(sqlx_core[d04022b50a2e01de]::pool::Pool<sqlx_postgres[2cd3542c5823923c]::database::Postgres>) -> rusty_book_manager[d18899a86e1b5161]::health_check_db_works::health_check_db_works::{closure#0}, rusty_book_manager[d18899a86e1b5161]::health_check_db_works::health_check_db_works::{closure#0}>::{closure#0}, sqlx_core[d04022b50a2e01de]::testing::run_test_with_pool<sqlx_postgres[2cd3542c5823923c]::database::Postgres, fn(sqlx_core[d04022b50a2e01de]::pool::Pool<sqlx_postgres[2cd3542c5823923c]::database::Postgres>) -> rusty_book_manager[d18899a86e1b5161]::health_check_db_works::health_check_db_works::{closure#0}, rusty_book_manager[d18899a86e1b5161]::health_check_db_works::health_check_db_works::{closure#0}>::{closure#0}::{closure#0}>::{closure#0}>>>>::{closure#0}, core[df12db4294e9bfd3]::option::Option<()>>::{closure#0}
[INFO] [stdout]                                at /opt/rustwide/cargo-home/registry/src/index.crates.io-1949cf8c6b5b557f/tokio-1.49.0/src/runtime/scheduler/current_thread/mod.rs:840:68
[INFO] [stdout]   34:     0x5dfa84bbbaeb - <tokio[7484576b45ea400b]::runtime::context::scoped::Scoped<tokio[7484576b45ea400b]::runtime::scheduler::Context>>::set::<<tokio[7484576b45ea400b]::runtime::scheduler::current_thread::CoreGuard>::enter<<tokio[7484576b45ea400b]::runtime::scheduler::current_thread::CoreGuard>::block_on<core[df12db4294e9bfd3]::pin::Pin<&mut core[df12db4294e9bfd3]::pin::Pin<alloc[2182bb758b4b3781]::boxed::Box<sqlx_core[d04022b50a2e01de]::testing::run_test<sqlx_postgres[2cd3542c5823923c]::database::Postgres, sqlx_core[d04022b50a2e01de]::testing::run_test_with_pool<sqlx_postgres[2cd3542c5823923c]::database::Postgres, fn(sqlx_core[d04022b50a2e01de]::pool::Pool<sqlx_postgres[2cd3542c5823923c]::database::Postgres>) -> rusty_book_manager[d18899a86e1b5161]::health_check_db_works::health_check_db_works::{closure#0}, rusty_book_manager[d18899a86e1b5161]::health_check_db_works::health_check_db_works::{closure#0}>::{closure#0}, sqlx_core[d04022b50a2e01de]::testing::run_test_with_pool<sqlx_postgres[2cd3542c5823923c]::database::Postgres, fn(sqlx_core[d04022b50a2e01de]::pool::Pool<sqlx_postgres[2cd3542c5823923c]::database::Postgres>) -> rusty_book_manager[d18899a86e1b5161]::health_check_db_works::health_check_db_works::{closure#0}, rusty_book_manager[d18899a86e1b5161]::health_check_db_works::health_check_db_works::{closure#0}>::{closure#0}::{closure#0}>::{closure#0}>>>>::{closure#0}, core[df12db4294e9bfd3]::option::Option<()>>::{closure#0}, (alloc[2182bb758b4b3781]::boxed::Box<tokio[7484576b45ea400b]::runtime::scheduler::current_thread::Core>, core[df12db4294e9bfd3]::option::Option<()>)>
[INFO] [stdout]                                at /opt/rustwide/cargo-home/registry/src/index.crates.io-1949cf8c6b5b557f/tokio-1.49.0/src/runtime/context/scoped.rs:40:9
[INFO] [stdout]   35:     0x5dfa84bbec49 - tokio[7484576b45ea400b]::runtime::context::set_scheduler::<(alloc[2182bb758b4b3781]::boxed::Box<tokio[7484576b45ea400b]::runtime::scheduler::current_thread::Core>, core[df12db4294e9bfd3]::option::Option<()>), <tokio[7484576b45ea400b]::runtime::scheduler::current_thread::CoreGuard>::enter<<tokio[7484576b45ea400b]::runtime::scheduler::current_thread::CoreGuard>::block_on<core[df12db4294e9bfd3]::pin::Pin<&mut core[df12db4294e9bfd3]::pin::Pin<alloc[2182bb758b4b3781]::boxed::Box<sqlx_core[d04022b50a2e01de]::testing::run_test<sqlx_postgres[2cd3542c5823923c]::database::Postgres, sqlx_core[d04022b50a2e01de]::testing::run_test_with_pool<sqlx_postgres[2cd3542c5823923c]::database::Postgres, fn(sqlx_core[d04022b50a2e01de]::pool::Pool<sqlx_postgres[2cd3542c5823923c]::database::Postgres>) -> rusty_book_manager[d18899a86e1b5161]::health_check_db_works::health_check_db_works::{closure#0}, rusty_book_manager[d18899a86e1b5161]::health_check_db_works::health_check_db_works::{closure#0}>::{closure#0}, sqlx_core[d04022b50a2e01de]::testing::run_test_with_pool<sqlx_postgres[2cd3542c5823923c]::database::Postgres, fn(sqlx_core[d04022b50a2e01de]::pool::Pool<sqlx_postgres[2cd3542c5823923c]::database::Postgres>) -> rusty_book_manager[d18899a86e1b5161]::health_check_db_works::health_check_db_works::{closure#0}, rusty_book_manager[d18899a86e1b5161]::health_check_db_works::health_check_db_works::{closure#0}>::{closure#0}::{closure#0}>::{closure#0}>>>>::{closure#0}, core[df12db4294e9bfd3]::option::Option<()>>::{closure#0}>::{closure#0}
[INFO] [stdout]                                at /opt/rustwide/cargo-home/registry/src/index.crates.io-1949cf8c6b5b557f/tokio-1.49.0/src/runtime/context.rs:176:38
[INFO] [stdout]   36:     0x5dfa84bd4d4f - <std[70759c8f55707aa4]::thread::local::LocalKey<tokio[7484576b45ea400b]::runtime::context::Context>>::try_with::<tokio[7484576b45ea400b]::runtime::context::set_scheduler<(alloc[2182bb758b4b3781]::boxed::Box<tokio[7484576b45ea400b]::runtime::scheduler::current_thread::Core>, core[df12db4294e9bfd3]::option::Option<()>), <tokio[7484576b45ea400b]::runtime::scheduler::current_thread::CoreGuard>::enter<<tokio[7484576b45ea400b]::runtime::scheduler::current_thread::CoreGuard>::block_on<core[df12db4294e9bfd3]::pin::Pin<&mut core[df12db4294e9bfd3]::pin::Pin<alloc[2182bb758b4b3781]::boxed::Box<sqlx_core[d04022b50a2e01de]::testing::run_test<sqlx_postgres[2cd3542c5823923c]::database::Postgres, sqlx_core[d04022b50a2e01de]::testing::run_test_with_pool<sqlx_postgres[2cd3542c5823923c]::database::Postgres, fn(sqlx_core[d04022b50a2e01de]::pool::Pool<sqlx_postgres[2cd3542c5823923c]::database::Postgres>) -> rusty_book_manager[d18899a86e1b5161]::health_check_db_works::health_check_db_works::{closure#0}, rusty_book_manager[d18899a86e1b5161]::health_check_db_works::health_check_db_works::{closure#0}>::{closure#0}, sqlx_core[d04022b50a2e01de]::testing::run_test_with_pool<sqlx_postgres[2cd3542c5823923c]::database::Postgres, fn(sqlx_core[d04022b50a2e01de]::pool::Pool<sqlx_postgres[2cd3542c5823923c]::database::Postgres>) -> rusty_book_manager[d18899a86e1b5161]::health_check_db_works::health_check_db_works::{closure#0}, rusty_book_manager[d18899a86e1b5161]::health_check_db_works::health_check_db_works::{closure#0}>::{closure#0}::{closure#0}>::{closure#0}>>>>::{closure#0}, core[df12db4294e9bfd3]::option::Option<()>>::{closure#0}>::{closure#0}, (alloc[2182bb758b4b3781]::boxed::Box<tokio[7484576b45ea400b]::runtime::scheduler::current_thread::Core>, core[df12db4294e9bfd3]::option::Option<()>)>
[INFO] [stdout]                                at /rustc/dfb0accb7f508ae8be965d8629557221c889dd98/library/std/src/thread/local.rs:463:12
[INFO] [stdout]   37:     0x5dfa84bd463e - <std[70759c8f55707aa4]::thread::local::LocalKey<tokio[7484576b45ea400b]::runtime::context::Context>>::with::<tokio[7484576b45ea400b]::runtime::context::set_scheduler<(alloc[2182bb758b4b3781]::boxed::Box<tokio[7484576b45ea400b]::runtime::scheduler::current_thread::Core>, core[df12db4294e9bfd3]::option::Option<()>), <tokio[7484576b45ea400b]::runtime::scheduler::current_thread::CoreGuard>::enter<<tokio[7484576b45ea400b]::runtime::scheduler::current_thread::CoreGuard>::block_on<core[df12db4294e9bfd3]::pin::Pin<&mut core[df12db4294e9bfd3]::pin::Pin<alloc[2182bb758b4b3781]::boxed::Box<sqlx_core[d04022b50a2e01de]::testing::run_test<sqlx_postgres[2cd3542c5823923c]::database::Postgres, sqlx_core[d04022b50a2e01de]::testing::run_test_with_pool<sqlx_postgres[2cd3542c5823923c]::database::Postgres, fn(sqlx_core[d04022b50a2e01de]::pool::Pool<sqlx_postgres[2cd3542c5823923c]::database::Postgres>) -> rusty_book_manager[d18899a86e1b5161]::health_check_db_works::health_check_db_works::{closure#0}, rusty_book_manager[d18899a86e1b5161]::health_check_db_works::health_check_db_works::{closure#0}>::{closure#0}, sqlx_core[d04022b50a2e01de]::testing::run_test_with_pool<sqlx_postgres[2cd3542c5823923c]::database::Postgres, fn(sqlx_core[d04022b50a2e01de]::pool::Pool<sqlx_postgres[2cd3542c5823923c]::database::Postgres>) -> rusty_book_manager[d18899a86e1b5161]::health_check_db_works::health_check_db_works::{closure#0}, rusty_book_manager[d18899a86e1b5161]::health_check_db_works::health_check_db_works::{closure#0}>::{closure#0}::{closure#0}>::{closure#0}>>>>::{closure#0}, core[df12db4294e9bfd3]::option::Option<()>>::{closure#0}>::{closure#0}, (alloc[2182bb758b4b3781]::boxed::Box<tokio[7484576b45ea400b]::runtime::scheduler::current_thread::Core>, core[df12db4294e9bfd3]::option::Option<()>)>
[INFO] [stdout]                                at /rustc/dfb0accb7f508ae8be965d8629557221c889dd98/library/std/src/thread/local.rs:427:20
[INFO] [stdout]   38:     0x5dfa84bbc6fd - tokio[7484576b45ea400b]::runtime::context::set_scheduler::<(alloc[2182bb758b4b3781]::boxed::Box<tokio[7484576b45ea400b]::runtime::scheduler::current_thread::Core>, core[df12db4294e9bfd3]::option::Option<()>), <tokio[7484576b45ea400b]::runtime::scheduler::current_thread::CoreGuard>::enter<<tokio[7484576b45ea400b]::runtime::scheduler::current_thread::CoreGuard>::block_on<core[df12db4294e9bfd3]::pin::Pin<&mut core[df12db4294e9bfd3]::pin::Pin<alloc[2182bb758b4b3781]::boxed::Box<sqlx_core[d04022b50a2e01de]::testing::run_test<sqlx_postgres[2cd3542c5823923c]::database::Postgres, sqlx_core[d04022b50a2e01de]::testing::run_test_with_pool<sqlx_postgres[2cd3542c5823923c]::database::Postgres, fn(sqlx_core[d04022b50a2e01de]::pool::Pool<sqlx_postgres[2cd3542c5823923c]::database::Postgres>) -> rusty_book_manager[d18899a86e1b5161]::health_check_db_works::health_check_db_works::{closure#0}, rusty_book_manager[d18899a86e1b5161]::health_check_db_works::health_check_db_works::{closure#0}>::{closure#0}, sqlx_core[d04022b50a2e01de]::testing::run_test_with_pool<sqlx_postgres[2cd3542c5823923c]::database::Postgres, fn(sqlx_core[d04022b50a2e01de]::pool::Pool<sqlx_postgres[2cd3542c5823923c]::database::Postgres>) -> rusty_book_manager[d18899a86e1b5161]::health_check_db_works::health_check_db_works::{closure#0}, rusty_book_manager[d18899a86e1b5161]::health_check_db_works::health_check_db_works::{closure#0}>::{closure#0}::{closure#0}>::{closure#0}>>>>::{closure#0}, core[df12db4294e9bfd3]::option::Option<()>>::{closure#0}>
[INFO] [stdout]                                at /opt/rustwide/cargo-home/registry/src/index.crates.io-1949cf8c6b5b557f/tokio-1.49.0/src/runtime/context.rs:176:17
[INFO] [stdout]   39:     0x5dfa84bcf490 - <tokio[7484576b45ea400b]::runtime::scheduler::current_thread::CoreGuard>::enter::<<tokio[7484576b45ea400b]::runtime::scheduler::current_thread::CoreGuard>::block_on<core[df12db4294e9bfd3]::pin::Pin<&mut core[df12db4294e9bfd3]::pin::Pin<alloc[2182bb758b4b3781]::boxed::Box<sqlx_core[d04022b50a2e01de]::testing::run_test<sqlx_postgres[2cd3542c5823923c]::database::Postgres, sqlx_core[d04022b50a2e01de]::testing::run_test_with_pool<sqlx_postgres[2cd3542c5823923c]::database::Postgres, fn(sqlx_core[d04022b50a2e01de]::pool::Pool<sqlx_postgres[2cd3542c5823923c]::database::Postgres>) -> rusty_book_manager[d18899a86e1b5161]::health_check_db_works::health_check_db_works::{closure#0}, rusty_book_manager[d18899a86e1b5161]::health_check_db_works::health_check_db_works::{closure#0}>::{closure#0}, sqlx_core[d04022b50a2e01de]::testing::run_test_with_pool<sqlx_postgres[2cd3542c5823923c]::database::Postgres, fn(sqlx_core[d04022b50a2e01de]::pool::Pool<sqlx_postgres[2cd3542c5823923c]::database::Postgres>) -> rusty_book_manager[d18899a86e1b5161]::health_check_db_works::health_check_db_works::{closure#0}, rusty_book_manager[d18899a86e1b5161]::health_check_db_works::health_check_db_works::{closure#0}>::{closure#0}::{closure#0}>::{closure#0}>>>>::{closure#0}, core[df12db4294e9bfd3]::option::Option<()>>
[INFO] [stdout]                                at /opt/rustwide/cargo-home/registry/src/index.crates.io-1949cf8c6b5b557f/tokio-1.49.0/src/runtime/scheduler/current_thread/mod.rs:840:27
[INFO] [stdout]   40:     0x5dfa84bcffc6 - <tokio[7484576b45ea400b]::runtime::scheduler::current_thread::CoreGuard>::block_on::<core[df12db4294e9bfd3]::pin::Pin<&mut core[df12db4294e9bfd3]::pin::Pin<alloc[2182bb758b4b3781]::boxed::Box<sqlx_core[d04022b50a2e01de]::testing::run_test<sqlx_postgres[2cd3542c5823923c]::database::Postgres, sqlx_core[d04022b50a2e01de]::testing::run_test_with_pool<sqlx_postgres[2cd3542c5823923c]::database::Postgres, fn(sqlx_core[d04022b50a2e01de]::pool::Pool<sqlx_postgres[2cd3542c5823923c]::database::Postgres>) -> rusty_book_manager[d18899a86e1b5161]::health_check_db_works::health_check_db_works::{closure#0}, rusty_book_manager[d18899a86e1b5161]::health_check_db_works::health_check_db_works::{closure#0}>::{closure#0}, sqlx_core[d04022b50a2e01de]::testing::run_test_with_pool<sqlx_postgres[2cd3542c5823923c]::database::Postgres, fn(sqlx_core[d04022b50a2e01de]::pool::Pool<sqlx_postgres[2cd3542c5823923c]::database::Postgres>) -> rusty_book_manager[d18899a86e1b5161]::health_check_db_works::health_check_db_works::{closure#0}, rusty_book_manager[d18899a86e1b5161]::health_check_db_works::health_check_db_works::{closure#0}>::{closure#0}::{closure#0}>::{closure#0}>>>>
[INFO] [stdout]                                at /opt/rustwide/cargo-home/registry/src/index.crates.io-1949cf8c6b5b557f/tokio-1.49.0/src/runtime/scheduler/current_thread/mod.rs:740:24
[INFO] [stdout]   41:     0x5dfa84bd0690 - <tokio[7484576b45ea400b]::runtime::scheduler::current_thread::CurrentThread>::block_on::<core[df12db4294e9bfd3]::pin::Pin<alloc[2182bb758b4b3781]::boxed::Box<sqlx_core[d04022b50a2e01de]::testing::run_test<sqlx_postgres[2cd3542c5823923c]::database::Postgres, sqlx_core[d04022b50a2e01de]::testing::run_test_with_pool<sqlx_postgres[2cd3542c5823923c]::database::Postgres, fn(sqlx_core[d04022b50a2e01de]::pool::Pool<sqlx_postgres[2cd3542c5823923c]::database::Postgres>) -> rusty_book_manager[d18899a86e1b5161]::health_check_db_works::health_check_db_works::{closure#0}, rusty_book_manager[d18899a86e1b5161]::health_check_db_works::health_check_db_works::{closure#0}>::{closure#0}, sqlx_core[d04022b50a2e01de]::testing::run_test_with_pool<sqlx_postgres[2cd3542c5823923c]::database::Postgres, fn(sqlx_core[d04022b50a2e01de]::pool::Pool<sqlx_postgres[2cd3542c5823923c]::database::Postgres>) -> rusty_book_manager[d18899a86e1b5161]::health_check_db_works::health_check_db_works::{closure#0}, rusty_book_manager[d18899a86e1b5161]::health_check_db_works::health_check_db_works::{closure#0}>::{closure#0}::{closure#0}>::{closure#0}>>>::{closure#0}
[INFO] [stdout]                                at /opt/rustwide/cargo-home/registry/src/index.crates.io-1949cf8c6b5b557f/tokio-1.49.0/src/runtime/scheduler/current_thread/mod.rs:200:33
[INFO] [stdout]   42:     0x5dfa84bbd148 - tokio[7484576b45ea400b]::runtime::context::runtime::enter_runtime::<<tokio[7484576b45ea400b]::runtime::scheduler::current_thread::CurrentThread>::block_on<core[df12db4294e9bfd3]::pin::Pin<alloc[2182bb758b4b3781]::boxed::Box<sqlx_core[d04022b50a2e01de]::testing::run_test<sqlx_postgres[2cd3542c5823923c]::database::Postgres, sqlx_core[d04022b50a2e01de]::testing::run_test_with_pool<sqlx_postgres[2cd3542c5823923c]::database::Postgres, fn(sqlx_core[d04022b50a2e01de]::pool::Pool<sqlx_postgres[2cd3542c5823923c]::database::Postgres>) -> rusty_book_manager[d18899a86e1b5161]::health_check_db_works::health_check_db_works::{closure#0}, rusty_book_manager[d18899a86e1b5161]::health_check_db_works::health_check_db_works::{closure#0}>::{closure#0}, sqlx_core[d04022b50a2e01de]::testing::run_test_with_pool<sqlx_postgres[2cd3542c5823923c]::database::Postgres, fn(sqlx_core[d04022b50a2e01de]::pool::Pool<sqlx_postgres[2cd3542c5823923c]::database::Postgres>) -> rusty_book_manager[d18899a86e1b5161]::health_check_db_works::health_check_db_works::{closure#0}, rusty_book_manager[d18899a86e1b5161]::health_check_db_works::health_check_db_works::{closure#0}>::{closure#0}::{closure#0}>::{closure#0}>>>::{closure#0}, ()>
[INFO] [stdout]                                at /opt/rustwide/cargo-home/registry/src/index.crates.io-1949cf8c6b5b557f/tokio-1.49.0/src/runtime/context/runtime.rs:65:16
[INFO] [stdout]   43:     0x5dfa84bccfb3 - <tokio[7484576b45ea400b]::runtime::scheduler::current_thread::CurrentThread>::block_on::<core[df12db4294e9bfd3]::pin::Pin<alloc[2182bb758b4b3781]::boxed::Box<sqlx_core[d04022b50a2e01de]::testing::run_test<sqlx_postgres[2cd3542c5823923c]::database::Postgres, sqlx_core[d04022b50a2e01de]::testing::run_test_with_pool<sqlx_postgres[2cd3542c5823923c]::database::Postgres, fn(sqlx_core[d04022b50a2e01de]::pool::Pool<sqlx_postgres[2cd3542c5823923c]::database::Postgres>) -> rusty_book_manager[d18899a86e1b5161]::health_check_db_works::health_check_db_works::{closure#0}, rusty_book_manager[d18899a86e1b5161]::health_check_db_works::health_check_db_works::{closure#0}>::{closure#0}, sqlx_core[d04022b50a2e01de]::testing::run_test_with_pool<sqlx_postgres[2cd3542c5823923c]::database::Postgres, fn(sqlx_core[d04022b50a2e01de]::pool::Pool<sqlx_postgres[2cd3542c5823923c]::database::Postgres>) -> rusty_book_manager[d18899a86e1b5161]::health_check_db_works::health_check_db_works::{closure#0}, rusty_book_manager[d18899a86e1b5161]::health_check_db_works::health_check_db_works::{closure#0}>::{closure#0}::{closure#0}>::{closure#0}>>>
[INFO] [stdout]                                at /opt/rustwide/cargo-home/registry/src/index.crates.io-1949cf8c6b5b557f/tokio-1.49.0/src/runtime/scheduler/current_thread/mod.rs:188:9
[INFO] [stdout]   44:     0x5dfa84bc6221 - <tokio[7484576b45ea400b]::runtime::runtime::Runtime>::block_on_inner::<core[df12db4294e9bfd3]::pin::Pin<alloc[2182bb758b4b3781]::boxed::Box<sqlx_core[d04022b50a2e01de]::testing::run_test<sqlx_postgres[2cd3542c5823923c]::database::Postgres, sqlx_core[d04022b50a2e01de]::testing::run_test_with_pool<sqlx_postgres[2cd3542c5823923c]::database::Postgres, fn(sqlx_core[d04022b50a2e01de]::pool::Pool<sqlx_postgres[2cd3542c5823923c]::database::Postgres>) -> rusty_book_manager[d18899a86e1b5161]::health_check_db_works::health_check_db_works::{closure#0}, rusty_book_manager[d18899a86e1b5161]::health_check_db_works::health_check_db_works::{closure#0}>::{closure#0}, sqlx_core[d04022b50a2e01de]::testing::run_test_with_pool<sqlx_postgres[2cd3542c5823923c]::database::Postgres, fn(sqlx_core[d04022b50a2e01de]::pool::Pool<sqlx_postgres[2cd3542c5823923c]::database::Postgres>) -> rusty_book_manager[d18899a86e1b5161]::health_check_db_works::health_check_db_works::{closure#0}, rusty_book_manager[d18899a86e1b5161]::health_check_db_works::health_check_db_works::{closure#0}>::{closure#0}::{closure#0}>::{closure#0}>>>
[INFO] [stdout]                                at /opt/rustwide/cargo-home/registry/src/index.crates.io-1949cf8c6b5b557f/tokio-1.49.0/src/runtime/runtime.rs:368:52
[INFO] [stdout]   45:     0x5dfa84bc693b - <tokio[7484576b45ea400b]::runtime::runtime::Runtime>::block_on::<sqlx_core[d04022b50a2e01de]::testing::run_test<sqlx_postgres[2cd3542c5823923c]::database::Postgres, sqlx_core[d04022b50a2e01de]::testing::run_test_with_pool<sqlx_postgres[2cd3542c5823923c]::database::Postgres, fn(sqlx_core[d04022b50a2e01de]::pool::Pool<sqlx_postgres[2cd3542c5823923c]::database::Postgres>) -> rusty_book_manager[d18899a86e1b5161]::health_check_db_works::health_check_db_works::{closure#0}, rusty_book_manager[d18899a86e1b5161]::health_check_db_works::health_check_db_works::{closure#0}>::{closure#0}, sqlx_core[d04022b50a2e01de]::testing::run_test_with_pool<sqlx_postgres[2cd3542c5823923c]::database::Postgres, fn(sqlx_core[d04022b50a2e01de]::pool::Pool<sqlx_postgres[2cd3542c5823923c]::database::Postgres>) -> rusty_book_manager[d18899a86e1b5161]::health_check_db_works::health_check_db_works::{closure#0}, rusty_book_manager[d18899a86e1b5161]::health_check_db_works::health_check_db_works::{closure#0}>::{closure#0}::{closure#0}>::{closure#0}>
[INFO] [stdout]                                at /opt/rustwide/cargo-home/registry/src/index.crates.io-1949cf8c6b5b557f/tokio-1.49.0/src/runtime/runtime.rs:340:18
[INFO] [stdout]   46:     0x5dfa84bbc2b0 - sqlx_core[d04022b50a2e01de]::rt::test_block_on::<sqlx_core[d04022b50a2e01de]::testing::run_test<sqlx_postgres[2cd3542c5823923c]::database::Postgres, sqlx_core[d04022b50a2e01de]::testing::run_test_with_pool<sqlx_postgres[2cd3542c5823923c]::database::Postgres, fn(sqlx_core[d04022b50a2e01de]::pool::Pool<sqlx_postgres[2cd3542c5823923c]::database::Postgres>) -> rusty_book_manager[d18899a86e1b5161]::health_check_db_works::health_check_db_works::{closure#0}, rusty_book_manager[d18899a86e1b5161]::health_check_db_works::health_check_db_works::{closure#0}>::{closure#0}, sqlx_core[d04022b50a2e01de]::testing::run_test_with_pool<sqlx_postgres[2cd3542c5823923c]::database::Postgres, fn(sqlx_core[d04022b50a2e01de]::pool::Pool<sqlx_postgres[2cd3542c5823923c]::database::Postgres>) -> rusty_book_manager[d18899a86e1b5161]::health_check_db_works::health_check_db_works::{closure#0}, rusty_book_manager[d18899a86e1b5161]::health_check_db_works::health_check_db_works::{closure#0}>::{closure#0}::{closure#0}>::{closure#0}>
[INFO] [stdout]                                at /opt/rustwide/cargo-home/registry/src/index.crates.io-1949cf8c6b5b557f/sqlx-core-0.7.4/src/rt/mod.rs:123:14
[INFO] [stdout]   47:     0x5dfa84bd809f - sqlx_core[d04022b50a2e01de]::testing::run_test::<sqlx_postgres[2cd3542c5823923c]::database::Postgres, sqlx_core[d04022b50a2e01de]::testing::run_test_with_pool<sqlx_postgres[2cd3542c5823923c]::database::Postgres, fn(sqlx_core[d04022b50a2e01de]::pool::Pool<sqlx_postgres[2cd3542c5823923c]::database::Postgres>) -> rusty_book_manager[d18899a86e1b5161]::health_check_db_works::health_check_db_works::{closure#0}, rusty_book_manager[d18899a86e1b5161]::health_check_db_works::health_check_db_works::{closure#0}>::{closure#0}, sqlx_core[d04022b50a2e01de]::testing::run_test_with_pool<sqlx_postgres[2cd3542c5823923c]::database::Postgres, fn(sqlx_core[d04022b50a2e01de]::pool::Pool<sqlx_postgres[2cd3542c5823923c]::database::Postgres>) -> rusty_book_manager[d18899a86e1b5161]::health_check_db_works::health_check_db_works::{closure#0}, rusty_book_manager[d18899a86e1b5161]::health_check_db_works::health_check_db_works::{closure#0}>::{closure#0}::{closure#0}>
[INFO] [stdout]                                at /opt/rustwide/cargo-home/registry/src/index.crates.io-1949cf8c6b5b557f/sqlx-core-0.7.4/src/testing/mod.rs:210:5
[INFO] [stdout]   48:     0x5dfa84bd8016 - sqlx_core[d04022b50a2e01de]::testing::run_test_with_pool::<sqlx_postgres[2cd3542c5823923c]::database::Postgres, fn(sqlx_core[d04022b50a2e01de]::pool::Pool<sqlx_postgres[2cd3542c5823923c]::database::Postgres>) -> rusty_book_manager[d18899a86e1b5161]::health_check_db_works::health_check_db_works::{closure#0}, rusty_book_manager[d18899a86e1b5161]::health_check_db_works::health_check_db_works::{closure#0}>
[INFO] [stdout]                                at /opt/rustwide/cargo-home/registry/src/index.crates.io-1949cf8c6b5b557f/sqlx-core-0.7.4/src/testing/mod.rs:181:5
[INFO] [stdout]   49:     0x5dfa84bda07a - <fn(sqlx_core[d04022b50a2e01de]::pool::Pool<sqlx_postgres[2cd3542c5823923c]::database::Postgres>) -> rusty_book_manager[d18899a86e1b5161]::health_check_db_works::health_check_db_works::{closure#0} as sqlx_core[d04022b50a2e01de]::testing::TestFn>::run_test
[INFO] [stdout]                                at /opt/rustwide/cargo-home/registry/src/index.crates.io-1949cf8c6b5b557f/sqlx-core-0.7.4/src/testing/mod.rs:84:9
[INFO] [stdout]   50:     0x5dfa84bc1f9a - rusty_book_manager[d18899a86e1b5161]::health_check_db_works
[INFO] [stdout]                                at /opt/rustwide/workdir/src/main.rs:75:1
[INFO] [stdout]   51:     0x5dfa84bc08a7 - rusty_book_manager[d18899a86e1b5161]::health_check_db_works::{closure#0}
[INFO] [stdout]                                at /opt/rustwide/workdir/src/main.rs:75:14
[INFO] [stdout]   52:     0x5dfa84bcce66 - <rusty_book_manager[d18899a86e1b5161]::health_check_db_works::{closure#0} as core[df12db4294e9bfd3]::ops::function::FnOnce<()>>::call_once
[INFO] [stdout]                                at /rustc/dfb0accb7f508ae8be965d8629557221c889dd98/library/core/src/ops/function.rs:250:5
[INFO] [stdout]   53:     0x5dfa84bda14b - <fn() -> core[df12db4294e9bfd3]::result::Result<(), alloc[2182bb758b4b3781]::string::String> as core[df12db4294e9bfd3]::ops::function::FnOnce<()>>::call_once
[INFO] [stdout]                                at /rustc/dfb0accb7f508ae8be965d8629557221c889dd98/library/core/src/ops/function.rs:250:5
[INFO] [stdout]   54:     0x5dfa84bda14b - test[9d35eded1c95d3be]::__rust_begin_short_backtrace::<core[df12db4294e9bfd3]::result::Result<(), alloc[2182bb758b4b3781]::string::String>, fn() -> core[df12db4294e9bfd3]::result::Result<(), alloc[2182bb758b4b3781]::string::String>>
[INFO] [stdout]                                at /rustc/dfb0accb7f508ae8be965d8629557221c889dd98/library/test/src/lib.rs:733:18
[INFO] [stdout]   55:     0x5dfa84be77b5 - test[9d35eded1c95d3be]::run_test_in_process::{closure#0}
[INFO] [stdout]                                at /rustc/dfb0accb7f508ae8be965d8629557221c889dd98/library/test/src/lib.rs:756:74
[INFO] [stdout]   56:     0x5dfa84be77b5 - <core[df12db4294e9bfd3]::panic::unwind_safe::AssertUnwindSafe<test[9d35eded1c95d3be]::run_test_in_process::{closure#0}> as core[df12db4294e9bfd3]::ops::function::FnOnce<()>>::call_once
[INFO] [stdout]                                at /rustc/dfb0accb7f508ae8be965d8629557221c889dd98/library/core/src/panic/unwind_safe.rs:275:9
[INFO] [stdout]   57:     0x5dfa84be77b5 - std[70759c8f55707aa4]::panicking::catch_unwind::do_call::<core[df12db4294e9bfd3]::panic::unwind_safe::AssertUnwindSafe<test[9d35eded1c95d3be]::run_test_in_process::{closure#0}>, core[df12db4294e9bfd3]::result::Result<(), alloc[2182bb758b4b3781]::string::String>>
[INFO] [stdout]                                at /rustc/dfb0accb7f508ae8be965d8629557221c889dd98/library/std/src/panicking.rs:576:43
[INFO] [stdout]   58:     0x5dfa84be77b5 - std[70759c8f55707aa4]::panicking::catch_unwind::<core[df12db4294e9bfd3]::result::Result<(), alloc[2182bb758b4b3781]::string::String>, core[df12db4294e9bfd3]::panic::unwind_safe::AssertUnwindSafe<test[9d35eded1c95d3be]::run_test_in_process::{closure#0}>>
[INFO] [stdout]                                at /rustc/dfb0accb7f508ae8be965d8629557221c889dd98/library/std/src/panicking.rs:544:19
[INFO] [stdout]   59:     0x5dfa84be77b5 - std[70759c8f55707aa4]::panic::catch_unwind::<core[df12db4294e9bfd3]::panic::unwind_safe::AssertUnwindSafe<test[9d35eded1c95d3be]::run_test_in_process::{closure#0}>, core[df12db4294e9bfd3]::result::Result<(), alloc[2182bb758b4b3781]::string::String>>
[INFO] [stdout]                                at /rustc/dfb0accb7f508ae8be965d8629557221c889dd98/library/std/src/panic.rs:359:14
[INFO] [stdout]   60:     0x5dfa84be77b5 - test[9d35eded1c95d3be]::run_test_in_process
[INFO] [stdout]                                at /rustc/dfb0accb7f508ae8be965d8629557221c889dd98/library/test/src/lib.rs:756:27
[INFO] [stdout]   61:     0x5dfa84be77b5 - test[9d35eded1c95d3be]::run_test::{closure#0}
[INFO] [stdout]                                at /rustc/dfb0accb7f508ae8be965d8629557221c889dd98/library/test/src/lib.rs:677:43
[INFO] [stdout]   62:     0x5dfa84be1074 - test[9d35eded1c95d3be]::run_test::{closure#1}
[INFO] [stdout]                                at /rustc/dfb0accb7f508ae8be965d8629557221c889dd98/library/test/src/lib.rs:707:41
[INFO] [stdout]   63:     0x5dfa84be1074 - std[70759c8f55707aa4]::sys::backtrace::__rust_begin_short_backtrace::<test[9d35eded1c95d3be]::run_test::{closure#1}, ()>
[INFO] [stdout]                                at /rustc/dfb0accb7f508ae8be965d8629557221c889dd98/library/std/src/sys/backtrace.rs:166:18
[INFO] [stdout]   64:     0x5dfa84bea912 - std[70759c8f55707aa4]::thread::lifecycle::spawn_unchecked::<test[9d35eded1c95d3be]::run_test::{closure#1}, ()>::{closure#1}::{closure#0}
[INFO] [stdout]                                at /rustc/dfb0accb7f508ae8be965d8629557221c889dd98/library/std/src/thread/lifecycle.rs:70:13
[INFO] [stdout]   65:     0x5dfa84bea912 - <core[df12db4294e9bfd3]::panic::unwind_safe::AssertUnwindSafe<std[70759c8f55707aa4]::thread::lifecycle::spawn_unchecked<test[9d35eded1c95d3be]::run_test::{closure#1}, ()>::{closure#1}::{closure#0}> as core[df12db4294e9bfd3]::ops::function::FnOnce<()>>::call_once
[INFO] [stdout]                                at /rustc/dfb0accb7f508ae8be965d8629557221c889dd98/library/core/src/panic/unwind_safe.rs:275:9
[INFO] [stdout]   66:     0x5dfa84bea912 - std[70759c8f55707aa4]::panicking::catch_unwind::do_call::<core[df12db4294e9bfd3]::panic::unwind_safe::AssertUnwindSafe<std[70759c8f55707aa4]::thread::lifecycle::spawn_unchecked<test[9d35eded1c95d3be]::run_test::{closure#1}, ()>::{closure#1}::{closure#0}>, ()>
[INFO] [stdout]                                at /rustc/dfb0accb7f508ae8be965d8629557221c889dd98/library/std/src/panicking.rs:576:43
[INFO] [stdout]   67:     0x5dfa84bea912 - std[70759c8f55707aa4]::panicking::catch_unwind::<(), core[df12db4294e9bfd3]::panic::unwind_safe::AssertUnwindSafe<std[70759c8f55707aa4]::thread::lifecycle::spawn_unchecked<test[9d35eded1c95d3be]::run_test::{closure#1}, ()>::{closure#1}::{closure#0}>>
[INFO] [stdout]                                at /rustc/dfb0accb7f508ae8be965d8629557221c889dd98/library/std/src/panicking.rs:544:19
[INFO] [stdout]   68:     0x5dfa84bea912 - std[70759c8f55707aa4]::panic::catch_unwind::<core[df12db4294e9bfd3]::panic::unwind_safe::AssertUnwindSafe<std[70759c8f55707aa4]::thread::lifecycle::spawn_unchecked<test[9d35eded1c95d3be]::run_test::{closure#1}, ()>::{closure#1}::{closure#0}>, ()>
[INFO] [stdout]                                at /rustc/dfb0accb7f508ae8be965d8629557221c889dd98/library/std/src/panic.rs:359:14
[INFO] [stdout]   69:     0x5dfa84bea912 - std[70759c8f55707aa4]::thread::lifecycle::spawn_unchecked::<test[9d35eded1c95d3be]::run_test::{closure#1}, ()>::{closure#1}
[INFO] [stdout]                                at /rustc/dfb0accb7f508ae8be965d8629557221c889dd98/library/std/src/thread/lifecycle.rs:68:26
[INFO] [stdout]   70:     0x5dfa84bea912 - <std[70759c8f55707aa4]::thread::lifecycle::spawn_unchecked<test[9d35eded1c95d3be]::run_test::{closure#1}, ()>::{closure#1} as core[df12db4294e9bfd3]::ops::function::FnOnce<()>>::call_once::{shim:vtable#0}
[INFO] [stdout]                                at /rustc/dfb0accb7f508ae8be965d8629557221c889dd98/library/core/src/ops/function.rs:250:5
[INFO] [stdout]   71:     0x5dfa84f62d49 - <alloc[2182bb758b4b3781]::boxed::Box<dyn core[df12db4294e9bfd3]::ops::function::FnOnce<(), Output = ()> + core[df12db4294e9bfd3]::marker::Send> as core[df12db4294e9bfd3]::ops::function::FnOnce<()>>::call_once
[INFO] [stdout]                                at /rustc/dfb0accb7f508ae8be965d8629557221c889dd98/library/alloc/src/boxed.rs:2320:9
[INFO] [stdout]   72:     0x5dfa84f62d49 - <std[70759c8f55707aa4]::sys::thread::unix::Thread>::new::thread_start
[INFO] [stdout]                                at /rustc/dfb0accb7f508ae8be965d8629557221c889dd98/library/std/src/sys/thread/unix.rs:123:17
[INFO] [stdout]   73:     0x70b29a33cdfa - <unknown>
[INFO] [stdout]   74:     0x70b29a3d03d4 - clone
[INFO] [stdout]   75:                0x0 - <unknown>
[INFO] [stdout] 
[INFO] [stdout] 
[INFO] [stdout] failures:
[INFO] [stdout]     health_check_db_works
[INFO] [stdout] 
[INFO] [stdout] test result: FAILED. 1 passed; 1 failed; 0 ignored; 0 measured; 0 filtered out; finished in 0.07s
[INFO] [stdout] 
[INFO] [stderr] error: test failed, to rerun pass `--bin rusty-book-manager`
[INFO] running `Command { std: "docker" "inspect" "a0c615f446107c544d125aa583eb906600151fe12374e0e0c31999a9ceb9fce5", kill_on_drop: false }`
[INFO] running `Command { std: "docker" "rm" "-f" "a0c615f446107c544d125aa583eb906600151fe12374e0e0c31999a9ceb9fce5", kill_on_drop: false }`
[INFO] [stdout] a0c615f446107c544d125aa583eb906600151fe12374e0e0c31999a9ceb9fce5
