[INFO] fetching crate tortuga 0.7.2...
[INFO] testing tortuga-0.7.2 against 1.100.0-beta.1 for beta-1.100-3
[INFO] extracting crate tortuga 0.7.2 into /workspace/builds/worker-3-tc2/source
[INFO] started tweaking crates.io crate tortuga 0.7.2
[INFO] finished tweaking crates.io crate tortuga 0.7.2
[INFO] tweaked toml for crates.io crate tortuga 0.7.2 written to /workspace/builds/worker-3-tc2/source/Cargo.toml
[INFO] validating manifest of crates.io crate tortuga 0.7.2 on toolchain 1.100.0-beta.1
[INFO] running `Command { std: CARGO_HOME="/workspace/cargo-home" RUSTUP_HOME="/workspace/rustup-home" "/workspace/cargo-home/bin/cargo" "+1.100.0-beta.1" "metadata" "--manifest-path" "Cargo.toml" "--no-deps", kill_on_drop: false }`
[INFO] crate crates.io crate tortuga 0.7.2 already has a lockfile, it will not be regenerated
[INFO] running `Command { std: CARGO_HOME="/workspace/cargo-home" RUSTUP_HOME="/workspace/rustup-home" "/workspace/cargo-home/bin/cargo" "+1.100.0-beta.1" "fetch" "--manifest-path" "Cargo.toml", kill_on_drop: false }`
[INFO] [stderr]     Blocking waiting for file lock on package cache
[INFO] [stderr]     Blocking waiting for file lock on package cache
[ERROR] error running command: no output for 300 seconds
[INFO] testing tortuga-0.7.2 against 1.100.0-beta.1 for beta-1.100-3
[INFO] extracting crate tortuga 0.7.2 into /workspace/builds/worker-3-tc2/source
[INFO] started tweaking crates.io crate tortuga 0.7.2
[INFO] finished tweaking crates.io crate tortuga 0.7.2
[INFO] tweaked toml for crates.io crate tortuga 0.7.2 written to /workspace/builds/worker-3-tc2/source/Cargo.toml
[INFO] validating manifest of crates.io crate tortuga 0.7.2 on toolchain 1.100.0-beta.1
[INFO] running `Command { std: CARGO_HOME="/workspace/cargo-home" RUSTUP_HOME="/workspace/rustup-home" "/workspace/cargo-home/bin/cargo" "+1.100.0-beta.1" "metadata" "--manifest-path" "Cargo.toml" "--no-deps", kill_on_drop: false }`
[INFO] crate crates.io crate tortuga 0.7.2 already has a lockfile, it will not be regenerated
[INFO] running `Command { std: CARGO_HOME="/workspace/cargo-home" RUSTUP_HOME="/workspace/rustup-home" "/workspace/cargo-home/bin/cargo" "+1.100.0-beta.1" "fetch" "--manifest-path" "Cargo.toml", kill_on_drop: false }`
[INFO] [stderr]     Blocking waiting for file lock on package cache
[INFO] [stderr]     Blocking waiting for file lock on package cache
[INFO] [stderr]  Downloading crates ...
[INFO] [stderr]   Downloaded wiggle-generate v16.0.0
[INFO] [stderr]   Downloaded wiggle-macro v16.0.0
[INFO] [stderr]   Downloaded witx v0.9.1
[INFO] [stderr]   Downloaded libredox v0.0.1
[INFO] [stderr]   Downloaded wasi-cap-std-sync v16.0.0
[INFO] [stderr]   Downloaded wasmtime-winch v16.0.0
[INFO] [stderr]   Downloaded wiggle v16.0.0
[INFO] [stderr]   Downloaded wasmtime-types v16.0.0
[INFO] [stderr]   Downloaded getrandom v0.2.11
[INFO] [stderr]   Downloaded unicode-width v0.1.11
[INFO] [stderr]   Downloaded semver v1.0.21
[INFO] [stderr]   Downloaded wasm-encoder v0.38.1
[INFO] [stderr]   Downloaded wasmtime-cranelift-shared v16.0.0
[INFO] [stderr]   Downloaded memoffset v0.9.0
[INFO] [stderr]   Downloaded winx v0.36.3
[INFO] [stderr]   Downloaded ambient-authority v0.0.2
[INFO] [stderr]   Downloaded leb128 v0.2.5
[INFO] [stderr]   Downloaded slice-group-by v0.3.1
[INFO] [stderr]   Downloaded cranelift-control v0.103.0
[INFO] [stderr]   Downloaded cranelift-codegen-shared v0.103.0
[INFO] [stderr]   Downloaded wasmtime-versioned-export-macros v16.0.0
[INFO] [stderr]   Downloaded wasm-bindgen-shared v0.2.89
[INFO] [stderr]   Downloaded js-sys v0.3.66
[INFO] [stderr]   Downloaded wasmtime-asm-macros v16.0.0
[INFO] [stderr]   Downloaded wasm-bindgen-backend v0.2.89
[INFO] [stderr]   Downloaded wasmtime-component-util v16.0.0
[INFO] [stderr]   Downloaded wasmtime-wmemcheck v16.0.0
[INFO] [stderr]   Downloaded memfd v0.6.4
[INFO] [stderr]   Downloaded id-arena v2.2.1
[INFO] [stderr]   Downloaded cap-rand v2.0.1
[INFO] [stderr]   Downloaded redox_users v0.4.4
[INFO] [stderr]   Downloaded wat v1.0.82
[INFO] [stderr]   Downloaded thiserror-impl v1.0.56
[INFO] [stderr]   Downloaded cranelift-native v0.103.0
[INFO] [stderr]   Downloaded wasmtime-jit-icache-coherence v16.0.0
[INFO] [stderr]   Downloaded maybe-owned v0.3.4
[INFO] [stderr]   Downloaded ittapi v0.4.0
[INFO] [stderr]   Downloaded cranelift-bforest v0.103.0
[INFO] [stderr]   Downloaded cranelift-entity v0.103.0
[INFO] [stderr]   Downloaded wasmtime-component-macro v16.0.0
[INFO] [stderr]   Downloaded wasmtime-jit-debug v16.0.0
[INFO] [stderr]   Downloaded fs-set-times v0.20.1
[INFO] [stderr]   Downloaded memchr v2.7.1
[INFO] [stderr]   Downloaded cap-net-ext v2.0.1
[INFO] [stderr]   Downloaded cap-time-ext v2.0.1
[INFO] [stderr]   Downloaded wasm-bindgen-futures v0.4.39
[INFO] [stderr]   Downloaded plotters-backend v0.3.5
[INFO] [stderr]   Downloaded http-body-util v0.1.0
[INFO] [stderr]   Downloaded winapi-util v0.1.6
[INFO] [stderr]   Downloaded hermit-abi v0.3.3
[INFO] [stderr]   Downloaded plotters-svg v0.3.5
[INFO] [stderr]   Downloaded oorandom v11.1.3
[INFO] [stderr]   Downloaded fd-lock v4.0.2
[INFO] [stderr]   Downloaded fastrand v2.0.1
[INFO] [stderr]   Downloaded is-terminal v0.4.10
[INFO] [stderr]   Downloaded ciborium-io v0.2.1
[INFO] [stderr]   Downloaded thiserror v1.0.56
[INFO] [stderr]   Downloaded quote v1.0.35
[INFO] [stderr]   Downloaded target-lexicon v0.12.13
[INFO] [stderr]   Downloaded itoa v1.0.10
[INFO] [stderr]   Downloaded wasmtime-fiber v16.0.0
[INFO] [stderr]   Downloaded jobserver v0.1.27
[INFO] [stderr]   Downloaded psm v0.1.21
[INFO] [stderr]   Downloaded mach v0.3.2
[INFO] [stderr]   Downloaded wasmtime-jit v16.0.0
[INFO] [stderr]   Downloaded either v1.9.0
[INFO] [stderr]   Downloaded wasmtime-wit-bindgen v16.0.0
[INFO] [stderr]   Downloaded wasmtime-cache v16.0.0
[INFO] [stderr]   Downloaded pkg-config v0.3.28
[INFO] [stderr]   Downloaded async-trait v0.1.77
[INFO] [stderr]   Downloaded io-extras v0.18.1
[INFO] [stderr]   Downloaded io-lifetimes v2.0.3
[INFO] [stderr]   Downloaded cap-std v2.0.1
[INFO] [stderr]   Downloaded iana-time-zone v0.1.59
[INFO] [stderr]   Downloaded tempfile v3.9.0
[INFO] [stderr]   Downloaded walkdir v2.4.0
[INFO] [stderr]   Downloaded ciborium-ll v0.2.1
[INFO] [stderr]   Downloaded wast v35.0.2
[INFO] [stderr]   Downloaded shellexpand v2.1.2
[INFO] [stderr]   Downloaded winch-codegen v0.14.0
[INFO] [stderr]   Downloaded serde_derive v1.0.195
[INFO] [stderr]   Downloaded ahash v0.8.7
[INFO] [stderr]   Downloaded wasmprinter v0.2.75
[INFO] [stderr]   Downloaded ryu v1.0.16
[INFO] [stderr]   Downloaded fxprof-processed-profile v0.6.0
[INFO] [stderr]   Downloaded uuid v1.6.1
[INFO] [stderr]   Downloaded pin-project-lite v0.2.13
[INFO] [stderr]   Downloaded system-interface v0.26.1
[INFO] [stderr]   Downloaded cap-fs-ext v2.0.1
[INFO] [stderr]   Downloaded proc-macro2 v1.0.76
[INFO] [stderr]   Downloaded anyhow v1.0.79
[INFO] [stderr]   Downloaded indexmap v2.1.0
[INFO] [stderr]   Downloaded smallvec v1.11.2
[INFO] [stderr]   Downloaded cranelift-codegen-meta v0.103.0
[INFO] [stderr]   Downloaded cpp_demangle v0.3.5
[INFO] [stderr]   Downloaded cranelift-frontend v0.103.0
[INFO] [stderr]   Downloaded wit-parser v0.13.0
[INFO] [stderr]   Downloaded wasm-bindgen-macro v0.2.89
[INFO] [stderr]   Downloaded wasmtime-wasi v16.0.0
[INFO] [stderr]   Downloaded serde v1.0.195
[INFO] [stderr]   Downloaded cranelift-isle v0.103.0
[INFO] [stderr]   Downloaded bumpalo v3.14.0
[INFO] [stderr]   Downloaded cc v1.0.83
[INFO] [stderr]   Downloaded wasmtime-cranelift v16.0.0
[INFO] [stderr]   Downloaded base64 v0.21.6
[INFO] [stderr]   Downloaded rayon-core v1.12.0
[INFO] [stderr]   Downloaded cap-primitives v2.0.1
[INFO] [stderr]   Downloaded wasmtime-environ v16.0.0
[INFO] [stderr]   Downloaded wasi-common v16.0.0
[INFO] [stderr]   Downloaded wast v69.0.1
[INFO] [stderr]   Downloaded wasmparser v0.118.1
[INFO] [stderr]   Downloaded hashbrown v0.14.3
[INFO] [stderr]   Downloaded ittapi-sys v0.4.0
[INFO] [stderr]   Downloaded wasm-bindgen-macro-support v0.2.89
[INFO] [stderr]   Downloaded regalloc2 v0.9.3
[INFO] [stderr]   Downloaded serde_json v1.0.111
[INFO] [stderr]   Downloaded half v1.8.2
[INFO] [stderr]   Downloaded wasmtime-runtime v16.0.0
[INFO] [stderr]   Downloaded rayon v1.8.0
[INFO] [stderr]   Downloaded cranelift-wasm v0.103.0
[INFO] [stderr]   Downloaded wasmtime v16.0.0
[INFO] [stderr]   Downloaded syn v2.0.48
[INFO] [stderr]   Downloaded security-framework-sys v2.9.1
[INFO] [stderr]   Downloaded num-traits v0.2.17
[INFO] [stderr]   Downloaded ciborium v0.2.1
[INFO] [stderr]   Downloaded socket2 v0.5.5
[INFO] [stderr]   Downloaded bytes v1.5.0
[INFO] [stderr]   Downloaded miniz_oxide v0.7.1
[INFO] [stderr]   Downloaded hyper-util v0.1.2
[INFO] [stderr]   Downloaded clap v4.4.14
[INFO] [stderr]   Downloaded openssl-sys v0.9.98
[INFO] [stderr]   Downloaded security-framework v2.9.2
[INFO] [stderr]   Downloaded backtrace v0.3.69
[INFO] [stderr]   Downloaded http v1.0.0
[INFO] [stderr]   Downloaded http v0.2.11
[INFO] [stderr]   Downloaded mio v0.8.10
[INFO] [stderr]   Downloaded reqwest v0.11.23
[INFO] [stderr]   Downloaded h2 v0.3.22
[INFO] [stderr]   Downloaded clap_builder v4.4.14
[INFO] [stderr]   Downloaded hyper v1.1.0
[INFO] [stderr]   Downloaded libc v0.2.152
[INFO] [stderr]   Downloaded zstd-sys v2.0.9+zstd.1.5.5
[INFO] [stderr]   Downloaded plotters v0.3.5
[INFO] [stderr]   Downloaded wasm-bindgen v0.2.89
[INFO] [stderr]   Downloaded aho-corasick v1.1.2
[INFO] [stderr]   Downloaded regex v1.10.2
[INFO] [stderr]   Downloaded openssl v0.10.62
[INFO] [stderr]   Downloaded cranelift-codegen v0.103.0
[INFO] [stderr]   Downloaded encoding_rs v0.8.33
[INFO] [stderr]   Downloaded regex-syntax v0.8.2
[INFO] [stderr]   Downloaded regex-automata v0.4.3
[INFO] [stderr]   Downloaded tokio v1.35.1
[INFO] [stderr]   Downloaded web-sys v0.3.66
[INFO] running `Command { std: "docker" "create" "-v" "/var/lib/crater-agent-workspace/builds/worker-3-tc2/source:/opt/rustwide/workdir:ro,Z" "-v" "/var/lib/crater-agent-workspace/builds/worker-3-tc2/target:/opt/rustwide/target:rw,Z" "-v" "/var/lib/crater-agent-workspace/cargo-home:/opt/rustwide/cargo-home:ro,Z" "-v" "/var/lib/crater-agent-workspace/rustup-home:/opt/rustwide/rustup-home:ro,Z" "-m" "1610612736" "--network" "none" "ghcr.io/rust-lang/crates-build-env/linux@sha256:77db811e55d90add9212f6832c23229e3de5f1c1f9905e8cb07319ea15df73ac" "sleep" "infinity", kill_on_drop: false }`
[INFO] [stdout] 4fe3e6c25052b64fe60de2a99f91745083c692ae28a7fc02a73ecd406588d12e
[INFO] running `Command { std: "docker" "start" "4fe3e6c25052b64fe60de2a99f91745083c692ae28a7fc02a73ecd406588d12e", kill_on_drop: false }`
[INFO] running `Command { std: "docker" "inspect" "4fe3e6c25052b64fe60de2a99f91745083c692ae28a7fc02a73ecd406588d12e", kill_on_drop: false }`
[INFO] running `Command { std: "docker" "exec" "-e" "SOURCE_DIR=/opt/rustwide/workdir" "-e" "CARGO_HOME=/opt/rustwide/cargo-home" "-e" "RUSTUP_HOME=/opt/rustwide/rustup-home" "-e" "CARGO_TARGET_DIR=/opt/rustwide/target" "-w" "/opt/rustwide/workdir" "--user" "0:0" "4fe3e6c25052b64fe60de2a99f91745083c692ae28a7fc02a73ecd406588d12e" "/opt/rustwide/cargo-home/bin/cargo" "+1.100.0-beta.1" "metadata" "--no-deps" "--format-version=1", kill_on_drop: false }`
[INFO] running `Command { std: "docker" "inspect" "4fe3e6c25052b64fe60de2a99f91745083c692ae28a7fc02a73ecd406588d12e", kill_on_drop: false }`
[INFO] running `Command { std: "docker" "exec" "-e" "SOURCE_DIR=/opt/rustwide/workdir" "-e" "CARGO_HOME=/opt/rustwide/cargo-home" "-e" "RUSTUP_HOME=/opt/rustwide/rustup-home" "-e" "CARGO_TARGET_DIR=/opt/rustwide/target" "-e" "CARGO_INCREMENTAL=0" "-e" "RUST_BACKTRACE=full" "-e" "RUSTFLAGS=--cap-lints=warn" "-e" "RUSTDOCFLAGS=--cap-lints=warn" "-w" "/opt/rustwide/workdir" "--user" "0:0" "4fe3e6c25052b64fe60de2a99f91745083c692ae28a7fc02a73ecd406588d12e" "/opt/rustwide/cargo-home/bin/cargo" "+1.100.0-beta.1" "build" "--frozen" "--message-format=json", kill_on_drop: false }`
[INFO] [stderr]    Compiling proc-macro2 v1.0.76
[INFO] [stderr]    Compiling libc v0.2.152
[INFO] [stderr]    Compiling serde v1.0.195
[INFO] [stderr]    Compiling itoa v1.0.10
[INFO] [stderr]    Compiling zerocopy v0.7.32
[INFO] [stderr]    Compiling anyhow v1.0.79
[INFO] [stderr]    Compiling rustix v0.38.28
[INFO] [stderr]    Compiling ahash v0.8.7
[INFO] [stderr]    Compiling linux-raw-sys v0.4.12
[INFO] [stderr]    Compiling semver v1.0.21
[INFO] [stderr]    Compiling leb128 v0.2.5
[INFO] [stderr]    Compiling thiserror v1.0.56
[INFO] [stderr]    Compiling target-lexicon v0.12.13
[INFO] [stderr]    Compiling cranelift-isle v0.103.0
[INFO] [stderr]    Compiling cranelift-codegen-shared v0.103.0
[INFO] [stderr]    Compiling crc32fast v1.3.2
[INFO] [stderr]    Compiling memchr v2.7.1
[INFO] [stderr]    Compiling cranelift-codegen-meta v0.103.0
[INFO] [stderr]    Compiling smallvec v1.11.2
[INFO] [stderr]    Compiling io-lifetimes v2.0.3
[INFO] [stderr]    Compiling wasm-encoder v0.38.1
[INFO] [stderr]    Compiling pkg-config v0.3.28
[INFO] [stderr]    Compiling arbitrary v1.3.2
[INFO] [stderr]    Compiling pin-project-lite v0.2.13
[INFO] [stderr]    Compiling rustc-hash v1.1.0
[INFO] [stderr]    Compiling slice-group-by v0.3.1
[INFO] [stderr]    Compiling serde_json v1.0.111
[INFO] [stderr]    Compiling hashbrown v0.14.3
[INFO] [stderr]    Compiling hashbrown v0.13.2
[INFO] [stderr]    Compiling quote v1.0.35
[INFO] [stderr]    Compiling ryu v1.0.16
[INFO] [stderr]    Compiling wasmtime-component-util v16.0.0
[INFO] [stderr]    Compiling crossbeam-utils v0.8.19
[INFO] [stderr]    Compiling io-extras v0.18.1
[INFO] [stderr]    Compiling syn v2.0.48
[INFO] [stderr]    Compiling bumpalo v3.14.0
[INFO] [stderr]    Compiling jobserver v0.1.27
[INFO] [stderr]    Compiling ambient-authority v0.0.2
[INFO] [stderr]    Compiling cap-primitives v2.0.1
[INFO] [stderr]    Compiling autocfg v1.1.0
[INFO] [stderr]    Compiling zstd-safe v5.0.2+zstd.1.5.2
[INFO] [stderr]    Compiling cranelift-control v0.103.0
[INFO] [stderr]    Compiling cc v1.0.83
[INFO] [stderr]    Compiling either v1.9.0
[INFO] [stderr]    Compiling ipnet v2.9.0
[INFO] [stderr]    Compiling maybe-owned v0.3.4
[INFO] [stderr]    Compiling memoffset v0.9.0
[INFO] [stderr]    Compiling dirs-sys v0.3.7
[INFO] [stderr]    Compiling wasmtime-asm-macros v16.0.0
[INFO] [stderr]    Compiling regalloc2 v0.9.3
[INFO] [stderr]    Compiling id-arena v2.2.1
[INFO] [stderr]    Compiling rayon-core v1.12.0
[INFO] [stderr]    Compiling cap-std v2.0.1
[INFO] [stderr]    Compiling bytes v1.5.0
[INFO] [stderr]    Compiling cpp_demangle v0.3.5
[INFO] [stderr]    Compiling unicode-xid v0.2.4
[INFO] [stderr]    Compiling dirs v4.0.0
[INFO] [stderr]    Compiling itertools v0.10.5
[INFO] [stderr]    Compiling dirs-sys-next v0.1.2
[INFO] [stderr]    Compiling getrandom v0.2.11
[INFO] [stderr]    Compiling crossbeam-epoch v0.9.18
[INFO] [stderr]    Compiling wast v35.0.2
[INFO] [stderr]    Compiling encoding_rs v0.8.33
[INFO] [stderr]    Compiling wasmtime-cache v16.0.0
[INFO] [stderr]    Compiling uuid v1.6.1
[INFO] [stderr]    Compiling wasmtime-wmemcheck v16.0.0
[INFO] [stderr]    Compiling byteorder v1.5.0
[INFO] [stderr]    Compiling crossbeam-deque v0.8.5
[INFO] [stderr]    Compiling async-trait v0.1.77
[INFO] [stderr]    Compiling unicode-width v0.1.11
[INFO] [stderr]    Compiling debugid v0.8.0
[INFO] [stderr]    Compiling wast v69.0.1
[INFO] [stderr]    Compiling fxhash v0.2.1
[INFO] [stderr]    Compiling sha2 v0.10.8
[INFO] [stderr]    Compiling rand_core v0.6.4
[INFO] [stderr]    Compiling directories-next v2.0.0
[INFO] [stderr]    Compiling zstd-sys v2.0.9+zstd.1.5.5
[INFO] [stderr]    Compiling ittapi-sys v0.4.0
[INFO] [stderr]    Compiling shellexpand v2.1.2
[INFO] [stderr]    Compiling wasmtime-jit-icache-coherence v16.0.0
[INFO] [stderr]    Compiling tracing-core v0.1.32
[INFO] [stderr]    Compiling rustc-demangle v0.1.23
[INFO] [stderr]    Compiling base64 v0.21.6
[INFO] [stderr]    Compiling futures-util v0.3.30
[INFO] [stderr]    Compiling rayon v1.8.0
[INFO] [stderr]    Compiling rand_chacha v0.3.1
[INFO] [stderr]    Compiling mio v0.8.10
[INFO] [stderr]    Compiling socket2 v0.5.5
[INFO] [stderr]    Compiling num_cpus v1.16.0
[INFO] [stderr]    Compiling cranelift-codegen v0.103.0
[INFO] [stderr]    Compiling signal-hook-registry v1.4.1
[INFO] [stderr]    Compiling wasi-common v16.0.0
[INFO] [stderr]    Compiling http v1.0.0
[INFO] [stderr]    Compiling rand v0.8.5
[INFO] [stderr]    Compiling ittapi v0.4.0
[INFO] [stderr]    Compiling cap-fs-ext v2.0.1
[INFO] [stderr]    Compiling system-interface v0.26.1
[INFO] [stderr]    Compiling iana-time-zone v0.1.59
[INFO] [stderr]    Compiling wasmtime-wasi v16.0.0
[INFO] [stderr]    Compiling futures-io v0.3.30
[INFO] [stderr]    Compiling clap_builder v4.4.14
[INFO] [stderr]    Compiling indexmap v2.1.0
[INFO] [stderr]    Compiling http-body v1.0.0
[INFO] [stderr]    Compiling cap-rand v2.0.1
[INFO] [stderr]    Compiling futures v0.3.30
[INFO] [stderr]    Compiling http-body-util v0.1.0
[INFO] [stderr]    Compiling serde_derive v1.0.195
[INFO] [stderr]    Compiling thiserror-impl v1.0.56
[INFO] [stderr]    Compiling wasmtime-versioned-export-macros v16.0.0
[INFO] [stderr]    Compiling tracing-attributes v0.1.27
[INFO] [stderr]    Compiling tokio-macros v2.2.0
[INFO] [stderr]    Compiling clap_derive v4.4.7
[INFO] [stderr]    Compiling wasmtime-fiber v16.0.0
[INFO] [stderr]    Compiling wasmtime-runtime v16.0.0
[INFO] [stderr]    Compiling tokio v1.35.1
[INFO] [stderr]    Compiling fs-set-times v0.20.1
[INFO] [stderr]    Compiling memfd v0.6.4
[INFO] [stderr]    Compiling cap-time-ext v2.0.1
[INFO] [stderr]    Compiling tracing v0.1.40
[INFO] [stderr]    Compiling witx v0.9.1
[INFO] [stderr]    Compiling cap-net-ext v2.0.1
[INFO] [stderr]    Compiling clap v4.4.14
[INFO] [stderr]    Compiling wat v1.0.82
[INFO] [stderr]    Compiling wiggle-generate v16.0.0
[INFO] [stderr]    Compiling wit-parser v0.13.0
[INFO] [stderr]    Compiling wiggle-macro v16.0.0
[INFO] [stderr]    Compiling zstd v0.11.2+zstd.1.5.2
[INFO] [stderr]    Compiling wasmtime-wit-bindgen v16.0.0
[INFO] [stderr]    Compiling wasmtime-component-macro v16.0.0
[INFO] [stderr]    Compiling hyper v1.1.0
[INFO] [stderr]    Compiling tokio-util v0.7.10
[INFO] [stderr]    Compiling cranelift-entity v0.103.0
[INFO] [stderr]    Compiling bincode v1.3.3
[INFO] [stderr]    Compiling toml v0.5.11
[INFO] [stderr]    Compiling cranelift-bforest v0.103.0
[INFO] [stderr]    Compiling gimli v0.28.1
[INFO] [stderr]    Compiling wasmparser v0.118.1
[INFO] [stderr]    Compiling object v0.32.2
[INFO] [stderr]    Compiling hyper-util v0.1.2
[INFO] [stderr]    Compiling fxprof-processed-profile v0.6.0
[INFO] [stderr]    Compiling addr2line v0.21.0
[INFO] [stderr]    Compiling wasmtime-jit-debug v16.0.0
[INFO] [stderr]    Compiling wasmtime-types v16.0.0
[INFO] [stderr]    Compiling wasmprinter v0.2.75
[INFO] [stderr]    Compiling wasmtime-environ v16.0.0
[INFO] [stderr]    Compiling wasmtime-jit v16.0.0
[INFO] [stderr]    Compiling cranelift-frontend v0.103.0
[INFO] [stderr]    Compiling cranelift-native v0.103.0
[INFO] [stderr]    Compiling wasmtime-cranelift-shared v16.0.0
[INFO] [stderr]    Compiling cranelift-wasm v0.103.0
[INFO] [stderr]    Compiling wasmtime-cranelift v16.0.0
[INFO] [stderr]    Compiling wasmtime v16.0.0
[INFO] [stderr]    Compiling wiggle v16.0.0
[INFO] [stderr]    Compiling wasi-cap-std-sync v16.0.0
[INFO] [stderr]    Compiling tortuga v0.7.2 (/opt/rustwide/workdir)
[INFO] [stdout] error[E0277]: the trait bound `!: WasmResults` is not satisfied
[INFO] [stdout]    --> src/script/wasm.rs:65:14
[INFO] [stdout]     |
[INFO] [stdout]  65 |             .call_async(&mut store, ())
[INFO] [stdout]     |              ^^^^^^^^^^ the trait `WasmTy` is not implemented for `!`
[INFO] [stdout]     |
[INFO] [stdout]     = help: the following other types implement trait `WasmTy`:
[INFO] [stdout]               f32
[INFO] [stdout]               f64
[INFO] [stdout]               i32
[INFO] [stdout]               i64
[INFO] [stdout]               std::option::Option<wasmtime::ExternRef>
[INFO] [stdout]               std::option::Option<wasmtime::Func>
[INFO] [stdout]               u32
[INFO] [stdout]               u64
[INFO] [stdout]               wasmtime::V128
[INFO] [stdout]     = note: required for `!` to implement `WasmResults`
[INFO] [stdout] note: required by a bound in `wasmtime::TypedFunc::<Params, Results>::call_async`
[INFO] [stdout]    --> /opt/rustwide/cargo-home/registry/src/index.crates.io-1949cf8c6b5b557f/wasmtime-16.0.0/src/func/typed.rs:37:14
[INFO] [stdout]     |
[INFO] [stdout]  34 | impl<Params, Results> TypedFunc<Params, Results>
[INFO] [stdout] ...
[INFO] [stdout]  37 |     Results: WasmResults,
[INFO] [stdout]     |              ^^^^^^^^^^^ required by this bound in `TypedFunc::<Params, Results>::call_async`
[INFO] [stdout] ...
[INFO] [stdout] 110 |     pub async fn call_async<T>(
[INFO] [stdout]     |
[INFO] [stdout] 
[INFO] [stdout] 
[INFO] [stdout] error[E0277]: the trait bound `!: WasmResults` is not satisfied
[INFO] [stdout]    --> src/script/wasm.rs:57:37
[INFO] [stdout]     |
[INFO] [stdout]  57 |         let mut function = instance.get_typed_func(&mut store, "");
[INFO] [stdout]     |                                     ^^^^^^^^^^^^^^ the trait `WasmTy` is not implemented for `!`
[INFO] [stdout]     |
[INFO] [stdout]     = help: the following other types implement trait `WasmTy`:
[INFO] [stdout]               f32
[INFO] [stdout]               f64
[INFO] [stdout]               i32
[INFO] [stdout]               i64
[INFO] [stdout]               std::option::Option<wasmtime::ExternRef>
[INFO] [stdout]               std::option::Option<wasmtime::Func>
[INFO] [stdout]               u32
[INFO] [stdout]               u64
[INFO] [stdout]               wasmtime::V128
[INFO] [stdout]     = note: required for `!` to implement `WasmResults`
[INFO] [stdout] note: required by a bound in `wasmtime::Instance::get_typed_func`
[INFO] [stdout]    --> /opt/rustwide/cargo-home/registry/src/index.crates.io-1949cf8c6b5b557f/wasmtime-16.0.0/src/instance.rs:483:18
[INFO] [stdout]     |
[INFO] [stdout]  54 | impl Instance {
[INFO] [stdout] ...
[INFO] [stdout] 476 |     pub fn get_typed_func<Params, Results>(
[INFO] [stdout] ...
[INFO] [stdout] 483 |         Results: crate::WasmResults,
[INFO] [stdout]     |                  ^^^^^^^^^^^^^^^^^^ required by this bound in `Instance::get_typed_func`
[INFO] [stdout] 
[INFO] [stdout] 
[INFO] [stdout] For more information about this error, try `rustc --explain E0277`.
[INFO] [stdout] 
[INFO] [stderr] error: could not compile `tortuga` (lib) due to 2 previous errors
[INFO] [stderr] warning: build failed, waiting for other jobs to finish...
[INFO] running `Command { std: "docker" "inspect" "4fe3e6c25052b64fe60de2a99f91745083c692ae28a7fc02a73ecd406588d12e", kill_on_drop: false }`
[INFO] running `Command { std: "docker" "rm" "-f" "4fe3e6c25052b64fe60de2a99f91745083c692ae28a7fc02a73ecd406588d12e", kill_on_drop: false }`
[INFO] [stdout] 4fe3e6c25052b64fe60de2a99f91745083c692ae28a7fc02a73ecd406588d12e
