[INFO] cloning repository https://github.com/actpkg/servo
[INFO] running `Command { std: "git" "-c" "credential.helper=" "-c" "credential.helper=/workspace/cargo-home/bin/git-credential-null" "clone" "--bare" "https://github.com/actpkg/servo" "/workspace/cache/git-repos/https%3A%2F%2Fgithub.com%2Factpkg%2Fservo", kill_on_drop: false }`
[INFO] [stderr] Cloning into bare repository '/workspace/cache/git-repos/https%3A%2F%2Fgithub.com%2Factpkg%2Fservo'...
[INFO] running `Command { std: "git" "rev-parse" "HEAD", kill_on_drop: false }`
[INFO] [stdout] 2353a0d8bb4fd937857e16664268cfe10e39c066
[INFO] testing actpkg/servo/2353a0d8bb4fd937857e16664268cfe10e39c066 against 1.100.0-beta.1 for beta-1.100-3
[INFO] running `Command { std: "git" "clone" "/workspace/cache/git-repos/https%3A%2F%2Fgithub.com%2Factpkg%2Fservo" "/workspace/builds/worker-3-tc2/source", kill_on_drop: false }`
[INFO] [stderr] Cloning into '/workspace/builds/worker-3-tc2/source'...
[INFO] [stderr] done.
[INFO] removed /workspace/builds/worker-3-tc2/source/.cargo/config.toml
[INFO] removed /workspace/builds/worker-3-tc2/source/rust-toolchain.toml
[INFO] started tweaking git repo https://github.com/actpkg/servo
[INFO] finished tweaking git repo https://github.com/actpkg/servo
[INFO] tweaked toml for git repo https://github.com/actpkg/servo written to /workspace/builds/worker-3-tc2/source/Cargo.toml
[INFO] validating manifest of git repo https://github.com/actpkg/servo on toolchain 1.100.0-beta.1
[INFO] running `Command { std: CARGO_HOME="/workspace/cargo-home" RUSTUP_HOME="/workspace/rustup-home" "/workspace/cargo-home/bin/cargo" "+1.100.0-beta.1" "metadata" "--manifest-path" "Cargo.toml" "--no-deps", kill_on_drop: false }`
[INFO] crate git repo https://github.com/actpkg/servo already has a lockfile, it will not be regenerated
[INFO] running `Command { std: CARGO_HOME="/workspace/cargo-home" RUSTUP_HOME="/workspace/rustup-home" "/workspace/cargo-home/bin/cargo" "+1.100.0-beta.1" "fetch" "--manifest-path" "Cargo.toml", kill_on_drop: false }`
[INFO] [stderr]     Blocking waiting for file lock on package cache
[INFO] [stderr]     Updating crates.io index
[INFO] [stderr]     Updating git repository `https://github.com/GamePad64/servo`
[ERROR] error running command: no output for 300 seconds
[INFO] testing actpkg/servo/2353a0d8bb4fd937857e16664268cfe10e39c066 against 1.100.0-beta.1 for beta-1.100-3
[INFO] running `Command { std: "git" "clone" "/workspace/cache/git-repos/https%3A%2F%2Fgithub.com%2Factpkg%2Fservo" "/workspace/builds/worker-3-tc2/source", kill_on_drop: false }`
[INFO] [stderr] Cloning into '/workspace/builds/worker-3-tc2/source'...
[INFO] [stderr] done.
[INFO] removed /workspace/builds/worker-3-tc2/source/.cargo/config.toml
[INFO] removed /workspace/builds/worker-3-tc2/source/rust-toolchain.toml
[INFO] started tweaking git repo https://github.com/actpkg/servo
[INFO] finished tweaking git repo https://github.com/actpkg/servo
[INFO] tweaked toml for git repo https://github.com/actpkg/servo written to /workspace/builds/worker-3-tc2/source/Cargo.toml
[INFO] validating manifest of git repo https://github.com/actpkg/servo on toolchain 1.100.0-beta.1
[INFO] running `Command { std: CARGO_HOME="/workspace/cargo-home" RUSTUP_HOME="/workspace/rustup-home" "/workspace/cargo-home/bin/cargo" "+1.100.0-beta.1" "metadata" "--manifest-path" "Cargo.toml" "--no-deps", kill_on_drop: false }`
[INFO] crate git repo https://github.com/actpkg/servo already has a lockfile, it will not be regenerated
[INFO] running `Command { std: CARGO_HOME="/workspace/cargo-home" RUSTUP_HOME="/workspace/rustup-home" "/workspace/cargo-home/bin/cargo" "+1.100.0-beta.1" "fetch" "--manifest-path" "Cargo.toml", kill_on_drop: false }`
[INFO] [stderr]     Blocking waiting for file lock on package cache
[INFO] [stderr]     Updating crates.io index
[INFO] [stderr]     Blocking waiting for file lock on package cache
[INFO] [stderr]  Downloading crates ...
[INFO] [stderr]   Downloaded malloc_size_of_derive v0.1.3
[INFO] [stderr]   Downloaded webdriver v0.53.0
[INFO] [stderr]   Downloaded zeitstempel v0.2.2
[INFO] [stderr]   Downloaded app_units v0.7.8
[INFO] [stderr]   Downloaded zerovec-derive v0.10.4
[INFO] [stderr]   Downloaded core_maths v0.1.1
[INFO] [stderr]   Downloaded to_shmem_derive v0.1.0
[INFO] [stderr]   Downloaded to_shmem v0.5.0
[INFO] [stderr]   Downloaded stylo_traits v0.20.0
[INFO] [stderr]   Downloaded thin-vec v0.2.20
[INFO] [stderr]   Downloaded smallbitvec v2.6.1
[INFO] [stderr]   Downloaded cssparser v0.37.0
[INFO] [stderr]   Downloaded cssparser-macros v0.7.1
[INFO] [stderr]   Downloaded stylo_malloc_size_of v0.20.0
[INFO] [stderr]   Downloaded stylo_atoms v0.20.0
[INFO] [stderr]   Downloaded selectors v0.40.0
[INFO] [stderr]   Downloaded web_atoms v0.2.6
[INFO] [stderr]   Downloaded uluru v3.1.0
[INFO] [stderr]   Downloaded stylo_static_prefs v0.20.0
[INFO] [stderr]   Downloaded stylo_dom v0.20.0
[INFO] [stderr]   Downloaded stylo_derive v0.20.0
[INFO] [stderr]   Downloaded icu_segmenter v1.5.0
[INFO] [stderr]   Downloaded icu_locale_fallback v2.3.0
[INFO] [stderr]   Downloaded icu_locale_fallback_data v2.3.0
[INFO] [stderr]   Downloaded tracy-rs v0.1.2
[INFO] [stderr]   Downloaded atomic_refcell v0.1.14
[INFO] [stderr]   Downloaded freetype v0.8.0
[INFO] [stderr]   Downloaded stylo v0.20.0
[INFO] [stderr]   Downloaded svg_fmt v0.4.5
[INFO] [stderr]   Downloaded topological-sort v0.1.0
[INFO] [stderr]   Downloaded ron v0.12.2
[INFO] [stderr]   Downloaded plane-split v0.18.0
[INFO] [stderr]   Downloaded build-parallel v0.1.2
[INFO] [stderr]   Downloaded unic-ucd-ident v0.9.0
[INFO] [stderr]   Downloaded gleam v0.15.1
[INFO] [stderr]   Downloaded etagere v0.2.15
[INFO] [stderr]   Downloaded urlpattern v0.3.0
[INFO] [stderr]   Downloaded unic-ucd-version v0.9.0
[INFO] [stderr]   Downloaded tikv-jemallocator v0.6.1
[INFO] [stderr]   Downloaded libz-sys v1.1.29
[INFO] [stderr]   Downloaded unic-char-range v0.9.0
[INFO] [stderr]   Downloaded unicode-script v0.5.8
[INFO] [stderr]   Downloaded unic-char-property v0.9.0
[INFO] [stderr]   Downloaded grid v1.0.1
[INFO] [stderr]   Downloaded unic-common v0.9.0
[INFO] [stderr]   Downloaded tendril v0.5.1
[INFO] [stderr]   Downloaded unicode-vo v0.1.0
[INFO] [stderr]   Downloaded xmlwriter v0.1.0
[INFO] [stderr]   Downloaded svgtypes v0.16.1
[INFO] [stderr]   Downloaded taffy v0.12.2
[INFO] [stderr]   Downloaded tiny-skia-path v0.12.0
[INFO] [stderr]   Downloaded resvg v0.48.1
[INFO] [stderr]   Downloaded usvg v0.48.1
[INFO] [stderr]   Downloaded icu_segmenter_data v1.5.1
[INFO] [stderr]   Downloaded glslopt v0.1.14
[INFO] [stderr]   Downloaded simplecss v0.2.2
[INFO] [stderr]   Downloaded pico-args v0.5.0
[INFO] [stderr]   Downloaded imagesize v0.15.0
[INFO] [stderr]   Downloaded tikv-jemalloc-sys v0.6.1+5.3.0-1-ge13ca993e8ccb9ba9847cc330696e02839f328f7
[INFO] [stderr]   Downloaded roxmltree v0.21.1
[INFO] [stderr]   Downloaded icu_segmenter_data v2.3.0
[INFO] [stderr]   Downloaded fontdb v0.24.0
[INFO] [stderr]   Downloaded icu_segmenter v2.3.0
[INFO] [stderr]   Downloaded fontconfig-parser v0.5.8
[INFO] [stderr]   Downloaded roxmltree v0.20.0
[INFO] [stderr]   Downloaded data-url v0.3.2
[INFO] [stderr]   Downloaded markup5ever v0.39.0
[INFO] [stderr]   Downloaded tiny-skia v0.12.0
[INFO] [stderr]   Downloaded keyboard-types v0.8.3
[INFO] [stderr]   Downloaded content-security-policy v0.8.2
[INFO] [stderr]   Downloaded mach2 v0.6.0
[INFO] [stderr]   Downloaded enumn v0.1.14
[INFO] [stderr]   Downloaded cookie v0.18.2
[INFO] [stderr]   Downloaded headers v0.4.2
[INFO] [stderr]   Downloaded sys-locale v0.3.2
[INFO] [stderr]   Downloaded swgl v0.70.0
[INFO] [stderr]   Downloaded glsl-to-cxx v0.70.0
[INFO] [stderr]   Downloaded glsl v6.0.2
[INFO] [stderr]   Downloaded sea-query-rusqlite v0.8.0
[INFO] [stderr]   Downloaded sea-query-derive v1.0.0
[INFO] [stderr]   Downloaded speexdsp-resampler v0.1.0
[INFO] [stderr]   Downloaded rusqlite v0.38.0
[INFO] [stderr]   Downloaded sea-query v1.0.2
[INFO] [stderr]   Downloaded xml5ever v0.39.0
[INFO] [stderr]   Downloaded x448 v0.14.0-pre.12
[INFO] [stderr]   Downloaded ed448-goldilocks v0.14.0-pre.15
[INFO] [stderr]   Downloaded shake v0.1.0
[INFO] [stderr]   Downloaded hash2curve v0.14.0
[INFO] [stderr]   Downloaded libsqlite3-sys v0.36.0
[INFO] [stderr]   Downloaded ed448 v0.5.0
[INFO] [stderr]   Downloaded turboshake v0.7.1
[INFO] [stderr]   Downloaded swapper v0.1.0
[INFO] [stderr]   Downloaded mozjs v0.21.6
[INFO] [stderr]   Downloaded icu_timezone v1.5.0
[INFO] [stderr]   Downloaded html5ever v0.39.0
[INFO] [stderr]   Downloaded icu_capi v1.5.0
[INFO] [stderr]   Downloaded zerotrie v0.1.3
[INFO] [stderr]   Downloaded icu_timezone_data v1.5.1
[INFO] [stderr]   Downloaded icu_calendar v1.5.2
[INFO] [stderr]   Downloaded icu_calendar_data v1.5.1
[INFO] [stderr]   Downloaded calendrical_calculations v0.1.3
[INFO] [stderr]   Downloaded icu_provider_adapters v1.5.0
[INFO] [stderr]   Downloaded icu_plurals v1.5.0
[INFO] [stderr]   Downloaded icu_plurals_data v1.5.1
[INFO] [stderr]   Downloaded fixed_decimal v0.5.6
[INFO] [stderr]   Downloaded icu_list v1.5.0
[INFO] [stderr]   Downloaded icu_list_data v1.5.1
[INFO] [stderr]   Downloaded icu_pattern v0.2.0
[INFO] [stderr]   Downloaded icu_decimal v1.5.0
[INFO] [stderr]   Downloaded icu_decimal_data v1.5.1
[INFO] [stderr]   Downloaded icu_datetime v1.5.1
[INFO] [stderr]   Downloaded icu_casemap v1.5.1
[INFO] [stderr]   Downloaded regex-automata v0.2.0
[INFO] [stderr]   Downloaded icu_experimental v0.1.0
[INFO] [stderr]   Downloaded icu_collator_data v1.5.1
[INFO] [stderr]   Downloaded icu_collator v1.5.0
[INFO] [stderr]   Downloaded icu_experimental_data v0.1.1
[INFO] [stderr]   Downloaded diplomat v0.8.0
[INFO] [stderr]   Downloaded strck_ident v0.1.2
[INFO] [stderr]   Downloaded icu_casemap_data v1.5.1
[INFO] [stderr]   Downloaded diplomat-runtime v0.8.3
[INFO] [stderr]   Downloaded diplomat_core v0.8.1
[INFO] [stderr]   Downloaded icu_datetime_data v1.5.1
[INFO] [stderr]   Downloaded strck v0.1.2
[INFO] [stderr]   Downloaded encoding_c_mem v0.2.6
[INFO] [stderr]   Downloaded encoding_c v0.9.8
[INFO] [stderr]   Downloaded clang-sys v1.9.1
[INFO] [stderr]   Downloaded ohos-deviceinfo-sys v0.1.7
[INFO] [stderr]   Downloaded wuff-capi v0.2.0
[INFO] [stderr]   Downloaded wuff v0.2.9
[INFO] [stderr]   Downloaded pkcs1 v0.8.0-rc.4
[INFO] [stderr]   Downloaded wnaf v0.14.1
[INFO] [stderr]   Downloaded p256 v0.14.0
[INFO] [stderr]   Downloaded ocb3 v0.2.0-rc.3
[INFO] [stderr]   Downloaded fontsan v0.7.0
[INFO] [stderr]   Downloaded rsa v0.10.0-rc.18
[INFO] [stderr]   Downloaded crypto-primes v0.7.2
[INFO] [stderr]   Downloaded p521 v0.14.0
[INFO] [stderr]   Downloaded dbl v0.5.0
[INFO] [stderr]   Downloaded aead-stream v0.6.0
[INFO] [stderr]   Downloaded nom-rfc8288 v0.4.0
[INFO] [stderr]   Downloaded ml-kem v0.3.2
[INFO] [stderr]   Downloaded module-lattice v0.2.3
[INFO] [stderr]   Downloaded kem v0.3.0
[INFO] [stderr]   Downloaded ml-dsa v0.1.1
[INFO] [stderr]   Downloaded k12 v0.5.1
[INFO] [stderr]   Downloaded chardetng v0.1.17
[INFO] [stderr]   Downloaded buf-read-ext v0.4.0
[INFO] [stderr]   Downloaded argon2 v0.6.0-rc.8
[INFO] [stderr]   Downloaded password-hash v0.6.1
[INFO] [stderr]   Downloaded phc v0.6.1
[INFO] [stderr]   Downloaded aes-kw v0.3.1
[INFO] [stderr]   Downloaded cshake v0.2.1
[INFO] [stderr]   Downloaded sha3 v0.11.0
[INFO] [stderr]   Downloaded tungstenite v0.30.0
[INFO] [stderr]   Downloaded rustls-platform-verifier-android v0.2.0
[INFO] [stderr]   Downloaded quick_cache v0.6.24
[INFO] [stderr]   Downloaded async-tungstenite v0.35.0
[INFO] [stderr]   Downloaded compression-codecs v0.4.43
[INFO] [stderr]   Downloaded zstd-safe v8.0.0
[INFO] [stderr]   Downloaded zstd v0.14.0
[INFO] [stderr]   Downloaded harfbuzz-sys v0.7.0
[INFO] [stderr]   Downloaded ohos-media-sys v0.1.1
[INFO] [stderr]   Downloaded font-types v0.11.3
[INFO] [stderr]   Downloaded gaol v0.2.1
[INFO] [stderr]   Downloaded ohos-sys-opaque-types v0.1.11
[INFO] [stderr]   Downloaded skrifa v0.42.1
[INFO] [stderr]   Downloaded wit-bindgen-rust-macro v0.62.0
[INFO] [stderr]   Downloaded ohos-window-sys v0.1.7
[INFO] [stderr]   Downloaded ordered-channel v1.2.0
[INFO] [stderr]   Downloaded wasm-metadata v0.259.0
[INFO] [stderr]   Downloaded macro-string v0.3.0
[INFO] [stderr]   Downloaded glifo v0.1.1
[INFO] [stderr]   Downloaded act-sdk v0.14.2
[INFO] [stderr]   Downloaded wit-bindgen-core v0.62.0
[INFO] [stderr]   Downloaded act-types v0.14.2
[INFO] [stderr]   Downloaded async-compression v0.4.48
[INFO] [stderr]   Downloaded wit-bindgen-rust v0.62.0
[INFO] [stderr]   Downloaded wit-bindgen v0.62.0
[INFO] [stderr]   Downloaded vello_cpu v0.0.9
[INFO] [stderr]   Downloaded vello_common v0.0.9
[INFO] [stderr]   Downloaded wasm-encoder v0.259.0
[INFO] [stderr]   Downloaded wit-parser v0.259.0
[INFO] [stderr]   Downloaded wasmparser v0.259.0
[INFO] [stderr]   Downloaded wit-component v0.259.0
[INFO] [stderr]   Downloaded yuv v0.8.19
[INFO] [stderr]   Downloaded read-fonts v0.39.2
[INFO] [stderr]   Downloaded act-sdk-macros v0.14.2
[INFO] [stderr]   Downloaded mozangle v0.6.0
[INFO] [stderr]   Downloaded mozjs_sys v140.14.0-0
[INFO] running `Command { std: "docker" "create" "-v" "/var/lib/crater-agent-workspace/builds/worker-3-tc2/source:/opt/rustwide/workdir:ro,Z" "-v" "/var/lib/crater-agent-workspace/builds/worker-3-tc2/target:/opt/rustwide/target:rw,Z" "-v" "/var/lib/crater-agent-workspace/cargo-home:/opt/rustwide/cargo-home:ro,Z" "-v" "/var/lib/crater-agent-workspace/rustup-home:/opt/rustwide/rustup-home:ro,Z" "-m" "1610612736" "--network" "none" "ghcr.io/rust-lang/crates-build-env/linux@sha256:77db811e55d90add9212f6832c23229e3de5f1c1f9905e8cb07319ea15df73ac" "sleep" "infinity", kill_on_drop: false }`
[INFO] [stdout] 5e98ee4ba02552e1f7375f76ebedf69053636352390538d3027ab10110716e95
[INFO] running `Command { std: "docker" "start" "5e98ee4ba02552e1f7375f76ebedf69053636352390538d3027ab10110716e95", kill_on_drop: false }`
[INFO] running `Command { std: "docker" "inspect" "5e98ee4ba02552e1f7375f76ebedf69053636352390538d3027ab10110716e95", kill_on_drop: false }`
[INFO] running `Command { std: "docker" "exec" "-e" "SOURCE_DIR=/opt/rustwide/workdir" "-e" "CARGO_HOME=/opt/rustwide/cargo-home" "-e" "RUSTUP_HOME=/opt/rustwide/rustup-home" "-e" "CARGO_TARGET_DIR=/opt/rustwide/target" "-w" "/opt/rustwide/workdir" "--user" "0:0" "5e98ee4ba02552e1f7375f76ebedf69053636352390538d3027ab10110716e95" "/opt/rustwide/cargo-home/bin/cargo" "+1.100.0-beta.1" "metadata" "--no-deps" "--format-version=1", kill_on_drop: false }`
[INFO] running `Command { std: "docker" "inspect" "5e98ee4ba02552e1f7375f76ebedf69053636352390538d3027ab10110716e95", kill_on_drop: false }`
[INFO] running `Command { std: "docker" "exec" "-e" "SOURCE_DIR=/opt/rustwide/workdir" "-e" "CARGO_HOME=/opt/rustwide/cargo-home" "-e" "RUSTUP_HOME=/opt/rustwide/rustup-home" "-e" "CARGO_TARGET_DIR=/opt/rustwide/target" "-e" "CARGO_INCREMENTAL=0" "-e" "RUST_BACKTRACE=full" "-e" "RUSTFLAGS=--cap-lints=warn" "-e" "RUSTDOCFLAGS=--cap-lints=warn" "-w" "/opt/rustwide/workdir" "--user" "0:0" "5e98ee4ba02552e1f7375f76ebedf69053636352390538d3027ab10110716e95" "/opt/rustwide/cargo-home/bin/cargo" "+1.100.0-beta.1" "build" "--frozen" "--message-format=json", kill_on_drop: false }`
[INFO] [stderr]    Compiling proc-macro2 v1.0.107
[INFO] [stderr]    Compiling unicode-ident v1.0.26
[INFO] [stderr]    Compiling quote v1.0.47
[INFO] [stderr]    Compiling libc v0.2.189
[INFO] [stderr]    Compiling cfg-if v1.0.5
[INFO] [stderr]    Compiling serde_core v1.0.229
[INFO] [stderr]    Compiling serde v1.0.229
[INFO] [stderr]    Compiling typenum v1.20.1
[INFO] [stderr]    Compiling rand_core v0.10.1
[INFO] [stderr]    Compiling getrandom v0.4.3
[INFO] [stderr]    Compiling shlex v2.0.1
[INFO] [stderr]    Compiling find-msvc-tools v0.1.14
[INFO] [stderr]    Compiling autocfg v1.5.1
[INFO] [stderr]    Compiling pkg-config v0.3.34
[INFO] [stderr]    Compiling log v0.4.34
[INFO] [stderr]    Compiling subtle v2.6.1
[INFO] [stderr]    Compiling num-traits v0.2.19
[INFO] [stderr]    Compiling stable_deref_trait v1.2.1
[INFO] [stderr]    Compiling cmov v0.5.4
[INFO] [stderr]    Compiling ctutils v0.4.2
[INFO] [stderr]    Compiling syn v2.0.119
[INFO] [stderr]    Compiling syn v3.0.6
[INFO] [stderr]    Compiling itoa v1.0.18
[INFO] [stderr]    Compiling siphasher v1.0.4
[INFO] [stderr]    Compiling once_cell v1.21.4
[INFO] [stderr]    Compiling phf_shared v0.13.1
[INFO] [stderr]    Compiling jobserver v0.1.35
[INFO] [stderr]    Compiling fastrand v2.5.0
[INFO] [stderr]    Compiling memchr v2.8.3
[INFO] [stderr]    Compiling phf_generator v0.13.1
[INFO] [stderr]    Compiling bitflags v2.13.2
[INFO] [stderr]    Compiling cc v1.5.1
[INFO] [stderr]    Compiling foldhash v0.2.0
[INFO] [stderr]    Compiling bytes v1.12.1
[INFO] [stderr]    Compiling ident_case v1.0.1
[INFO] [stderr]    Compiling adler2 v2.0.1
[INFO] [stderr]    Compiling crossbeam-utils v0.8.23
[INFO] [stderr]    Compiling rustversion v1.0.23
[INFO] [stderr]    Compiling pin-project-lite v0.2.17
[INFO] [stderr]    Compiling hashbrown v0.17.1
[INFO] [stderr]    Compiling phf_codegen v0.13.1
[INFO] [stderr]    Compiling rustc-hash v2.1.3
[INFO] [stderr]    Compiling writeable v0.6.4
[INFO] [stderr]    Compiling simd-adler32 v0.3.10
[INFO] [stderr]    Compiling same-file v1.0.6
[INFO] [stderr]    Compiling new_debug_unreachable v1.0.6
[INFO] [stderr]    Compiling litemap v0.8.3
[INFO] [stderr]    Compiling walkdir v2.5.0
[INFO] [stderr]    Compiling libz-sys v1.1.29
[INFO] [stderr]    Compiling encoding_rs v0.8.42
[INFO] [stderr]    Compiling indexmap v2.14.2
[INFO] [stderr]    Compiling arrayvec v0.7.8
[INFO] [stderr]    Compiling crc32fast v1.5.2
[INFO] [stderr]    Compiling precomputed-hash v0.1.1
[INFO] [stderr]    Compiling string_cache_codegen v0.6.1
[INFO] [stderr]    Compiling mio v1.2.3
[INFO] [stderr]    Compiling simdutf8 v0.1.5
[INFO] [stderr]    Compiling libm v0.2.16
[INFO] [stderr]    Compiling core_detect v1.0.0
[INFO] [stderr]    Compiling multiversion_no_op v1.0.0
[INFO] [stderr]    Compiling rayon-core v1.13.0
[INFO] [stderr]    Compiling miniz_oxide v0.9.1
[INFO] [stderr]    Compiling http v1.5.0
[INFO] [stderr]    Compiling socket2 v0.6.5
[INFO] [stderr]    Compiling writeable v0.5.5
[INFO] [stderr]    Compiling thiserror v2.0.21
[INFO] [stderr]    Compiling icu_properties_data v2.3.0
[INFO] [stderr]    Compiling icu_normalizer_data v2.3.0
[INFO] [stderr]    Compiling litemap v0.7.5
[INFO] [stderr]    Compiling winnow v1.0.4
[INFO] [stderr]    Compiling lazy_static v1.5.0
[INFO] [stderr]    Compiling flate2 v1.1.10
[INFO] [stderr]    Compiling toml_datetime v1.1.1+spec-1.1.0
[INFO] [stderr]    Compiling zmij v1.0.23
[INFO] [stderr]    Compiling khronos_api v3.1.0
[INFO] [stderr]    Compiling synstructure v0.14.0
[INFO] [stderr]    Compiling linux-raw-sys v0.12.1
[INFO] [stderr]    Compiling crossbeam-epoch v0.9.21
[INFO] [stderr]    Compiling synstructure v0.13.2
[INFO] [stderr]    Compiling darling_core v0.20.11
[INFO] [stderr]    Compiling either v1.18.0
[INFO] [stderr]    Compiling core_maths v0.1.1
[INFO] [stderr]    Compiling crossbeam-deque v0.8.8
[INFO] [stderr]    Compiling generic-array v0.14.7
[INFO] [stderr]    Compiling toml_parser v1.1.3+spec-1.1.0
[INFO] [stderr]    Compiling polycool v0.4.0
[INFO] [stderr]    Compiling miniz_oxide v0.8.9
[INFO] [stderr]    Compiling dtoa v1.0.11
[INFO] [stderr]    Compiling xml-rs v0.8.29
[INFO] [stderr]    Compiling dtoa-short v0.3.5
[INFO] [stderr]    Compiling serde_derive v1.0.229
[INFO] [stderr]    Compiling zerofrom-derive v0.1.8
[INFO] [stderr]    Compiling displaydoc v0.2.7
[INFO] [stderr]    Compiling zeroize_derive v1.5.0
[INFO] [stderr]    Compiling yoke-derive v0.8.3
[INFO] [stderr]    Compiling bytemuck_derive v1.12.1
[INFO] [stderr]    Compiling zeroize v1.9.0
[INFO] [stderr]    Compiling zerovec-derive v0.11.6
[INFO] [stderr]    Compiling yoke-derive v0.7.5
[INFO] [stderr]    Compiling hybrid-array v0.4.15
[INFO] [stderr]    Compiling zerofrom v0.1.8
[INFO] [stderr]    Compiling zerovec-derive v0.10.4
[INFO] [stderr]    Compiling yoke v0.8.3
[INFO] [stderr]    Compiling yoke v0.7.5
[INFO] [stderr]    Compiling thiserror-impl v2.0.21
[INFO] [stderr]    Compiling crypto-common v0.2.2
[INFO] [stderr]    Compiling bytemuck v1.25.2
[INFO] [stderr]    Compiling block-buffer v0.12.1
[INFO] [stderr]    Compiling zerovec v0.11.8
[INFO] [stderr]    Compiling zerotrie v0.2.5
[INFO] [stderr]    Compiling phf_macros v0.13.1
[INFO] [stderr]    Compiling darling_macro v0.20.11
[INFO] [stderr]    Compiling tokio-macros v2.7.2
[INFO] [stderr]    Compiling phf v0.13.1
[INFO] [stderr]    Compiling tinystr v0.8.4
[INFO] [stderr]    Compiling zerovec v0.10.4
[INFO] [stderr]    Compiling potential_utf v0.1.6
[INFO] [stderr]    Compiling darling v0.20.11
[INFO] [stderr]    Compiling icu_locale_core v2.3.0
[INFO] [stderr]    Compiling icu_collections v2.3.0
[INFO] [stderr]    Compiling gl_generator v0.14.0
[INFO] [stderr]    Compiling tokio v1.53.1
[INFO] [stderr]    Compiling derive_more-impl v2.1.1
[INFO] [stderr]    Compiling cssparser-macros v0.7.1
[INFO] [stderr]    Compiling web_atoms v0.2.6
[INFO] [stderr]    Compiling freetype-sys v0.23.0 (https://github.com/GamePad64/freetype-sys?branch=wasip2#94b2fd75)
[INFO] [stderr]    Compiling fdeflate v0.3.7
[INFO] [stderr]    Compiling tinystr v0.7.6
[INFO] [stderr]    Compiling aho-corasick v1.1.5
[INFO] [stderr]    Compiling icu_locid v1.5.0
[INFO] [stderr]    Compiling base64 v0.23.1
[INFO] [stderr]    Compiling icu_provider v2.3.1
[INFO] [stderr]    Compiling smallvec v1.16.2
[INFO] [stderr]    Compiling euclid v0.22.14
[INFO] [stderr]    Compiling parking_lot_core v0.9.12
[INFO] [stderr]    Compiling lock_api v0.4.14
[INFO] [stderr]    Compiling icu_normalizer v2.3.0
[INFO] [stderr]    Compiling icu_properties v2.3.0
[INFO] [stderr]    Compiling parking_lot v0.12.5
[INFO] [stderr]    Compiling app_units v0.7.8
[INFO] [stderr]    Compiling kurbo v0.13.1
[INFO] [stderr]    Compiling string_cache v0.9.0
[INFO] [stderr]    Compiling regex-syntax v0.8.11
[INFO] [stderr]    Compiling derive_more v2.1.1
[INFO] [stderr]    Compiling cssparser v0.37.0
[INFO] [stderr]    Compiling servo_arc v0.4.3
[INFO] [stderr]    Compiling png v0.18.1
[INFO] [stderr]    Compiling idna_adapter v1.2.2
[INFO] [stderr]    Compiling idna v1.1.0
[INFO] [stderr]    Compiling crypto-common v0.1.7
[INFO] [stderr]    Compiling block-buffer v0.10.4
[INFO] [stderr]    Compiling form_urlencoded v1.2.2
[INFO] [stderr]    Compiling serde_spanned v1.1.1
[INFO] [stderr]    Compiling crossbeam-channel v0.5.17
[INFO] [stderr]    Compiling selectors v0.40.0
[INFO] [stderr]    Compiling time-core v0.1.9
[INFO] [stderr]    Compiling regex-automata v0.4.18
[INFO] [stderr]    Compiling toml_writer v1.1.2+spec-1.1.0
[INFO] [stderr]    Compiling thin-vec v0.2.20
[INFO] [stderr]    Compiling smallbitvec v2.6.1
[INFO] [stderr]    Compiling num-conv v0.2.2
[INFO] [stderr]    Compiling toml v1.1.6+spec-1.1.0
[INFO] [stderr]    Compiling rayon v1.12.0
[INFO] [stderr]    Compiling to_shmem v0.5.0
[INFO] [stderr]    Compiling url v2.5.8
[INFO] [stderr]    Compiling time-macros v0.2.32
[INFO] [stderr]    Compiling digest v0.10.7
[INFO] [stderr]    Compiling to_shmem_derive v0.1.0
[INFO] [stderr]    Compiling font-types v0.12.5
[INFO] [stderr]    Compiling malloc_size_of_derive v0.1.3
[INFO] [stderr]    Compiling stylo v0.20.0
[INFO] [stderr]    Compiling glslopt v0.1.14
[INFO] [stderr]    Compiling deranged v0.5.8
[INFO] [stderr]    Compiling slotmap v1.1.1
[INFO] [stderr]    Compiling num_cpus v1.17.0
[INFO] [stderr]    Compiling icu_locale_fallback_data v2.3.0
[INFO] [stderr]    Compiling float-cmp v0.9.0
[INFO] [stderr]    Compiling num_threads v0.1.7
[INFO] [stderr]    Compiling powerfmt v0.2.0
[INFO] [stderr]    Compiling strict-num v0.1.1
[INFO] [stderr]    Compiling read-fonts v0.41.0
[INFO] [stderr]    Compiling regex v1.13.1
[INFO] [stderr]    Compiling stylo_static_prefs v0.20.0
[INFO] [stderr]    Compiling tendril v0.5.1
[INFO] [stderr]    Compiling peek-poke-derive v0.3.0 (https://github.com/GamePad64/webrender?branch=wasip2#ccd33561)
[INFO] [stderr]    Compiling time v0.3.55
[INFO] [stderr]    Compiling stylo_atoms v0.20.0
[INFO] [stderr]    Compiling tikv-jemalloc-sys v0.6.1+5.3.0-1-ge13ca993e8ccb9ba9847cc330696e02839f328f7
[INFO] [stderr]    Compiling serde_bytes v0.11.19
[INFO] [stderr]    Compiling void v1.0.2
[INFO] [stderr]    Compiling roxmltree v0.20.0
[INFO] [stderr]    Compiling icu_segmenter_data v2.3.0
[INFO] [stderr]    Compiling typeid v1.0.3
[INFO] [stderr]    Compiling byteorder v1.5.0
[INFO] [stderr]    Compiling base64 v0.22.1
[INFO] [stderr]    Compiling rustix v1.1.5
[INFO] [stderr]    Compiling arrayref v0.3.9
[INFO] [stderr]    Compiling tiny-skia-path v0.12.0
[INFO] [stderr]    Compiling stylo_malloc_size_of v0.20.0
[INFO] [stderr]    Compiling fontconfig-parser v0.5.8
[INFO] [stderr]    Compiling peek-poke v0.3.0 (https://github.com/GamePad64/webrender?branch=wasip2#ccd33561)
[INFO] [stderr]    Compiling markup5ever v0.39.0
[INFO] [stderr]    Compiling build-parallel v0.1.2
[INFO] [stderr]    Compiling wr_malloc_size_of v0.2.2 (https://github.com/GamePad64/webrender?branch=wasip2#ccd33561)
[INFO] [stderr]    Compiling gleam v0.15.1
[INFO] [stderr]    Compiling strum_macros v0.28.0
[INFO] [stderr]    Compiling webrender_build v0.70.0 (https://github.com/GamePad64/webrender?branch=wasip2#ccd33561)
[INFO] [stderr]    Compiling memmap2 v0.9.11
[INFO] [stderr]    Compiling zeitstempel v0.2.2
[INFO] [stderr]    Compiling unic-common v0.9.0
[INFO] [stderr]    Compiling weezl v0.1.12
[INFO] [stderr]    Compiling quick-error v2.0.1
[INFO] [stderr]    Compiling tinyvec v1.13.3
[INFO] [stderr]    Compiling byteorder-lite v0.1.0
[INFO] [stderr]    Compiling color_quant v1.1.0
[INFO] [stderr]    Compiling unic-char-range v0.9.0
[INFO] [stderr]    Compiling zune-core v0.5.3
[INFO] [stderr]    Compiling sha1_smol v1.0.1
[INFO] [stderr]    Compiling gif v0.14.2
[INFO] [stderr]    Compiling zune-jpeg v0.5.15
[INFO] [stderr]    Compiling fontdb v0.24.0
[INFO] [stderr]    Compiling uuid v1.26.1
[INFO] [stderr]    Compiling unic-char-property v0.9.0
[INFO] [stderr]    Compiling image-webp v0.2.4
[INFO] [stderr]    Compiling unic-ucd-version v0.9.0
[INFO] [stderr]    Compiling webrender_api v0.70.0 (https://github.com/GamePad64/webrender?branch=wasip2#ccd33561)
[INFO] [stderr]    Compiling icu_locale_fallback v2.3.0
[INFO] [stderr]    Compiling strum v0.28.0
[INFO] [stderr]    Compiling freetype v0.8.0
[INFO] [stderr]    Compiling svgtypes v0.16.1
[INFO] [stderr]    Compiling cobs v0.3.0
[INFO] [stderr]    Compiling itertools v0.14.0
[INFO] [stderr]    Compiling harfrust v0.12.0
[INFO] [stderr]    Compiling skrifa v0.44.0
[INFO] [stderr]    Compiling roxmltree v0.21.1
[INFO] [stderr]    Compiling simplecss v0.2.2
[INFO] [stderr]    Compiling tracy-rs v0.1.2
[INFO] [stderr]    Compiling svg_fmt v0.4.5
[INFO] [stderr]    Compiling data-url v0.3.2
[INFO] [stderr]    Compiling pico-args v0.5.0
[INFO] [stderr]    Compiling unicode-script v0.5.8
[INFO] [stderr]    Compiling unicode-vo v0.1.0
[INFO] [stderr]    Compiling xmlwriter v0.1.0
[INFO] [stderr]    Compiling imagesize v0.15.0
[INFO] [stderr]    Compiling etagere v0.2.15
[INFO] [stderr]    Compiling tempfile v3.27.0
[INFO] [stderr]    Compiling wr_glyph_rasterizer v0.70.0 (https://github.com/GamePad64/webrender?branch=wasip2#ccd33561)
[INFO] [stderr]    Compiling usvg v0.48.1
[INFO] [stderr]    Compiling postcard v1.1.3
[INFO] [stderr]    Compiling ron v0.12.2
[INFO] [stderr]    Compiling icu_segmenter v2.3.0
[INFO] [stderr]    Compiling stylo_traits v0.20.0
[INFO] [stderr]    Compiling unic-ucd-ident v0.9.0
[INFO] [stderr]    Compiling tiny-skia v0.12.0
[INFO] [stderr]    Compiling stylo_dom v0.20.0
[INFO] [stderr]    Compiling sha2 v0.10.9
[INFO] [stderr]    Compiling plane-split v0.18.0
[INFO] [stderr]    Compiling bincode v1.3.3
[INFO] [stderr]    Compiling allocator-api2 v0.2.21
[INFO] [stderr]    Compiling stylo_derive v0.20.0
[INFO] [stderr]    Compiling rgb v0.8.53
[INFO] [stderr]    Compiling num-derive v0.4.2
[INFO] [stderr]    Compiling uluru v3.1.0
[INFO] [stderr]    Compiling num-integer v0.1.47
[INFO] [stderr]    Compiling grid v1.0.1
[INFO] [stderr]    Compiling unicode-segmentation v1.13.3
[INFO] [stderr]    Compiling const-oid v0.10.2
[INFO] [stderr]    Compiling topological-sort v0.1.0
[INFO] [stderr]    Compiling atomic_refcell v0.1.14
[INFO] [stderr]    Compiling static_assertions v1.1.0
[INFO] [stderr]    Compiling keyboard-types v0.8.3
[INFO] [stderr]    Compiling taffy v0.12.2
[INFO] [stderr]    Compiling resvg v0.48.1
[INFO] [stderr]    Compiling content-security-policy v0.8.2
[INFO] [stderr]    Compiling urlpattern v0.3.0
[INFO] [stderr]    Compiling ipc-channel v0.22.0 (https://github.com/GamePad64/ipc-channel?branch=wasip2#d8980af0)
[INFO] [stderr]    Compiling serde_json v1.0.151
[INFO] [stderr]    Compiling toml_edit v0.25.15+spec-1.1.0
[INFO] [stderr]    Compiling digest v0.11.3
[INFO] [stderr]    Compiling futures-core v0.3.34
[INFO] [stderr]    Compiling enumn v0.1.14
[INFO] [stderr]    Compiling servo-config-macro v0.5.0 (https://github.com/GamePad64/servo?branch=wasip2-port-v0.5.0#4ff3c4a7)
[INFO] [stderr]    Compiling accesskit v0.24.1
[INFO] [stderr]    Compiling futures-sink v0.3.34
[INFO] [stderr]    Compiling proc-macro-crate v3.5.0
[INFO] [stderr]    Compiling cpufeatures v0.3.1
[INFO] [stderr]    Compiling icu_provider_macros v1.5.0
[INFO] [stderr]    Compiling slab v0.4.12
[INFO] [stderr]    Compiling icu_provider v1.5.0
[INFO] [stderr]    Compiling num_enum_derive v0.7.6
[INFO] [stderr]    Compiling libloading v0.8.9
[INFO] [stderr]    Compiling icu_segmenter_data v1.5.1
[INFO] [stderr]    Compiling futures-channel v0.3.34
[INFO] [stderr]    Compiling icu_collections v1.5.0
[INFO] [stderr]    Compiling block-padding v0.4.2
[INFO] [stderr]    Compiling tracing-core v0.1.36
[INFO] [stderr]    Compiling atomic-waker v1.1.2
[INFO] [stderr]    Compiling num_enum v0.7.6
[INFO] [stderr]    Compiling inout v0.2.2
[INFO] [stderr]    Compiling icu_segmenter v1.5.0
[INFO] [stderr]    Compiling servo-config v0.5.0 (https://github.com/GamePad64/servo?branch=wasip2-port-v0.5.0#4ff3c4a7)
[INFO] [stderr]    Compiling tracing v0.1.44
[INFO] [stderr]    Compiling tokio-util v0.7.19
[INFO] [stderr]    Compiling http-body v1.1.0
[INFO] [stderr]    Compiling cipher v0.5.2
[INFO] [stderr]    Compiling cookie v0.16.2
[INFO] [stderr]    Compiling cookie v0.18.2
[INFO] [stderr]    Compiling pxfm v0.1.30
[INFO] [stderr]    Compiling base64ct v1.8.3
[INFO] [stderr]    Compiling h2 v0.4.19
[INFO] [stderr]    Compiling sha1 v0.10.7
[INFO] [stderr]    Compiling thiserror-impl v1.0.69
[INFO] [stderr]    Compiling headers-core v0.3.0
[INFO] [stderr]    Compiling headers v0.4.2
[INFO] [stderr]    Compiling thiserror v1.0.69
[INFO] [stderr] error: could not compile `h2` (lib)
[INFO] [stderr] 
[INFO] [stderr] Caused by:
[INFO] [stderr]   process didn't exit successfully: `/opt/rustwide/rustup-home/toolchains/1.100.0-beta.1-x86_64-unknown-linux-gnu/bin/rustc --crate-name h2 --edition=2021 /opt/rustwide/cargo-home/registry/src/index.crates.io-1949cf8c6b5b557f/h2-0.4.19/src/lib.rs --error-format=json --json=diagnostic-rendered-ansi,artifacts,future-incompat,unused-externs-silent --crate-type lib --emit=dep-info,metadata,link -C embed-bitcode=no -C debuginfo=2 --check-cfg 'cfg(docsrs,test)' --check-cfg 'cfg(feature, values("stream", "unstable"))' -C metadata=6c3cd93e74b88f9b -C extra-filename=-229fdc9c4ee3ebfb --out-dir /opt/rustwide/target/debug/build/h2/229fdc9c4ee3ebfb/out -L dependency=/opt/rustwide/target/debug/build/bytes/5f66263ae3d5daa8/out -L dependency=/opt/rustwide/target/debug/build/equivalent/6a754676e6af62ae/out -L dependency=/opt/rustwide/target/debug/build/foldhash/7d3cc043bdc3f46a/out -L dependency=/opt/rustwide/target/debug/build/futures-core/97d9bb84a61d4536/out -L dependency=/opt/rustwide/target/debug/build/futures-sink/690a515e9c61c93a/out -L dependency=/opt/rustwide/target/debug/build/hashbrown/644384bfe7415ec1/out -L dependency=/opt/rustwide/target/debug/build/itoa/5de11b3b23bfe572/out -L dependency=/opt/rustwide/target/debug/build/libc/32464e1b8391e223/out -L dependency=/opt/rustwide/target/debug/build/mio/f3f5c0f25170586f/out -L dependency=/opt/rustwide/target/debug/build/once_cell/b5bdc597ed9676b3/out -L dependency=/opt/rustwide/target/debug/build/pin-project-lite/0a15d51c77964692/out -L dependency=/opt/rustwide/target/debug/build/socket2/380ed4e5002278b4/out -L dependency=/opt/rustwide/target/debug/build/tokio-macros/c634e74e8e0f469a/out -L dependency=/opt/rustwide/target/debug/build/tokio/9d035b2c20cefe35/out -L dependency=/opt/rustwide/target/debug/build/tracing-core/89b602bc4a7d7f8a/out --extern atomic_waker=/opt/rustwide/target/debug/build/atomic-waker/06950c8c08d2b8fa/out/libatomic_waker-06950c8c08d2b8fa.rmeta --extern bytes=/opt/rustwide/target/debug/build/bytes/5f66263ae3d5daa8/out/libbytes-5f66263ae3d5daa8.rmeta --extern fnv=/opt/rustwide/target/debug/build/fnv/79e2cbfbe03dcd16/out/libfnv-79e2cbfbe03dcd16.rmeta --extern futures_core=/opt/rustwide/target/debug/build/futures-core/97d9bb84a61d4536/out/libfutures_core-97d9bb84a61d4536.rmeta --extern futures_sink=/opt/rustwide/target/debug/build/futures-sink/690a515e9c61c93a/out/libfutures_sink-690a515e9c61c93a.rmeta --extern http=/opt/rustwide/target/debug/build/http/0cd9be9a4e5a2536/out/libhttp-0cd9be9a4e5a2536.rmeta --extern indexmap=/opt/rustwide/target/debug/build/indexmap/f860a6cf008d7e24/out/libindexmap-f860a6cf008d7e24.rmeta --extern slab=/opt/rustwide/target/debug/build/slab/0582d648e59ab406/out/libslab-0582d648e59ab406.rmeta --extern tokio=/opt/rustwide/target/debug/build/tokio/9d035b2c20cefe35/out/libtokio-9d035b2c20cefe35.rmeta --extern tokio_util=/opt/rustwide/target/debug/build/tokio-util/aafb508552cdec36/out/libtokio_util-aafb508552cdec36.rmeta --extern tracing=/opt/rustwide/target/debug/build/tracing/8891879938231fdd/out/libtracing-8891879938231fdd.rmeta --cap-lints allow --cap-lints=warn --force-warn=unused_crate_dependencies` (signal: 9, SIGKILL: kill)
[INFO] [stderr] warning: build failed, waiting for other jobs to finish...
[INFO] [stderr] error: could not compile `pxfm` (lib)
[INFO] [stderr] 
[INFO] [stderr] Caused by:
[INFO] [stderr]   process didn't exit successfully: `/opt/rustwide/rustup-home/toolchains/1.100.0-beta.1-x86_64-unknown-linux-gnu/bin/rustc --crate-name pxfm --edition=2024 /opt/rustwide/cargo-home/registry/src/index.crates.io-1949cf8c6b5b557f/pxfm-0.1.30/src/lib.rs --error-format=json --json=diagnostic-rendered-ansi,artifacts,future-incompat,unused-externs-silent --crate-type lib --emit=dep-info,metadata,link -C embed-bitcode=no -C debuginfo=2 --check-cfg 'cfg(docsrs,test)' --check-cfg 'cfg(feature, values())' -C metadata=ad929a79c1d58d7b -C extra-filename=-91a3ea59a373319b --out-dir /opt/rustwide/target/debug/build/pxfm/91a3ea59a373319b/out --cap-lints allow --cap-lints=warn --force-warn=unused_crate_dependencies` (signal: 9, SIGKILL: kill)
[INFO] [stderr] error: could not compile `stylo` (lib)
[INFO] [stderr] 
[INFO] [stderr] Caused by:
[INFO] [stderr]   process didn't exit successfully: `/opt/rustwide/rustup-home/toolchains/1.100.0-beta.1-x86_64-unknown-linux-gnu/bin/rustc --crate-name style --edition=2021 /opt/rustwide/cargo-home/registry/src/index.crates.io-1949cf8c6b5b557f/stylo-0.20.0/lib.rs --error-format=json --json=diagnostic-rendered-ansi,artifacts,future-incompat,unused-externs-silent --crate-type lib --emit=dep-info,metadata,link -C embed-bitcode=no -C debuginfo=2 --cfg 'feature="default"' --cfg 'feature="encoding_rs"' --cfg 'feature="mime"' --cfg 'feature="serde"' --cfg 'feature="servo"' --cfg 'feature="string_cache"' --cfg 'feature="stylo_atoms"' --cfg 'feature="url"' --cfg 'feature="web_atoms"' --check-cfg 'cfg(docsrs,test)' --check-cfg 'cfg(feature, values("bindgen", "default", "encoding_rs", "gecko", "gecko_debug", "gecko_refcount_logging", "mime", "mozbuild", "nsstring", "regex", "serde", "servo", "string_cache", "stylo_atoms", "toml", "url", "web_atoms"))' -C metadata=758bd2267c73f234 -C extra-filename=-b28776b9f8909cb1 --out-dir /opt/rustwide/target/debug/build/stylo/b28776b9f8909cb1/out -L dependency=/opt/rustwide/target/debug/build/app_units/b3349ecf5c5e880a/out -L dependency=/opt/rustwide/target/debug/build/arrayvec/ea4aaf96f8030b7f/out -L dependency=/opt/rustwide/target/debug/build/bitflags/ae1b239c8ec2bfc2/out -L dependency=/opt/rustwide/target/debug/build/cfg-if/5addb699396bfe5f/out -L dependency=/opt/rustwide/target/debug/build/core_detect/c9fbe0541ea45249/out -L dependency=/opt/rustwide/target/debug/build/core_maths/9237d57986aeb4b3/out -L dependency=/opt/rustwide/target/debug/build/crossbeam-deque/5efa23ddfe237181/out -L dependency=/opt/rustwide/target/debug/build/crossbeam-epoch/e96f732a673912e5/out -L dependency=/opt/rustwide/target/debug/build/crossbeam-utils/7ff32d1cfd9997e2/out -L dependency=/opt/rustwide/target/debug/build/cssparser-macros/b633b7e246d0a444/out -L dependency=/opt/rustwide/target/debug/build/cssparser/eff0756787d0928d/out -L dependency=/opt/rustwide/target/debug/build/derive_more-impl/2053da0dd14e7342/out -L dependency=/opt/rustwide/target/debug/build/derive_more/b43896375e321330/out -L dependency=/opt/rustwide/target/debug/build/displaydoc/e9406844d837d641/out -L dependency=/opt/rustwide/target/debug/build/dtoa-short/543670663d5707cb/out -L dependency=/opt/rustwide/target/debug/build/dtoa/457fb8273a048c91/out -L dependency=/opt/rustwide/target/debug/build/either/6672d77e94153fe0/out -L dependency=/opt/rustwide/target/debug/build/equivalent/6a754676e6af62ae/out -L dependency=/opt/rustwide/target/debug/build/euclid/4ccf173fe8ab0199/out -L dependency=/opt/rustwide/target/debug/build/foldhash/7d3cc043bdc3f46a/out -L dependency=/opt/rustwide/target/debug/build/form_urlencoded/98cc7da289c29f13/out -L dependency=/opt/rustwide/target/debug/build/hashbrown/644384bfe7415ec1/out -L dependency=/opt/rustwide/target/debug/build/icu_collections/4362de4708943400/out -L dependency=/opt/rustwide/target/debug/build/icu_locale_core/d64255f8286c1f7e/out -L dependency=/opt/rustwide/target/debug/build/icu_locale_fallback/25160852b2b1707f/out -L dependency=/opt/rustwide/target/debug/build/icu_locale_fallback_data/e2393750e9eae11d/out -L dependency=/opt/rustwide/target/debug/build/icu_normalizer/cc8acb6dac58d0f9/out -L dependency=/opt/rustwide/target/debug/build/icu_normalizer_data/8b25f9eb7a72d68e/out -L dependency=/opt/rustwide/target/debug/build/icu_properties/3cc62a50dcfd1975/out -L dependency=/opt/rustwide/target/debug/build/icu_properties_data/3f856f5bc2063921/out -L dependency=/opt/rustwide/target/debug/build/icu_provider/c8b34c75b08f3bba/out -L dependency=/opt/rustwide/target/debug/build/icu_segmenter_data/0ba014bb01002e64/out -L dependency=/opt/rustwide/target/debug/build/idna/23aaa9c377003826/out -L dependency=/opt/rustwide/target/debug/build/idna_adapter/0183b198cb6b304c/out -L dependency=/opt/rustwide/target/debug/build/itoa/5de11b3b23bfe572/out -L dependency=/opt/rustwide/target/debug/build/libc/32464e1b8391e223/out -L dependency=/opt/rustwide/target/debug/build/libm/24398d5f7d3c709c/out -L dependency=/opt/rustwide/target/debug/build/litemap/ea75fc5d31bb7d97/out -L dependency=/opt/rustwide/target/debug/build/lock_api/543918d623044129/out -L dependency=/opt/rustwide/target/debug/build/log/431c2e66b4ed7b91/out -L dependency=/opt/rustwide/target/debug/build/malloc_size_of_derive/90cb4fb2f8736ebe/out -L dependency=/opt/rustwide/target/debug/build/multiversion_no_op/b64f311ad41685f0/out -L dependency=/opt/rustwide/target/debug/build/new_debug_unreachable/2bce5da2715432ba/out -L dependency=/opt/rustwide/target/debug/build/num-traits/888f07a85755f3c0/out -L dependency=/opt/rustwide/target/debug/build/parking_lot/31894a81f1f6ca84/out -L dependency=/opt/rustwide/target/debug/build/parking_lot_core/4519a6d1de65b66a/out -L dependency=/opt/rustwide/target/debug/build/percent-encoding/fa055ecaa1e57cfa/out -L dependency=/opt/rustwide/target/debug/build/phf/76e6670ad3769aa9/out -L dependency=/opt/rustwide/target/debug/build/phf_macros/d81f538ae851c61e/out -L dependency=/opt/rustwide/target/debug/build/phf_shared/a0bd13534f211671/out -L dependency=/opt/rustwide/target/debug/build/potential_utf/ab9fc803c2794073/out -L dependency=/opt/rustwide/target/debug/build/precomputed-hash/b8aaee179f87ad21/out -L dependency=/opt/rustwide/target/debug/build/rayon-core/7a0f25d355d0e40b/out -L dependency=/opt/rustwide/target/debug/build/rustc-hash/b8839ccb4a020d2d/out -L dependency=/opt/rustwide/target/debug/build/scopeguard/7ec2214574194454/out -L dependency=/opt/rustwide/target/debug/build/selectors/b7b754fd906d6463/out -L dependency=/opt/rustwide/target/debug/build/serde/7f87ba97247ddbf6/out -L dependency=/opt/rustwide/target/debug/build/serde_core/bdb9e4838d3479fd/out -L dependency=/opt/rustwide/target/debug/build/serde_derive/58063d033b8c7457/out -L dependency=/opt/rustwide/target/debug/build/servo_arc/7d706eba3f1f8470/out -L dependency=/opt/rustwide/target/debug/build/simdutf8/8229586393ebc95e/out -L dependency=/opt/rustwide/target/debug/build/siphasher/557a34344a848ed5/out -L dependency=/opt/rustwide/target/debug/build/smallbitvec/eebf140dcf51877e/out -L dependency=/opt/rustwide/target/debug/build/smallvec/69fd3b3b51b78091/out -L dependency=/opt/rustwide/target/debug/build/stable_deref_trait/8f5d1ea34607785b/out -L dependency=/opt/rustwide/target/debug/build/string_cache/25fba76062e115fe/out -L dependency=/opt/rustwide/target/debug/build/strum_macros/2a9ba80c9c4e7409/out -L dependency=/opt/rustwide/target/debug/build/stylo_atoms/d8da639692c38f97/out -L dependency=/opt/rustwide/target/debug/build/stylo_malloc_size_of/7b04fcc892ca6e9d/out -L dependency=/opt/rustwide/target/debug/build/thin-vec/62eb60a5acf4ea4d/out -L dependency=/opt/rustwide/target/debug/build/tinystr/d1095bd37bf73315/out -L dependency=/opt/rustwide/target/debug/build/to_shmem/765862bc56eece6b/out -L dependency=/opt/rustwide/target/debug/build/to_shmem_derive/500faee302218779/out -L dependency=/opt/rustwide/target/debug/build/url/9a9164118c6f5d03/out -L dependency=/opt/rustwide/target/debug/build/utf8_iter/51566bbad89f3a68/out -L dependency=/opt/rustwide/target/debug/build/void/eb7ae209523c4fe2/out -L dependency=/opt/rustwide/target/debug/build/writeable/07999a429b64476e/out -L dependency=/opt/rustwide/target/debug/build/yoke-derive/f02e9b1f101ad39e/out -L dependency=/opt/rustwide/target/debug/build/yoke/b70988db5edc010b/out -L dependency=/opt/rustwide/target/debug/build/zerofrom-derive/177cbb9f59e15029/out -L dependency=/opt/rustwide/target/debug/build/zerofrom/27644d0d2eccb8a0/out -L dependency=/opt/rustwide/target/debug/build/zerotrie/ca8fbee3ae9a9f3c/out -L dependency=/opt/rustwide/target/debug/build/zerovec-derive/20fc781b8aad09b1/out -L dependency=/opt/rustwide/target/debug/build/zerovec/1c4e368de338f391/out --extern app_units=/opt/rustwide/target/debug/build/app_units/b3349ecf5c5e880a/out/libapp_units-b3349ecf5c5e880a.rmeta --extern arrayvec=/opt/rustwide/target/debug/build/arrayvec/ea4aaf96f8030b7f/out/libarrayvec-ea4aaf96f8030b7f.rmeta --extern atomic_refcell=/opt/rustwide/target/debug/build/atomic_refcell/7e436c97023c1350/out/libatomic_refcell-7e436c97023c1350.rmeta --extern bitflags=/opt/rustwide/target/debug/build/bitflags/ae1b239c8ec2bfc2/out/libbitflags-ae1b239c8ec2bfc2.rmeta --extern byteorder=/opt/rustwide/target/debug/build/byteorder/8f59b6d1bfdaa844/out/libbyteorder-8f59b6d1bfdaa844.rmeta --extern cssparser=/opt/rustwide/target/debug/build/cssparser/eff0756787d0928d/out/libcssparser-eff0756787d0928d.rmeta --extern derive_more=/opt/rustwide/target/debug/build/derive_more/b43896375e321330/out/libderive_more-b43896375e321330.rmeta --extern encoding_rs=/opt/rustwide/target/debug/build/encoding_rs/bfd25bdf1d0f9e73/out/libencoding_rs-bfd25bdf1d0f9e73.rmeta --extern euclid=/opt/rustwide/target/debug/build/euclid/4ccf173fe8ab0199/out/libeuclid-4ccf173fe8ab0199.rmeta --extern icu_segmenter=/opt/rustwide/target/debug/build/icu_segmenter/3649fed3363df094/out/libicu_segmenter-3649fed3363df094.rmeta --extern indexmap=/opt/rustwide/target/debug/build/indexmap/f860a6cf008d7e24/out/libindexmap-f860a6cf008d7e24.rmeta --extern itertools=/opt/rustwide/target/debug/build/itertools/c535eb8e75a48c14/out/libitertools-c535eb8e75a48c14.rmeta --extern itoa=/opt/rustwide/target/debug/build/itoa/5de11b3b23bfe572/out/libitoa-5de11b3b23bfe572.rmeta --extern log=/opt/rustwide/target/debug/build/log/431c2e66b4ed7b91/out/liblog-431c2e66b4ed7b91.rmeta --extern malloc_size_of_derive=/opt/rustwide/target/debug/build/malloc_size_of_derive/90cb4fb2f8736ebe/out/libmalloc_size_of_derive-90cb4fb2f8736ebe.so --extern mime=/opt/rustwide/target/debug/build/mime/0188e0814ca7ddbf/out/libmime-0188e0814ca7ddbf.rmeta --extern debug_unreachable=/opt/rustwide/target/debug/build/new_debug_unreachable/2bce5da2715432ba/out/libdebug_unreachable-2bce5da2715432ba.rmeta --extern num_derive=/opt/rustwide/target/debug/build/num-derive/8b76556287dcadf9/out/libnum_derive-8b76556287dcadf9.so --extern num_integer=/opt/rustwide/target/debug/build/num-integer/d03fddf7401335aa/out/libnum_integer-d03fddf7401335aa.rmeta --extern num_traits=/opt/rustwide/target/debug/build/num-traits/888f07a85755f3c0/out/libnum_traits-888f07a85755f3c0.rmeta --extern num_cpus=/opt/rustwide/target/debug/build/num_cpus/4f04293a826bf90a/out/libnum_cpus-4f04293a826bf90a.rmeta --extern parking_lot=/opt/rustwide/target/debug/build/parking_lot/31894a81f1f6ca84/out/libparking_lot-31894a81f1f6ca84.rmeta --extern precomputed_hash=/opt/rustwide/target/debug/build/precomputed-hash/b8aaee179f87ad21/out/libprecomputed_hash-b8aaee179f87ad21.rmeta --extern rayon=/opt/rustwide/target/debug/build/rayon/24eb3f734aba156d/out/librayon-24eb3f734aba156d.rmeta --extern rayon_core=/opt/rustwide/target/debug/build/rayon-core/7a0f25d355d0e40b/out/librayon_core-7a0f25d355d0e40b.rmeta --extern rustc_hash=/opt/rustwide/target/debug/build/rustc-hash/b8839ccb4a020d2d/out/librustc_hash-b8839ccb4a020d2d.rmeta --extern selectors=/opt/rustwide/target/debug/build/selectors/b7b754fd906d6463/out/libselectors-b7b754fd906d6463.rmeta --extern serde=/opt/rustwide/target/debug/build/serde/7f87ba97247ddbf6/out/libserde-7f87ba97247ddbf6.rmeta --extern servo_arc=/opt/rustwide/target/debug/build/servo_arc/7d706eba3f1f8470/out/libservo_arc-7d706eba3f1f8470.rmeta --extern smallbitvec=/opt/rustwide/target/debug/build/smallbitvec/eebf140dcf51877e/out/libsmallbitvec-eebf140dcf51877e.rmeta --extern smallvec=/opt/rustwide/target/debug/build/smallvec/69fd3b3b51b78091/out/libsmallvec-69fd3b3b51b78091.rmeta --extern static_assertions=/opt/rustwide/target/debug/build/static_assertions/f0217ecdd817a834/out/libstatic_assertions-f0217ecdd817a834.rmeta --extern string_cache=/opt/rustwide/target/debug/build/string_cache/25fba76062e115fe/out/libstring_cache-25fba76062e115fe.rmeta --extern strum=/opt/rustwide/target/debug/build/strum/a134377c701a3bcf/out/libstrum-a134377c701a3bcf.rmeta --extern strum_macros=/opt/rustwide/target/debug/build/strum_macros/2a9ba80c9c4e7409/out/libstrum_macros-2a9ba80c9c4e7409.so --extern stylo_atoms=/opt/rustwide/target/debug/build/stylo_atoms/d8da639692c38f97/out/libstylo_atoms-d8da639692c38f97.rmeta --extern style_derive=/opt/rustwide/target/debug/build/stylo_derive/6cc6500159a98166/out/libstylo_derive-6cc6500159a98166.so --extern dom=/opt/rustwide/target/debug/build/stylo_dom/ed963e96b36ae18b/out/libstylo_dom-ed963e96b36ae18b.rmeta --extern malloc_size_of=/opt/rustwide/target/debug/build/stylo_malloc_size_of/7b04fcc892ca6e9d/out/libstylo_malloc_size_of-7b04fcc892ca6e9d.rmeta --extern static_prefs=/opt/rustwide/target/debug/build/stylo_static_prefs/b0442a9e44d0457c/out/libstylo_static_prefs-b0442a9e44d0457c.rmeta --extern style_traits=/opt/rustwide/target/debug/build/stylo_traits/e3ed80678b28bc87/out/libstyle_traits-e3ed80678b28bc87.rmeta --extern thin_vec=/opt/rustwide/target/debug/build/thin-vec/62eb60a5acf4ea4d/out/libthin_vec-62eb60a5acf4ea4d.rmeta --extern to_shmem=/opt/rustwide/target/debug/build/to_shmem/765862bc56eece6b/out/libto_shmem-765862bc56eece6b.rmeta --extern to_shmem_derive=/opt/rustwide/target/debug/build/to_shmem_derive/500faee302218779/out/libto_shmem_derive-500faee302218779.so --extern uluru=/opt/rustwide/target/debug/build/uluru/bbcc8ed6cc6bd9f7/out/libuluru-bbcc8ed6cc6bd9f7.rmeta --extern url=/opt/rustwide/target/debug/build/url/9a9164118c6f5d03/out/liburl-9a9164118c6f5d03.rmeta --extern void=/opt/rustwide/target/debug/build/void/eb7ae209523c4fe2/out/libvoid-eb7ae209523c4fe2.rmeta --extern web_atoms=/opt/rustwide/target/debug/build/web_atoms/bacca23855111b27/out/libweb_atoms-bacca23855111b27.rmeta --cap-lints allow --cap-lints=warn --force-warn=unused_crate_dependencies` (signal: 9, SIGKILL: kill)
[INFO] [stderr] error: failed to run custom build command for `tikv-jemalloc-sys v0.6.1+5.3.0-1-ge13ca993e8ccb9ba9847cc330696e02839f328f7`
[INFO] [stderr] note: To improve backtraces for build dependencies, set the CARGO_PROFILE_DEV_BUILD_OVERRIDE_DEBUG=true environment variable to enable debug information generation.
[INFO] [stderr] 
[INFO] [stderr] Caused by:
[INFO] [stderr]   process didn't exit successfully: `/opt/rustwide/target/debug/build/tikv-jemalloc-sys/030e5470d432944b/out/build_script_build` (exit status: 101)
[INFO] [stderr]   --- stdout
[INFO] [stderr]   TARGET=x86_64-unknown-linux-gnu
[INFO] [stderr]   HOST=x86_64-unknown-linux-gnu
[INFO] [stderr]   NUM_JOBS=8
[INFO] [stderr]   OUT_DIR="/opt/rustwide/target/debug/build/tikv-jemalloc-sys/af54cf1c17c2d3bc/out"
[INFO] [stderr]   BUILD_DIR="/opt/rustwide/target/debug/build/tikv-jemalloc-sys/af54cf1c17c2d3bc/out/build"
[INFO] [stderr]   SRC_DIR="/opt/rustwide/cargo-home/registry/src/index.crates.io-1949cf8c6b5b557f/tikv-jemalloc-sys-0.6.1+5.3.0-1-ge13ca993e8ccb9ba9847cc330696e02839f328f7"
[INFO] [stderr]   cargo:rustc-cfg=prefixed
[INFO] [stderr]   cargo:rerun-if-env-changed=X86_64_UNKNOWN_LINUX_GNU_JEMALLOC_OVERRIDE
[INFO] [stderr]   cargo:rerun-if-env-changed=JEMALLOC_OVERRIDE
[INFO] [stderr]   cargo:rerun-if-env-changed=CC_x86_64-unknown-linux-gnu
[INFO] [stderr]   CC_x86_64-unknown-linux-gnu = None
[INFO] [stderr]   cargo:rerun-if-env-changed=CC_x86_64_unknown_linux_gnu
[INFO] [stderr]   CC_x86_64_unknown_linux_gnu = None
[INFO] [stderr]   cargo:rerun-if-env-changed=HOST_CC
[INFO] [stderr]   HOST_CC = None
[INFO] [stderr]   cargo:rerun-if-env-changed=CC
[INFO] [stderr]   CC = None
[INFO] [stderr]   cargo:rerun-if-env-changed=CC_ENABLE_DEBUG_OUTPUT
[INFO] [stderr]   cargo:rerun-if-env-changed=CRATE_CC_NO_DEFAULTS
[INFO] [stderr]   CRATE_CC_NO_DEFAULTS = None
[INFO] [stderr]   cargo:rerun-if-env-changed=CRATE_CC_NO_DEFAULTS
[INFO] [stderr]   CRATE_CC_NO_DEFAULTS = None
[INFO] [stderr]   cargo:rerun-if-env-changed=CFLAGS
[INFO] [stderr]   CFLAGS = None
[INFO] [stderr]   cargo:rerun-if-env-changed=HOST_CFLAGS
[INFO] [stderr]   HOST_CFLAGS = None
[INFO] [stderr]   cargo:rerun-if-env-changed=CFLAGS_x86_64_unknown_linux_gnu
[INFO] [stderr]   CFLAGS_x86_64_unknown_linux_gnu = None
[INFO] [stderr]   cargo:rerun-if-env-changed=CFLAGS_x86_64-unknown-linux-gnu
[INFO] [stderr]   CFLAGS_x86_64-unknown-linux-gnu = None
[INFO] [stderr]   cargo:rerun-if-env-changed=CFLAGS
[INFO] [stderr]   CFLAGS = None
[INFO] [stderr]   cargo:rerun-if-env-changed=HOST_CFLAGS
[INFO] [stderr]   HOST_CFLAGS = None
[INFO] [stderr]   cargo:rerun-if-env-changed=CFLAGS_x86_64_unknown_linux_gnu
[INFO] [stderr]   CFLAGS_x86_64_unknown_linux_gnu = None
[INFO] [stderr]   cargo:rerun-if-env-changed=CFLAGS_x86_64-unknown-linux-gnu
[INFO] [stderr]   CFLAGS_x86_64-unknown-linux-gnu = None
[INFO] [stderr]   CC="cc"
[INFO] [stderr]   CFLAGS="-O0 -ffunction-sections -fdata-sections -fPIC -g -gdwarf-4 -fno-omit-frame-pointer -mno-omit-leaf-frame-pointer -m64 -Wall"
[INFO] [stderr]   JEMALLOC_REPO_DIR="jemalloc"
[INFO] [stderr]   cargo:rerun-if-env-changed=X86_64_UNKNOWN_LINUX_GNU_JEMALLOC_SYS_WITH_MALLOC_CONF
[INFO] [stderr]   cargo:rerun-if-env-changed=JEMALLOC_SYS_WITH_MALLOC_CONF
[INFO] [stderr]   cargo:rerun-if-env-changed=X86_64_UNKNOWN_LINUX_GNU_JEMALLOC_SYS_WITH_LG_PAGE
[INFO] [stderr]   cargo:rerun-if-env-changed=JEMALLOC_SYS_WITH_LG_PAGE
[INFO] [stderr]   cargo:rerun-if-env-changed=X86_64_UNKNOWN_LINUX_GNU_JEMALLOC_SYS_WITH_LG_HUGEPAGE
[INFO] [stderr]   cargo:rerun-if-env-changed=JEMALLOC_SYS_WITH_LG_HUGEPAGE
[INFO] [stderr]   cargo:rerun-if-env-changed=X86_64_UNKNOWN_LINUX_GNU_JEMALLOC_SYS_WITH_LG_QUANTUM
[INFO] [stderr]   cargo:rerun-if-env-changed=JEMALLOC_SYS_WITH_LG_QUANTUM
[INFO] [stderr]   cargo:rerun-if-env-changed=X86_64_UNKNOWN_LINUX_GNU_JEMALLOC_SYS_WITH_LG_VADDR
[INFO] [stderr]   cargo:rerun-if-env-changed=JEMALLOC_SYS_WITH_LG_VADDR
[INFO] [stderr]   --with-jemalloc-prefix=_rjem_
[INFO] [stderr]   CARGO_FEATURE_STATS not set
[INFO] [stderr]   running: cd "/opt/rustwide/target/debug/build/tikv-jemalloc-sys/af54cf1c17c2d3bc/out/build" && CC="cc" CFLAGS="-O0 -ffunction-sections -fdata-sections -fPIC -g -gdwarf-4 -fno-omit-frame-pointer -mno-omit-leaf-frame-pointer -m64 -Wall" CPPFLAGS="-O0 -ffunction-sections -fdata-sections -fPIC -g -gdwarf-4 -fno-omit-frame-pointer -mno-omit-leaf-frame-pointer -m64 -Wall" LDFLAGS="-O0 -ffunction-sections -fdata-sections -fPIC -g -gdwarf-4 -fno-omit-frame-pointer -mno-omit-leaf-frame-pointer -m64 -Wall" "sh" "/opt/rustwide/target/debug/build/tikv-jemalloc-sys/af54cf1c17c2d3bc/out/build/configure" "--with-version=5.3.0-1-ge13ca993e8ccb9ba9847cc330696e02839f328f7" "--disable-cxx" "--enable-doc=no" "--enable-shared=no" "--with-jemalloc-prefix=_rjem_" "--with-private-namespace=_rjem_" "--disable-stats" "--host=x86_64-unknown-linux-gnu" "--build=x86_64-unknown-linux-gnu" "--prefix=/opt/rustwide/target/debug/build/tikv-jemalloc-sys/af54cf1c17c2d3bc/out"
[INFO] [stderr]   checking for xsltproc... false
[INFO] [stderr]   checking for x86_64-unknown-linux-gnu-gcc... cc
[INFO] [stderr]   checking whether the C compiler works... yes
[INFO] [stderr]   checking for C compiler default output file name... a.out
[INFO] [stderr]   checking for suffix of executables... 
[INFO] [stderr]   checking whether we are cross compiling... no
[INFO] [stderr]   checking for suffix of object files... o
[INFO] [stderr]   checking whether we are using the GNU C compiler... yes
[INFO] [stderr]   checking whether cc accepts -g... yes
[INFO] [stderr]   checking for cc option to accept ISO C89... none needed
[INFO] [stderr]   checking whether compiler is cray... no
[INFO] [stderr]   checking whether compiler supports -std=gnu11... yes
[INFO] [stderr]   checking whether compiler supports -Werror=unknown-warning-option... no
[INFO] [stderr]   checking whether compiler supports -Wall... yes
[INFO] [stderr]   checking whether compiler supports -Wextra... yes
[INFO] [stderr]   checking whether compiler supports -Wshorten-64-to-32... no
[INFO] [stderr]   checking whether compiler supports -Wsign-compare... yes
[INFO] [stderr]   checking whether compiler supports -Wundef... yes
[INFO] [stderr]   checking whether compiler supports -Wno-format-zero-length... yes
[INFO] [stderr]   checking whether compiler supports -Wpointer-arith... yes
[INFO] [stderr]   checking whether compiler supports -Wno-missing-braces... yes
[INFO] [stderr]   checking whether compiler supports -Wno-missing-field-initializers... yes
[INFO] [stderr]   checking whether compiler supports -Wno-missing-attributes... yes
[INFO] [stderr]   checking whether compiler supports -pipe... yes
[INFO] [stderr]   checking whether compiler supports -g3... yes
[INFO] [stderr]   checking how to run the C preprocessor... cc -E
[INFO] [stderr]   checking for grep that handles long lines and -e... /usr/bin/grep
[INFO] [stderr]   checking for egrep... /usr/bin/grep -E
[INFO] [stderr]   checking for ANSI C header files... yes
[INFO] [stderr]   checking for sys/types.h... yes
[INFO] [stderr]   checking for sys/stat.h... yes
[INFO] [stderr]   checking for stdlib.h... yes
[INFO] [stderr]   checking for string.h... yes
[INFO] [stderr]   checking for memory.h... yes
[INFO] [stderr]   checking for strings.h... yes
[INFO] [stderr]   checking for inttypes.h... yes
[INFO] [stderr]   checking for stdint.h... yes
[INFO] [stderr]   checking for unistd.h... yes
[INFO] [stderr]   checking whether byte ordering is bigendian... no
[INFO] [stderr]   checking size of void *... 8
[INFO] [stderr]   checking size of int... 4
[INFO] [stderr]   checking size of long... 8
[INFO] [stderr]   checking size of long long... 8
[INFO] [stderr]   checking size of intmax_t... 8
[INFO] [stderr]   checking build system type... x86_64-unknown-linux-gnu
[INFO] [stderr]   checking host system type... x86_64-unknown-linux-gnu
[INFO] [stderr]   checking whether pause instruction is compilable... yes
[INFO] [stderr]   checking number of significant virtual address bits... 48
[INFO] [stderr]   checking for x86_64-unknown-linux-gnu-ar... no
[INFO] [stderr]   checking for ar... ar
[INFO] [stderr]   checking for x86_64-unknown-linux-gnu-nm... no
[INFO] [stderr]   checking for nm... nm
[INFO] [stderr]   checking for gawk... no
[INFO] [stderr]   checking for mawk... mawk
[INFO] [stderr]   checking malloc.h usability... yes
[INFO] [stderr]   checking malloc.h presence... yes
[INFO] [stderr]   checking for malloc.h... yes
[INFO] [stderr]   checking whether malloc_usable_size definition can use const argument... no
[INFO] [stderr]   checking for library containing log... -lm
[INFO] [stderr]   checking whether __attribute__ syntax is compilable... yes
[INFO] [stderr]   checking whether compiler supports -fvisibility=hidden... yes
[INFO] [stderr]   checking whether compiler supports -fvisibility=hidden... no
[INFO] [stderr]   checking whether compiler supports -Werror... yes
[INFO] [stderr]   checking whether compiler supports -herror_on_warning... no
[INFO] [stderr]   checking whether tls_model attribute is compilable... yes
[INFO] [stderr]   checking whether compiler supports -Werror... yes
[INFO] [stderr]   checking whether compiler supports -herror_on_warning... no
[INFO] [stderr]   checking whether alloc_size attribute is compilable... yes
[INFO] [stderr]   checking whether compiler supports -Werror... yes
[INFO] [stderr]   checking whether compiler supports -herror_on_warning... no
[INFO] [stderr]   checking whether format(gnu_printf, ...) attribute is compilable... yes
[INFO] [stderr]   checking whether compiler supports -Werror... yes
[INFO] [stderr]   checking whether compiler supports -herror_on_warning... no
[INFO] [stderr]   checking whether format(printf, ...) attribute is compilable... yes
[INFO] [stderr]   checking whether compiler supports -Werror... yes
[INFO] [stderr]   checking whether compiler supports -herror_on_warning... no
[INFO] [stderr]   checking whether format(printf, ...) attribute is compilable... yes
[INFO] [stderr]   checking whether compiler supports -Wimplicit-fallthrough... yes
[INFO] [stderr]   checking whether fallthrough attribute is compilable... yes
[INFO] [stderr]   checking whether compiler supports -Wimplicit-fallthrough... yes
[INFO] [stderr]   checking whether compiler supports -Wimplicit-fallthrough... no
[INFO] [stderr]   checking whether compiler supports -Werror... yes
[INFO] [stderr]   checking whether compiler supports -herror_on_warning... no
[INFO] [stderr]   checking whether cold attribute is compilable... yes
[INFO] [stderr]   checking whether vm_make_tag is compilable... no
[INFO] [stderr]   checking for a BSD-compatible install... /usr/bin/install -c
[INFO] [stderr]   checking for x86_64-unknown-linux-gnu-ranlib... no
[INFO] [stderr]   checking for ranlib... ranlib
[INFO] [stderr]   checking for ld... /usr/bin/ld
[INFO] [stderr]   checking for autoconf... /usr/bin/autoconf
[INFO] [stderr]   checking for memalign... yes
[INFO] [stderr]   checking for valloc... yes
[INFO] [stderr]   checking for malloc_size... no
[INFO] [stderr]   checking whether compiler supports -O3... yes
[INFO] [stderr]   checking whether compiler supports -O3... no
[INFO] [stderr]   checking whether compiler supports -funroll-loops... yes
[INFO] [stderr]   checking configured backtracing method... N/A
[INFO] [stderr]   checking for sbrk... yes
[INFO] [stderr]   checking whether utrace(2) is compilable... no
[INFO] [stderr]   checking whether utrace(2) with label is compilable... no
[INFO] [stderr]   checking whether a program using __builtin_unreachable is compilable... yes
[INFO] [stderr]   checking whether a program using __builtin_ffsl is compilable... yes
[INFO] [stderr]   checking whether a program using __builtin_popcountl is compilable... yes
[INFO] [stderr]   checking LG_PAGE... 12
[INFO] [stderr]   checking pthread.h usability... yes
[INFO] [stderr]   checking pthread.h presence... yes
[INFO] [stderr]   checking for pthread.h... yes
[INFO] [stderr]   checking for pthread_create in -lpthread... yes
[INFO] [stderr]   checking dlfcn.h usability... yes
[INFO] [stderr]   checking dlfcn.h presence... yes
[INFO] [stderr]   checking for dlfcn.h... yes
[INFO] [stderr]   checking for dlsym... yes
[INFO] [stderr]   checking whether pthread_atfork(3) is compilable... yes
[INFO] [stderr]   checking whether pthread_setname_np(3) is compilable... yes
[INFO] [stderr]   checking whether pthread_getname_np(3) is compilable... yes
[INFO] [stderr]   checking whether pthread_get_name_np(3) is compilable... no
[INFO] [stderr]   checking for library containing clock_gettime... none required
[INFO] [stderr]   checking whether clock_gettime(CLOCK_MONOTONIC_COARSE, ...) is compilable... yes
[INFO] [stderr]   checking whether clock_gettime(CLOCK_MONOTONIC, ...) is compilable... yes
[INFO] [stderr]   checking whether mach_absolute_time() is compilable... no
[INFO] [stderr]   checking whether clock_gettime(CLOCK_REALTIME, ...) is compilable... yes
[INFO] [stderr]   checking whether compiler supports -Werror... yes
[INFO] [stderr]   checking whether syscall(2) is compilable... yes
[INFO] [stderr]   checking for secure_getenv... yes
[INFO] [stderr]   checking for sched_getcpu... yes
[INFO] [stderr]   checking for sched_setaffinity... yes
[INFO] [stderr]   checking for issetugid... no
[INFO] [stderr]   checking for _malloc_thread_cleanup... no
[INFO] [stderr]   checking for _pthread_mutex_init_calloc_cb... no
[INFO] [stderr]   checking for memcntl... no
[INFO] [stderr]   checking for TLS... yes
[INFO] [stderr]   checking whether C11 atomics is compilable... yes
[INFO] [stderr]   checking whether GCC __atomic atomics is compilable... yes
[INFO] [stderr]   checking whether GCC 8-bit __atomic atomics is compilable... yes
[INFO] [stderr]   checking whether GCC __sync atomics is compilable... yes
[INFO] [stderr]   checking whether GCC 8-bit __sync atomics is compilable... yes
[INFO] [stderr]   checking whether Darwin OSAtomic*() is compilable... no
[INFO] [stderr]   checking whether madvise(2) is compilable... yes
[INFO] [stderr]   checking whether madvise(..., MADV_FREE) is compilable... yes
[INFO] [stderr]   checking whether madvise(..., MADV_DONTNEED) is compilable... yes
[INFO] [stderr]   checking whether madvise(..., MADV_DO[NT]DUMP) is compilable... yes
[INFO] [stderr]   checking whether madvise(..., MADV_[NO]HUGEPAGE) is compilable... yes
[INFO] [stderr]   checking whether madvise(..., MADV_[NO]CORE) is compilable... no
[INFO] [stderr]   checking whether mprotect(2) is compilable... yes
[INFO] [stderr]   checking for __builtin_clz... yes
[INFO] [stderr]   checking whether Darwin os_unfair_lock_*() is compilable... no
[INFO] [stderr]   checking whether glibc malloc hook is compilable... no
[INFO] [stderr]   checking whether glibc memalign hook is compilable... no
[INFO] [stderr]   checking whether pthreads adaptive mutexes is compilable... yes
[INFO] [stderr]   checking whether compiler supports -D_GNU_SOURCE... yes
[INFO] [stderr]   checking whether compiler supports -Werror... yes
[INFO] [stderr]   checking whether compiler supports -herror_on_warning... no
[INFO] [stderr]   checking whether strerror_r returns char with gnu source is compilable... yes
[INFO] [stderr]   checking for stdbool.h that conforms to C99... yes
[INFO] [stderr]   checking for _Bool... yes
[INFO] [stderr]   configure: creating ./config.status
[INFO] [stderr]   config.status: creating Makefile
[INFO] [stderr]   config.status: creating jemalloc.pc
[INFO] [stderr]   config.status: creating doc/html.xsl
[INFO] [stderr]   config.status: creating doc/manpages.xsl
[INFO] [stderr]   config.status: creating doc/jemalloc.xml
[INFO] [stderr]   config.status: creating include/jemalloc/jemalloc_macros.h
[INFO] [stderr]   config.status: creating include/jemalloc/jemalloc_protos.h
[INFO] [stderr]   config.status: creating include/jemalloc/jemalloc_typedefs.h
[INFO] [stderr]   config.status: creating include/jemalloc/internal/jemalloc_preamble.h
[INFO] [stderr]   config.status: creating test/test.sh
[INFO] [stderr]   config.status: creating test/include/test/jemalloc_test.h
[INFO] [stderr]   config.status: creating config.stamp
[INFO] [stderr]   config.status: creating bin/jemalloc-config
[INFO] [stderr]   config.status: creating bin/jemalloc.sh
[INFO] [stderr]   config.status: creating bin/jeprof
[INFO] [stderr]   config.status: creating include/jemalloc/jemalloc_defs.h
[INFO] [stderr]   config.status: creating include/jemalloc/internal/jemalloc_internal_defs.h
[INFO] [stderr]   config.status: creating test/include/test/jemalloc_test_defs.h
[INFO] [stderr]   config.status: executing include/jemalloc/internal/public_symbols.txt commands
[INFO] [stderr]   config.status: executing include/jemalloc/internal/private_symbols.awk commands
[INFO] [stderr]   config.status: executing include/jemalloc/internal/private_symbols_jet.awk commands
[INFO] [stderr]   config.status: executing include/jemalloc/internal/public_namespace.h commands
[INFO] [stderr]   config.status: executing include/jemalloc/internal/public_unnamespace.h commands
[INFO] [stderr]   config.status: executing include/jemalloc/jemalloc_protos_jet.h commands
[INFO] [stderr]   config.status: executing include/jemalloc/jemalloc_rename.h commands
[INFO] [stderr]   config.status: executing include/jemalloc/jemalloc_mangle.h commands
[INFO] [stderr]   config.status: executing include/jemalloc/jemalloc_mangle_jet.h commands
[INFO] [stderr]   config.status: executing include/jemalloc/jemalloc.h commands
[INFO] [stderr]   ===============================================================================
[INFO] [stderr]   jemalloc version   : 5.3.0-1-ge13ca993e8ccb9ba9847cc330696e02839f328f7
[INFO] [stderr]   library revision   : 2
[INFO] [stderr] 
[INFO] [stderr]   CONFIG             : --with-version=5.3.0-1-ge13ca993e8ccb9ba9847cc330696e02839f328f7 --disable-cxx --enable-doc=no --enable-shared=no --with-jemalloc-prefix=_rjem_ --with-private-namespace=_rjem_ --disable-stats --host=x86_64-unknown-linux-gnu --build=x86_64-unknown-linux-gnu --prefix=/opt/rustwide/target/debug/build/tikv-jemalloc-sys/af54cf1c17c2d3bc/out build_alias=x86_64-unknown-linux-gnu host_alias=x86_64-unknown-linux-gnu CC=cc 'CFLAGS=-O0 -ffunction-sections -fdata-sections -fPIC -g -gdwarf-4 -fno-omit-frame-pointer -mno-omit-leaf-frame-pointer -m64 -Wall' 'LDFLAGS=-O0 -ffunction-sections -fdata-sections -fPIC -g -gdwarf-4 -fno-omit-frame-pointer -mno-omit-leaf-frame-pointer -m64 -Wall' 'CPPFLAGS=-O0 -ffunction-sections -fdata-sections -fPIC -g -gdwarf-4 -fno-omit-frame-pointer -mno-omit-leaf-frame-pointer -m64 -Wall'
[INFO] [stderr]   CC                 : cc
[INFO] [stderr]   CONFIGURE_CFLAGS   : -std=gnu11 -Wall -Wextra -Wsign-compare -Wundef -Wno-format-zero-length -Wpointer-arith -Wno-missing-braces -Wno-missing-field-initializers -Wno-missing-attributes -pipe -g3 -fvisibility=hidden -Wimplicit-fallthrough -O3 -funroll-loops
[INFO] [stderr]   SPECIFIED_CFLAGS   : -O0 -ffunction-sections -fdata-sections -fPIC -g -gdwarf-4 -fno-omit-frame-pointer -mno-omit-leaf-frame-pointer -m64 -Wall
[INFO] [stderr]   EXTRA_CFLAGS       : 
[INFO] [stderr]   CPPFLAGS           : -O0 -ffunction-sections -fdata-sections -fPIC -g -gdwarf-4 -fno-omit-frame-pointer -mno-omit-leaf-frame-pointer -m64 -Wall -D_GNU_SOURCE -D_REENTRANT
[INFO] [stderr]   CXX                : 
[INFO] [stderr]   CONFIGURE_CXXFLAGS : 
[INFO] [stderr]   SPECIFIED_CXXFLAGS : 
[INFO] [stderr]   EXTRA_CXXFLAGS     : 
[INFO] [stderr]   LDFLAGS            : -O0 -ffunction-sections -fdata-sections -fPIC -g -gdwarf-4 -fno-omit-frame-pointer -mno-omit-leaf-frame-pointer -m64 -Wall
[INFO] [stderr]   EXTRA_LDFLAGS      : 
[INFO] [stderr]   DSO_LDFLAGS        : -shared -Wl,-soname,$(@F)
[INFO] [stderr]   LIBS               : -lm  -pthread
[INFO] [stderr]   RPATH_EXTRA        : 
[INFO] [stderr] 
[INFO] [stderr]   XSLTPROC           : false
[INFO] [stderr]   XSLROOT            : 
[INFO] [stderr] 
[INFO] [stderr]   PREFIX             : /opt/rustwide/target/debug/build/tikv-jemalloc-sys/af54cf1c17c2d3bc/out
[INFO] [stderr]   BINDIR             : /opt/rustwide/target/debug/build/tikv-jemalloc-sys/af54cf1c17c2d3bc/out/bin
[INFO] [stderr]   DATADIR            : /opt/rustwide/target/debug/build/tikv-jemalloc-sys/af54cf1c17c2d3bc/out/share
[INFO] [stderr]   INCLUDEDIR         : /opt/rustwide/target/debug/build/tikv-jemalloc-sys/af54cf1c17c2d3bc/out/include
[INFO] [stderr]   LIBDIR             : /opt/rustwide/target/debug/build/tikv-jemalloc-sys/af54cf1c17c2d3bc/out/lib
[INFO] [stderr]   MANDIR             : /opt/rustwide/target/debug/build/tikv-jemalloc-sys/af54cf1c17c2d3bc/out/share/man
[INFO] [stderr] 
[INFO] [stderr]   srcroot            : 
[INFO] [stderr]   abs_srcroot        : /opt/rustwide/target/debug/build/tikv-jemalloc-sys/af54cf1c17c2d3bc/out/build/
[INFO] [stderr]   objroot            : 
[INFO] [stderr]   abs_objroot        : /opt/rustwide/target/debug/build/tikv-jemalloc-sys/af54cf1c17c2d3bc/out/build/
[INFO] [stderr] 
[INFO] [stderr]   JEMALLOC_PREFIX    : _rjem_
[INFO] [stderr]   JEMALLOC_PRIVATE_NAMESPACE
[INFO] [stderr]                      : _rjem_je_
[INFO] [stderr]   install_suffix     : 
[INFO] [stderr]   malloc_conf        : 
[INFO] [stderr]   documentation      : 0
[INFO] [stderr]   shared libs        : 0
[INFO] [stderr]   static libs        : 1
[INFO] [stderr]   autogen            : 0
[INFO] [stderr]   debug              : 0
[INFO] [stderr]   stats              : 0
[INFO] [stderr]   experimental_smallocx : 0
[INFO] [stderr]   prof               : 0
[INFO] [stderr]   prof-libunwind     : 0
[INFO] [stderr]   prof-libgcc        : 0
[INFO] [stderr]   prof-gcc           : 0
[INFO] [stderr]   fill               : 1
[INFO] [stderr]   utrace             : 0
[INFO] [stderr]   xmalloc            : 0
[INFO] [stderr]   log                : 0
[INFO] [stderr]   lazy_lock          : 0
[INFO] [stderr]   cache-oblivious    : 1
[INFO] [stderr]   cxx                : 0
[INFO] [stderr]   ===============================================================================
[INFO] [stderr]   running: cd "/opt/rustwide/target/debug/build/tikv-jemalloc-sys/af54cf1c17c2d3bc/out/build" && MAKEFLAGS="-j --jobserver-fds=4,5 --jobserver-auth=4,5" "make"
[INFO] [stderr]   cc -std=gnu11 -Wall -Wextra -Wsign-compare -Wundef -Wno-format-zero-length -Wpointer-arith -Wno-missing-braces -Wno-missing-field-initializers -Wno-missing-attributes -pipe -g3 -fvisibility=hidden -Wimplicit-fallthrough -O3 -funroll-loops -O0 -ffunction-sections -fdata-sections -fPIC -g -gdwarf-4 -fno-omit-frame-pointer -mno-omit-leaf-frame-pointer -m64 -Wall -c -O0 -ffunction-sections -fdata-sections -fPIC -g -gdwarf-4 -fno-omit-frame-pointer -mno-omit-leaf-frame-pointer -m64 -Wall -D_GNU_SOURCE -D_REENTRANT -Iinclude -Iinclude -DJEMALLOC_NO_PRIVATE_NAMESPACE -o src/jemalloc.sym.o src/jemalloc.c
[INFO] [stderr]   cc -std=gnu11 -Wall -Wextra -Wsign-compare -Wundef -Wno-format-zero-length -Wpointer-arith -Wno-missing-braces -Wno-missing-field-initializers -Wno-missing-attributes -pipe -g3 -fvisibility=hidden -Wimplicit-fallthrough -O3 -funroll-loops -O0 -ffunction-sections -fdata-sections -fPIC -g -gdwarf-4 -fno-omit-frame-pointer -mno-omit-leaf-frame-pointer -m64 -Wall -c -O0 -ffunction-sections -fdata-sections -fPIC -g -gdwarf-4 -fno-omit-frame-pointer -mno-omit-leaf-frame-pointer -m64 -Wall -D_GNU_SOURCE -D_REENTRANT -Iinclude -Iinclude -DJEMALLOC_NO_PRIVATE_NAMESPACE -o src/background_thread.sym.o src/background_thread.c
[INFO] [stderr]   cc -std=gnu11 -Wall -Wextra -Wsign-compare -Wundef -Wno-format-zero-length -Wpointer-arith -Wno-missing-braces -Wno-missing-field-initializers -Wno-missing-attributes -pipe -g3 -fvisibility=hidden -Wimplicit-fallthrough -O3 -funroll-loops -O0 -ffunction-sections -fdata-sections -fPIC -g -gdwarf-4 -fno-omit-frame-pointer -mno-omit-leaf-frame-pointer -m64 -Wall -c -O0 -ffunction-sections -fdata-sections -fPIC -g -gdwarf-4 -fno-omit-frame-pointer -mno-omit-leaf-frame-pointer -m64 -Wall -D_GNU_SOURCE -D_REENTRANT -Iinclude -Iinclude -DJEMALLOC_NO_PRIVATE_NAMESPACE -o src/arena.sym.o src/arena.c
[INFO] [stderr]   cc -std=gnu11 -Wall -Wextra -Wsign-compare -Wundef -Wno-format-zero-length -Wpointer-arith -Wno-missing-braces -Wno-missing-field-initializers -Wno-missing-attributes -pipe -g3 -fvisibility=hidden -Wimplicit-fallthrough -O3 -funroll-loops -O0 -ffunction-sections -fdata-sections -fPIC -g -gdwarf-4 -fno-omit-frame-pointer -mno-omit-leaf-frame-pointer -m64 -Wall -c -O0 -ffunction-sections -fdata-sections -fPIC -g -gdwarf-4 -fno-omit-frame-pointer -mno-omit-leaf-frame-pointer -m64 -Wall -D_GNU_SOURCE -D_REENTRANT -Iinclude -Iinclude -DJEMALLOC_NO_PRIVATE_NAMESPACE -o src/base.sym.o src/base.c
[INFO] [stderr]   cc -std=gnu11 -Wall -Wextra -Wsign-compare -Wundef -Wno-format-zero-length -Wpointer-arith -Wno-missing-braces -Wno-missing-field-initializers -Wno-missing-attributes -pipe -g3 -fvisibility=hidden -Wimplicit-fallthrough -O3 -funroll-loops -O0 -ffunction-sections -fdata-sections -fPIC -g -gdwarf-4 -fno-omit-frame-pointer -mno-omit-leaf-frame-pointer -m64 -Wall -c -O0 -ffunction-sections -fdata-sections -fPIC -g -gdwarf-4 -fno-omit-frame-pointer -mno-omit-leaf-frame-pointer -m64 -Wall -D_GNU_SOURCE -D_REENTRANT -Iinclude -Iinclude -DJEMALLOC_NO_PRIVATE_NAMESPACE -o src/bin.sym.o src/bin.c
[INFO] [stderr] 
[INFO] [stderr]   --- stderr
[INFO] [stderr]   Assembler messages:
[INFO] [stderr]   {standard input}:386412: Warning: end of file not at end of a line; newline inserted
[INFO] [stderr]   {standard input}:388110: Error: unbalanced parenthesis in operand 2.
[INFO] [stderr]   {standard input}: Error: open CFI at the end of file; missing .cfi_endproc directive
[INFO] [stderr]   cc: fatal error: Killed signal terminated program cc1
[INFO] [stderr]   compilation terminated.
[INFO] [stderr]   make: *** [Makefile:479: src/jemalloc.sym.o] Error 1
[INFO] [stderr]   make: *** Waiting for unfinished jobs....
[INFO] [stderr] 
[INFO] [stderr]   thread 'main' (2834) panicked at /opt/rustwide/cargo-home/registry/src/index.crates.io-1949cf8c6b5b557f/tikv-jemalloc-sys-0.6.1+5.3.0-1-ge13ca993e8ccb9ba9847cc330696e02839f328f7/build.rs:411:9:
[INFO] [stderr]   command did not execute successfully: cd "/opt/rustwide/target/debug/build/tikv-jemalloc-sys/af54cf1c17c2d3bc/out/build" && MAKEFLAGS="-j --jobserver-fds=4,5 --jobserver-auth=4,5" "make"
[INFO] [stderr]   expected success, got: exit status: 2
[INFO] [stderr]   stack backtrace:
[INFO] [stderr]      0:     0x5acd6977acc1 - std[617be2ca0a6fd877]::backtrace_rs::backtrace::libunwind::trace
[INFO] [stderr]                                  at /rustc/e3feeb59cd1bdd011a2bfcc0747b55125d9b8527/library/std/src/../../backtrace/src/backtrace/libunwind.rs:117:9
[INFO] [stderr]      1:     0x5acd6977acc1 - std[617be2ca0a6fd877]::backtrace_rs::backtrace::trace_unsynchronized::<std[617be2ca0a6fd877]::sys::backtrace::_print_fmt::{closure#1}>
[INFO] [stderr]                                  at /rustc/e3feeb59cd1bdd011a2bfcc0747b55125d9b8527/library/std/src/../../backtrace/src/backtrace/mod.rs:66:14
[INFO] [stderr]      2:     0x5acd6977acc1 - std[617be2ca0a6fd877]::sys::backtrace::_print_fmt
[INFO] [stderr]                                  at /rustc/e3feeb59cd1bdd011a2bfcc0747b55125d9b8527/library/std/src/sys/backtrace.rs:74:9
[INFO] [stderr]      3:     0x5acd6977acc1 - <<std[617be2ca0a6fd877]::sys::backtrace::BacktraceLock>::print::DisplayBacktrace as core[a373ad73a504971]::fmt::Display>::fmt
[INFO] [stderr]                                  at /rustc/e3feeb59cd1bdd011a2bfcc0747b55125d9b8527/library/std/src/sys/backtrace.rs:44:26
[INFO] [stderr]      4:     0x5acd6979068a - <core[a373ad73a504971]::fmt::rt::Argument>::fmt
[INFO] [stderr]                                  at /rustc/e3feeb59cd1bdd011a2bfcc0747b55125d9b8527/library/core/src/fmt/rt.rs:152:76
[INFO] [stderr]      5:     0x5acd6979068a - core[a373ad73a504971]::fmt::write
[INFO] [stderr]      6:     0x5acd6978111c - core[a373ad73a504971]::io::write::default_write_fmt::<std[617be2ca0a6fd877]::sys::stdio::unix::Stderr>
[INFO] [stderr]                                  at /rustc/e3feeb59cd1bdd011a2bfcc0747b55125d9b8527/library/core/src/io/write.rs:402:11
[INFO] [stderr]      7:     0x5acd6978111c - <std[617be2ca0a6fd877]::sys::stdio::unix::Stderr as core[a373ad73a504971]::io::write::Write>::write_fmt
[INFO] [stderr]                                  at /rustc/e3feeb59cd1bdd011a2bfcc0747b55125d9b8527/library/core/src/io/write.rs:335:13
[INFO] [stderr]      8:     0x5acd69753376 - <std[617be2ca0a6fd877]::sys::backtrace::BacktraceLock>::print
[INFO] [stderr]                                  at /rustc/e3feeb59cd1bdd011a2bfcc0747b55125d9b8527/library/std/src/sys/backtrace.rs:47:9
[INFO] [stderr]      9:     0x5acd69753376 - std[617be2ca0a6fd877]::panicking::default_hook::{closure#0}
[INFO] [stderr]                                  at /rustc/e3feeb59cd1bdd011a2bfcc0747b55125d9b8527/library/std/src/panicking.rs:289:27
[INFO] [stderr]     10:     0x5acd69771c31 - std[617be2ca0a6fd877]::panicking::default_hook
[INFO] [stderr]                                  at /rustc/e3feeb59cd1bdd011a2bfcc0747b55125d9b8527/library/std/src/panicking.rs:316:9
[INFO] [stderr]     11:     0x5acd69771deb - std[617be2ca0a6fd877]::panicking::panic_with_hook
[INFO] [stderr]                                  at /rustc/e3feeb59cd1bdd011a2bfcc0747b55125d9b8527/library/std/src/panicking.rs:811:13
[INFO] [stderr]     12:     0x5acd69753422 - std[617be2ca0a6fd877]::panicking::panic_handler::{closure#0}
[INFO] [stderr]                                  at /rustc/e3feeb59cd1bdd011a2bfcc0747b55125d9b8527/library/std/src/panicking.rs:685:13
[INFO] [stderr]     13:     0x5acd6974bed9 - std[617be2ca0a6fd877]::sys::backtrace::__rust_end_short_backtrace::<std[617be2ca0a6fd877]::panicking::panic_handler::{closure#0}, !>
[INFO] [stderr]                                  at /rustc/e3feeb59cd1bdd011a2bfcc0747b55125d9b8527/library/std/src/sys/backtrace.rs:182:18
[INFO] [stderr]     14:     0x5acd6975410d - __rustc[ea4f61d10b84890b]::rust_begin_unwind
[INFO] [stderr]                                  at /rustc/e3feeb59cd1bdd011a2bfcc0747b55125d9b8527/library/std/src/panicking.rs:676:5
[INFO] [stderr]     15:     0x5acd69790e7c - core[a373ad73a504971]::panicking::panic_fmt
[INFO] [stderr]                                  at /rustc/e3feeb59cd1bdd011a2bfcc0747b55125d9b8527/library/core/src/panicking.rs:80:14
[INFO] [stderr]     16:     0x5acd6969eaff - build_script_build[896c50588517b57d]::execute::<build_script_build[896c50588517b57d]::run::{closure#0}>
[INFO] [stderr]     17:     0x5acd696a295e - build_script_build[896c50588517b57d]::run
[INFO] [stderr]     18:     0x5acd696a6083 - build_script_build[896c50588517b57d]::main
[INFO] [stderr]     19:     0x5acd696a8f13 - <fn() as core[a373ad73a504971]::ops::function::FnOnce<()>>::call_once
[INFO] [stderr]     20:     0x5acd696a0ece - std[617be2ca0a6fd877]::sys::backtrace::__rust_begin_short_backtrace::<fn(), ()>
[INFO] [stderr]     21:     0x5acd696a14c9 - std[617be2ca0a6fd877]::rt::lang_start::<()>::{closure#0}
[INFO] [stderr]     22:     0x5acd69770f38 - <&dyn core[a373ad73a504971]::ops::function::Fn<(), Output = i32> + core[a373ad73a504971]::marker::Sync + core[a373ad73a504971]::panic::unwind_safe::RefUnwindSafe as core[a373ad73a504971]::ops::function::FnOnce<()>>::call_once
[INFO] [stderr]                                  at /rustc/e3feeb59cd1bdd011a2bfcc0747b55125d9b8527/library/core/src/ops/function.rs:287:21
[INFO] [stderr]     23:     0x5acd69770f38 - std[617be2ca0a6fd877]::panicking::catch_unwind::do_call::<&dyn core[a373ad73a504971]::ops::function::Fn<(), Output = i32> + core[a373ad73a504971]::marker::Sync + core[a373ad73a504971]::panic::unwind_safe::RefUnwindSafe, i32>
[INFO] [stderr]                                  at /rustc/e3feeb59cd1bdd011a2bfcc0747b55125d9b8527/library/std/src/panicking.rs:573:43
[INFO] [stderr]     24:     0x5acd69770f38 - std[617be2ca0a6fd877]::panicking::catch_unwind::<i32, &dyn core[a373ad73a504971]::ops::function::Fn<(), Output = i32> + core[a373ad73a504971]::marker::Sync + core[a373ad73a504971]::panic::unwind_safe::RefUnwindSafe>
[INFO] [stderr]                                  at /rustc/e3feeb59cd1bdd011a2bfcc0747b55125d9b8527/library/std/src/panicking.rs:541:19
[INFO] [stderr]     25:     0x5acd69770f38 - std[617be2ca0a6fd877]::panic::catch_unwind::<&dyn core[a373ad73a504971]::ops::function::Fn<(), Output = i32> + core[a373ad73a504971]::marker::Sync + core[a373ad73a504971]::panic::unwind_safe::RefUnwindSafe, i32>
[INFO] [stderr]                                  at /rustc/e3feeb59cd1bdd011a2bfcc0747b55125d9b8527/library/std/src/panic.rs:359:14
[INFO] [stderr]     26:     0x5acd69770f38 - std[617be2ca0a6fd877]::rt::lang_start_internal::{closure#0}
[INFO] [stderr]                                  at /rustc/e3feeb59cd1bdd011a2bfcc0747b55125d9b8527/library/std/src/rt.rs:175:24
[INFO] [stderr]     27:     0x5acd69770f38 - std[617be2ca0a6fd877]::panicking::catch_unwind::do_call::<std[617be2ca0a6fd877]::rt::lang_start_internal::{closure#0}, isize>
[INFO] [stderr]                                  at /rustc/e3feeb59cd1bdd011a2bfcc0747b55125d9b8527/library/std/src/panicking.rs:573:43
[INFO] [stderr]     28:     0x5acd69770f38 - std[617be2ca0a6fd877]::panicking::catch_unwind::<isize, std[617be2ca0a6fd877]::rt::lang_start_internal::{closure#0}>
[INFO] [stderr]                                  at /rustc/e3feeb59cd1bdd011a2bfcc0747b55125d9b8527/library/std/src/panicking.rs:541:19
[INFO] [stderr]     29:     0x5acd69770f38 - std[617be2ca0a6fd877]::panic::catch_unwind::<std[617be2ca0a6fd877]::rt::lang_start_internal::{closure#0}, isize>
[INFO] [stderr]                                  at /rustc/e3feeb59cd1bdd011a2bfcc0747b55125d9b8527/library/std/src/panic.rs:359:14
[INFO] [stderr]     30:     0x5acd69770f38 - std[617be2ca0a6fd877]::rt::lang_start_internal
[INFO] [stderr]                                  at /rustc/e3feeb59cd1bdd011a2bfcc0747b55125d9b8527/library/std/src/rt.rs:171:5
[INFO] [stderr]     31:     0x5acd696a0da1 - std[617be2ca0a6fd877]::rt::lang_start::<()>
[INFO] [stderr]     32:     0x5acd696a8f85 - main
[INFO] [stderr]     33:     0x7763fd89b601 - <unknown>
[INFO] [stderr]     34:     0x7763fd89b718 - __libc_start_main
[INFO] [stderr]     35:     0x5acd6969dc05 - _start
[INFO] [stderr]     36:                0x0 - <unknown>
[INFO] running `Command { std: "docker" "inspect" "5e98ee4ba02552e1f7375f76ebedf69053636352390538d3027ab10110716e95", kill_on_drop: false }`
[INFO] running `Command { std: "docker" "rm" "-f" "5e98ee4ba02552e1f7375f76ebedf69053636352390538d3027ab10110716e95", kill_on_drop: false }`
[INFO] [stdout] 5e98ee4ba02552e1f7375f76ebedf69053636352390538d3027ab10110716e95
