[INFO] fetching crate ogre-stream-ext 0.1.6...
[INFO] testing ogre-stream-ext-0.1.6 against 1.99.0-beta.8 for beta-1.100-3
[INFO] extracting crate ogre-stream-ext 0.1.6 into /workspace/builds/worker-7-tc1/source
[INFO] started tweaking crates.io crate ogre-stream-ext 0.1.6
[INFO] removed 0 missing examples
[INFO] finished tweaking crates.io crate ogre-stream-ext 0.1.6
[INFO] tweaked toml for crates.io crate ogre-stream-ext 0.1.6 written to /workspace/builds/worker-7-tc1/source/Cargo.toml
[INFO] validating manifest of crates.io crate ogre-stream-ext 0.1.6 on toolchain 1.99.0-beta.8
[INFO] running `Command { std: CARGO_HOME="/workspace/cargo-home" RUSTUP_HOME="/workspace/rustup-home" "/workspace/cargo-home/bin/cargo" "+1.99.0-beta.8" "metadata" "--manifest-path" "Cargo.toml" "--no-deps", kill_on_drop: false }`
[INFO] crate crates.io crate ogre-stream-ext 0.1.6 already has a lockfile, it will not be regenerated
[INFO] running `Command { std: CARGO_HOME="/workspace/cargo-home" RUSTUP_HOME="/workspace/rustup-home" "/workspace/cargo-home/bin/cargo" "+1.99.0-beta.8" "fetch" "--manifest-path" "Cargo.toml", kill_on_drop: false }`
[INFO] [stderr]     Updating crates.io index
[INFO] [stderr]  Downloading crates ...
[INFO] [stderr]   Downloaded futures-lite v2.6.0
[INFO] [stderr]   Downloaded polling v3.9.0
[INFO] [stderr]   Downloaded futures-time v3.0.0
[INFO] running `Command { std: "docker" "create" "-v" "/var/lib/crater-agent-workspace/builds/worker-7-tc1/source:/opt/rustwide/workdir:ro,Z" "-v" "/var/lib/crater-agent-workspace/builds/worker-7-tc1/target:/opt/rustwide/target:rw,Z" "-v" "/var/lib/crater-agent-workspace/cargo-home:/opt/rustwide/cargo-home:ro,Z" "-v" "/var/lib/crater-agent-workspace/rustup-home:/opt/rustwide/rustup-home:ro,Z" "-m" "1610612736" "--network" "none" "ghcr.io/rust-lang/crates-build-env/linux@sha256:77db811e55d90add9212f6832c23229e3de5f1c1f9905e8cb07319ea15df73ac" "sleep" "infinity", kill_on_drop: false }`
[INFO] [stdout] 2dbe708b1bacdb150962e89cb55168e17c130c546dd22a5cbec875d90e6ef8c0
[INFO] running `Command { std: "docker" "start" "2dbe708b1bacdb150962e89cb55168e17c130c546dd22a5cbec875d90e6ef8c0", kill_on_drop: false }`
[INFO] running `Command { std: "docker" "inspect" "2dbe708b1bacdb150962e89cb55168e17c130c546dd22a5cbec875d90e6ef8c0", kill_on_drop: false }`
[INFO] running `Command { std: "docker" "exec" "-e" "SOURCE_DIR=/opt/rustwide/workdir" "-e" "CARGO_HOME=/opt/rustwide/cargo-home" "-e" "RUSTUP_HOME=/opt/rustwide/rustup-home" "-e" "CARGO_TARGET_DIR=/opt/rustwide/target" "-w" "/opt/rustwide/workdir" "--user" "0:0" "2dbe708b1bacdb150962e89cb55168e17c130c546dd22a5cbec875d90e6ef8c0" "/opt/rustwide/cargo-home/bin/cargo" "+1.99.0-beta.8" "metadata" "--no-deps" "--format-version=1", kill_on_drop: false }`
[INFO] running `Command { std: "docker" "inspect" "2dbe708b1bacdb150962e89cb55168e17c130c546dd22a5cbec875d90e6ef8c0", kill_on_drop: false }`
[INFO] running `Command { std: "docker" "exec" "-e" "SOURCE_DIR=/opt/rustwide/workdir" "-e" "CARGO_HOME=/opt/rustwide/cargo-home" "-e" "RUSTUP_HOME=/opt/rustwide/rustup-home" "-e" "CARGO_TARGET_DIR=/opt/rustwide/target" "-e" "CARGO_INCREMENTAL=0" "-e" "RUST_BACKTRACE=full" "-e" "RUSTFLAGS=--cap-lints=warn" "-e" "RUSTDOCFLAGS=--cap-lints=warn" "-w" "/opt/rustwide/workdir" "--user" "0:0" "2dbe708b1bacdb150962e89cb55168e17c130c546dd22a5cbec875d90e6ef8c0" "/opt/rustwide/cargo-home/bin/cargo" "+1.99.0-beta.8" "build" "--frozen" "--message-format=json", kill_on_drop: false }`
[INFO] [stderr]    Compiling crossbeam-utils v0.8.21
[INFO] [stderr]    Compiling parking v2.2.1
[INFO] [stderr]    Compiling io-lifetimes v1.0.11
[INFO] [stderr]    Compiling rustix v0.37.28
[INFO] [stderr]    Compiling polling v2.8.0
[INFO] [stderr]    Compiling rustix v1.0.8
[INFO] [stderr]    Compiling async-io v1.13.0
[INFO] [stderr]    Compiling waker-fn v1.2.0
[INFO] [stderr]    Compiling futures-sink v0.3.31
[INFO] [stderr]    Compiling fastrand v1.9.0
[INFO] [stderr]    Compiling bitflags v1.3.2
[INFO] [stderr]    Compiling linux-raw-sys v0.9.4
[INFO] [stderr]    Compiling bitflags v2.9.1
[INFO] [stderr]    Compiling linux-raw-sys v0.3.8
[INFO] [stderr]    Compiling log v0.4.27
[INFO] [stderr]    Compiling futures-lite v1.13.0
[INFO] [stderr]    Compiling socket2 v0.4.10
[INFO] [stderr]    Compiling async-lock v2.8.0
[INFO] [stderr]    Compiling futures-task v0.3.31
[INFO] [stderr]    Compiling futures-util v0.3.31
[INFO] [stderr]    Compiling concurrent-queue v2.5.0
[INFO] [stderr]    Compiling futures-channel v0.3.31
[INFO] [stderr]    Compiling futures-lite v2.6.0
[INFO] [stderr]    Compiling tokio v1.46.1
[INFO] [stderr]    Compiling event-listener v5.4.0
[INFO] [stderr]    Compiling async-channel v1.9.0
[INFO] [stderr]    Compiling event-listener-strategy v0.5.4
[INFO] [stderr]    Compiling async-lock v3.4.0
[INFO] [stderr]    Compiling futures v0.3.31
[INFO] [stderr]    Compiling futures-time v3.0.0
[INFO] [stderr]    Compiling polling v3.9.0
[INFO] [stderr]    Compiling async-io v2.5.0
[INFO] [stderr]    Compiling ogre-stream-ext v0.1.6 (/opt/rustwide/workdir)
[INFO] [stdout] warning: use of deprecated method `std::sync::atomic::Atomic::<bool>::fetch_update`: renamed to `try_update` for consistency
[INFO] [stdout]   --> src/finalization_callback_ext.rs:71:52
[INFO] [stdout]    |
[INFO] [stdout] 71 | ...   let finalized = this.finalized.fetch_update(Ordering::SeqCst, Ordering::SeqCst, |_| Some(true)).unwrap_or_default();
[INFO] [stdout]    |                                      ^^^^^^^^^^^^
[INFO] [stdout]    |
[INFO] [stdout]    = note: `#[warn(deprecated)]` on by default
[INFO] [stdout] help: replace the use of the deprecated method
[INFO] [stdout]    |
[INFO] [stdout] 71 -                     let finalized = this.finalized.fetch_update(Ordering::SeqCst, Ordering::SeqCst, |_| Some(true)).unwrap_or_default();
[INFO] [stdout] 71 +                     let finalized = this.finalized.try_update(Ordering::SeqCst, Ordering::SeqCst, |_| Some(true)).unwrap_or_default();
[INFO] [stdout]    |
[INFO] [stdout] 
[INFO] [stdout] 
[INFO] [stdout] warning: use of deprecated method `std::sync::atomic::Atomic::<bool>::fetch_update`: renamed to `try_update` for consistency
[INFO] [stdout]   --> src/finalization_callback_ext.rs:94:44
[INFO] [stdout]    |
[INFO] [stdout] 94 |             let finalized = self.finalized.fetch_update(Ordering::SeqCst, Ordering::SeqCst, |_| Some(true)).unwrap_or_default();
[INFO] [stdout]    |                                            ^^^^^^^^^^^^
[INFO] [stdout]    |
[INFO] [stdout] help: replace the use of the deprecated method
[INFO] [stdout]    |
[INFO] [stdout] 94 -             let finalized = self.finalized.fetch_update(Ordering::SeqCst, Ordering::SeqCst, |_| Some(true)).unwrap_or_default();
[INFO] [stdout] 94 +             let finalized = self.finalized.try_update(Ordering::SeqCst, Ordering::SeqCst, |_| Some(true)).unwrap_or_default();
[INFO] [stdout]    |
[INFO] [stdout] 
[INFO] [stdout] 
[INFO] [stdout] warning: use of deprecated method `std::sync::atomic::Atomic::<bool>::fetch_update`: renamed to `try_update` for consistency
[INFO] [stdout]   --> src/finalization_callbacks_ext.rs:80:52
[INFO] [stdout]    |
[INFO] [stdout] 80 | ...   let finalized = this.finalized.fetch_update(Ordering::SeqCst, Ordering::SeqCst, |_| Some(true)).unwrap_or_default();
[INFO] [stdout]    |                                      ^^^^^^^^^^^^
[INFO] [stdout]    |
[INFO] [stdout] help: replace the use of the deprecated method
[INFO] [stdout]    |
[INFO] [stdout] 80 -                     let finalized = this.finalized.fetch_update(Ordering::SeqCst, Ordering::SeqCst, |_| Some(true)).unwrap_or_default();
[INFO] [stdout] 80 +                     let finalized = this.finalized.try_update(Ordering::SeqCst, Ordering::SeqCst, |_| Some(true)).unwrap_or_default();
[INFO] [stdout]    |
[INFO] [stdout] 
[INFO] [stdout] 
[INFO] [stdout] warning: use of deprecated method `std::sync::atomic::Atomic::<bool>::fetch_update`: renamed to `try_update` for consistency
[INFO] [stdout]    --> src/finalization_callbacks_ext.rs:103:44
[INFO] [stdout]     |
[INFO] [stdout] 103 |             let finalized = self.finalized.fetch_update(Ordering::SeqCst, Ordering::SeqCst, |_| Some(true)).unwrap_or_default();
[INFO] [stdout]     |                                            ^^^^^^^^^^^^
[INFO] [stdout]     |
[INFO] [stdout] help: replace the use of the deprecated method
[INFO] [stdout]     |
[INFO] [stdout] 103 -             let finalized = self.finalized.fetch_update(Ordering::SeqCst, Ordering::SeqCst, |_| Some(true)).unwrap_or_default();
[INFO] [stdout] 103 +             let finalized = self.finalized.try_update(Ordering::SeqCst, Ordering::SeqCst, |_| Some(true)).unwrap_or_default();
[INFO] [stdout]     |
[INFO] [stdout] 
[INFO] [stdout] 
[INFO] [stderr]     Finished `dev` profile [unoptimized + debuginfo] target(s) in 21.93s
[INFO] running `Command { std: "docker" "inspect" "2dbe708b1bacdb150962e89cb55168e17c130c546dd22a5cbec875d90e6ef8c0", kill_on_drop: false }`
[INFO] running `Command { std: "docker" "exec" "-e" "SOURCE_DIR=/opt/rustwide/workdir" "-e" "CARGO_HOME=/opt/rustwide/cargo-home" "-e" "RUSTUP_HOME=/opt/rustwide/rustup-home" "-e" "CARGO_TARGET_DIR=/opt/rustwide/target" "-e" "CARGO_INCREMENTAL=0" "-e" "RUST_BACKTRACE=full" "-e" "RUSTFLAGS=--cap-lints=warn" "-e" "RUSTDOCFLAGS=--cap-lints=warn" "-w" "/opt/rustwide/workdir" "--user" "0:0" "2dbe708b1bacdb150962e89cb55168e17c130c546dd22a5cbec875d90e6ef8c0" "/opt/rustwide/cargo-home/bin/cargo" "+1.99.0-beta.8" "test" "--frozen" "--no-run" "--message-format=json", kill_on_drop: false }`
[INFO] [stderr]    Compiling futures-sink v0.3.31
[INFO] [stderr]    Compiling syn v2.0.104
[INFO] [stderr]    Compiling smallvec v1.15.1
[INFO] [stderr]    Compiling futures-channel v0.3.31
[INFO] [stderr]    Compiling parking_lot_core v0.9.11
[INFO] [stderr]    Compiling parking_lot v0.12.4
[INFO] [stderr]    Compiling futures-macro v0.3.31
[INFO] [stderr]    Compiling tokio-macros v2.5.0
[INFO] [stderr]    Compiling tokio v1.46.1
[INFO] [stderr]    Compiling futures-util v0.3.31
[INFO] [stderr]    Compiling futures-executor v0.3.31
[INFO] [stderr]    Compiling futures v0.3.31
[INFO] [stderr]    Compiling ogre-stream-ext v0.1.6 (/opt/rustwide/workdir)
[INFO] [stdout] warning: use of deprecated method `std::sync::atomic::Atomic::<bool>::fetch_update`: renamed to `try_update` for consistency
[INFO] [stdout]   --> src/finalization_callback_ext.rs:71:52
[INFO] [stdout]    |
[INFO] [stdout] 71 | ...   let finalized = this.finalized.fetch_update(Ordering::SeqCst, Ordering::SeqCst, |_| Some(true)).unwrap_or_default();
[INFO] [stdout]    |                                      ^^^^^^^^^^^^
[INFO] [stdout]    |
[INFO] [stdout]    = note: `#[warn(deprecated)]` on by default
[INFO] [stdout] help: replace the use of the deprecated method
[INFO] [stdout]    |
[INFO] [stdout] 71 -                     let finalized = this.finalized.fetch_update(Ordering::SeqCst, Ordering::SeqCst, |_| Some(true)).unwrap_or_default();
[INFO] [stdout] 71 +                     let finalized = this.finalized.try_update(Ordering::SeqCst, Ordering::SeqCst, |_| Some(true)).unwrap_or_default();
[INFO] [stdout]    |
[INFO] [stdout] 
[INFO] [stdout] 
[INFO] [stdout] warning: use of deprecated method `std::sync::atomic::Atomic::<bool>::fetch_update`: renamed to `try_update` for consistency
[INFO] [stdout]   --> src/finalization_callback_ext.rs:94:44
[INFO] [stdout]    |
[INFO] [stdout] 94 |             let finalized = self.finalized.fetch_update(Ordering::SeqCst, Ordering::SeqCst, |_| Some(true)).unwrap_or_default();
[INFO] [stdout]    |                                            ^^^^^^^^^^^^
[INFO] [stdout]    |
[INFO] [stdout] help: replace the use of the deprecated method
[INFO] [stdout]    |
[INFO] [stdout] 94 -             let finalized = self.finalized.fetch_update(Ordering::SeqCst, Ordering::SeqCst, |_| Some(true)).unwrap_or_default();
[INFO] [stdout] 94 +             let finalized = self.finalized.try_update(Ordering::SeqCst, Ordering::SeqCst, |_| Some(true)).unwrap_or_default();
[INFO] [stdout]    |
[INFO] [stdout] 
[INFO] [stdout] 
[INFO] [stdout] warning: use of deprecated method `std::sync::atomic::Atomic::<bool>::fetch_update`: renamed to `try_update` for consistency
[INFO] [stdout]   --> src/finalization_callbacks_ext.rs:80:52
[INFO] [stdout]    |
[INFO] [stdout] 80 | ...   let finalized = this.finalized.fetch_update(Ordering::SeqCst, Ordering::SeqCst, |_| Some(true)).unwrap_or_default();
[INFO] [stdout]    |                                      ^^^^^^^^^^^^
[INFO] [stdout]    |
[INFO] [stdout] help: replace the use of the deprecated method
[INFO] [stdout]    |
[INFO] [stdout] 80 -                     let finalized = this.finalized.fetch_update(Ordering::SeqCst, Ordering::SeqCst, |_| Some(true)).unwrap_or_default();
[INFO] [stdout] 80 +                     let finalized = this.finalized.try_update(Ordering::SeqCst, Ordering::SeqCst, |_| Some(true)).unwrap_or_default();
[INFO] [stdout]    |
[INFO] [stdout] 
[INFO] [stdout] 
[INFO] [stdout] warning: use of deprecated method `std::sync::atomic::Atomic::<bool>::fetch_update`: renamed to `try_update` for consistency
[INFO] [stdout]    --> src/finalization_callbacks_ext.rs:103:44
[INFO] [stdout]     |
[INFO] [stdout] 103 |             let finalized = self.finalized.fetch_update(Ordering::SeqCst, Ordering::SeqCst, |_| Some(true)).unwrap_or_default();
[INFO] [stdout]     |                                            ^^^^^^^^^^^^
[INFO] [stdout]     |
[INFO] [stdout] help: replace the use of the deprecated method
[INFO] [stdout]     |
[INFO] [stdout] 103 -             let finalized = self.finalized.fetch_update(Ordering::SeqCst, Ordering::SeqCst, |_| Some(true)).unwrap_or_default();
[INFO] [stdout] 103 +             let finalized = self.finalized.try_update(Ordering::SeqCst, Ordering::SeqCst, |_| Some(true)).unwrap_or_default();
[INFO] [stdout]     |
[INFO] [stdout] 
[INFO] [stdout] 
[INFO] [stdout] warning: fields `id` and `profile` are never read
[INFO] [stdout]   --> examples/book_example/main.rs:38:14
[INFO] [stdout]    |
[INFO] [stdout] 38 |     Profile {id: u32, profile: u128 },
[INFO] [stdout]    |     -------  ^^       ^^^^^^^
[INFO] [stdout]    |     |
[INFO] [stdout]    |     fields in this variant
[INFO] [stdout]    |
[INFO] [stdout]    = note: `AlumniData` has a derived impl for the trait `Debug`, but this is intentionally ignored during dead code analysis
[INFO] [stdout]    = note: `#[warn(dead_code)]` (part of `#[warn(unused)]`) on by default
[INFO] [stdout] 
[INFO] [stdout] 
[INFO] [stdout] warning: fields `id` and `grades_average` are never read
[INFO] [stdout]   --> examples/book_example/main.rs:39:20
[INFO] [stdout]    |
[INFO] [stdout] 39 |     GradesAverage {id: u32, grades_average: f64 },
[INFO] [stdout]    |     -------------  ^^       ^^^^^^^^^^^^^^
[INFO] [stdout]    |     |
[INFO] [stdout]    |     fields in this variant
[INFO] [stdout]    |
[INFO] [stdout]    = note: `AlumniData` has a derived impl for the trait `Debug`, but this is intentionally ignored during dead code analysis
[INFO] [stdout] 
[INFO] [stdout] 
[INFO] [stdout] warning: use of deprecated method `std::sync::atomic::Atomic::<bool>::fetch_update`: renamed to `try_update` for consistency
[INFO] [stdout]   --> src/finalization_callback_ext.rs:71:52
[INFO] [stdout]    |
[INFO] [stdout] 71 | ...   let finalized = this.finalized.fetch_update(Ordering::SeqCst, Ordering::SeqCst, |_| Some(true)).unwrap_or_default();
[INFO] [stdout]    |                                      ^^^^^^^^^^^^
[INFO] [stdout]    |
[INFO] [stdout]    = note: `#[warn(deprecated)]` on by default
[INFO] [stdout] help: replace the use of the deprecated method
[INFO] [stdout]    |
[INFO] [stdout] 71 -                     let finalized = this.finalized.fetch_update(Ordering::SeqCst, Ordering::SeqCst, |_| Some(true)).unwrap_or_default();
[INFO] [stdout] 71 +                     let finalized = this.finalized.try_update(Ordering::SeqCst, Ordering::SeqCst, |_| Some(true)).unwrap_or_default();
[INFO] [stdout]    |
[INFO] [stdout] 
[INFO] [stdout] 
[INFO] [stdout] warning: use of deprecated method `std::sync::atomic::Atomic::<bool>::fetch_update`: renamed to `try_update` for consistency
[INFO] [stdout]   --> src/finalization_callback_ext.rs:94:44
[INFO] [stdout]    |
[INFO] [stdout] 94 |             let finalized = self.finalized.fetch_update(Ordering::SeqCst, Ordering::SeqCst, |_| Some(true)).unwrap_or_default();
[INFO] [stdout]    |                                            ^^^^^^^^^^^^
[INFO] [stdout]    |
[INFO] [stdout] help: replace the use of the deprecated method
[INFO] [stdout]    |
[INFO] [stdout] 94 -             let finalized = self.finalized.fetch_update(Ordering::SeqCst, Ordering::SeqCst, |_| Some(true)).unwrap_or_default();
[INFO] [stdout] 94 +             let finalized = self.finalized.try_update(Ordering::SeqCst, Ordering::SeqCst, |_| Some(true)).unwrap_or_default();
[INFO] [stdout]    |
[INFO] [stdout] 
[INFO] [stdout] 
[INFO] [stdout] warning: use of deprecated method `std::sync::atomic::Atomic::<bool>::fetch_update`: renamed to `try_update` for consistency
[INFO] [stdout]   --> src/finalization_callbacks_ext.rs:80:52
[INFO] [stdout]    |
[INFO] [stdout] 80 | ...   let finalized = this.finalized.fetch_update(Ordering::SeqCst, Ordering::SeqCst, |_| Some(true)).unwrap_or_default();
[INFO] [stdout]    |                                      ^^^^^^^^^^^^
[INFO] [stdout]    |
[INFO] [stdout] help: replace the use of the deprecated method
[INFO] [stdout]    |
[INFO] [stdout] 80 -                     let finalized = this.finalized.fetch_update(Ordering::SeqCst, Ordering::SeqCst, |_| Some(true)).unwrap_or_default();
[INFO] [stdout] 80 +                     let finalized = this.finalized.try_update(Ordering::SeqCst, Ordering::SeqCst, |_| Some(true)).unwrap_or_default();
[INFO] [stdout]    |
[INFO] [stdout] 
[INFO] [stdout] 
[INFO] [stdout] warning: use of deprecated method `std::sync::atomic::Atomic::<bool>::fetch_update`: renamed to `try_update` for consistency
[INFO] [stdout]    --> src/finalization_callbacks_ext.rs:103:44
[INFO] [stdout]     |
[INFO] [stdout] 103 |             let finalized = self.finalized.fetch_update(Ordering::SeqCst, Ordering::SeqCst, |_| Some(true)).unwrap_or_default();
[INFO] [stdout]     |                                            ^^^^^^^^^^^^
[INFO] [stdout]     |
[INFO] [stdout] help: replace the use of the deprecated method
[INFO] [stdout]     |
[INFO] [stdout] 103 -             let finalized = self.finalized.fetch_update(Ordering::SeqCst, Ordering::SeqCst, |_| Some(true)).unwrap_or_default();
[INFO] [stdout] 103 +             let finalized = self.finalized.try_update(Ordering::SeqCst, Ordering::SeqCst, |_| Some(true)).unwrap_or_default();
[INFO] [stdout]     |
[INFO] [stdout] 
[INFO] [stdout] 
[INFO] [stderr]     Finished `test` profile [unoptimized + debuginfo] target(s) in 21.75s
[INFO] running `Command { std: "docker" "inspect" "2dbe708b1bacdb150962e89cb55168e17c130c546dd22a5cbec875d90e6ef8c0", kill_on_drop: false }`
[INFO] running `Command { std: "docker" "exec" "-e" "SOURCE_DIR=/opt/rustwide/workdir" "-e" "CARGO_HOME=/opt/rustwide/cargo-home" "-e" "RUSTUP_HOME=/opt/rustwide/rustup-home" "-e" "CARGO_TARGET_DIR=/opt/rustwide/target" "-e" "CARGO_INCREMENTAL=0" "-e" "RUST_BACKTRACE=full" "-e" "RUSTFLAGS=--cap-lints=warn" "-e" "RUSTDOCFLAGS=--cap-lints=warn" "-w" "/opt/rustwide/workdir" "--user" "0:0" "2dbe708b1bacdb150962e89cb55168e17c130c546dd22a5cbec875d90e6ef8c0" "/opt/rustwide/cargo-home/bin/cargo" "+1.99.0-beta.8" "test" "--frozen", kill_on_drop: false }`
[INFO] [stderr] warning: use of deprecated method `std::sync::atomic::Atomic::<bool>::fetch_update`: renamed to `try_update` for consistency
[INFO] [stderr]   --> src/finalization_callback_ext.rs:71:52
[INFO] [stderr]    |
[INFO] [stderr] 71 | ...   let finalized = this.finalized.fetch_update(Ordering::SeqCst, Ordering::SeqCst, |_| Some(true)).unwrap_or_default();
[INFO] [stderr]    |                                      ^^^^^^^^^^^^
[INFO] [stderr]    |
[INFO] [stderr]    = note: `#[warn(deprecated)]` on by default
[INFO] [stderr] help: replace the use of the deprecated method
[INFO] [stderr]    |
[INFO] [stderr] 71 -                     let finalized = this.finalized.fetch_update(Ordering::SeqCst, Ordering::SeqCst, |_| Some(true)).unwrap_or_default();
[INFO] [stderr] 71 +                     let finalized = this.finalized.try_update(Ordering::SeqCst, Ordering::SeqCst, |_| Some(true)).unwrap_or_default();
[INFO] [stderr]    |
[INFO] [stderr] 
[INFO] [stderr] warning: use of deprecated method `std::sync::atomic::Atomic::<bool>::fetch_update`: renamed to `try_update` for consistency
[INFO] [stderr]   --> src/finalization_callback_ext.rs:94:44
[INFO] [stderr]    |
[INFO] [stderr] 94 |             let finalized = self.finalized.fetch_update(Ordering::SeqCst, Ordering::SeqCst, |_| Some(true)).unwrap_or_default();
[INFO] [stderr]    |                                            ^^^^^^^^^^^^
[INFO] [stderr]    |
[INFO] [stderr] help: replace the use of the deprecated method
[INFO] [stderr]    |
[INFO] [stderr] 94 -             let finalized = self.finalized.fetch_update(Ordering::SeqCst, Ordering::SeqCst, |_| Some(true)).unwrap_or_default();
[INFO] [stderr] 94 +             let finalized = self.finalized.try_update(Ordering::SeqCst, Ordering::SeqCst, |_| Some(true)).unwrap_or_default();
[INFO] [stderr]    |
[INFO] [stderr] 
[INFO] [stderr] warning: use of deprecated method `std::sync::atomic::Atomic::<bool>::fetch_update`: renamed to `try_update` for consistency
[INFO] [stderr]   --> src/finalization_callbacks_ext.rs:80:52
[INFO] [stderr]    |
[INFO] [stderr] 80 | ...   let finalized = this.finalized.fetch_update(Ordering::SeqCst, Ordering::SeqCst, |_| Some(true)).unwrap_or_default();
[INFO] [stderr]    |                                      ^^^^^^^^^^^^
[INFO] [stderr]    |
[INFO] [stderr] help: replace the use of the deprecated method
[INFO] [stderr]    |
[INFO] [stderr] 80 -                     let finalized = this.finalized.fetch_update(Ordering::SeqCst, Ordering::SeqCst, |_| Some(true)).unwrap_or_default();
[INFO] [stderr] 80 +                     let finalized = this.finalized.try_update(Ordering::SeqCst, Ordering::SeqCst, |_| Some(true)).unwrap_or_default();
[INFO] [stderr]    |
[INFO] [stderr] 
[INFO] [stderr] warning: use of deprecated method `std::sync::atomic::Atomic::<bool>::fetch_update`: renamed to `try_update` for consistency
[INFO] [stderr]    --> src/finalization_callbacks_ext.rs:103:44
[INFO] [stderr]     |
[INFO] [stderr] 103 |             let finalized = self.finalized.fetch_update(Ordering::SeqCst, Ordering::SeqCst, |_| Some(true)).unwrap_or_default();
[INFO] [stderr]     |                                            ^^^^^^^^^^^^
[INFO] [stderr]     |
[INFO] [stderr] help: replace the use of the deprecated method
[INFO] [stderr]     |
[INFO] [stderr] 103 -             let finalized = self.finalized.fetch_update(Ordering::SeqCst, Ordering::SeqCst, |_| Some(true)).unwrap_or_default();
[INFO] [stderr] 103 +             let finalized = self.finalized.try_update(Ordering::SeqCst, Ordering::SeqCst, |_| Some(true)).unwrap_or_default();
[INFO] [stderr]     |
[INFO] [stderr] 
[INFO] [stderr] warning: `ogre-stream-ext` (lib) generated 4 warnings (run `cargo fix --lib -p ogre-stream-ext` to apply 4 suggestions)
[INFO] [stderr] warning: `ogre-stream-ext` (lib test) generated 4 warnings (4 duplicates)
[INFO] [stderr] warning: fields `id` and `profile` are never read
[INFO] [stderr]   --> examples/book_example/main.rs:38:14
[INFO] [stderr]    |
[INFO] [stderr] 38 |     Profile {id: u32, profile: u128 },
[INFO] [stderr]    |     -------  ^^       ^^^^^^^
[INFO] [stderr]    |     |
[INFO] [stderr]    |     fields in this variant
[INFO] [stderr]    |
[INFO] [stderr]    = note: `AlumniData` has a derived impl for the trait `Debug`, but this is intentionally ignored during dead code analysis
[INFO] [stderr]    = note: `#[warn(dead_code)]` (part of `#[warn(unused)]`) on by default
[INFO] [stderr] 
[INFO] [stderr] warning: fields `id` and `grades_average` are never read
[INFO] [stderr]   --> examples/book_example/main.rs:39:20
[INFO] [stderr]    |
[INFO] [stderr] 39 |     GradesAverage {id: u32, grades_average: f64 },
[INFO] [stderr]    |     -------------  ^^       ^^^^^^^^^^^^^^
[INFO] [stderr]    |     |
[INFO] [stderr]    |     fields in this variant
[INFO] [stderr]    |
[INFO] [stderr]    = note: `AlumniData` has a derived impl for the trait `Debug`, but this is intentionally ignored during dead code analysis
[INFO] [stderr] 
[INFO] [stderr] warning: `ogre-stream-ext` (example "book_example") generated 2 warnings
[INFO] [stderr]     Finished `test` profile [unoptimized + debuginfo] target(s) in 0.10s
[INFO] [stderr]      Running unittests src/lib.rs (/opt/rustwide/target/debug/deps/ogre_stream_ext-baba6b2289eb0661)
[INFO] [stdout] 
[INFO] [stdout] running 7 tests
[INFO] [stdout] test try_count_ext::tests::try_count_err ... ok
[INFO] [stdout] test try_count_ext::tests::try_count_ok ... ok
[INFO] [stdout] test try_enumerate_ext::tests::enumerate_yielded_regardless_of_errors ... ok
[INFO] [stdout] test timeout_ext::tests::timeout_before_first_element ... FAILED
[INFO] [stdout] test timeout_ext::tests::basic_timeout_requirements ... ok
[INFO] [stdout] test timeout_ext::tests::regular_stream_usage ... ok
[INFO] [stdout] test rate_manager_ext::tests::constant_rate_stream ... ok
[INFO] [stdout] 
[INFO] [stdout] failures:
[INFO] [stdout] 
[INFO] [stdout] ---- timeout_ext::tests::timeout_before_first_element stdout ----
[INFO] [stdout] 
[INFO] [stdout] thread 'timeout_ext::tests::timeout_before_first_element' (739) panicked at src/timeout_ext.rs:186:9:
[INFO] [stdout] The Timeout error did not happen at the right time
[INFO] [stdout] stack backtrace:
[INFO] [stdout]    0:     0x55a5526e04a1 - std[70759c8f55707aa4]::backtrace_rs::backtrace::libunwind::trace
[INFO] [stdout]                                at /rustc/dfb0accb7f508ae8be965d8629557221c889dd98/library/std/src/../../backtrace/src/backtrace/libunwind.rs:117:9
[INFO] [stdout]    1:     0x55a5526e04a1 - std[70759c8f55707aa4]::backtrace_rs::backtrace::trace_unsynchronized::<std[70759c8f55707aa4]::sys::backtrace::_print_fmt::{closure#1}>
[INFO] [stdout]                                at /rustc/dfb0accb7f508ae8be965d8629557221c889dd98/library/std/src/../../backtrace/src/backtrace/mod.rs:66:14
[INFO] [stdout]    2:     0x55a5526e04a1 - std[70759c8f55707aa4]::sys::backtrace::_print_fmt
[INFO] [stdout]                                at /rustc/dfb0accb7f508ae8be965d8629557221c889dd98/library/std/src/sys/backtrace.rs:74:9
[INFO] [stdout]    3:     0x55a5526e04a1 - <<std[70759c8f55707aa4]::sys::backtrace::BacktraceLock>::print::DisplayBacktrace as core[df12db4294e9bfd3]::fmt::Display>::fmt
[INFO] [stdout]                                at /rustc/dfb0accb7f508ae8be965d8629557221c889dd98/library/std/src/sys/backtrace.rs:44:26
[INFO] [stdout]    4:     0x55a5526f4bca - <core[df12db4294e9bfd3]::fmt::rt::Argument>::fmt
[INFO] [stdout]                                at /rustc/dfb0accb7f508ae8be965d8629557221c889dd98/library/core/src/fmt/rt.rs:152:76
[INFO] [stdout]    5:     0x55a5526f4bca - core[df12db4294e9bfd3]::fmt::write
[INFO] [stdout]    6:     0x55a5526e4c3c - core[df12db4294e9bfd3]::io::write::default_write_fmt::<alloc[2182bb758b4b3781]::vec::Vec<u8>>
[INFO] [stdout]                                at /rustc/dfb0accb7f508ae8be965d8629557221c889dd98/library/core/src/io/write.rs:402:11
[INFO] [stdout]    7:     0x55a5526e4c3c - <alloc[2182bb758b4b3781]::vec::Vec<u8> as core[df12db4294e9bfd3]::io::write::Write>::write_fmt
[INFO] [stdout]                                at /rustc/dfb0accb7f508ae8be965d8629557221c889dd98/library/core/src/io/write.rs:335:13
[INFO] [stdout]    8:     0x55a5526bc076 - <std[70759c8f55707aa4]::sys::backtrace::BacktraceLock>::print
[INFO] [stdout]                                at /rustc/dfb0accb7f508ae8be965d8629557221c889dd98/library/std/src/sys/backtrace.rs:47:9
[INFO] [stdout]    9:     0x55a5526bc076 - std[70759c8f55707aa4]::panicking::default_hook::{closure#0}
[INFO] [stdout]                                at /rustc/dfb0accb7f508ae8be965d8629557221c889dd98/library/std/src/panicking.rs:292:27
[INFO] [stdout]   10:     0x55a5526d86e9 - std[70759c8f55707aa4]::panicking::default_hook
[INFO] [stdout]                                at /rustc/dfb0accb7f508ae8be965d8629557221c889dd98/library/std/src/panicking.rs:316:9
[INFO] [stdout]   11:     0x55a55257f100 - <alloc[2182bb758b4b3781]::boxed::Box<dyn for<'a, 'b> core[df12db4294e9bfd3]::ops::function::Fn<(&'a std[70759c8f55707aa4]::panic::PanicHookInfo<'b>,), Output = ()> + core[df12db4294e9bfd3]::marker::Send + core[df12db4294e9bfd3]::marker::Sync> as core[df12db4294e9bfd3]::ops::function::Fn<(&std[70759c8f55707aa4]::panic::PanicHookInfo,)>>::call
[INFO] [stdout]                                at /rustc/dfb0accb7f508ae8be965d8629557221c889dd98/library/alloc/src/boxed.rs:2334:9
[INFO] [stdout]   12:     0x55a55257f100 - test[9d35eded1c95d3be]::test_main_inner::<test[9d35eded1c95d3be]::test_main_static::{closure#0}>::{closure#0}
[INFO] [stdout]                                at /rustc/dfb0accb7f508ae8be965d8629557221c889dd98/library/test/src/lib.rs:155:21
[INFO] [stdout]   13:     0x55a5526d8a12 - <alloc[2182bb758b4b3781]::boxed::Box<dyn for<'a, 'b> core[df12db4294e9bfd3]::ops::function::Fn<(&'a std[70759c8f55707aa4]::panic::PanicHookInfo<'b>,), Output = ()> + core[df12db4294e9bfd3]::marker::Send + core[df12db4294e9bfd3]::marker::Sync> as core[df12db4294e9bfd3]::ops::function::Fn<(&std[70759c8f55707aa4]::panic::PanicHookInfo,)>>::call
[INFO] [stdout]                                at /rustc/dfb0accb7f508ae8be965d8629557221c889dd98/library/alloc/src/boxed.rs:2334:9
[INFO] [stdout]   14:     0x55a5526d8a12 - std[70759c8f55707aa4]::panicking::panic_with_hook
[INFO] [stdout]                                at /rustc/dfb0accb7f508ae8be965d8629557221c889dd98/library/std/src/panicking.rs:823:13
[INFO] [stdout]   15:     0x55a5526bc154 - std[70759c8f55707aa4]::panicking::panic_handler::{closure#0}
[INFO] [stdout]                                at /rustc/dfb0accb7f508ae8be965d8629557221c889dd98/library/std/src/panicking.rs:681:13
[INFO] [stdout]   16:     0x55a5526b4e79 - std[70759c8f55707aa4]::sys::backtrace::__rust_end_short_backtrace::<std[70759c8f55707aa4]::panicking::panic_handler::{closure#0}, !>
[INFO] [stdout]                                at /rustc/dfb0accb7f508ae8be965d8629557221c889dd98/library/std/src/sys/backtrace.rs:182:18
[INFO] [stdout]   17:     0x55a5526bcd1d - __rustc[8fa7c3cbc660c2b3]::rust_begin_unwind
[INFO] [stdout]                                at /rustc/dfb0accb7f508ae8be965d8629557221c889dd98/library/std/src/panicking.rs:679:5
[INFO] [stdout]   18:     0x55a5526f53ec - core[df12db4294e9bfd3]::panicking::panic_fmt
[INFO] [stdout]                                at /rustc/dfb0accb7f508ae8be965d8629557221c889dd98/library/core/src/panicking.rs:80:14
[INFO] [stdout]   19:     0x55a552560950 - ogre_stream_ext[89564b3b237891d0]::timeout_ext::tests::timeout_before_first_element::{closure#0}
[INFO] [stdout]                                at /opt/rustwide/workdir/src/timeout_ext.rs:186:9
[INFO] [stdout]   20:     0x55a55255d3a2 - <core[df12db4294e9bfd3]::pin::Pin<&mut dyn core[df12db4294e9bfd3]::future::future::Future<Output = ()>> as core[df12db4294e9bfd3]::future::future::Future>::poll
[INFO] [stdout]                                at /rustc/dfb0accb7f508ae8be965d8629557221c889dd98/library/core/src/future/future.rs:133:9
[INFO] [stdout]   21:     0x55a55255d41d - <core[df12db4294e9bfd3]::pin::Pin<&mut core[df12db4294e9bfd3]::pin::Pin<&mut dyn core[df12db4294e9bfd3]::future::future::Future<Output = ()>>> as core[df12db4294e9bfd3]::future::future::Future>::poll
[INFO] [stdout]                                at /rustc/dfb0accb7f508ae8be965d8629557221c889dd98/library/core/src/future/future.rs:133:9
[INFO] [stdout]   22:     0x55a55255310d - <tokio[b444870ee56d300]::runtime::scheduler::current_thread::CoreGuard>::block_on::<core[df12db4294e9bfd3]::pin::Pin<&mut core[df12db4294e9bfd3]::pin::Pin<&mut dyn core[df12db4294e9bfd3]::future::future::Future<Output = ()>>>>::{closure#0}::{closure#0}::{closure#0}
[INFO] [stdout]                                at /opt/rustwide/cargo-home/registry/src/index.crates.io-1949cf8c6b5b557f/tokio-1.46.1/src/runtime/scheduler/current_thread/mod.rs:742:70
[INFO] [stdout]   23:     0x55a552553035 - tokio[b444870ee56d300]::task::coop::with_budget::<core[df12db4294e9bfd3]::task::poll::Poll<()>, <tokio[b444870ee56d300]::runtime::scheduler::current_thread::CoreGuard>::block_on<core[df12db4294e9bfd3]::pin::Pin<&mut core[df12db4294e9bfd3]::pin::Pin<&mut dyn core[df12db4294e9bfd3]::future::future::Future<Output = ()>>>>::{closure#0}::{closure#0}::{closure#0}>
[INFO] [stdout]                                at /opt/rustwide/cargo-home/registry/src/index.crates.io-1949cf8c6b5b557f/tokio-1.46.1/src/task/coop/mod.rs:167:5
[INFO] [stdout]   24:     0x55a552553035 - tokio[b444870ee56d300]::task::coop::budget::<core[df12db4294e9bfd3]::task::poll::Poll<()>, <tokio[b444870ee56d300]::runtime::scheduler::current_thread::CoreGuard>::block_on<core[df12db4294e9bfd3]::pin::Pin<&mut core[df12db4294e9bfd3]::pin::Pin<&mut dyn core[df12db4294e9bfd3]::future::future::Future<Output = ()>>>>::{closure#0}::{closure#0}::{closure#0}>
[INFO] [stdout]                                at /opt/rustwide/cargo-home/registry/src/index.crates.io-1949cf8c6b5b557f/tokio-1.46.1/src/task/coop/mod.rs:133:5
[INFO] [stdout]   25:     0x55a552553035 - <tokio[b444870ee56d300]::runtime::scheduler::current_thread::CoreGuard>::block_on::<core[df12db4294e9bfd3]::pin::Pin<&mut core[df12db4294e9bfd3]::pin::Pin<&mut dyn core[df12db4294e9bfd3]::future::future::Future<Output = ()>>>>::{closure#0}::{closure#0}
[INFO] [stdout]                                at /opt/rustwide/cargo-home/registry/src/index.crates.io-1949cf8c6b5b557f/tokio-1.46.1/src/runtime/scheduler/current_thread/mod.rs:742:25
[INFO] [stdout]   26:     0x55a55254d522 - <tokio[b444870ee56d300]::runtime::scheduler::current_thread::Context>::enter::<core[df12db4294e9bfd3]::task::poll::Poll<()>, <tokio[b444870ee56d300]::runtime::scheduler::current_thread::CoreGuard>::block_on<core[df12db4294e9bfd3]::pin::Pin<&mut core[df12db4294e9bfd3]::pin::Pin<&mut dyn core[df12db4294e9bfd3]::future::future::Future<Output = ()>>>>::{closure#0}::{closure#0}>
[INFO] [stdout]                                at /opt/rustwide/cargo-home/registry/src/index.crates.io-1949cf8c6b5b557f/tokio-1.46.1/src/runtime/scheduler/current_thread/mod.rs:432:19
[INFO] [stdout]   27:     0x55a55255241d - <tokio[b444870ee56d300]::runtime::scheduler::current_thread::CoreGuard>::block_on::<core[df12db4294e9bfd3]::pin::Pin<&mut core[df12db4294e9bfd3]::pin::Pin<&mut dyn core[df12db4294e9bfd3]::future::future::Future<Output = ()>>>>::{closure#0}
[INFO] [stdout]                                at /opt/rustwide/cargo-home/registry/src/index.crates.io-1949cf8c6b5b557f/tokio-1.46.1/src/runtime/scheduler/current_thread/mod.rs:741:44
[INFO] [stdout]   28:     0x55a552551714 - <tokio[b444870ee56d300]::runtime::scheduler::current_thread::CoreGuard>::enter::<<tokio[b444870ee56d300]::runtime::scheduler::current_thread::CoreGuard>::block_on<core[df12db4294e9bfd3]::pin::Pin<&mut core[df12db4294e9bfd3]::pin::Pin<&mut dyn core[df12db4294e9bfd3]::future::future::Future<Output = ()>>>>::{closure#0}, core[df12db4294e9bfd3]::option::Option<()>>::{closure#0}
[INFO] [stdout]                                at /opt/rustwide/cargo-home/registry/src/index.crates.io-1949cf8c6b5b557f/tokio-1.46.1/src/runtime/scheduler/current_thread/mod.rs:829:68
[INFO] [stdout]   29:     0x55a55256d9fb - <tokio[b444870ee56d300]::runtime::context::scoped::Scoped<tokio[b444870ee56d300]::runtime::scheduler::Context>>::set::<<tokio[b444870ee56d300]::runtime::scheduler::current_thread::CoreGuard>::enter<<tokio[b444870ee56d300]::runtime::scheduler::current_thread::CoreGuard>::block_on<core[df12db4294e9bfd3]::pin::Pin<&mut core[df12db4294e9bfd3]::pin::Pin<&mut dyn core[df12db4294e9bfd3]::future::future::Future<Output = ()>>>>::{closure#0}, core[df12db4294e9bfd3]::option::Option<()>>::{closure#0}, (alloc[2182bb758b4b3781]::boxed::Box<tokio[b444870ee56d300]::runtime::scheduler::current_thread::Core>, core[df12db4294e9bfd3]::option::Option<()>)>
[INFO] [stdout]                                at /opt/rustwide/cargo-home/registry/src/index.crates.io-1949cf8c6b5b557f/tokio-1.46.1/src/runtime/context/scoped.rs:40:9
[INFO] [stdout]   30:     0x55a552556aa9 - tokio[b444870ee56d300]::runtime::context::set_scheduler::<(alloc[2182bb758b4b3781]::boxed::Box<tokio[b444870ee56d300]::runtime::scheduler::current_thread::Core>, core[df12db4294e9bfd3]::option::Option<()>), <tokio[b444870ee56d300]::runtime::scheduler::current_thread::CoreGuard>::enter<<tokio[b444870ee56d300]::runtime::scheduler::current_thread::CoreGuard>::block_on<core[df12db4294e9bfd3]::pin::Pin<&mut core[df12db4294e9bfd3]::pin::Pin<&mut dyn core[df12db4294e9bfd3]::future::future::Future<Output = ()>>>>::{closure#0}, core[df12db4294e9bfd3]::option::Option<()>>::{closure#0}>::{closure#0}
[INFO] [stdout]                                at /opt/rustwide/cargo-home/registry/src/index.crates.io-1949cf8c6b5b557f/tokio-1.46.1/src/runtime/context.rs:176:38
[INFO] [stdout]   31:     0x55a552559dbf - <std[70759c8f55707aa4]::thread::local::LocalKey<tokio[b444870ee56d300]::runtime::context::Context>>::try_with::<tokio[b444870ee56d300]::runtime::context::set_scheduler<(alloc[2182bb758b4b3781]::boxed::Box<tokio[b444870ee56d300]::runtime::scheduler::current_thread::Core>, core[df12db4294e9bfd3]::option::Option<()>), <tokio[b444870ee56d300]::runtime::scheduler::current_thread::CoreGuard>::enter<<tokio[b444870ee56d300]::runtime::scheduler::current_thread::CoreGuard>::block_on<core[df12db4294e9bfd3]::pin::Pin<&mut core[df12db4294e9bfd3]::pin::Pin<&mut dyn core[df12db4294e9bfd3]::future::future::Future<Output = ()>>>>::{closure#0}, core[df12db4294e9bfd3]::option::Option<()>>::{closure#0}>::{closure#0}, (alloc[2182bb758b4b3781]::boxed::Box<tokio[b444870ee56d300]::runtime::scheduler::current_thread::Core>, core[df12db4294e9bfd3]::option::Option<()>)>
[INFO] [stdout]                                at /rustc/dfb0accb7f508ae8be965d8629557221c889dd98/library/std/src/thread/local.rs:463:12
[INFO] [stdout]   32:     0x55a55255996e - <std[70759c8f55707aa4]::thread::local::LocalKey<tokio[b444870ee56d300]::runtime::context::Context>>::with::<tokio[b444870ee56d300]::runtime::context::set_scheduler<(alloc[2182bb758b4b3781]::boxed::Box<tokio[b444870ee56d300]::runtime::scheduler::current_thread::Core>, core[df12db4294e9bfd3]::option::Option<()>), <tokio[b444870ee56d300]::runtime::scheduler::current_thread::CoreGuard>::enter<<tokio[b444870ee56d300]::runtime::scheduler::current_thread::CoreGuard>::block_on<core[df12db4294e9bfd3]::pin::Pin<&mut core[df12db4294e9bfd3]::pin::Pin<&mut dyn core[df12db4294e9bfd3]::future::future::Future<Output = ()>>>>::{closure#0}, core[df12db4294e9bfd3]::option::Option<()>>::{closure#0}>::{closure#0}, (alloc[2182bb758b4b3781]::boxed::Box<tokio[b444870ee56d300]::runtime::scheduler::current_thread::Core>, core[df12db4294e9bfd3]::option::Option<()>)>
[INFO] [stdout]                                at /rustc/dfb0accb7f508ae8be965d8629557221c889dd98/library/std/src/thread/local.rs:427:20
[INFO] [stdout]   33:     0x55a55255521d - tokio[b444870ee56d300]::runtime::context::set_scheduler::<(alloc[2182bb758b4b3781]::boxed::Box<tokio[b444870ee56d300]::runtime::scheduler::current_thread::Core>, core[df12db4294e9bfd3]::option::Option<()>), <tokio[b444870ee56d300]::runtime::scheduler::current_thread::CoreGuard>::enter<<tokio[b444870ee56d300]::runtime::scheduler::current_thread::CoreGuard>::block_on<core[df12db4294e9bfd3]::pin::Pin<&mut core[df12db4294e9bfd3]::pin::Pin<&mut dyn core[df12db4294e9bfd3]::future::future::Future<Output = ()>>>>::{closure#0}, core[df12db4294e9bfd3]::option::Option<()>>::{closure#0}>
[INFO] [stdout]                                at /opt/rustwide/cargo-home/registry/src/index.crates.io-1949cf8c6b5b557f/tokio-1.46.1/src/runtime/context.rs:176:17
[INFO] [stdout]   34:     0x55a55254fd20 - <tokio[b444870ee56d300]::runtime::scheduler::current_thread::CoreGuard>::enter::<<tokio[b444870ee56d300]::runtime::scheduler::current_thread::CoreGuard>::block_on<core[df12db4294e9bfd3]::pin::Pin<&mut core[df12db4294e9bfd3]::pin::Pin<&mut dyn core[df12db4294e9bfd3]::future::future::Future<Output = ()>>>>::{closure#0}, core[df12db4294e9bfd3]::option::Option<()>>
[INFO] [stdout]                                at /opt/rustwide/cargo-home/registry/src/index.crates.io-1949cf8c6b5b557f/tokio-1.46.1/src/runtime/scheduler/current_thread/mod.rs:829:27
[INFO] [stdout]   35:     0x55a552550016 - <tokio[b444870ee56d300]::runtime::scheduler::current_thread::CoreGuard>::block_on::<core[df12db4294e9bfd3]::pin::Pin<&mut core[df12db4294e9bfd3]::pin::Pin<&mut dyn core[df12db4294e9bfd3]::future::future::Future<Output = ()>>>>
[INFO] [stdout]                                at /opt/rustwide/cargo-home/registry/src/index.crates.io-1949cf8c6b5b557f/tokio-1.46.1/src/runtime/scheduler/current_thread/mod.rs:729:24
[INFO] [stdout]   36:     0x55a552551220 - <tokio[b444870ee56d300]::runtime::scheduler::current_thread::CurrentThread>::block_on::<core[df12db4294e9bfd3]::pin::Pin<&mut dyn core[df12db4294e9bfd3]::future::future::Future<Output = ()>>>::{closure#0}
[INFO] [stdout]                                at /opt/rustwide/cargo-home/registry/src/index.crates.io-1949cf8c6b5b557f/tokio-1.46.1/src/runtime/scheduler/current_thread/mod.rs:200:33
[INFO] [stdout]   37:     0x55a55255e0a8 - tokio[b444870ee56d300]::runtime::context::runtime::enter_runtime::<<tokio[b444870ee56d300]::runtime::scheduler::current_thread::CurrentThread>::block_on<core[df12db4294e9bfd3]::pin::Pin<&mut dyn core[df12db4294e9bfd3]::future::future::Future<Output = ()>>>::{closure#0}, ()>
[INFO] [stdout]                                at /opt/rustwide/cargo-home/registry/src/index.crates.io-1949cf8c6b5b557f/tokio-1.46.1/src/runtime/context/runtime.rs:65:16
[INFO] [stdout]   38:     0x55a55254d0e4 - <tokio[b444870ee56d300]::runtime::scheduler::current_thread::CurrentThread>::block_on::<core[df12db4294e9bfd3]::pin::Pin<&mut dyn core[df12db4294e9bfd3]::future::future::Future<Output = ()>>>
[INFO] [stdout]                                at /opt/rustwide/cargo-home/registry/src/index.crates.io-1949cf8c6b5b557f/tokio-1.46.1/src/runtime/scheduler/current_thread/mod.rs:188:9
[INFO] [stdout]   39:     0x55a552554eaf - <tokio[b444870ee56d300]::runtime::runtime::Runtime>::block_on_inner::<core[df12db4294e9bfd3]::pin::Pin<&mut dyn core[df12db4294e9bfd3]::future::future::Future<Output = ()>>>
[INFO] [stdout]                                at /opt/rustwide/cargo-home/registry/src/index.crates.io-1949cf8c6b5b557f/tokio-1.46.1/src/runtime/runtime.rs:356:52
[INFO] [stdout]   40:     0x55a552554ffb - <tokio[b444870ee56d300]::runtime::runtime::Runtime>::block_on::<core[df12db4294e9bfd3]::pin::Pin<&mut dyn core[df12db4294e9bfd3]::future::future::Future<Output = ()>>>
[INFO] [stdout]                                at /opt/rustwide/cargo-home/registry/src/index.crates.io-1949cf8c6b5b557f/tokio-1.46.1/src/runtime/runtime.rs:330:18
[INFO] [stdout]   41:     0x55a5525617b3 - ogre_stream_ext[89564b3b237891d0]::timeout_ext::tests::timeout_before_first_element
[INFO] [stdout]                                at /opt/rustwide/workdir/src/timeout_ext.rs:189:102
[INFO] [stdout]   42:     0x55a55255f427 - ogre_stream_ext[89564b3b237891d0]::timeout_ext::tests::timeout_before_first_element::{closure#0}
[INFO] [stdout]                                at /opt/rustwide/workdir/src/timeout_ext.rs:169:44
[INFO] [stdout]   43:     0x55a5525722e6 - <ogre_stream_ext[89564b3b237891d0]::timeout_ext::tests::timeout_before_first_element::{closure#0} as core[df12db4294e9bfd3]::ops::function::FnOnce<()>>::call_once
[INFO] [stdout]                                at /rustc/dfb0accb7f508ae8be965d8629557221c889dd98/library/core/src/ops/function.rs:250:5
[INFO] [stdout]   44:     0x55a5525723eb - <fn() -> core[df12db4294e9bfd3]::result::Result<(), alloc[2182bb758b4b3781]::string::String> as core[df12db4294e9bfd3]::ops::function::FnOnce<()>>::call_once
[INFO] [stdout]                                at /rustc/dfb0accb7f508ae8be965d8629557221c889dd98/library/core/src/ops/function.rs:250:5
[INFO] [stdout]   45:     0x55a5525723eb - test[9d35eded1c95d3be]::__rust_begin_short_backtrace::<core[df12db4294e9bfd3]::result::Result<(), alloc[2182bb758b4b3781]::string::String>, fn() -> core[df12db4294e9bfd3]::result::Result<(), alloc[2182bb758b4b3781]::string::String>>
[INFO] [stdout]                                at /rustc/dfb0accb7f508ae8be965d8629557221c889dd98/library/test/src/lib.rs:733:18
[INFO] [stdout]   46:     0x55a55257fa55 - test[9d35eded1c95d3be]::run_test_in_process::{closure#0}
[INFO] [stdout]                                at /rustc/dfb0accb7f508ae8be965d8629557221c889dd98/library/test/src/lib.rs:756:74
[INFO] [stdout]   47:     0x55a55257fa55 - <core[df12db4294e9bfd3]::panic::unwind_safe::AssertUnwindSafe<test[9d35eded1c95d3be]::run_test_in_process::{closure#0}> as core[df12db4294e9bfd3]::ops::function::FnOnce<()>>::call_once
[INFO] [stdout]                                at /rustc/dfb0accb7f508ae8be965d8629557221c889dd98/library/core/src/panic/unwind_safe.rs:275:9
[INFO] [stdout]   48:     0x55a55257fa55 - std[70759c8f55707aa4]::panicking::catch_unwind::do_call::<core[df12db4294e9bfd3]::panic::unwind_safe::AssertUnwindSafe<test[9d35eded1c95d3be]::run_test_in_process::{closure#0}>, core[df12db4294e9bfd3]::result::Result<(), alloc[2182bb758b4b3781]::string::String>>
[INFO] [stdout]                                at /rustc/dfb0accb7f508ae8be965d8629557221c889dd98/library/std/src/panicking.rs:576:43
[INFO] [stdout]   49:     0x55a55257fa55 - std[70759c8f55707aa4]::panicking::catch_unwind::<core[df12db4294e9bfd3]::result::Result<(), alloc[2182bb758b4b3781]::string::String>, core[df12db4294e9bfd3]::panic::unwind_safe::AssertUnwindSafe<test[9d35eded1c95d3be]::run_test_in_process::{closure#0}>>
[INFO] [stdout]                                at /rustc/dfb0accb7f508ae8be965d8629557221c889dd98/library/std/src/panicking.rs:544:19
[INFO] [stdout]   50:     0x55a55257fa55 - std[70759c8f55707aa4]::panic::catch_unwind::<core[df12db4294e9bfd3]::panic::unwind_safe::AssertUnwindSafe<test[9d35eded1c95d3be]::run_test_in_process::{closure#0}>, core[df12db4294e9bfd3]::result::Result<(), alloc[2182bb758b4b3781]::string::String>>
[INFO] [stdout]                                at /rustc/dfb0accb7f508ae8be965d8629557221c889dd98/library/std/src/panic.rs:359:14
[INFO] [stdout]   51:     0x55a55257fa55 - test[9d35eded1c95d3be]::run_test_in_process
[INFO] [stdout]                                at /rustc/dfb0accb7f508ae8be965d8629557221c889dd98/library/test/src/lib.rs:756:27
[INFO] [stdout]   52:     0x55a55257fa55 - test[9d35eded1c95d3be]::run_test::{closure#0}
[INFO] [stdout]                                at /rustc/dfb0accb7f508ae8be965d8629557221c889dd98/library/test/src/lib.rs:677:43
[INFO] [stdout]   53:     0x55a552579314 - test[9d35eded1c95d3be]::run_test::{closure#1}
[INFO] [stdout]                                at /rustc/dfb0accb7f508ae8be965d8629557221c889dd98/library/test/src/lib.rs:707:41
[INFO] [stdout]   54:     0x55a552579314 - std[70759c8f55707aa4]::sys::backtrace::__rust_begin_short_backtrace::<test[9d35eded1c95d3be]::run_test::{closure#1}, ()>
[INFO] [stdout]                                at /rustc/dfb0accb7f508ae8be965d8629557221c889dd98/library/std/src/sys/backtrace.rs:166:18
[INFO] [stdout]   55:     0x55a552582bb2 - std[70759c8f55707aa4]::thread::lifecycle::spawn_unchecked::<test[9d35eded1c95d3be]::run_test::{closure#1}, ()>::{closure#1}::{closure#0}
[INFO] [stdout]                                at /rustc/dfb0accb7f508ae8be965d8629557221c889dd98/library/std/src/thread/lifecycle.rs:70:13
[INFO] [stdout]   56:     0x55a552582bb2 - <core[df12db4294e9bfd3]::panic::unwind_safe::AssertUnwindSafe<std[70759c8f55707aa4]::thread::lifecycle::spawn_unchecked<test[9d35eded1c95d3be]::run_test::{closure#1}, ()>::{closure#1}::{closure#0}> as core[df12db4294e9bfd3]::ops::function::FnOnce<()>>::call_once
[INFO] [stdout]                                at /rustc/dfb0accb7f508ae8be965d8629557221c889dd98/library/core/src/panic/unwind_safe.rs:275:9
[INFO] [stdout]   57:     0x55a552582bb2 - std[70759c8f55707aa4]::panicking::catch_unwind::do_call::<core[df12db4294e9bfd3]::panic::unwind_safe::AssertUnwindSafe<std[70759c8f55707aa4]::thread::lifecycle::spawn_unchecked<test[9d35eded1c95d3be]::run_test::{closure#1}, ()>::{closure#1}::{closure#0}>, ()>
[INFO] [stdout]                                at /rustc/dfb0accb7f508ae8be965d8629557221c889dd98/library/std/src/panicking.rs:576:43
[INFO] [stdout]   58:     0x55a552582bb2 - std[70759c8f55707aa4]::panicking::catch_unwind::<(), core[df12db4294e9bfd3]::panic::unwind_safe::AssertUnwindSafe<std[70759c8f55707aa4]::thread::lifecycle::spawn_unchecked<test[9d35eded1c95d3be]::run_test::{closure#1}, ()>::{closure#1}::{closure#0}>>
[INFO] [stdout]                                at /rustc/dfb0accb7f508ae8be965d8629557221c889dd98/library/std/src/panicking.rs:544:19
[INFO] [stdout]   59:     0x55a552582bb2 - std[70759c8f55707aa4]::panic::catch_unwind::<core[df12db4294e9bfd3]::panic::unwind_safe::AssertUnwindSafe<std[70759c8f55707aa4]::thread::lifecycle::spawn_unchecked<test[9d35eded1c95d3be]::run_test::{closure#1}, ()>::{closure#1}::{closure#0}>, ()>
[INFO] [stdout]                                at /rustc/dfb0accb7f508ae8be965d8629557221c889dd98/library/std/src/panic.rs:359:14
[INFO] [stdout]   60:     0x55a552582bb2 - std[70759c8f55707aa4]::thread::lifecycle::spawn_unchecked::<test[9d35eded1c95d3be]::run_test::{closure#1}, ()>::{closure#1}
[INFO] [stdout]                                at /rustc/dfb0accb7f508ae8be965d8629557221c889dd98/library/std/src/thread/lifecycle.rs:68:26
[INFO] [stdout]   61:     0x55a552582bb2 - <std[70759c8f55707aa4]::thread::lifecycle::spawn_unchecked<test[9d35eded1c95d3be]::run_test::{closure#1}, ()>::{closure#1} as core[df12db4294e9bfd3]::ops::function::FnOnce<()>>::call_once::{shim:vtable#0}
[INFO] [stdout]                                at /rustc/dfb0accb7f508ae8be965d8629557221c889dd98/library/core/src/ops/function.rs:250:5
[INFO] [stdout]   62:     0x55a5526dfd39 - <alloc[2182bb758b4b3781]::boxed::Box<dyn core[df12db4294e9bfd3]::ops::function::FnOnce<(), Output = ()> + core[df12db4294e9bfd3]::marker::Send> as core[df12db4294e9bfd3]::ops::function::FnOnce<()>>::call_once
[INFO] [stdout]                                at /rustc/dfb0accb7f508ae8be965d8629557221c889dd98/library/alloc/src/boxed.rs:2320:9
[INFO] [stdout]   63:     0x55a5526dfd39 - <std[70759c8f55707aa4]::sys::thread::unix::Thread>::new::thread_start
[INFO] [stdout]                                at /rustc/dfb0accb7f508ae8be965d8629557221c889dd98/library/std/src/sys/thread/unix.rs:123:17
[INFO] [stdout]   64:     0x7528e37c2dfa - <unknown>
[INFO] [stdout]   65:     0x7528e38563d4 - clone
[INFO] [stdout]   66:                0x0 - <unknown>
[INFO] [stdout] 
[INFO] [stdout] 
[INFO] [stdout] failures:
[INFO] [stdout]     timeout_ext::tests::timeout_before_first_element
[INFO] [stdout] 
[INFO] [stdout] test result: FAILED. 6 passed; 1 failed; 0 ignored; 0 measured; 0 filtered out; finished in 2.08s
[INFO] [stdout] 
[INFO] [stderr] error: test failed, to rerun pass `--lib`
[INFO] running `Command { std: "docker" "inspect" "2dbe708b1bacdb150962e89cb55168e17c130c546dd22a5cbec875d90e6ef8c0", kill_on_drop: false }`
[INFO] running `Command { std: "docker" "rm" "-f" "2dbe708b1bacdb150962e89cb55168e17c130c546dd22a5cbec875d90e6ef8c0", kill_on_drop: false }`
[INFO] [stdout] 2dbe708b1bacdb150962e89cb55168e17c130c546dd22a5cbec875d90e6ef8c0
