[INFO] fetching crate yoagent 0.24.3...
[INFO] testing yoagent-0.24.3 against 1.100.0-beta.1 for beta-1.100-3
[INFO] extracting crate yoagent 0.24.3 into /workspace/builds/worker-7-tc2/source
[INFO] started tweaking crates.io crate yoagent 0.24.3
[INFO] removed 0 missing examples
[INFO] removed 0 missing tests
[INFO] finished tweaking crates.io crate yoagent 0.24.3
[INFO] tweaked toml for crates.io crate yoagent 0.24.3 written to /workspace/builds/worker-7-tc2/source/Cargo.toml
[INFO] validating manifest of crates.io crate yoagent 0.24.3 on toolchain 1.100.0-beta.1
[INFO] running `Command { std: CARGO_HOME="/workspace/cargo-home" RUSTUP_HOME="/workspace/rustup-home" "/workspace/cargo-home/bin/cargo" "+1.100.0-beta.1" "metadata" "--manifest-path" "Cargo.toml" "--no-deps", kill_on_drop: false }`
[INFO] crate crates.io crate yoagent 0.24.3 already has a lockfile, it will not be regenerated
[INFO] running `Command { std: CARGO_HOME="/workspace/cargo-home" RUSTUP_HOME="/workspace/rustup-home" "/workspace/cargo-home/bin/cargo" "+1.100.0-beta.1" "fetch" "--manifest-path" "Cargo.toml", kill_on_drop: false }`
[INFO] running `Command { std: "docker" "create" "-v" "/var/lib/crater-agent-workspace/builds/worker-7-tc2/source:/opt/rustwide/workdir:ro,Z" "-v" "/var/lib/crater-agent-workspace/builds/worker-7-tc2/target:/opt/rustwide/target:rw,Z" "-v" "/var/lib/crater-agent-workspace/cargo-home:/opt/rustwide/cargo-home:ro,Z" "-v" "/var/lib/crater-agent-workspace/rustup-home:/opt/rustwide/rustup-home:ro,Z" "-m" "1610612736" "--network" "none" "ghcr.io/rust-lang/crates-build-env/linux@sha256:77db811e55d90add9212f6832c23229e3de5f1c1f9905e8cb07319ea15df73ac" "sleep" "infinity", kill_on_drop: false }`
[INFO] [stdout] e3752541538bccabdbc6297cd0e754f83b9b5fbb4160057735a3319355b4df13
[INFO] running `Command { std: "docker" "start" "e3752541538bccabdbc6297cd0e754f83b9b5fbb4160057735a3319355b4df13", kill_on_drop: false }`
[INFO] running `Command { std: "docker" "inspect" "e3752541538bccabdbc6297cd0e754f83b9b5fbb4160057735a3319355b4df13", kill_on_drop: false }`
[INFO] running `Command { std: "docker" "exec" "-e" "SOURCE_DIR=/opt/rustwide/workdir" "-e" "CARGO_HOME=/opt/rustwide/cargo-home" "-e" "RUSTUP_HOME=/opt/rustwide/rustup-home" "-e" "CARGO_TARGET_DIR=/opt/rustwide/target" "-w" "/opt/rustwide/workdir" "--user" "0:0" "e3752541538bccabdbc6297cd0e754f83b9b5fbb4160057735a3319355b4df13" "/opt/rustwide/cargo-home/bin/cargo" "+1.100.0-beta.1" "metadata" "--no-deps" "--format-version=1", kill_on_drop: false }`
[INFO] running `Command { std: "docker" "inspect" "e3752541538bccabdbc6297cd0e754f83b9b5fbb4160057735a3319355b4df13", kill_on_drop: false }`
[INFO] running `Command { std: "docker" "exec" "-e" "SOURCE_DIR=/opt/rustwide/workdir" "-e" "CARGO_HOME=/opt/rustwide/cargo-home" "-e" "RUSTUP_HOME=/opt/rustwide/rustup-home" "-e" "CARGO_TARGET_DIR=/opt/rustwide/target" "-e" "CARGO_INCREMENTAL=0" "-e" "RUST_BACKTRACE=full" "-e" "RUSTFLAGS=--cap-lints=warn" "-e" "RUSTDOCFLAGS=--cap-lints=warn" "-w" "/opt/rustwide/workdir" "--user" "0:0" "e3752541538bccabdbc6297cd0e754f83b9b5fbb4160057735a3319355b4df13" "/opt/rustwide/cargo-home/bin/cargo" "+1.100.0-beta.1" "build" "--frozen" "--message-format=json", kill_on_drop: false }`
[INFO] [stderr]    Compiling proc-macro2 v1.0.107
[INFO] [stderr]    Compiling unicode-ident v1.0.26
[INFO] [stderr]    Compiling quote v1.0.47
[INFO] [stderr]    Compiling libc v0.2.190
[INFO] [stderr]    Compiling pin-project-lite v0.2.17
[INFO] [stderr]    Compiling futures-core v0.3.34
[INFO] [stderr]    Compiling stable_deref_trait v1.2.1
[INFO] [stderr]    Compiling find-msvc-tools v0.1.14
[INFO] [stderr]    Compiling shlex v2.0.1
[INFO] [stderr]    Compiling bytes v1.12.1
[INFO] [stderr]    Compiling futures-sink v0.3.34
[INFO] [stderr]    Compiling pkg-config v0.3.34
[INFO] [stderr]    Compiling fs_extra v1.3.0
[INFO] [stderr]    Compiling dunce v1.0.5
[INFO] [stderr]    Compiling memchr v2.8.3
[INFO] [stderr]    Compiling slab v0.4.12
[INFO] [stderr]    Compiling once_cell v1.21.4
[INFO] [stderr]    Compiling itoa v1.0.18
[INFO] [stderr]    Compiling litemap v0.8.3
[INFO] [stderr]    Compiling futures-channel v0.3.34
[INFO] [stderr]    Compiling writeable v0.6.4
[INFO] [stderr]    Compiling smallvec v1.16.2
[INFO] [stderr]    Compiling zeroize v1.9.0
[INFO] [stderr]    Compiling aws-lc-rs v1.18.1
[INFO] [stderr]    Compiling futures-task v0.3.34
[INFO] [stderr]    Compiling futures-io v0.3.34
[INFO] [stderr]    Compiling icu_normalizer_data v2.2.0
[INFO] [stderr]    Compiling icu_properties_data v2.2.0
[INFO] [stderr]    Compiling utf8_iter v1.0.4
[INFO] [stderr]    Compiling rustls-pki-types v1.15.1
[INFO] [stderr]    Compiling cfg-if v1.0.5
[INFO] [stderr]    Compiling tracing-core v0.1.36
[INFO] [stderr]    Compiling httparse v1.10.1
[INFO] [stderr]    Compiling untrusted v0.9.0
[INFO] [stderr]    Compiling hashbrown v0.17.1
[INFO] [stderr]    Compiling equivalent v1.0.2
[INFO] [stderr]    Compiling percent-encoding v2.3.2
[INFO] [stderr]    Compiling rustls v0.23.45
[INFO] [stderr]    Compiling serde_core v1.0.229
[INFO] [stderr]    Compiling typenum v1.20.1
[INFO] [stderr]    Compiling tower-service v0.3.3
[INFO] [stderr]    Compiling atomic-waker v1.1.2
[INFO] [stderr]    Compiling subtle v2.6.1
[INFO] [stderr]    Compiling try-lock v0.2.5
[INFO] [stderr]    Compiling zmij v1.0.23
[INFO] [stderr]    Compiling form_urlencoded v1.2.2
[INFO] [stderr]    Compiling sync_wrapper v1.0.2
[INFO] [stderr]    Compiling want v0.3.1
[INFO] [stderr]    Compiling ipnet v2.12.2
[INFO] [stderr]    Compiling tower-layer v0.3.3
[INFO] [stderr]    Compiling cmov v0.5.4
[INFO] [stderr]    Compiling http v1.5.0
[INFO] [stderr]    Compiling rand_core v0.10.1
[INFO] [stderr]    Compiling base64 v0.23.1
[INFO] [stderr]    Compiling openssl-probe v0.2.1
[INFO] [stderr]    Compiling getrandom v0.4.3
[INFO] [stderr]    Compiling serde_json v1.0.151
[INFO] [stderr]    Compiling serde v1.0.229
[INFO] [stderr]    Compiling rustls-native-certs v0.8.4
[INFO] [stderr]    Compiling ctutils v0.4.2
[INFO] [stderr]    Compiling cpufeatures v0.3.1
[INFO] [stderr]    Compiling thiserror v1.0.69
[INFO] [stderr]    Compiling syn v3.0.6
[INFO] [stderr]    Compiling syn v2.0.119
[INFO] [stderr]    Compiling indexmap v2.14.2
[INFO] [stderr]    Compiling bitflags v2.13.2
[INFO] [stderr]    Compiling log v0.4.34
[INFO] [stderr]    Compiling nom v7.1.3
[INFO] [stderr]    Compiling encoding_rs v0.8.35
[INFO] [stderr]    Compiling thiserror v2.0.21
[INFO] [stderr]    Compiling mime v0.3.17
[INFO] [stderr]    Compiling chacha20 v0.10.2
[INFO] [stderr]    Compiling futures-timer v3.0.4
[INFO] [stderr]    Compiling web-time v1.1.0
[INFO] [stderr]    Compiling base64 v0.22.1
[INFO] [stderr]    Compiling http-body v1.1.0
[INFO] [stderr]    Compiling hybrid-array v0.4.15
[INFO] [stderr]    Compiling http-body-util v0.1.5
[INFO] [stderr]    Compiling jobserver v0.1.35
[INFO] [stderr]    Compiling errno v0.3.14
[INFO] [stderr]    Compiling socket2 v0.6.5
[INFO] [stderr]    Compiling mio v1.2.4
[INFO] [stderr]    Compiling signal-hook-registry v1.4.8
[INFO] [stderr]    Compiling rand v0.10.3
[INFO] [stderr]    Compiling uuid v1.26.1
[INFO] [stderr]    Compiling cc v1.6.0
[INFO] [stderr]    Compiling block-buffer v0.12.1
[INFO] [stderr]    Compiling crypto-common v0.2.2
[INFO] [stderr]    Compiling digest v0.11.3
[INFO] [stderr]    Compiling hmac v0.13.0
[INFO] [stderr]    Compiling sha2 v0.11.0
[INFO] [stderr]    Compiling eventsource-stream v0.2.3
[INFO] [stderr]    Compiling cmake v0.1.58
[INFO] [stderr]    Compiling aws-lc-sys v0.45.0
[INFO] [stderr]    Compiling tracing-attributes v0.1.31
[INFO] [stderr]    Compiling thiserror-impl v1.0.69
[INFO] [stderr]    Compiling synstructure v0.14.0
[INFO] [stderr]    Compiling tracing v0.1.44
[INFO] [stderr]    Compiling zerofrom-derive v0.1.8
[INFO] [stderr]    Compiling yoke-derive v0.8.4
[INFO] [stderr]    Compiling zerovec-derive v0.11.6
[INFO] [stderr]    Compiling displaydoc v0.2.7
[INFO] [stderr]    Compiling tokio-macros v2.7.2
[INFO] [stderr]    Compiling futures-macro v0.3.34
[INFO] [stderr]    Compiling serde_derive v1.0.229
[INFO] [stderr]    Compiling thiserror-impl v2.0.21
[INFO] [stderr]    Compiling async-trait v0.1.92
[INFO] [stderr]    Compiling tokio v1.53.2
[INFO] [stderr]    Compiling futures-util v0.3.34
[INFO] [stderr]    Compiling zerofrom v0.1.8
[INFO] [stderr]    Compiling yoke v0.8.3
[INFO] [stderr]    Compiling zerovec v0.11.8
[INFO] [stderr]    Compiling zerotrie v0.2.5
[INFO] [stderr]    Compiling tinystr v0.8.4
[INFO] [stderr]    Compiling potential_utf v0.1.6
[INFO] [stderr]    Compiling icu_locale_core v2.2.0
[INFO] [stderr]    Compiling icu_collections v2.2.0
[INFO] [stderr]    Compiling icu_provider v2.2.0
[INFO] [stderr]    Compiling icu_normalizer v2.2.0
[INFO] [stderr]    Compiling icu_properties v2.2.0
[INFO] [stderr]    Compiling futures-executor v0.3.34
[INFO] [stderr]    Compiling futures v0.3.34
[INFO] [stderr]    Compiling idna_adapter v1.2.2
[INFO] [stderr]    Compiling idna v1.1.0
[INFO] [stderr]    Compiling url v2.5.8
[INFO] [stderr]    Compiling tokio-util v0.7.19
[INFO] [stderr]    Compiling tower v0.5.3
[INFO] [stderr]    Compiling tokio-stream v0.1.19
[INFO] [stderr]    Compiling tower-http v0.6.11
[INFO] [stderr]    Compiling h2 v0.4.19
[INFO] [stderr]    Compiling hyper v1.11.1
[INFO] [stderr]    Compiling hyper-util v0.1.21
[INFO] [stderr]    Compiling rustls-webpki v0.103.15
[INFO] [stderr]    Compiling tokio-rustls v0.26.6
[INFO] [stderr]    Compiling rustls-platform-verifier v0.7.1
[INFO] [stderr]    Compiling hyper-rustls v0.27.10
[INFO] [stderr]    Compiling reqwest v0.13.5
[INFO] [stderr]    Compiling kameleoon-reqwest-eventsource v0.6.2
[INFO] [stderr]    Compiling yoagent v0.24.3 (/opt/rustwide/workdir)
[INFO] [stderr] warning: unused dependency `tokio-stream`
[INFO] [stderr]   --> Cargo.toml:52:15
[INFO] [stderr]    |
[INFO] [stderr] 52 | [dependencies.tokio-stream]
[INFO] [stderr]    |               ^^^^^^^^^^^^^
[INFO] [stderr]    |
[INFO] [stderr]    = note: `cargo::unused_dependencies` is set to `warn` by default
[INFO] [stderr] help: consider removing the dependency on `tokio-stream`
[INFO] [stderr] warning: unused dependency `uuid`
[INFO] [stderr]   --> Cargo.toml:61:15
[INFO] [stderr]    |
[INFO] [stderr] 61 | [dependencies.uuid]
[INFO] [stderr]    |               ^^^^^
[INFO] [stderr]    |
[INFO] [stderr] help: consider removing the dependency on `uuid`
[INFO] [stderr] warning: `yoagent` (manifest) generated 2 warnings
[INFO] [stderr]     Finished `dev` profile [unoptimized + debuginfo] target(s) in 29.29s
[INFO] running `Command { std: "docker" "inspect" "e3752541538bccabdbc6297cd0e754f83b9b5fbb4160057735a3319355b4df13", kill_on_drop: false }`
[INFO] running `Command { std: "docker" "exec" "-e" "SOURCE_DIR=/opt/rustwide/workdir" "-e" "CARGO_HOME=/opt/rustwide/cargo-home" "-e" "RUSTUP_HOME=/opt/rustwide/rustup-home" "-e" "CARGO_TARGET_DIR=/opt/rustwide/target" "-e" "CARGO_INCREMENTAL=0" "-e" "RUST_BACKTRACE=full" "-e" "RUSTFLAGS=--cap-lints=warn" "-e" "RUSTDOCFLAGS=--cap-lints=warn" "-w" "/opt/rustwide/workdir" "--user" "0:0" "e3752541538bccabdbc6297cd0e754f83b9b5fbb4160057735a3319355b4df13" "/opt/rustwide/cargo-home/bin/cargo" "+1.100.0-beta.1" "test" "--frozen" "--no-run" "--message-format=json", kill_on_drop: false }`
[INFO] [stderr]    Compiling parking_lot_core v0.9.12
[INFO] [stderr]    Compiling scopeguard v1.2.0
[INFO] [stderr]    Compiling tracing-core v0.1.36
[INFO] [stderr]    Compiling httpdate v1.0.3
[INFO] [stderr]    Compiling log v0.4.34
[INFO] [stderr]    Compiling bitflags v2.13.2
[INFO] [stderr]    Compiling lazy_static v1.5.1
[INFO] [stderr]    Compiling aho-corasick v1.1.5
[INFO] [stderr]    Compiling lock_api v0.4.14
[INFO] [stderr]    Compiling regex-syntax v0.8.11
[INFO] [stderr]    Compiling rustix v1.1.5
[INFO] [stderr]    Compiling num_cpus v1.17.0
[INFO] [stderr]    Compiling linux-raw-sys v0.12.1
[INFO] [stderr]    Compiling deadpool-runtime v0.1.4
[INFO] [stderr]    Compiling sharded-slab v0.1.7
[INFO] [stderr]    Compiling assert-json-diff v2.0.2
[INFO] [stderr]    Compiling thread_local v1.1.10
[INFO] [stderr]    Compiling fastrand v2.5.0
[INFO] [stderr]    Compiling nu-ansi-term v0.50.3
[INFO] [stderr]    Compiling rustls-platform-verifier v0.7.1
[INFO] [stderr]    Compiling parking_lot v0.12.5
[INFO] [stderr]    Compiling tracing v0.1.44
[INFO] [stderr]    Compiling tracing-log v0.2.0
[INFO] [stderr]    Compiling tokio v1.53.2
[INFO] [stderr]    Compiling tracing-subscriber v0.3.23
[INFO] [stderr]    Compiling regex-automata v0.4.18
[INFO] [stderr]    Compiling tempfile v3.27.0
[INFO] [stderr]    Compiling regex v1.13.1
[INFO] [stderr]    Compiling tokio-util v0.7.19
[INFO] [stderr]    Compiling tower v0.5.3
[INFO] [stderr]    Compiling tokio-rustls v0.26.6
[INFO] [stderr]    Compiling deadpool v0.12.3
[INFO] [stderr]    Compiling tokio-stream v0.1.19
[INFO] [stderr]    Compiling tower-http v0.6.11
[INFO] [stderr]    Compiling h2 v0.4.19
[INFO] [stderr]    Compiling hyper v1.11.1
[INFO] [stderr]    Compiling hyper-util v0.1.21
[INFO] [stderr]    Compiling hyper-rustls v0.27.10
[INFO] [stderr]    Compiling wiremock v0.6.5
[INFO] [stderr]    Compiling reqwest v0.13.5
[INFO] [stderr]    Compiling kameleoon-reqwest-eventsource v0.6.2
[INFO] [stderr]    Compiling yoagent v0.24.3 (/opt/rustwide/workdir)
[INFO] [stderr] error: could not compile `yoagent` (test "sub_agent_test")
[INFO] [stderr] 
[INFO] [stderr] Caused by:
[INFO] [stderr]   process didn't exit successfully: `/opt/rustwide/rustup-home/toolchains/1.100.0-beta.1-x86_64-unknown-linux-gnu/bin/rustc --crate-name sub_agent_test --edition=2021 tests/sub_agent_test.rs --error-format=json --json=diagnostic-rendered-ansi,artifacts,future-incompat,unused-externs-silent --emit=dep-info,link -C embed-bitcode=no -C debuginfo=2 --test --cfg 'feature="default"' --cfg 'feature="native"' --check-cfg 'cfg(docsrs,test)' --check-cfg 'cfg(feature, values("decision", "default", "gasp", "native", "openapi"))' -C metadata=085f667c9896c158 -C extra-filename=-cfa9a7b7b0225c3e --out-dir /opt/rustwide/target/debug/build/yoagent/cfa9a7b7b0225c3e/out -L dependency=/opt/rustwide/target/debug/build/aho-corasick/d1ae79b76a6f7869/out -L dependency=/opt/rustwide/target/debug/build/assert-json-diff/0a415a08c81a13b9/out -L dependency=/opt/rustwide/target/debug/build/async-trait/50ba87871cfc8a53/out -L dependency=/opt/rustwide/target/debug/build/atomic-waker/06950c8c08d2b8fa/out -L dependency=/opt/rustwide/target/debug/build/aws-lc-rs/4ad9524f0be20aa8/out -L dependency=/opt/rustwide/target/debug/build/aws-lc-sys/10bc558d559062fe/out -L dependency=/opt/rustwide/target/debug/build/base64/32787b0325ea6df8/out -L dependency=/opt/rustwide/target/debug/build/base64/cd0e3010b971e43f/out -L dependency=/opt/rustwide/target/debug/build/bitflags/d493ea957e921aab/out -L dependency=/opt/rustwide/target/debug/build/block-buffer/c51ef3ba17219c40/out -L dependency=/opt/rustwide/target/debug/build/bytes/5f66263ae3d5daa8/out -L dependency=/opt/rustwide/target/debug/build/cfg-if/5addb699396bfe5f/out -L dependency=/opt/rustwide/target/debug/build/chacha20/79781d8b723a97f9/out -L dependency=/opt/rustwide/target/debug/build/cmov/427cb834a409c78d/out -L dependency=/opt/rustwide/target/debug/build/cpufeatures/2e8dd38066a76518/out -L dependency=/opt/rustwide/target/debug/build/crypto-common/0700e0c7e42473ad/out -L dependency=/opt/rustwide/target/debug/build/ctutils/cb5e4f8f31b44d49/out -L dependency=/opt/rustwide/target/debug/build/deadpool-runtime/6f57829d3c306cb7/out -L dependency=/opt/rustwide/target/debug/build/deadpool/f4ef5d56954e75f4/out -L dependency=/opt/rustwide/target/debug/build/digest/0d7623c5e9e1e238/out -L dependency=/opt/rustwide/target/debug/build/displaydoc/2a710bd5868b6908/out -L dependency=/opt/rustwide/target/debug/build/encoding_rs/2b53891cef5333a1/out -L dependency=/opt/rustwide/target/debug/build/equivalent/6a754676e6af62ae/out -L dependency=/opt/rustwide/target/debug/build/errno/582b622da89ee2b9/out -L dependency=/opt/rustwide/target/debug/build/eventsource-stream/c5c87f0c24967d85/out -L dependency=/opt/rustwide/target/debug/build/fastrand/bab015aa83fcde07/out -L dependency=/opt/rustwide/target/debug/build/fnv/79e2cbfbe03dcd16/out -L dependency=/opt/rustwide/target/debug/build/form_urlencoded/98cc7da289c29f13/out -L dependency=/opt/rustwide/target/debug/build/futures-channel/e55265846f1ca713/out -L dependency=/opt/rustwide/target/debug/build/futures-core/97d9bb84a61d4536/out -L dependency=/opt/rustwide/target/debug/build/futures-executor/b61ebcbe69219af7/out -L dependency=/opt/rustwide/target/debug/build/futures-io/2de19dd835d0513d/out -L dependency=/opt/rustwide/target/debug/build/futures-macro/fea56d177c7b65f3/out -L dependency=/opt/rustwide/target/debug/build/futures-sink/690a515e9c61c93a/out -L dependency=/opt/rustwide/target/debug/build/futures-task/06c0578367ad4cff/out -L dependency=/opt/rustwide/target/debug/build/futures-timer/ad42fa842b203f01/out -L dependency=/opt/rustwide/target/debug/build/futures-util/fbaf16f038a7e462/out -L dependency=/opt/rustwide/target/debug/build/futures/e66c3eda828c17b9/out -L dependency=/opt/rustwide/target/debug/build/getrandom/06678996909582a1/out -L dependency=/opt/rustwide/target/debug/build/h2/0d8610283d6e2e92/out -L dependency=/opt/rustwide/target/debug/build/hashbrown/d7214d631586fd51/out -L dependency=/opt/rustwide/target/debug/build/hmac/251982c85cdc3053/out -L dependency=/opt/rustwide/target/debug/build/http-body-util/27952fde1894fa19/out -L dependency=/opt/rustwide/target/debug/build/http-body/b57535e6079c1f42/out -L dependency=/opt/rustwide/target/debug/build/http/0cd9be9a4e5a2536/out -L dependency=/opt/rustwide/target/debug/build/httparse/8c9b827b8f345444/out -L dependency=/opt/rustwide/target/debug/build/httpdate/331798cefc82cc7e/out -L dependency=/opt/rustwide/target/debug/build/hybrid-array/36235c981c84acf3/out -L dependency=/opt/rustwide/target/debug/build/hyper-rustls/13f275fe4508ba7f/out -L dependency=/opt/rustwide/target/debug/build/hyper-util/80b95caf7bf34c77/out -L dependency=/opt/rustwide/target/debug/build/hyper/b2b4ff5ecbba4b0c/out -L dependency=/opt/rustwide/target/debug/build/icu_collections/5192c4d367717d24/out -L dependency=/opt/rustwide/target/debug/build/icu_locale_core/318126dfa1315423/out -L dependency=/opt/rustwide/target/debug/build/icu_normalizer/cacecebf93490de4/out -L dependency=/opt/rustwide/target/debug/build/icu_normalizer_data/8fea05bee0bb4e49/out -L dependency=/opt/rustwide/target/debug/build/icu_properties/727a11b7f74ad220/out -L dependency=/opt/rustwide/target/debug/build/icu_properties_data/e6cf238fc98dd59d/out -L dependency=/opt/rustwide/target/debug/build/icu_provider/74abaf7b096816f5/out -L dependency=/opt/rustwide/target/debug/build/idna/8d8bef9bbd1e36b9/out -L dependency=/opt/rustwide/target/debug/build/idna_adapter/3952fbefa791b908/out -L dependency=/opt/rustwide/target/debug/build/indexmap/f8362b905c005e10/out -L dependency=/opt/rustwide/target/debug/build/ipnet/9dfae905f44e7daa/out -L dependency=/opt/rustwide/target/debug/build/itoa/5de11b3b23bfe572/out -L dependency=/opt/rustwide/target/debug/build/kameleoon-reqwest-eventsource/53045828054098cf/out -L dependency=/opt/rustwide/target/debug/build/lazy_static/27442a5ab9db66ae/out -L dependency=/opt/rustwide/target/debug/build/libc/baa71fd275b1690a/out -L dependency=/opt/rustwide/target/debug/build/linux-raw-sys/0b6cde911e9a3109/out -L dependency=/opt/rustwide/target/debug/build/litemap/abaddab7afb37065/out -L dependency=/opt/rustwide/target/debug/build/lock_api/16d46fed645f7bff/out -L dependency=/opt/rustwide/target/debug/build/log/431c2e66b4ed7b91/out -L dependency=/opt/rustwide/target/debug/build/memchr/a932478bde794617/out -L dependency=/opt/rustwide/target/debug/build/mime/0188e0814ca7ddbf/out -L dependency=/opt/rustwide/target/debug/build/minimal-lexical/2a330914b63d672a/out -L dependency=/opt/rustwide/target/debug/build/mio/240000fcd7819ef5/out -L dependency=/opt/rustwide/target/debug/build/nom/b614b9e0a8ccc5e5/out -L dependency=/opt/rustwide/target/debug/build/nu-ansi-term/745c727bb3e87c52/out -L dependency=/opt/rustwide/target/debug/build/num_cpus/e8306ae6dfc636cd/out -L dependency=/opt/rustwide/target/debug/build/once_cell/b5bdc597ed9676b3/out -L dependency=/opt/rustwide/target/debug/build/openssl-probe/6b1b371432012237/out -L dependency=/opt/rustwide/target/debug/build/parking_lot/59e3ba73aa4b62a3/out -L dependency=/opt/rustwide/target/debug/build/parking_lot_core/250afba760d30a8c/out -L dependency=/opt/rustwide/target/debug/build/percent-encoding/fa055ecaa1e57cfa/out -L dependency=/opt/rustwide/target/debug/build/pin-project-lite/0a15d51c77964692/out -L dependency=/opt/rustwide/target/debug/build/potential_utf/885aceaf39ee583f/out -L dependency=/opt/rustwide/target/debug/build/rand/228efecb1c8c81dc/out -L dependency=/opt/rustwide/target/debug/build/rand_core/8437d288e8d1265c/out -L dependency=/opt/rustwide/target/debug/build/regex-automata/694fce47bc798ac9/out -L dependency=/opt/rustwide/target/debug/build/regex-syntax/801391c65a42f645/out -L dependency=/opt/rustwide/target/debug/build/regex/237bd915ad8bb59d/out -L dependency=/opt/rustwide/target/debug/build/reqwest/4613281ceb60973c/out -L dependency=/opt/rustwide/target/debug/build/rustix/1221baed404de2e3/out -L dependency=/opt/rustwide/target/debug/build/rustls-native-certs/005aff849dc505f4/out -L dependency=/opt/rustwide/target/debug/build/rustls-pki-types/f9d0b31df971a573/out -L dependency=/opt/rustwide/target/debug/build/rustls-platform-verifier/a21d4ba7bd04962b/out -L dependency=/opt/rustwide/target/debug/build/rustls-webpki/72232a0ffef4df28/out -L dependency=/opt/rustwide/target/debug/build/rustls/5b65ec3c71393e60/out -L dependency=/opt/rustwide/target/debug/build/scopeguard/7ec2214574194454/out -L dependency=/opt/rustwide/target/debug/build/serde/dd00f2a446fc1379/out -L dependency=/opt/rustwide/target/debug/build/serde_core/ff96c4ffe6afdb18/out -L dependency=/opt/rustwide/target/debug/build/serde_derive/63a59756050efc05/out -L dependency=/opt/rustwide/target/debug/build/serde_json/7a51d6f1ff28ecb0/out -L dependency=/opt/rustwide/target/debug/build/sha2/00d78e9fe183811f/out -L dependency=/opt/rustwide/target/debug/build/sharded-slab/a0e7f3c0501dc513/out -L dependency=/opt/rustwide/target/debug/build/signal-hook-registry/7280729fd8670abe/out -L dependency=/opt/rustwide/target/debug/build/slab/0582d648e59ab406/out -L dependency=/opt/rustwide/target/debug/build/smallvec/cbafbc06cea11242/out -L dependency=/opt/rustwide/target/debug/build/socket2/a79c02bcbff6267c/out -L dependency=/opt/rustwide/target/debug/build/stable_deref_trait/63cbf3f3d3f94e56/out -L dependency=/opt/rustwide/target/debug/build/subtle/2ae6a7038b9a0630/out -L dependency=/opt/rustwide/target/debug/build/sync_wrapper/194362e0d6e4de4b/out -L dependency=/opt/rustwide/target/debug/build/thiserror-impl/86baa456a0315748/out -L dependency=/opt/rustwide/target/debug/build/thiserror-impl/cd4691aed6b1a376/out -L dependency=/opt/rustwide/target/debug/build/thiserror/09e765a1ad8d1a87/out -L dependency=/opt/rustwide/target/debug/build/thiserror/104582db36521865/out -L dependency=/opt/rustwide/target/debug/build/thread_local/22f8c551a4ab044f/out -L dependency=/opt/rustwide/target/debug/build/tinystr/2ef10827d4228079/out -L dependency=/opt/rustwide/target/debug/build/tokio-macros/dff8ee242dfab6a8/out -L dependency=/opt/rustwide/target/debug/build/tokio-rustls/faac8cf119456e51/out -L dependency=/opt/rustwide/target/debug/build/tokio-stream/b738a3676bac9a1a/out -L dependency=/opt/rustwide/target/debug/build/tokio-util/acf584bdee923a87/out -L dependency=/opt/rustwide/target/debug/build/tokio/cdc1cd60e64993fe/out -L dependency=/opt/rustwide/target/debug/build/tower-http/a240ed3ace3a0b70/out -L dependency=/opt/rustwide/target/debug/build/tower-layer/d908dd771b239ecd/out -L dependency=/opt/rustwide/target/debug/build/tower-service/3fb88d28c2218805/out -L dependency=/opt/rustwide/target/debug/build/tower/f95e88ea35db032d/out -L dependency=/opt/rustwide/target/debug/build/tracing-attributes/58ceb420b4bef850/out -L dependency=/opt/rustwide/target/debug/build/tracing-core/d26029c784af5925/out -L dependency=/opt/rustwide/target/debug/build/tracing-log/76507554a4447ed1/out -L dependency=/opt/rustwide/target/debug/build/tracing/d7364ec45c7ab78e/out -L dependency=/opt/rustwide/target/debug/build/try-lock/8fa2f6971035be84/out -L dependency=/opt/rustwide/target/debug/build/typenum/8cba24ab4904c632/out -L dependency=/opt/rustwide/target/debug/build/untrusted/b2f816886faf2178/out -L dependency=/opt/rustwide/target/debug/build/url/18d2ea3966c8db5d/out -L dependency=/opt/rustwide/target/debug/build/utf8_iter/51566bbad89f3a68/out -L dependency=/opt/rustwide/target/debug/build/uuid/49f97c0c3b61378a/out -L dependency=/opt/rustwide/target/debug/build/want/7a6260b9c50f1479/out -L dependency=/opt/rustwide/target/debug/build/web-time/e902e3c80b588a6f/out -L dependency=/opt/rustwide/target/debug/build/writeable/36514dcf36d12676/out -L dependency=/opt/rustwide/target/debug/build/yoke-derive/8f9f2294838e0b20/out -L dependency=/opt/rustwide/target/debug/build/yoke/7005b9abfd1543dc/out -L dependency=/opt/rustwide/target/debug/build/zerofrom-derive/3062a61c8005e0f8/out -L dependency=/opt/rustwide/target/debug/build/zerofrom/9a7a1c35a45876b9/out -L dependency=/opt/rustwide/target/debug/build/zeroize/37b2a6e0a2742c6a/out -L dependency=/opt/rustwide/target/debug/build/zerotrie/85d8ff817df4fb0d/out -L dependency=/opt/rustwide/target/debug/build/zerovec-derive/eb75027f3c45c272/out -L dependency=/opt/rustwide/target/debug/build/zerovec/27a92a25b9c524c3/out -L dependency=/opt/rustwide/target/debug/build/zmij/2ca2f302097868c6/out --extern async_trait=/opt/rustwide/target/debug/build/async-trait/50ba87871cfc8a53/out/libasync_trait-50ba87871cfc8a53.so --extern base64=/opt/rustwide/target/debug/build/base64/32787b0325ea6df8/out/libbase64-32787b0325ea6df8.rlib --extern futures=/opt/rustwide/target/debug/build/futures/e66c3eda828c17b9/out/libfutures-e66c3eda828c17b9.rlib --extern hmac=/opt/rustwide/target/debug/build/hmac/251982c85cdc3053/out/libhmac-251982c85cdc3053.rlib --extern reqwest_eventsource=/opt/rustwide/target/debug/build/kameleoon-reqwest-eventsource/53045828054098cf/out/libreqwest_eventsource-53045828054098cf.rlib --extern rand=/opt/rustwide/target/debug/build/rand/228efecb1c8c81dc/out/librand-228efecb1c8c81dc.rlib --extern reqwest=/opt/rustwide/target/debug/build/reqwest/4613281ceb60973c/out/libreqwest-4613281ceb60973c.rlib --extern serde=/opt/rustwide/target/debug/build/serde/dd00f2a446fc1379/out/libserde-dd00f2a446fc1379.rlib --extern serde_json=/opt/rustwide/target/debug/build/serde_json/7a51d6f1ff28ecb0/out/libserde_json-7a51d6f1ff28ecb0.rlib --extern sha2=/opt/rustwide/target/debug/build/sha2/00d78e9fe183811f/out/libsha2-00d78e9fe183811f.rlib --extern tempfile=/opt/rustwide/target/debug/build/tempfile/b7f1d2719facc591/out/libtempfile-b7f1d2719facc591.rlib --extern thiserror=/opt/rustwide/target/debug/build/thiserror/104582db36521865/out/libthiserror-104582db36521865.rlib --extern tokio=/opt/rustwide/target/debug/build/tokio/cdc1cd60e64993fe/out/libtokio-cdc1cd60e64993fe.rlib --extern tokio_stream=/opt/rustwide/target/debug/build/tokio-stream/b738a3676bac9a1a/out/libtokio_stream-b738a3676bac9a1a.rlib --extern tokio_util=/opt/rustwide/target/debug/build/tokio-util/acf584bdee923a87/out/libtokio_util-acf584bdee923a87.rlib --extern tracing=/opt/rustwide/target/debug/build/tracing/d7364ec45c7ab78e/out/libtracing-d7364ec45c7ab78e.rlib --extern tracing_subscriber=/opt/rustwide/target/debug/build/tracing-subscriber/47c2bd8e407db58c/out/libtracing_subscriber-47c2bd8e407db58c.rlib --extern uuid=/opt/rustwide/target/debug/build/uuid/49f97c0c3b61378a/out/libuuid-49f97c0c3b61378a.rlib --extern web_time=/opt/rustwide/target/debug/build/web-time/e902e3c80b588a6f/out/libweb_time-e902e3c80b588a6f.rlib --extern wiremock=/opt/rustwide/target/debug/build/wiremock/35cb89912285071a/out/libwiremock-35cb89912285071a.rlib --extern yoagent=/opt/rustwide/target/debug/build/yoagent/7c7a22fb39862552/out/libyoagent-7c7a22fb39862552.rlib --cap-lints=warn --force-warn=unused_crate_dependencies -L native=/opt/rustwide/target/debug/build/aws-lc-sys/34eeb0df025f36db/out` (signal: 9, SIGKILL: kill)
[INFO] [stderr] warning: build failed, waiting for other jobs to finish...
[INFO] [stderr] error: could not compile `yoagent` (test "price_fetch_test")
[INFO] [stderr] 
[INFO] [stderr] Caused by:
[INFO] [stderr]   process didn't exit successfully: `/opt/rustwide/rustup-home/toolchains/1.100.0-beta.1-x86_64-unknown-linux-gnu/bin/rustc --crate-name price_fetch_test --edition=2021 tests/price_fetch_test.rs --error-format=json --json=diagnostic-rendered-ansi,artifacts,future-incompat,unused-externs-silent --emit=dep-info,link -C embed-bitcode=no -C debuginfo=2 --test --cfg 'feature="default"' --cfg 'feature="native"' --check-cfg 'cfg(docsrs,test)' --check-cfg 'cfg(feature, values("decision", "default", "gasp", "native", "openapi"))' -C metadata=0b67e96c8a70b6ac -C extra-filename=-1b86676df8266f04 --out-dir /opt/rustwide/target/debug/build/yoagent/1b86676df8266f04/out -L dependency=/opt/rustwide/target/debug/build/aho-corasick/d1ae79b76a6f7869/out -L dependency=/opt/rustwide/target/debug/build/assert-json-diff/0a415a08c81a13b9/out -L dependency=/opt/rustwide/target/debug/build/async-trait/50ba87871cfc8a53/out -L dependency=/opt/rustwide/target/debug/build/atomic-waker/06950c8c08d2b8fa/out -L dependency=/opt/rustwide/target/debug/build/aws-lc-rs/4ad9524f0be20aa8/out -L dependency=/opt/rustwide/target/debug/build/aws-lc-sys/10bc558d559062fe/out -L dependency=/opt/rustwide/target/debug/build/base64/32787b0325ea6df8/out -L dependency=/opt/rustwide/target/debug/build/base64/cd0e3010b971e43f/out -L dependency=/opt/rustwide/target/debug/build/bitflags/d493ea957e921aab/out -L dependency=/opt/rustwide/target/debug/build/block-buffer/c51ef3ba17219c40/out -L dependency=/opt/rustwide/target/debug/build/bytes/5f66263ae3d5daa8/out -L dependency=/opt/rustwide/target/debug/build/cfg-if/5addb699396bfe5f/out -L dependency=/opt/rustwide/target/debug/build/chacha20/79781d8b723a97f9/out -L dependency=/opt/rustwide/target/debug/build/cmov/427cb834a409c78d/out -L dependency=/opt/rustwide/target/debug/build/cpufeatures/2e8dd38066a76518/out -L dependency=/opt/rustwide/target/debug/build/crypto-common/0700e0c7e42473ad/out -L dependency=/opt/rustwide/target/debug/build/ctutils/cb5e4f8f31b44d49/out -L dependency=/opt/rustwide/target/debug/build/deadpool-runtime/6f57829d3c306cb7/out -L dependency=/opt/rustwide/target/debug/build/deadpool/f4ef5d56954e75f4/out -L dependency=/opt/rustwide/target/debug/build/digest/0d7623c5e9e1e238/out -L dependency=/opt/rustwide/target/debug/build/displaydoc/2a710bd5868b6908/out -L dependency=/opt/rustwide/target/debug/build/encoding_rs/2b53891cef5333a1/out -L dependency=/opt/rustwide/target/debug/build/equivalent/6a754676e6af62ae/out -L dependency=/opt/rustwide/target/debug/build/errno/582b622da89ee2b9/out -L dependency=/opt/rustwide/target/debug/build/eventsource-stream/c5c87f0c24967d85/out -L dependency=/opt/rustwide/target/debug/build/fastrand/bab015aa83fcde07/out -L dependency=/opt/rustwide/target/debug/build/fnv/79e2cbfbe03dcd16/out -L dependency=/opt/rustwide/target/debug/build/form_urlencoded/98cc7da289c29f13/out -L dependency=/opt/rustwide/target/debug/build/futures-channel/e55265846f1ca713/out -L dependency=/opt/rustwide/target/debug/build/futures-core/97d9bb84a61d4536/out -L dependency=/opt/rustwide/target/debug/build/futures-executor/b61ebcbe69219af7/out -L dependency=/opt/rustwide/target/debug/build/futures-io/2de19dd835d0513d/out -L dependency=/opt/rustwide/target/debug/build/futures-macro/fea56d177c7b65f3/out -L dependency=/opt/rustwide/target/debug/build/futures-sink/690a515e9c61c93a/out -L dependency=/opt/rustwide/target/debug/build/futures-task/06c0578367ad4cff/out -L dependency=/opt/rustwide/target/debug/build/futures-timer/ad42fa842b203f01/out -L dependency=/opt/rustwide/target/debug/build/futures-util/fbaf16f038a7e462/out -L dependency=/opt/rustwide/target/debug/build/futures/e66c3eda828c17b9/out -L dependency=/opt/rustwide/target/debug/build/getrandom/06678996909582a1/out -L dependency=/opt/rustwide/target/debug/build/h2/0d8610283d6e2e92/out -L dependency=/opt/rustwide/target/debug/build/hashbrown/d7214d631586fd51/out -L dependency=/opt/rustwide/target/debug/build/hmac/251982c85cdc3053/out -L dependency=/opt/rustwide/target/debug/build/http-body-util/27952fde1894fa19/out -L dependency=/opt/rustwide/target/debug/build/http-body/b57535e6079c1f42/out -L dependency=/opt/rustwide/target/debug/build/http/0cd9be9a4e5a2536/out -L dependency=/opt/rustwide/target/debug/build/httparse/8c9b827b8f345444/out -L dependency=/opt/rustwide/target/debug/build/httpdate/331798cefc82cc7e/out -L dependency=/opt/rustwide/target/debug/build/hybrid-array/36235c981c84acf3/out -L dependency=/opt/rustwide/target/debug/build/hyper-rustls/13f275fe4508ba7f/out -L dependency=/opt/rustwide/target/debug/build/hyper-util/80b95caf7bf34c77/out -L dependency=/opt/rustwide/target/debug/build/hyper/b2b4ff5ecbba4b0c/out -L dependency=/opt/rustwide/target/debug/build/icu_collections/5192c4d367717d24/out -L dependency=/opt/rustwide/target/debug/build/icu_locale_core/318126dfa1315423/out -L dependency=/opt/rustwide/target/debug/build/icu_normalizer/cacecebf93490de4/out -L dependency=/opt/rustwide/target/debug/build/icu_normalizer_data/8fea05bee0bb4e49/out -L dependency=/opt/rustwide/target/debug/build/icu_properties/727a11b7f74ad220/out -L dependency=/opt/rustwide/target/debug/build/icu_properties_data/e6cf238fc98dd59d/out -L dependency=/opt/rustwide/target/debug/build/icu_provider/74abaf7b096816f5/out -L dependency=/opt/rustwide/target/debug/build/idna/8d8bef9bbd1e36b9/out -L dependency=/opt/rustwide/target/debug/build/idna_adapter/3952fbefa791b908/out -L dependency=/opt/rustwide/target/debug/build/indexmap/f8362b905c005e10/out -L dependency=/opt/rustwide/target/debug/build/ipnet/9dfae905f44e7daa/out -L dependency=/opt/rustwide/target/debug/build/itoa/5de11b3b23bfe572/out -L dependency=/opt/rustwide/target/debug/build/kameleoon-reqwest-eventsource/53045828054098cf/out -L dependency=/opt/rustwide/target/debug/build/lazy_static/27442a5ab9db66ae/out -L dependency=/opt/rustwide/target/debug/build/libc/baa71fd275b1690a/out -L dependency=/opt/rustwide/target/debug/build/linux-raw-sys/0b6cde911e9a3109/out -L dependency=/opt/rustwide/target/debug/build/litemap/abaddab7afb37065/out -L dependency=/opt/rustwide/target/debug/build/lock_api/16d46fed645f7bff/out -L dependency=/opt/rustwide/target/debug/build/log/431c2e66b4ed7b91/out -L dependency=/opt/rustwide/target/debug/build/memchr/a932478bde794617/out -L dependency=/opt/rustwide/target/debug/build/mime/0188e0814ca7ddbf/out -L dependency=/opt/rustwide/target/debug/build/minimal-lexical/2a330914b63d672a/out -L dependency=/opt/rustwide/target/debug/build/mio/240000fcd7819ef5/out -L dependency=/opt/rustwide/target/debug/build/nom/b614b9e0a8ccc5e5/out -L dependency=/opt/rustwide/target/debug/build/nu-ansi-term/745c727bb3e87c52/out -L dependency=/opt/rustwide/target/debug/build/num_cpus/e8306ae6dfc636cd/out -L dependency=/opt/rustwide/target/debug/build/once_cell/b5bdc597ed9676b3/out -L dependency=/opt/rustwide/target/debug/build/openssl-probe/6b1b371432012237/out -L dependency=/opt/rustwide/target/debug/build/parking_lot/59e3ba73aa4b62a3/out -L dependency=/opt/rustwide/target/debug/build/parking_lot_core/250afba760d30a8c/out -L dependency=/opt/rustwide/target/debug/build/percent-encoding/fa055ecaa1e57cfa/out -L dependency=/opt/rustwide/target/debug/build/pin-project-lite/0a15d51c77964692/out -L dependency=/opt/rustwide/target/debug/build/potential_utf/885aceaf39ee583f/out -L dependency=/opt/rustwide/target/debug/build/rand/228efecb1c8c81dc/out -L dependency=/opt/rustwide/target/debug/build/rand_core/8437d288e8d1265c/out -L dependency=/opt/rustwide/target/debug/build/regex-automata/694fce47bc798ac9/out -L dependency=/opt/rustwide/target/debug/build/regex-syntax/801391c65a42f645/out -L dependency=/opt/rustwide/target/debug/build/regex/237bd915ad8bb59d/out -L dependency=/opt/rustwide/target/debug/build/reqwest/4613281ceb60973c/out -L dependency=/opt/rustwide/target/debug/build/rustix/1221baed404de2e3/out -L dependency=/opt/rustwide/target/debug/build/rustls-native-certs/005aff849dc505f4/out -L dependency=/opt/rustwide/target/debug/build/rustls-pki-types/f9d0b31df971a573/out -L dependency=/opt/rustwide/target/debug/build/rustls-platform-verifier/a21d4ba7bd04962b/out -L dependency=/opt/rustwide/target/debug/build/rustls-webpki/72232a0ffef4df28/out -L dependency=/opt/rustwide/target/debug/build/rustls/5b65ec3c71393e60/out -L dependency=/opt/rustwide/target/debug/build/scopeguard/7ec2214574194454/out -L dependency=/opt/rustwide/target/debug/build/serde/dd00f2a446fc1379/out -L dependency=/opt/rustwide/target/debug/build/serde_core/ff96c4ffe6afdb18/out -L dependency=/opt/rustwide/target/debug/build/serde_derive/63a59756050efc05/out -L dependency=/opt/rustwide/target/debug/build/serde_json/7a51d6f1ff28ecb0/out -L dependency=/opt/rustwide/target/debug/build/sha2/00d78e9fe183811f/out -L dependency=/opt/rustwide/target/debug/build/sharded-slab/a0e7f3c0501dc513/out -L dependency=/opt/rustwide/target/debug/build/signal-hook-registry/7280729fd8670abe/out -L dependency=/opt/rustwide/target/debug/build/slab/0582d648e59ab406/out -L dependency=/opt/rustwide/target/debug/build/smallvec/cbafbc06cea11242/out -L dependency=/opt/rustwide/target/debug/build/socket2/a79c02bcbff6267c/out -L dependency=/opt/rustwide/target/debug/build/stable_deref_trait/63cbf3f3d3f94e56/out -L dependency=/opt/rustwide/target/debug/build/subtle/2ae6a7038b9a0630/out -L dependency=/opt/rustwide/target/debug/build/sync_wrapper/194362e0d6e4de4b/out -L dependency=/opt/rustwide/target/debug/build/thiserror-impl/86baa456a0315748/out -L dependency=/opt/rustwide/target/debug/build/thiserror-impl/cd4691aed6b1a376/out -L dependency=/opt/rustwide/target/debug/build/thiserror/09e765a1ad8d1a87/out -L dependency=/opt/rustwide/target/debug/build/thiserror/104582db36521865/out -L dependency=/opt/rustwide/target/debug/build/thread_local/22f8c551a4ab044f/out -L dependency=/opt/rustwide/target/debug/build/tinystr/2ef10827d4228079/out -L dependency=/opt/rustwide/target/debug/build/tokio-macros/dff8ee242dfab6a8/out -L dependency=/opt/rustwide/target/debug/build/tokio-rustls/faac8cf119456e51/out -L dependency=/opt/rustwide/target/debug/build/tokio-stream/b738a3676bac9a1a/out -L dependency=/opt/rustwide/target/debug/build/tokio-util/acf584bdee923a87/out -L dependency=/opt/rustwide/target/debug/build/tokio/cdc1cd60e64993fe/out -L dependency=/opt/rustwide/target/debug/build/tower-http/a240ed3ace3a0b70/out -L dependency=/opt/rustwide/target/debug/build/tower-layer/d908dd771b239ecd/out -L dependency=/opt/rustwide/target/debug/build/tower-service/3fb88d28c2218805/out -L dependency=/opt/rustwide/target/debug/build/tower/f95e88ea35db032d/out -L dependency=/opt/rustwide/target/debug/build/tracing-attributes/58ceb420b4bef850/out -L dependency=/opt/rustwide/target/debug/build/tracing-core/d26029c784af5925/out -L dependency=/opt/rustwide/target/debug/build/tracing-log/76507554a4447ed1/out -L dependency=/opt/rustwide/target/debug/build/tracing/d7364ec45c7ab78e/out -L dependency=/opt/rustwide/target/debug/build/try-lock/8fa2f6971035be84/out -L dependency=/opt/rustwide/target/debug/build/typenum/8cba24ab4904c632/out -L dependency=/opt/rustwide/target/debug/build/untrusted/b2f816886faf2178/out -L dependency=/opt/rustwide/target/debug/build/url/18d2ea3966c8db5d/out -L dependency=/opt/rustwide/target/debug/build/utf8_iter/51566bbad89f3a68/out -L dependency=/opt/rustwide/target/debug/build/uuid/49f97c0c3b61378a/out -L dependency=/opt/rustwide/target/debug/build/want/7a6260b9c50f1479/out -L dependency=/opt/rustwide/target/debug/build/web-time/e902e3c80b588a6f/out -L dependency=/opt/rustwide/target/debug/build/writeable/36514dcf36d12676/out -L dependency=/opt/rustwide/target/debug/build/yoke-derive/8f9f2294838e0b20/out -L dependency=/opt/rustwide/target/debug/build/yoke/7005b9abfd1543dc/out -L dependency=/opt/rustwide/target/debug/build/zerofrom-derive/3062a61c8005e0f8/out -L dependency=/opt/rustwide/target/debug/build/zerofrom/9a7a1c35a45876b9/out -L dependency=/opt/rustwide/target/debug/build/zeroize/37b2a6e0a2742c6a/out -L dependency=/opt/rustwide/target/debug/build/zerotrie/85d8ff817df4fb0d/out -L dependency=/opt/rustwide/target/debug/build/zerovec-derive/eb75027f3c45c272/out -L dependency=/opt/rustwide/target/debug/build/zerovec/27a92a25b9c524c3/out -L dependency=/opt/rustwide/target/debug/build/zmij/2ca2f302097868c6/out --extern async_trait=/opt/rustwide/target/debug/build/async-trait/50ba87871cfc8a53/out/libasync_trait-50ba87871cfc8a53.so --extern base64=/opt/rustwide/target/debug/build/base64/32787b0325ea6df8/out/libbase64-32787b0325ea6df8.rlib --extern futures=/opt/rustwide/target/debug/build/futures/e66c3eda828c17b9/out/libfutures-e66c3eda828c17b9.rlib --extern hmac=/opt/rustwide/target/debug/build/hmac/251982c85cdc3053/out/libhmac-251982c85cdc3053.rlib --extern reqwest_eventsource=/opt/rustwide/target/debug/build/kameleoon-reqwest-eventsource/53045828054098cf/out/libreqwest_eventsource-53045828054098cf.rlib --extern rand=/opt/rustwide/target/debug/build/rand/228efecb1c8c81dc/out/librand-228efecb1c8c81dc.rlib --extern reqwest=/opt/rustwide/target/debug/build/reqwest/4613281ceb60973c/out/libreqwest-4613281ceb60973c.rlib --extern serde=/opt/rustwide/target/debug/build/serde/dd00f2a446fc1379/out/libserde-dd00f2a446fc1379.rlib --extern serde_json=/opt/rustwide/target/debug/build/serde_json/7a51d6f1ff28ecb0/out/libserde_json-7a51d6f1ff28ecb0.rlib --extern sha2=/opt/rustwide/target/debug/build/sha2/00d78e9fe183811f/out/libsha2-00d78e9fe183811f.rlib --extern tempfile=/opt/rustwide/target/debug/build/tempfile/b7f1d2719facc591/out/libtempfile-b7f1d2719facc591.rlib --extern thiserror=/opt/rustwide/target/debug/build/thiserror/104582db36521865/out/libthiserror-104582db36521865.rlib --extern tokio=/opt/rustwide/target/debug/build/tokio/cdc1cd60e64993fe/out/libtokio-cdc1cd60e64993fe.rlib --extern tokio_stream=/opt/rustwide/target/debug/build/tokio-stream/b738a3676bac9a1a/out/libtokio_stream-b738a3676bac9a1a.rlib --extern tokio_util=/opt/rustwide/target/debug/build/tokio-util/acf584bdee923a87/out/libtokio_util-acf584bdee923a87.rlib --extern tracing=/opt/rustwide/target/debug/build/tracing/d7364ec45c7ab78e/out/libtracing-d7364ec45c7ab78e.rlib --extern tracing_subscriber=/opt/rustwide/target/debug/build/tracing-subscriber/47c2bd8e407db58c/out/libtracing_subscriber-47c2bd8e407db58c.rlib --extern uuid=/opt/rustwide/target/debug/build/uuid/49f97c0c3b61378a/out/libuuid-49f97c0c3b61378a.rlib --extern web_time=/opt/rustwide/target/debug/build/web-time/e902e3c80b588a6f/out/libweb_time-e902e3c80b588a6f.rlib --extern wiremock=/opt/rustwide/target/debug/build/wiremock/35cb89912285071a/out/libwiremock-35cb89912285071a.rlib --extern yoagent=/opt/rustwide/target/debug/build/yoagent/7c7a22fb39862552/out/libyoagent-7c7a22fb39862552.rlib --cap-lints=warn --force-warn=unused_crate_dependencies -L native=/opt/rustwide/target/debug/build/aws-lc-sys/34eeb0df025f36db/out` (signal: 9, SIGKILL: kill)
[INFO] [stderr] error: could not compile `yoagent` (lib test)
[INFO] [stderr] 
[INFO] [stderr] Caused by:
[INFO] [stderr]   process didn't exit successfully: `/opt/rustwide/rustup-home/toolchains/1.100.0-beta.1-x86_64-unknown-linux-gnu/bin/rustc --crate-name yoagent --edition=2021 src/lib.rs --error-format=json --json=diagnostic-rendered-ansi,artifacts,future-incompat,unused-externs-silent --emit=dep-info,link -C embed-bitcode=no -C debuginfo=2 --test --cfg 'feature="default"' --cfg 'feature="native"' --check-cfg 'cfg(docsrs,test)' --check-cfg 'cfg(feature, values("decision", "default", "gasp", "native", "openapi"))' -C metadata=24a2d635ed876514 -C extra-filename=-c03c8873a6eba6d7 --out-dir /opt/rustwide/target/debug/build/yoagent/c03c8873a6eba6d7/out -L dependency=/opt/rustwide/target/debug/build/aho-corasick/d1ae79b76a6f7869/out -L dependency=/opt/rustwide/target/debug/build/assert-json-diff/0a415a08c81a13b9/out -L dependency=/opt/rustwide/target/debug/build/atomic-waker/06950c8c08d2b8fa/out -L dependency=/opt/rustwide/target/debug/build/aws-lc-rs/4ad9524f0be20aa8/out -L dependency=/opt/rustwide/target/debug/build/aws-lc-sys/10bc558d559062fe/out -L dependency=/opt/rustwide/target/debug/build/base64/32787b0325ea6df8/out -L dependency=/opt/rustwide/target/debug/build/base64/cd0e3010b971e43f/out -L dependency=/opt/rustwide/target/debug/build/bitflags/d493ea957e921aab/out -L dependency=/opt/rustwide/target/debug/build/block-buffer/c51ef3ba17219c40/out -L dependency=/opt/rustwide/target/debug/build/bytes/5f66263ae3d5daa8/out -L dependency=/opt/rustwide/target/debug/build/cfg-if/5addb699396bfe5f/out -L dependency=/opt/rustwide/target/debug/build/chacha20/79781d8b723a97f9/out -L dependency=/opt/rustwide/target/debug/build/cmov/427cb834a409c78d/out -L dependency=/opt/rustwide/target/debug/build/cpufeatures/2e8dd38066a76518/out -L dependency=/opt/rustwide/target/debug/build/crypto-common/0700e0c7e42473ad/out -L dependency=/opt/rustwide/target/debug/build/ctutils/cb5e4f8f31b44d49/out -L dependency=/opt/rustwide/target/debug/build/deadpool-runtime/6f57829d3c306cb7/out -L dependency=/opt/rustwide/target/debug/build/deadpool/f4ef5d56954e75f4/out -L dependency=/opt/rustwide/target/debug/build/digest/0d7623c5e9e1e238/out -L dependency=/opt/rustwide/target/debug/build/displaydoc/2a710bd5868b6908/out -L dependency=/opt/rustwide/target/debug/build/encoding_rs/2b53891cef5333a1/out -L dependency=/opt/rustwide/target/debug/build/equivalent/6a754676e6af62ae/out -L dependency=/opt/rustwide/target/debug/build/errno/582b622da89ee2b9/out -L dependency=/opt/rustwide/target/debug/build/eventsource-stream/c5c87f0c24967d85/out -L dependency=/opt/rustwide/target/debug/build/fastrand/bab015aa83fcde07/out -L dependency=/opt/rustwide/target/debug/build/fnv/79e2cbfbe03dcd16/out -L dependency=/opt/rustwide/target/debug/build/form_urlencoded/98cc7da289c29f13/out -L dependency=/opt/rustwide/target/debug/build/futures-channel/e55265846f1ca713/out -L dependency=/opt/rustwide/target/debug/build/futures-core/97d9bb84a61d4536/out -L dependency=/opt/rustwide/target/debug/build/futures-executor/b61ebcbe69219af7/out -L dependency=/opt/rustwide/target/debug/build/futures-io/2de19dd835d0513d/out -L dependency=/opt/rustwide/target/debug/build/futures-macro/fea56d177c7b65f3/out -L dependency=/opt/rustwide/target/debug/build/futures-sink/690a515e9c61c93a/out -L dependency=/opt/rustwide/target/debug/build/futures-task/06c0578367ad4cff/out -L dependency=/opt/rustwide/target/debug/build/futures-timer/ad42fa842b203f01/out -L dependency=/opt/rustwide/target/debug/build/futures-util/fbaf16f038a7e462/out -L dependency=/opt/rustwide/target/debug/build/futures/e66c3eda828c17b9/out -L dependency=/opt/rustwide/target/debug/build/getrandom/06678996909582a1/out -L dependency=/opt/rustwide/target/debug/build/h2/0d8610283d6e2e92/out -L dependency=/opt/rustwide/target/debug/build/hashbrown/d7214d631586fd51/out -L dependency=/opt/rustwide/target/debug/build/http-body-util/27952fde1894fa19/out -L dependency=/opt/rustwide/target/debug/build/http-body/b57535e6079c1f42/out -L dependency=/opt/rustwide/target/debug/build/http/0cd9be9a4e5a2536/out -L dependency=/opt/rustwide/target/debug/build/httparse/8c9b827b8f345444/out -L dependency=/opt/rustwide/target/debug/build/httpdate/331798cefc82cc7e/out -L dependency=/opt/rustwide/target/debug/build/hybrid-array/36235c981c84acf3/out -L dependency=/opt/rustwide/target/debug/build/hyper-rustls/13f275fe4508ba7f/out -L dependency=/opt/rustwide/target/debug/build/hyper-util/80b95caf7bf34c77/out -L dependency=/opt/rustwide/target/debug/build/hyper/b2b4ff5ecbba4b0c/out -L dependency=/opt/rustwide/target/debug/build/icu_collections/5192c4d367717d24/out -L dependency=/opt/rustwide/target/debug/build/icu_locale_core/318126dfa1315423/out -L dependency=/opt/rustwide/target/debug/build/icu_normalizer/cacecebf93490de4/out -L dependency=/opt/rustwide/target/debug/build/icu_normalizer_data/8fea05bee0bb4e49/out -L dependency=/opt/rustwide/target/debug/build/icu_properties/727a11b7f74ad220/out -L dependency=/opt/rustwide/target/debug/build/icu_properties_data/e6cf238fc98dd59d/out -L dependency=/opt/rustwide/target/debug/build/icu_provider/74abaf7b096816f5/out -L dependency=/opt/rustwide/target/debug/build/idna/8d8bef9bbd1e36b9/out -L dependency=/opt/rustwide/target/debug/build/idna_adapter/3952fbefa791b908/out -L dependency=/opt/rustwide/target/debug/build/indexmap/f8362b905c005e10/out -L dependency=/opt/rustwide/target/debug/build/ipnet/9dfae905f44e7daa/out -L dependency=/opt/rustwide/target/debug/build/itoa/5de11b3b23bfe572/out -L dependency=/opt/rustwide/target/debug/build/lazy_static/27442a5ab9db66ae/out -L dependency=/opt/rustwide/target/debug/build/libc/baa71fd275b1690a/out -L dependency=/opt/rustwide/target/debug/build/linux-raw-sys/0b6cde911e9a3109/out -L dependency=/opt/rustwide/target/debug/build/litemap/abaddab7afb37065/out -L dependency=/opt/rustwide/target/debug/build/lock_api/16d46fed645f7bff/out -L dependency=/opt/rustwide/target/debug/build/log/431c2e66b4ed7b91/out -L dependency=/opt/rustwide/target/debug/build/memchr/a932478bde794617/out -L dependency=/opt/rustwide/target/debug/build/mime/0188e0814ca7ddbf/out -L dependency=/opt/rustwide/target/debug/build/minimal-lexical/2a330914b63d672a/out -L dependency=/opt/rustwide/target/debug/build/mio/240000fcd7819ef5/out -L dependency=/opt/rustwide/target/debug/build/nom/b614b9e0a8ccc5e5/out -L dependency=/opt/rustwide/target/debug/build/nu-ansi-term/745c727bb3e87c52/out -L dependency=/opt/rustwide/target/debug/build/num_cpus/e8306ae6dfc636cd/out -L dependency=/opt/rustwide/target/debug/build/once_cell/b5bdc597ed9676b3/out -L dependency=/opt/rustwide/target/debug/build/openssl-probe/6b1b371432012237/out -L dependency=/opt/rustwide/target/debug/build/parking_lot/59e3ba73aa4b62a3/out -L dependency=/opt/rustwide/target/debug/build/parking_lot_core/250afba760d30a8c/out -L dependency=/opt/rustwide/target/debug/build/percent-encoding/fa055ecaa1e57cfa/out -L dependency=/opt/rustwide/target/debug/build/pin-project-lite/0a15d51c77964692/out -L dependency=/opt/rustwide/target/debug/build/potential_utf/885aceaf39ee583f/out -L dependency=/opt/rustwide/target/debug/build/rand_core/8437d288e8d1265c/out -L dependency=/opt/rustwide/target/debug/build/regex-automata/694fce47bc798ac9/out -L dependency=/opt/rustwide/target/debug/build/regex-syntax/801391c65a42f645/out -L dependency=/opt/rustwide/target/debug/build/regex/237bd915ad8bb59d/out -L dependency=/opt/rustwide/target/debug/build/reqwest/4613281ceb60973c/out -L dependency=/opt/rustwide/target/debug/build/rustix/1221baed404de2e3/out -L dependency=/opt/rustwide/target/debug/build/rustls-native-certs/005aff849dc505f4/out -L dependency=/opt/rustwide/target/debug/build/rustls-pki-types/f9d0b31df971a573/out -L dependency=/opt/rustwide/target/debug/build/rustls-platform-verifier/a21d4ba7bd04962b/out -L dependency=/opt/rustwide/target/debug/build/rustls-webpki/72232a0ffef4df28/out -L dependency=/opt/rustwide/target/debug/build/rustls/5b65ec3c71393e60/out -L dependency=/opt/rustwide/target/debug/build/scopeguard/7ec2214574194454/out -L dependency=/opt/rustwide/target/debug/build/serde/dd00f2a446fc1379/out -L dependency=/opt/rustwide/target/debug/build/serde_core/ff96c4ffe6afdb18/out -L dependency=/opt/rustwide/target/debug/build/serde_derive/63a59756050efc05/out -L dependency=/opt/rustwide/target/debug/build/serde_json/7a51d6f1ff28ecb0/out -L dependency=/opt/rustwide/target/debug/build/sharded-slab/a0e7f3c0501dc513/out -L dependency=/opt/rustwide/target/debug/build/signal-hook-registry/7280729fd8670abe/out -L dependency=/opt/rustwide/target/debug/build/slab/0582d648e59ab406/out -L dependency=/opt/rustwide/target/debug/build/smallvec/cbafbc06cea11242/out -L dependency=/opt/rustwide/target/debug/build/socket2/a79c02bcbff6267c/out -L dependency=/opt/rustwide/target/debug/build/stable_deref_trait/63cbf3f3d3f94e56/out -L dependency=/opt/rustwide/target/debug/build/subtle/2ae6a7038b9a0630/out -L dependency=/opt/rustwide/target/debug/build/sync_wrapper/194362e0d6e4de4b/out -L dependency=/opt/rustwide/target/debug/build/thiserror-impl/86baa456a0315748/out -L dependency=/opt/rustwide/target/debug/build/thiserror-impl/cd4691aed6b1a376/out -L dependency=/opt/rustwide/target/debug/build/thiserror/09e765a1ad8d1a87/out -L dependency=/opt/rustwide/target/debug/build/thread_local/22f8c551a4ab044f/out -L dependency=/opt/rustwide/target/debug/build/tinystr/2ef10827d4228079/out -L dependency=/opt/rustwide/target/debug/build/tokio-macros/dff8ee242dfab6a8/out -L dependency=/opt/rustwide/target/debug/build/tokio-rustls/faac8cf119456e51/out -L dependency=/opt/rustwide/target/debug/build/tokio-util/acf584bdee923a87/out -L dependency=/opt/rustwide/target/debug/build/tokio/cdc1cd60e64993fe/out -L dependency=/opt/rustwide/target/debug/build/tower-http/a240ed3ace3a0b70/out -L dependency=/opt/rustwide/target/debug/build/tower-layer/d908dd771b239ecd/out -L dependency=/opt/rustwide/target/debug/build/tower-service/3fb88d28c2218805/out -L dependency=/opt/rustwide/target/debug/build/tower/f95e88ea35db032d/out -L dependency=/opt/rustwide/target/debug/build/tracing-attributes/58ceb420b4bef850/out -L dependency=/opt/rustwide/target/debug/build/tracing-core/d26029c784af5925/out -L dependency=/opt/rustwide/target/debug/build/tracing-log/76507554a4447ed1/out -L dependency=/opt/rustwide/target/debug/build/tracing/d7364ec45c7ab78e/out -L dependency=/opt/rustwide/target/debug/build/try-lock/8fa2f6971035be84/out -L dependency=/opt/rustwide/target/debug/build/typenum/8cba24ab4904c632/out -L dependency=/opt/rustwide/target/debug/build/untrusted/b2f816886faf2178/out -L dependency=/opt/rustwide/target/debug/build/url/18d2ea3966c8db5d/out -L dependency=/opt/rustwide/target/debug/build/utf8_iter/51566bbad89f3a68/out -L dependency=/opt/rustwide/target/debug/build/want/7a6260b9c50f1479/out -L dependency=/opt/rustwide/target/debug/build/writeable/36514dcf36d12676/out -L dependency=/opt/rustwide/target/debug/build/yoke-derive/8f9f2294838e0b20/out -L dependency=/opt/rustwide/target/debug/build/yoke/7005b9abfd1543dc/out -L dependency=/opt/rustwide/target/debug/build/zerofrom-derive/3062a61c8005e0f8/out -L dependency=/opt/rustwide/target/debug/build/zerofrom/9a7a1c35a45876b9/out -L dependency=/opt/rustwide/target/debug/build/zeroize/37b2a6e0a2742c6a/out -L dependency=/opt/rustwide/target/debug/build/zerotrie/85d8ff817df4fb0d/out -L dependency=/opt/rustwide/target/debug/build/zerovec-derive/eb75027f3c45c272/out -L dependency=/opt/rustwide/target/debug/build/zerovec/27a92a25b9c524c3/out -L dependency=/opt/rustwide/target/debug/build/zmij/2ca2f302097868c6/out --extern async_trait=/opt/rustwide/target/debug/build/async-trait/50ba87871cfc8a53/out/libasync_trait-50ba87871cfc8a53.so --extern base64=/opt/rustwide/target/debug/build/base64/32787b0325ea6df8/out/libbase64-32787b0325ea6df8.rlib --extern futures=/opt/rustwide/target/debug/build/futures/e66c3eda828c17b9/out/libfutures-e66c3eda828c17b9.rlib --extern hmac=/opt/rustwide/target/debug/build/hmac/251982c85cdc3053/out/libhmac-251982c85cdc3053.rlib --extern reqwest_eventsource=/opt/rustwide/target/debug/build/kameleoon-reqwest-eventsource/53045828054098cf/out/libreqwest_eventsource-53045828054098cf.rlib --extern rand=/opt/rustwide/target/debug/build/rand/228efecb1c8c81dc/out/librand-228efecb1c8c81dc.rlib --extern reqwest=/opt/rustwide/target/debug/build/reqwest/4613281ceb60973c/out/libreqwest-4613281ceb60973c.rlib --extern serde=/opt/rustwide/target/debug/build/serde/dd00f2a446fc1379/out/libserde-dd00f2a446fc1379.rlib --extern serde_json=/opt/rustwide/target/debug/build/serde_json/7a51d6f1ff28ecb0/out/libserde_json-7a51d6f1ff28ecb0.rlib --extern sha2=/opt/rustwide/target/debug/build/sha2/00d78e9fe183811f/out/libsha2-00d78e9fe183811f.rlib --extern tempfile=/opt/rustwide/target/debug/build/tempfile/b7f1d2719facc591/out/libtempfile-b7f1d2719facc591.rlib --extern thiserror=/opt/rustwide/target/debug/build/thiserror/104582db36521865/out/libthiserror-104582db36521865.rlib --extern tokio=/opt/rustwide/target/debug/build/tokio/cdc1cd60e64993fe/out/libtokio-cdc1cd60e64993fe.rlib --extern tokio_stream=/opt/rustwide/target/debug/build/tokio-stream/b738a3676bac9a1a/out/libtokio_stream-b738a3676bac9a1a.rlib --extern tokio_util=/opt/rustwide/target/debug/build/tokio-util/acf584bdee923a87/out/libtokio_util-acf584bdee923a87.rlib --extern tracing=/opt/rustwide/target/debug/build/tracing/d7364ec45c7ab78e/out/libtracing-d7364ec45c7ab78e.rlib --extern tracing_subscriber=/opt/rustwide/target/debug/build/tracing-subscriber/47c2bd8e407db58c/out/libtracing_subscriber-47c2bd8e407db58c.rlib --extern uuid=/opt/rustwide/target/debug/build/uuid/49f97c0c3b61378a/out/libuuid-49f97c0c3b61378a.rlib --extern web_time=/opt/rustwide/target/debug/build/web-time/e902e3c80b588a6f/out/libweb_time-e902e3c80b588a6f.rlib --extern wiremock=/opt/rustwide/target/debug/build/wiremock/35cb89912285071a/out/libwiremock-35cb89912285071a.rlib --cap-lints=warn --force-warn=unused_crate_dependencies -L native=/opt/rustwide/target/debug/build/aws-lc-sys/34eeb0df025f36db/out` (signal: 9, SIGKILL: kill)
[INFO] [stdout] error: linking with `cc` failed: exit status: 1
[INFO] [stdout]   |
[INFO] [stdout]   = note:  "cc" "-m64" "/opt/rustwide/target/debug/build/yoagent/254ea1199620055d/out/rustcRmoBfT/symbols.o" "<2 object files omitted>" "-Wl,--as-needed" "-Wl,-Bstatic" "/opt/rustwide/target/debug/build/tempfile/b7f1d2719facc591/out/libtempfile-b7f1d2719facc591.rlib" "/opt/rustwide/target/debug/build/fastrand/bab015aa83fcde07/out/libfastrand-bab015aa83fcde07.rlib" "/opt/rustwide/target/debug/build/rustix/1221baed404de2e3/out/librustix-1221baed404de2e3.rlib" "/opt/rustwide/target/debug/build/linux-raw-sys/0b6cde911e9a3109/out/liblinux_raw_sys-0b6cde911e9a3109.rlib" "<sysroot>/lib/rustlib/x86_64-unknown-linux-gnu/lib/{libtest-*,libgetopts-*,librustc_std_workspace_std-*}.rlib" "/opt/rustwide/target/debug/build/yoagent/7c7a22fb39862552/out/libyoagent-7c7a22fb39862552.rlib" "/opt/rustwide/target/debug/build/rand/228efecb1c8c81dc/out/librand-228efecb1c8c81dc.rlib" "/opt/rustwide/target/debug/build/getrandom/06678996909582a1/out/libgetrandom-06678996909582a1.rlib" "/opt/rustwide/target/debug/build/chacha20/79781d8b723a97f9/out/libchacha20-79781d8b723a97f9.rlib" "/opt/rustwide/target/debug/build/rand_core/8437d288e8d1265c/out/librand_core-8437d288e8d1265c.rlib" "/opt/rustwide/target/debug/build/thiserror/104582db36521865/out/libthiserror-104582db36521865.rlib" "/opt/rustwide/target/debug/build/web-time/e902e3c80b588a6f/out/libweb_time-e902e3c80b588a6f.rlib" "/opt/rustwide/target/debug/build/sha2/00d78e9fe183811f/out/libsha2-00d78e9fe183811f.rlib" "/opt/rustwide/target/debug/build/cpufeatures/2e8dd38066a76518/out/libcpufeatures-2e8dd38066a76518.rlib" "/opt/rustwide/target/debug/build/hmac/251982c85cdc3053/out/libhmac-251982c85cdc3053.rlib" "/opt/rustwide/target/debug/build/digest/0d7623c5e9e1e238/out/libdigest-0d7623c5e9e1e238.rlib" "/opt/rustwide/target/debug/build/ctutils/cb5e4f8f31b44d49/out/libctutils-cb5e4f8f31b44d49.rlib" "/opt/rustwide/target/debug/build/cmov/427cb834a409c78d/out/libcmov-427cb834a409c78d.rlib" "/opt/rustwide/target/debug/build/crypto-common/0700e0c7e42473ad/out/libcrypto_common-0700e0c7e42473ad.rlib" "/opt/rustwide/target/debug/build/block-buffer/c51ef3ba17219c40/out/libblock_buffer-c51ef3ba17219c40.rlib" "/opt/rustwide/target/debug/build/hybrid-array/36235c981c84acf3/out/libhybrid_array-36235c981c84acf3.rlib" "/opt/rustwide/target/debug/build/typenum/8cba24ab4904c632/out/libtypenum-8cba24ab4904c632.rlib" "/opt/rustwide/target/debug/build/base64/32787b0325ea6df8/out/libbase64-32787b0325ea6df8.rlib" "/opt/rustwide/target/debug/build/kameleoon-reqwest-eventsource/53045828054098cf/out/libreqwest_eventsource-53045828054098cf.rlib" "/opt/rustwide/target/debug/build/futures-timer/ad42fa842b203f01/out/libfutures_timer-ad42fa842b203f01.rlib" "/opt/rustwide/target/debug/build/reqwest/4613281ceb60973c/out/libreqwest-4613281ceb60973c.rlib" "/opt/rustwide/target/debug/build/rustls-platform-verifier/a21d4ba7bd04962b/out/librustls_platform_verifier-a21d4ba7bd04962b.rlib" "/opt/rustwide/target/debug/build/rustls-native-certs/005aff849dc505f4/out/librustls_native_certs-005aff849dc505f4.rlib" "/opt/rustwide/target/debug/build/openssl-probe/6b1b371432012237/out/libopenssl_probe-6b1b371432012237.rlib" "/opt/rustwide/target/debug/build/hyper-rustls/13f275fe4508ba7f/out/libhyper_rustls-13f275fe4508ba7f.rlib" "/opt/rustwide/target/debug/build/tokio-rustls/faac8cf119456e51/out/libtokio_rustls-faac8cf119456e51.rlib" "/opt/rustwide/target/debug/build/rustls/5b65ec3c71393e60/out/librustls-5b65ec3c71393e60.rlib" "/opt/rustwide/target/debug/build/subtle/2ae6a7038b9a0630/out/libsubtle-2ae6a7038b9a0630.rlib" "/opt/rustwide/target/debug/build/rustls-webpki/72232a0ffef4df28/out/libwebpki-72232a0ffef4df28.rlib" "/opt/rustwide/target/debug/build/untrusted/b2f816886faf2178/out/libuntrusted-b2f816886faf2178.rlib" "/opt/rustwide/target/debug/build/aws-lc-rs/4ad9524f0be20aa8/out/libaws_lc_rs-4ad9524f0be20aa8.rlib" "/opt/rustwide/target/debug/build/aws-lc-sys/10bc558d559062fe/out/libaws_lc_sys-10bc558d559062fe.rlib" "/opt/rustwide/target/debug/build/rustls-pki-types/f9d0b31df971a573/out/librustls_pki_types-f9d0b31df971a573.rlib" "/opt/rustwide/target/debug/build/zeroize/37b2a6e0a2742c6a/out/libzeroize-37b2a6e0a2742c6a.rlib" "/opt/rustwide/target/debug/build/mime/0188e0814ca7ddbf/out/libmime-0188e0814ca7ddbf.rlib" "/opt/rustwide/target/debug/build/encoding_rs/2b53891cef5333a1/out/libencoding_rs-2b53891cef5333a1.rlib" "/opt/rustwide/target/debug/build/serde_json/7a51d6f1ff28ecb0/out/libserde_json-7a51d6f1ff28ecb0.rlib" "/opt/rustwide/target/debug/build/zmij/2ca2f302097868c6/out/libzmij-2ca2f302097868c6.rlib" "/opt/rustwide/target/debug/build/tower-http/a240ed3ace3a0b70/out/libtower_http-a240ed3ace3a0b70.rlib" "/opt/rustwide/target/debug/build/bitflags/d493ea957e921aab/out/libbitflags-d493ea957e921aab.rlib" "/opt/rustwide/target/debug/build/tower/f95e88ea35db032d/out/libtower-f95e88ea35db032d.rlib" "/opt/rustwide/target/debug/build/tower-layer/d908dd771b239ecd/out/libtower_layer-d908dd771b239ecd.rlib" "/opt/rustwide/target/debug/build/hyper-util/80b95caf7bf34c77/out/libhyper_util-80b95caf7bf34c77.rlib" "/opt/rustwide/target/debug/build/base64/cd0e3010b971e43f/out/libbase64-cd0e3010b971e43f.rlib" "/opt/rustwide/target/debug/build/ipnet/9dfae905f44e7daa/out/libipnet-9dfae905f44e7daa.rlib" "/opt/rustwide/target/debug/build/tower-service/3fb88d28c2218805/out/libtower_service-3fb88d28c2218805.rlib" "/opt/rustwide/target/debug/build/hyper/b2b4ff5ecbba4b0c/out/libhyper-b2b4ff5ecbba4b0c.rlib" "/opt/rustwide/target/debug/build/want/7a6260b9c50f1479/out/libwant-7a6260b9c50f1479.rlib" "/opt/rustwide/target/debug/build/try-lock/8fa2f6971035be84/out/libtry_lock-8fa2f6971035be84.rlib" "/opt/rustwide/target/debug/build/httparse/8c9b827b8f345444/out/libhttparse-8c9b827b8f345444.rlib" "/opt/rustwide/target/debug/build/h2/0d8610283d6e2e92/out/libh2-0d8610283d6e2e92.rlib" "/opt/rustwide/target/debug/build/indexmap/f8362b905c005e10/out/libindexmap-f8362b905c005e10.rlib" "/opt/rustwide/target/debug/build/equivalent/6a754676e6af62ae/out/libequivalent-6a754676e6af62ae.rlib" "/opt/rustwide/target/debug/build/hashbrown/d7214d631586fd51/out/libhashbrown-d7214d631586fd51.rlib" "/opt/rustwide/target/debug/build/fnv/79e2cbfbe03dcd16/out/libfnv-79e2cbfbe03dcd16.rlib" "/opt/rustwide/target/debug/build/atomic-waker/06950c8c08d2b8fa/out/libatomic_waker-06950c8c08d2b8fa.rlib" "/opt/rustwide/target/debug/build/httpdate/331798cefc82cc7e/out/libhttpdate-331798cefc82cc7e.rlib" "/opt/rustwide/target/debug/build/http-body-util/27952fde1894fa19/out/libhttp_body_util-27952fde1894fa19.rlib" "/opt/rustwide/target/debug/build/http-body/b57535e6079c1f42/out/libhttp_body-b57535e6079c1f42.rlib" "/opt/rustwide/target/debug/build/log/431c2e66b4ed7b91/out/liblog-431c2e66b4ed7b91.rlib" "/opt/rustwide/target/debug/build/url/18d2ea3966c8db5d/out/liburl-18d2ea3966c8db5d.rlib" "/opt/rustwide/target/debug/build/idna/8d8bef9bbd1e36b9/out/libidna-8d8bef9bbd1e36b9.rlib" "/opt/rustwide/target/debug/build/idna_adapter/3952fbefa791b908/out/libidna_adapter-3952fbefa791b908.rlib" "/opt/rustwide/target/debug/build/icu_properties/727a11b7f74ad220/out/libicu_properties-727a11b7f74ad220.rlib" "/opt/rustwide/target/debug/build/icu_properties_data/e6cf238fc98dd59d/out/libicu_properties_data-e6cf238fc98dd59d.rlib" "/opt/rustwide/target/debug/build/icu_normalizer/cacecebf93490de4/out/libicu_normalizer-cacecebf93490de4.rlib" "/opt/rustwide/target/debug/build/icu_normalizer_data/8fea05bee0bb4e49/out/libicu_normalizer_data-8fea05bee0bb4e49.rlib" "/opt/rustwide/target/debug/build/icu_collections/5192c4d367717d24/out/libicu_collections-5192c4d367717d24.rlib" "/opt/rustwide/target/debug/build/utf8_iter/51566bbad89f3a68/out/libutf8_iter-51566bbad89f3a68.rlib" "/opt/rustwide/target/debug/build/potential_utf/885aceaf39ee583f/out/libpotential_utf-885aceaf39ee583f.rlib" "/opt/rustwide/target/debug/build/icu_provider/74abaf7b096816f5/out/libicu_provider-74abaf7b096816f5.rlib" "/opt/rustwide/target/debug/build/icu_locale_core/318126dfa1315423/out/libicu_locale_core-318126dfa1315423.rlib" "/opt/rustwide/target/debug/build/tinystr/2ef10827d4228079/out/libtinystr-2ef10827d4228079.rlib" "/opt/rustwide/target/debug/build/litemap/abaddab7afb37065/out/liblitemap-abaddab7afb37065.rlib" "/opt/rustwide/target/debug/build/writeable/36514dcf36d12676/out/libwriteable-36514dcf36d12676.rlib" "/opt/rustwide/target/debug/build/zerovec/27a92a25b9c524c3/out/libzerovec-27a92a25b9c524c3.rlib" "/opt/rustwide/target/debug/build/zerotrie/85d8ff817df4fb0d/out/libzerotrie-85d8ff817df4fb0d.rlib" "/opt/rustwide/target/debug/build/yoke/7005b9abfd1543dc/out/libyoke-7005b9abfd1543dc.rlib" "/opt/rustwide/target/debug/build/stable_deref_trait/63cbf3f3d3f94e56/out/libstable_deref_trait-63cbf3f3d3f94e56.rlib" "/opt/rustwide/target/debug/build/zerofrom/9a7a1c35a45876b9/out/libzerofrom-9a7a1c35a45876b9.rlib" "/opt/rustwide/target/debug/build/form_urlencoded/98cc7da289c29f13/out/libform_urlencoded-98cc7da289c29f13.rlib" "/opt/rustwide/target/debug/build/percent-encoding/fa055ecaa1e57cfa/out/libpercent_encoding-fa055ecaa1e57cfa.rlib" "/opt/rustwide/target/debug/build/http/0cd9be9a4e5a2536/out/libhttp-0cd9be9a4e5a2536.rlib" "/opt/rustwide/target/debug/build/itoa/5de11b3b23bfe572/out/libitoa-5de11b3b23bfe572.rlib" "/opt/rustwide/target/debug/build/sync_wrapper/194362e0d6e4de4b/out/libsync_wrapper-194362e0d6e4de4b.rlib" "/opt/rustwide/target/debug/build/eventsource-stream/c5c87f0c24967d85/out/libeventsource_stream-c5c87f0c24967d85.rlib" "/opt/rustwide/target/debug/build/nom/b614b9e0a8ccc5e5/out/libnom-b614b9e0a8ccc5e5.rlib" "/opt/rustwide/target/debug/build/thiserror/09e765a1ad8d1a87/out/libthiserror-09e765a1ad8d1a87.rlib" "/opt/rustwide/target/debug/build/serde/dd00f2a446fc1379/out/libserde-dd00f2a446fc1379.rlib" "/opt/rustwide/target/debug/build/serde_core/ff96c4ffe6afdb18/out/libserde_core-ff96c4ffe6afdb18.rlib" "/opt/rustwide/target/debug/build/futures/e66c3eda828c17b9/out/libfutures-e66c3eda828c17b9.rlib" "/opt/rustwide/target/debug/build/futures-executor/b61ebcbe69219af7/out/libfutures_executor-b61ebcbe69219af7.rlib" "/opt/rustwide/target/debug/build/futures-util/fbaf16f038a7e462/out/libfutures_util-fbaf16f038a7e462.rlib" "/opt/rustwide/target/debug/build/memchr/a932478bde794617/out/libmemchr-a932478bde794617.rlib" "/opt/rustwide/target/debug/build/futures-io/2de19dd835d0513d/out/libfutures_io-2de19dd835d0513d.rlib" "/opt/rustwide/target/debug/build/slab/0582d648e59ab406/out/libslab-0582d648e59ab406.rlib" "/opt/rustwide/target/debug/build/futures-channel/e55265846f1ca713/out/libfutures_channel-e55265846f1ca713.rlib" "/opt/rustwide/target/debug/build/futures-task/06c0578367ad4cff/out/libfutures_task-06c0578367ad4cff.rlib" "/opt/rustwide/target/debug/build/tracing/d7364ec45c7ab78e/out/libtracing-d7364ec45c7ab78e.rlib" "/opt/rustwide/target/debug/build/tracing-core/d26029c784af5925/out/libtracing_core-d26029c784af5925.rlib" "/opt/rustwide/target/debug/build/once_cell/b5bdc597ed9676b3/out/libonce_cell-b5bdc597ed9676b3.rlib" "/opt/rustwide/target/debug/build/tokio-util/acf584bdee923a87/out/libtokio_util-acf584bdee923a87.rlib" "/opt/rustwide/target/debug/build/futures-core/97d9bb84a61d4536/out/libfutures_core-97d9bb84a61d4536.rlib" "/opt/rustwide/target/debug/build/futures-sink/690a515e9c61c93a/out/libfutures_sink-690a515e9c61c93a.rlib" "/opt/rustwide/target/debug/build/tokio/cdc1cd60e64993fe/out/libtokio-cdc1cd60e64993fe.rlib" "/opt/rustwide/target/debug/build/signal-hook-registry/7280729fd8670abe/out/libsignal_hook_registry-7280729fd8670abe.rlib" "/opt/rustwide/target/debug/build/errno/582b622da89ee2b9/out/liberrno-582b622da89ee2b9.rlib" "/opt/rustwide/target/debug/build/socket2/a79c02bcbff6267c/out/libsocket2-a79c02bcbff6267c.rlib" "/opt/rustwide/target/debug/build/bytes/5f66263ae3d5daa8/out/libbytes-5f66263ae3d5daa8.rlib" "/opt/rustwide/target/debug/build/mio/240000fcd7819ef5/out/libmio-240000fcd7819ef5.rlib" "/opt/rustwide/target/debug/build/parking_lot/59e3ba73aa4b62a3/out/libparking_lot-59e3ba73aa4b62a3.rlib" "/opt/rustwide/target/debug/build/parking_lot_core/250afba760d30a8c/out/libparking_lot_core-250afba760d30a8c.rlib" "/opt/rustwide/target/debug/build/libc/baa71fd275b1690a/out/liblibc-baa71fd275b1690a.rlib" "/opt/rustwide/target/debug/build/cfg-if/5addb699396bfe5f/out/libcfg_if-5addb699396bfe5f.rlib" "/opt/rustwide/target/debug/build/smallvec/cbafbc06cea11242/out/libsmallvec-cbafbc06cea11242.rlib" "/opt/rustwide/target/debug/build/lock_api/16d46fed645f7bff/out/liblock_api-16d46fed645f7bff.rlib" "/opt/rustwide/target/debug/build/scopeguard/7ec2214574194454/out/libscopeguard-7ec2214574194454.rlib" "/opt/rustwide/target/debug/build/pin-project-lite/0a15d51c77964692/out/libpin_project_lite-0a15d51c77964692.rlib" "<sysroot>/lib/rustlib/x86_64-unknown-linux-gnu/lib/{libstd-*,libpanic_unwind-*,libobject-*,libmemchr-*,libaddr2line-*,libgimli-*,libcfg_if-*,librustc_demangle-*,libstd_detect-*,libhashbrown-*,librustc_std_workspace_alloc-*,libminiz_oxide-*,libadler2-*,libunwind-*,liblibc-*,librustc_std_workspace_core-*,liballoc-*,libcore-*,libcompiler_builtins-*}.rlib" "-Wl,-Bdynamic" "-lgcc_s" "-lutil" "-lrt" "-lpthread" "-lm" "-ldl" "-lc" "-L" "/opt/rustwide/target/debug/build/yoagent/254ea1199620055d/out/rustcRmoBfT/raw-dylibs" "-B<sysroot>/lib/rustlib/x86_64-unknown-linux-gnu/bin/gcc-ld" "-fuse-ld=lld" "-Wl,--eh-frame-hdr" "-Wl,-z,noexecstack" "-L" "/opt/rustwide/target/debug/build/aws-lc-sys/34eeb0df025f36db/out" "-L" "<sysroot>/lib/rustlib/x86_64-unknown-linux-gnu/lib" "-o" "/opt/rustwide/target/debug/build/yoagent/254ea1199620055d/out/price_env_test-254ea1199620055d" "-Wl,--gc-sections" "-pie" "-Wl,-z,relro,-z,now" "-nodefaultlibs"
[INFO] [stdout]   = note: some arguments are omitted. use `--verbose` to show all linker arguments
[INFO] [stdout]   = note: collect2: fatal error: ld terminated with signal 9 [Killed]
[INFO] [stdout]           compilation terminated.
[INFO] [stdout]           
[INFO] [stdout] 
[INFO] [stdout] 
[INFO] [stderr] error: could not compile `yoagent` (test "bedrock_stream_test")
[INFO] [stderr] 
[INFO] [stderr] Caused by:
[INFO] [stderr]   process didn't exit successfully: `/opt/rustwide/rustup-home/toolchains/1.100.0-beta.1-x86_64-unknown-linux-gnu/bin/rustc --crate-name bedrock_stream_test --edition=2021 tests/bedrock_stream_test.rs --error-format=json --json=diagnostic-rendered-ansi,artifacts,future-incompat,unused-externs-silent --emit=dep-info,link -C embed-bitcode=no -C debuginfo=2 --test --cfg 'feature="default"' --cfg 'feature="native"' --check-cfg 'cfg(docsrs,test)' --check-cfg 'cfg(feature, values("decision", "default", "gasp", "native", "openapi"))' -C metadata=e980940f3e852fe7 -C extra-filename=-7c350d2f280edeb0 --out-dir /opt/rustwide/target/debug/build/yoagent/7c350d2f280edeb0/out -L dependency=/opt/rustwide/target/debug/build/aho-corasick/d1ae79b76a6f7869/out -L dependency=/opt/rustwide/target/debug/build/assert-json-diff/0a415a08c81a13b9/out -L dependency=/opt/rustwide/target/debug/build/async-trait/50ba87871cfc8a53/out -L dependency=/opt/rustwide/target/debug/build/atomic-waker/06950c8c08d2b8fa/out -L dependency=/opt/rustwide/target/debug/build/aws-lc-rs/4ad9524f0be20aa8/out -L dependency=/opt/rustwide/target/debug/build/aws-lc-sys/10bc558d559062fe/out -L dependency=/opt/rustwide/target/debug/build/base64/32787b0325ea6df8/out -L dependency=/opt/rustwide/target/debug/build/base64/cd0e3010b971e43f/out -L dependency=/opt/rustwide/target/debug/build/bitflags/d493ea957e921aab/out -L dependency=/opt/rustwide/target/debug/build/block-buffer/c51ef3ba17219c40/out -L dependency=/opt/rustwide/target/debug/build/bytes/5f66263ae3d5daa8/out -L dependency=/opt/rustwide/target/debug/build/cfg-if/5addb699396bfe5f/out -L dependency=/opt/rustwide/target/debug/build/chacha20/79781d8b723a97f9/out -L dependency=/opt/rustwide/target/debug/build/cmov/427cb834a409c78d/out -L dependency=/opt/rustwide/target/debug/build/cpufeatures/2e8dd38066a76518/out -L dependency=/opt/rustwide/target/debug/build/crypto-common/0700e0c7e42473ad/out -L dependency=/opt/rustwide/target/debug/build/ctutils/cb5e4f8f31b44d49/out -L dependency=/opt/rustwide/target/debug/build/deadpool-runtime/6f57829d3c306cb7/out -L dependency=/opt/rustwide/target/debug/build/deadpool/f4ef5d56954e75f4/out -L dependency=/opt/rustwide/target/debug/build/digest/0d7623c5e9e1e238/out -L dependency=/opt/rustwide/target/debug/build/displaydoc/2a710bd5868b6908/out -L dependency=/opt/rustwide/target/debug/build/encoding_rs/2b53891cef5333a1/out -L dependency=/opt/rustwide/target/debug/build/equivalent/6a754676e6af62ae/out -L dependency=/opt/rustwide/target/debug/build/errno/582b622da89ee2b9/out -L dependency=/opt/rustwide/target/debug/build/eventsource-stream/c5c87f0c24967d85/out -L dependency=/opt/rustwide/target/debug/build/fastrand/bab015aa83fcde07/out -L dependency=/opt/rustwide/target/debug/build/fnv/79e2cbfbe03dcd16/out -L dependency=/opt/rustwide/target/debug/build/form_urlencoded/98cc7da289c29f13/out -L dependency=/opt/rustwide/target/debug/build/futures-channel/e55265846f1ca713/out -L dependency=/opt/rustwide/target/debug/build/futures-core/97d9bb84a61d4536/out -L dependency=/opt/rustwide/target/debug/build/futures-executor/b61ebcbe69219af7/out -L dependency=/opt/rustwide/target/debug/build/futures-io/2de19dd835d0513d/out -L dependency=/opt/rustwide/target/debug/build/futures-macro/fea56d177c7b65f3/out -L dependency=/opt/rustwide/target/debug/build/futures-sink/690a515e9c61c93a/out -L dependency=/opt/rustwide/target/debug/build/futures-task/06c0578367ad4cff/out -L dependency=/opt/rustwide/target/debug/build/futures-timer/ad42fa842b203f01/out -L dependency=/opt/rustwide/target/debug/build/futures-util/fbaf16f038a7e462/out -L dependency=/opt/rustwide/target/debug/build/futures/e66c3eda828c17b9/out -L dependency=/opt/rustwide/target/debug/build/getrandom/06678996909582a1/out -L dependency=/opt/rustwide/target/debug/build/h2/0d8610283d6e2e92/out -L dependency=/opt/rustwide/target/debug/build/hashbrown/d7214d631586fd51/out -L dependency=/opt/rustwide/target/debug/build/hmac/251982c85cdc3053/out -L dependency=/opt/rustwide/target/debug/build/http-body-util/27952fde1894fa19/out -L dependency=/opt/rustwide/target/debug/build/http-body/b57535e6079c1f42/out -L dependency=/opt/rustwide/target/debug/build/http/0cd9be9a4e5a2536/out -L dependency=/opt/rustwide/target/debug/build/httparse/8c9b827b8f345444/out -L dependency=/opt/rustwide/target/debug/build/httpdate/331798cefc82cc7e/out -L dependency=/opt/rustwide/target/debug/build/hybrid-array/36235c981c84acf3/out -L dependency=/opt/rustwide/target/debug/build/hyper-rustls/13f275fe4508ba7f/out -L dependency=/opt/rustwide/target/debug/build/hyper-util/80b95caf7bf34c77/out -L dependency=/opt/rustwide/target/debug/build/hyper/b2b4ff5ecbba4b0c/out -L dependency=/opt/rustwide/target/debug/build/icu_collections/5192c4d367717d24/out -L dependency=/opt/rustwide/target/debug/build/icu_locale_core/318126dfa1315423/out -L dependency=/opt/rustwide/target/debug/build/icu_normalizer/cacecebf93490de4/out -L dependency=/opt/rustwide/target/debug/build/icu_normalizer_data/8fea05bee0bb4e49/out -L dependency=/opt/rustwide/target/debug/build/icu_properties/727a11b7f74ad220/out -L dependency=/opt/rustwide/target/debug/build/icu_properties_data/e6cf238fc98dd59d/out -L dependency=/opt/rustwide/target/debug/build/icu_provider/74abaf7b096816f5/out -L dependency=/opt/rustwide/target/debug/build/idna/8d8bef9bbd1e36b9/out -L dependency=/opt/rustwide/target/debug/build/idna_adapter/3952fbefa791b908/out -L dependency=/opt/rustwide/target/debug/build/indexmap/f8362b905c005e10/out -L dependency=/opt/rustwide/target/debug/build/ipnet/9dfae905f44e7daa/out -L dependency=/opt/rustwide/target/debug/build/itoa/5de11b3b23bfe572/out -L dependency=/opt/rustwide/target/debug/build/kameleoon-reqwest-eventsource/53045828054098cf/out -L dependency=/opt/rustwide/target/debug/build/lazy_static/27442a5ab9db66ae/out -L dependency=/opt/rustwide/target/debug/build/libc/baa71fd275b1690a/out -L dependency=/opt/rustwide/target/debug/build/linux-raw-sys/0b6cde911e9a3109/out -L dependency=/opt/rustwide/target/debug/build/litemap/abaddab7afb37065/out -L dependency=/opt/rustwide/target/debug/build/lock_api/16d46fed645f7bff/out -L dependency=/opt/rustwide/target/debug/build/log/431c2e66b4ed7b91/out -L dependency=/opt/rustwide/target/debug/build/memchr/a932478bde794617/out -L dependency=/opt/rustwide/target/debug/build/mime/0188e0814ca7ddbf/out -L dependency=/opt/rustwide/target/debug/build/minimal-lexical/2a330914b63d672a/out -L dependency=/opt/rustwide/target/debug/build/mio/240000fcd7819ef5/out -L dependency=/opt/rustwide/target/debug/build/nom/b614b9e0a8ccc5e5/out -L dependency=/opt/rustwide/target/debug/build/nu-ansi-term/745c727bb3e87c52/out -L dependency=/opt/rustwide/target/debug/build/num_cpus/e8306ae6dfc636cd/out -L dependency=/opt/rustwide/target/debug/build/once_cell/b5bdc597ed9676b3/out -L dependency=/opt/rustwide/target/debug/build/openssl-probe/6b1b371432012237/out -L dependency=/opt/rustwide/target/debug/build/parking_lot/59e3ba73aa4b62a3/out -L dependency=/opt/rustwide/target/debug/build/parking_lot_core/250afba760d30a8c/out -L dependency=/opt/rustwide/target/debug/build/percent-encoding/fa055ecaa1e57cfa/out -L dependency=/opt/rustwide/target/debug/build/pin-project-lite/0a15d51c77964692/out -L dependency=/opt/rustwide/target/debug/build/potential_utf/885aceaf39ee583f/out -L dependency=/opt/rustwide/target/debug/build/rand/228efecb1c8c81dc/out -L dependency=/opt/rustwide/target/debug/build/rand_core/8437d288e8d1265c/out -L dependency=/opt/rustwide/target/debug/build/regex-automata/694fce47bc798ac9/out -L dependency=/opt/rustwide/target/debug/build/regex-syntax/801391c65a42f645/out -L dependency=/opt/rustwide/target/debug/build/regex/237bd915ad8bb59d/out -L dependency=/opt/rustwide/target/debug/build/reqwest/4613281ceb60973c/out -L dependency=/opt/rustwide/target/debug/build/rustix/1221baed404de2e3/out -L dependency=/opt/rustwide/target/debug/build/rustls-native-certs/005aff849dc505f4/out -L dependency=/opt/rustwide/target/debug/build/rustls-pki-types/f9d0b31df971a573/out -L dependency=/opt/rustwide/target/debug/build/rustls-platform-verifier/a21d4ba7bd04962b/out -L dependency=/opt/rustwide/target/debug/build/rustls-webpki/72232a0ffef4df28/out -L dependency=/opt/rustwide/target/debug/build/rustls/5b65ec3c71393e60/out -L dependency=/opt/rustwide/target/debug/build/scopeguard/7ec2214574194454/out -L dependency=/opt/rustwide/target/debug/build/serde/dd00f2a446fc1379/out -L dependency=/opt/rustwide/target/debug/build/serde_core/ff96c4ffe6afdb18/out -L dependency=/opt/rustwide/target/debug/build/serde_derive/63a59756050efc05/out -L dependency=/opt/rustwide/target/debug/build/serde_json/7a51d6f1ff28ecb0/out -L dependency=/opt/rustwide/target/debug/build/sha2/00d78e9fe183811f/out -L dependency=/opt/rustwide/target/debug/build/sharded-slab/a0e7f3c0501dc513/out -L dependency=/opt/rustwide/target/debug/build/signal-hook-registry/7280729fd8670abe/out -L dependency=/opt/rustwide/target/debug/build/slab/0582d648e59ab406/out -L dependency=/opt/rustwide/target/debug/build/smallvec/cbafbc06cea11242/out -L dependency=/opt/rustwide/target/debug/build/socket2/a79c02bcbff6267c/out -L dependency=/opt/rustwide/target/debug/build/stable_deref_trait/63cbf3f3d3f94e56/out -L dependency=/opt/rustwide/target/debug/build/subtle/2ae6a7038b9a0630/out -L dependency=/opt/rustwide/target/debug/build/sync_wrapper/194362e0d6e4de4b/out -L dependency=/opt/rustwide/target/debug/build/thiserror-impl/86baa456a0315748/out -L dependency=/opt/rustwide/target/debug/build/thiserror-impl/cd4691aed6b1a376/out -L dependency=/opt/rustwide/target/debug/build/thiserror/09e765a1ad8d1a87/out -L dependency=/opt/rustwide/target/debug/build/thiserror/104582db36521865/out -L dependency=/opt/rustwide/target/debug/build/thread_local/22f8c551a4ab044f/out -L dependency=/opt/rustwide/target/debug/build/tinystr/2ef10827d4228079/out -L dependency=/opt/rustwide/target/debug/build/tokio-macros/dff8ee242dfab6a8/out -L dependency=/opt/rustwide/target/debug/build/tokio-rustls/faac8cf119456e51/out -L dependency=/opt/rustwide/target/debug/build/tokio-stream/b738a3676bac9a1a/out -L dependency=/opt/rustwide/target/debug/build/tokio-util/acf584bdee923a87/out -L dependency=/opt/rustwide/target/debug/build/tokio/cdc1cd60e64993fe/out -L dependency=/opt/rustwide/target/debug/build/tower-http/a240ed3ace3a0b70/out -L dependency=/opt/rustwide/target/debug/build/tower-layer/d908dd771b239ecd/out -L dependency=/opt/rustwide/target/debug/build/tower-service/3fb88d28c2218805/out -L dependency=/opt/rustwide/target/debug/build/tower/f95e88ea35db032d/out -L dependency=/opt/rustwide/target/debug/build/tracing-attributes/58ceb420b4bef850/out -L dependency=/opt/rustwide/target/debug/build/tracing-core/d26029c784af5925/out -L dependency=/opt/rustwide/target/debug/build/tracing-log/76507554a4447ed1/out -L dependency=/opt/rustwide/target/debug/build/tracing/d7364ec45c7ab78e/out -L dependency=/opt/rustwide/target/debug/build/try-lock/8fa2f6971035be84/out -L dependency=/opt/rustwide/target/debug/build/typenum/8cba24ab4904c632/out -L dependency=/opt/rustwide/target/debug/build/untrusted/b2f816886faf2178/out -L dependency=/opt/rustwide/target/debug/build/url/18d2ea3966c8db5d/out -L dependency=/opt/rustwide/target/debug/build/utf8_iter/51566bbad89f3a68/out -L dependency=/opt/rustwide/target/debug/build/uuid/49f97c0c3b61378a/out -L dependency=/opt/rustwide/target/debug/build/want/7a6260b9c50f1479/out -L dependency=/opt/rustwide/target/debug/build/web-time/e902e3c80b588a6f/out -L dependency=/opt/rustwide/target/debug/build/writeable/36514dcf36d12676/out -L dependency=/opt/rustwide/target/debug/build/yoke-derive/8f9f2294838e0b20/out -L dependency=/opt/rustwide/target/debug/build/yoke/7005b9abfd1543dc/out -L dependency=/opt/rustwide/target/debug/build/zerofrom-derive/3062a61c8005e0f8/out -L dependency=/opt/rustwide/target/debug/build/zerofrom/9a7a1c35a45876b9/out -L dependency=/opt/rustwide/target/debug/build/zeroize/37b2a6e0a2742c6a/out -L dependency=/opt/rustwide/target/debug/build/zerotrie/85d8ff817df4fb0d/out -L dependency=/opt/rustwide/target/debug/build/zerovec-derive/eb75027f3c45c272/out -L dependency=/opt/rustwide/target/debug/build/zerovec/27a92a25b9c524c3/out -L dependency=/opt/rustwide/target/debug/build/zmij/2ca2f302097868c6/out --extern async_trait=/opt/rustwide/target/debug/build/async-trait/50ba87871cfc8a53/out/libasync_trait-50ba87871cfc8a53.so --extern base64=/opt/rustwide/target/debug/build/base64/32787b0325ea6df8/out/libbase64-32787b0325ea6df8.rlib --extern futures=/opt/rustwide/target/debug/build/futures/e66c3eda828c17b9/out/libfutures-e66c3eda828c17b9.rlib --extern hmac=/opt/rustwide/target/debug/build/hmac/251982c85cdc3053/out/libhmac-251982c85cdc3053.rlib --extern reqwest_eventsource=/opt/rustwide/target/debug/build/kameleoon-reqwest-eventsource/53045828054098cf/out/libreqwest_eventsource-53045828054098cf.rlib --extern rand=/opt/rustwide/target/debug/build/rand/228efecb1c8c81dc/out/librand-228efecb1c8c81dc.rlib --extern reqwest=/opt/rustwide/target/debug/build/reqwest/4613281ceb60973c/out/libreqwest-4613281ceb60973c.rlib --extern serde=/opt/rustwide/target/debug/build/serde/dd00f2a446fc1379/out/libserde-dd00f2a446fc1379.rlib --extern serde_json=/opt/rustwide/target/debug/build/serde_json/7a51d6f1ff28ecb0/out/libserde_json-7a51d6f1ff28ecb0.rlib --extern sha2=/opt/rustwide/target/debug/build/sha2/00d78e9fe183811f/out/libsha2-00d78e9fe183811f.rlib --extern tempfile=/opt/rustwide/target/debug/build/tempfile/b7f1d2719facc591/out/libtempfile-b7f1d2719facc591.rlib --extern thiserror=/opt/rustwide/target/debug/build/thiserror/104582db36521865/out/libthiserror-104582db36521865.rlib --extern tokio=/opt/rustwide/target/debug/build/tokio/cdc1cd60e64993fe/out/libtokio-cdc1cd60e64993fe.rlib --extern tokio_stream=/opt/rustwide/target/debug/build/tokio-stream/b738a3676bac9a1a/out/libtokio_stream-b738a3676bac9a1a.rlib --extern tokio_util=/opt/rustwide/target/debug/build/tokio-util/acf584bdee923a87/out/libtokio_util-acf584bdee923a87.rlib --extern tracing=/opt/rustwide/target/debug/build/tracing/d7364ec45c7ab78e/out/libtracing-d7364ec45c7ab78e.rlib --extern tracing_subscriber=/opt/rustwide/target/debug/build/tracing-subscriber/47c2bd8e407db58c/out/libtracing_subscriber-47c2bd8e407db58c.rlib --extern uuid=/opt/rustwide/target/debug/build/uuid/49f97c0c3b61378a/out/libuuid-49f97c0c3b61378a.rlib --extern web_time=/opt/rustwide/target/debug/build/web-time/e902e3c80b588a6f/out/libweb_time-e902e3c80b588a6f.rlib --extern wiremock=/opt/rustwide/target/debug/build/wiremock/35cb89912285071a/out/libwiremock-35cb89912285071a.rlib --extern yoagent=/opt/rustwide/target/debug/build/yoagent/7c7a22fb39862552/out/libyoagent-7c7a22fb39862552.rlib --cap-lints=warn --force-warn=unused_crate_dependencies -L native=/opt/rustwide/target/debug/build/aws-lc-sys/34eeb0df025f36db/out` (signal: 9, SIGKILL: kill)
[INFO] [stderr] error: could not compile `yoagent` (test "price_env_test") due to 1 previous error
[INFO] [stderr] error: could not compile `yoagent` (test "price_audit")
[INFO] [stderr] 
[INFO] [stderr] Caused by:
[INFO] [stderr]   process didn't exit successfully: `/opt/rustwide/rustup-home/toolchains/1.100.0-beta.1-x86_64-unknown-linux-gnu/bin/rustc --crate-name price_audit --edition=2021 tests/price_audit.rs --error-format=json --json=diagnostic-rendered-ansi,artifacts,future-incompat,unused-externs-silent --emit=dep-info,link -C embed-bitcode=no -C debuginfo=2 --test --cfg 'feature="default"' --cfg 'feature="native"' --check-cfg 'cfg(docsrs,test)' --check-cfg 'cfg(feature, values("decision", "default", "gasp", "native", "openapi"))' -C metadata=44c2041dc6dcfcc9 -C extra-filename=-c37124456f3e038c --out-dir /opt/rustwide/target/debug/build/yoagent/c37124456f3e038c/out -L dependency=/opt/rustwide/target/debug/build/aho-corasick/d1ae79b76a6f7869/out -L dependency=/opt/rustwide/target/debug/build/assert-json-diff/0a415a08c81a13b9/out -L dependency=/opt/rustwide/target/debug/build/async-trait/50ba87871cfc8a53/out -L dependency=/opt/rustwide/target/debug/build/atomic-waker/06950c8c08d2b8fa/out -L dependency=/opt/rustwide/target/debug/build/aws-lc-rs/4ad9524f0be20aa8/out -L dependency=/opt/rustwide/target/debug/build/aws-lc-sys/10bc558d559062fe/out -L dependency=/opt/rustwide/target/debug/build/base64/32787b0325ea6df8/out -L dependency=/opt/rustwide/target/debug/build/base64/cd0e3010b971e43f/out -L dependency=/opt/rustwide/target/debug/build/bitflags/d493ea957e921aab/out -L dependency=/opt/rustwide/target/debug/build/block-buffer/c51ef3ba17219c40/out -L dependency=/opt/rustwide/target/debug/build/bytes/5f66263ae3d5daa8/out -L dependency=/opt/rustwide/target/debug/build/cfg-if/5addb699396bfe5f/out -L dependency=/opt/rustwide/target/debug/build/chacha20/79781d8b723a97f9/out -L dependency=/opt/rustwide/target/debug/build/cmov/427cb834a409c78d/out -L dependency=/opt/rustwide/target/debug/build/cpufeatures/2e8dd38066a76518/out -L dependency=/opt/rustwide/target/debug/build/crypto-common/0700e0c7e42473ad/out -L dependency=/opt/rustwide/target/debug/build/ctutils/cb5e4f8f31b44d49/out -L dependency=/opt/rustwide/target/debug/build/deadpool-runtime/6f57829d3c306cb7/out -L dependency=/opt/rustwide/target/debug/build/deadpool/f4ef5d56954e75f4/out -L dependency=/opt/rustwide/target/debug/build/digest/0d7623c5e9e1e238/out -L dependency=/opt/rustwide/target/debug/build/displaydoc/2a710bd5868b6908/out -L dependency=/opt/rustwide/target/debug/build/encoding_rs/2b53891cef5333a1/out -L dependency=/opt/rustwide/target/debug/build/equivalent/6a754676e6af62ae/out -L dependency=/opt/rustwide/target/debug/build/errno/582b622da89ee2b9/out -L dependency=/opt/rustwide/target/debug/build/eventsource-stream/c5c87f0c24967d85/out -L dependency=/opt/rustwide/target/debug/build/fastrand/bab015aa83fcde07/out -L dependency=/opt/rustwide/target/debug/build/fnv/79e2cbfbe03dcd16/out -L dependency=/opt/rustwide/target/debug/build/form_urlencoded/98cc7da289c29f13/out -L dependency=/opt/rustwide/target/debug/build/futures-channel/e55265846f1ca713/out -L dependency=/opt/rustwide/target/debug/build/futures-core/97d9bb84a61d4536/out -L dependency=/opt/rustwide/target/debug/build/futures-executor/b61ebcbe69219af7/out -L dependency=/opt/rustwide/target/debug/build/futures-io/2de19dd835d0513d/out -L dependency=/opt/rustwide/target/debug/build/futures-macro/fea56d177c7b65f3/out -L dependency=/opt/rustwide/target/debug/build/futures-sink/690a515e9c61c93a/out -L dependency=/opt/rustwide/target/debug/build/futures-task/06c0578367ad4cff/out -L dependency=/opt/rustwide/target/debug/build/futures-timer/ad42fa842b203f01/out -L dependency=/opt/rustwide/target/debug/build/futures-util/fbaf16f038a7e462/out -L dependency=/opt/rustwide/target/debug/build/futures/e66c3eda828c17b9/out -L dependency=/opt/rustwide/target/debug/build/getrandom/06678996909582a1/out -L dependency=/opt/rustwide/target/debug/build/h2/0d8610283d6e2e92/out -L dependency=/opt/rustwide/target/debug/build/hashbrown/d7214d631586fd51/out -L dependency=/opt/rustwide/target/debug/build/hmac/251982c85cdc3053/out -L dependency=/opt/rustwide/target/debug/build/http-body-util/27952fde1894fa19/out -L dependency=/opt/rustwide/target/debug/build/http-body/b57535e6079c1f42/out -L dependency=/opt/rustwide/target/debug/build/http/0cd9be9a4e5a2536/out -L dependency=/opt/rustwide/target/debug/build/httparse/8c9b827b8f345444/out -L dependency=/opt/rustwide/target/debug/build/httpdate/331798cefc82cc7e/out -L dependency=/opt/rustwide/target/debug/build/hybrid-array/36235c981c84acf3/out -L dependency=/opt/rustwide/target/debug/build/hyper-rustls/13f275fe4508ba7f/out -L dependency=/opt/rustwide/target/debug/build/hyper-util/80b95caf7bf34c77/out -L dependency=/opt/rustwide/target/debug/build/hyper/b2b4ff5ecbba4b0c/out -L dependency=/opt/rustwide/target/debug/build/icu_collections/5192c4d367717d24/out -L dependency=/opt/rustwide/target/debug/build/icu_locale_core/318126dfa1315423/out -L dependency=/opt/rustwide/target/debug/build/icu_normalizer/cacecebf93490de4/out -L dependency=/opt/rustwide/target/debug/build/icu_normalizer_data/8fea05bee0bb4e49/out -L dependency=/opt/rustwide/target/debug/build/icu_properties/727a11b7f74ad220/out -L dependency=/opt/rustwide/target/debug/build/icu_properties_data/e6cf238fc98dd59d/out -L dependency=/opt/rustwide/target/debug/build/icu_provider/74abaf7b096816f5/out -L dependency=/opt/rustwide/target/debug/build/idna/8d8bef9bbd1e36b9/out -L dependency=/opt/rustwide/target/debug/build/idna_adapter/3952fbefa791b908/out -L dependency=/opt/rustwide/target/debug/build/indexmap/f8362b905c005e10/out -L dependency=/opt/rustwide/target/debug/build/ipnet/9dfae905f44e7daa/out -L dependency=/opt/rustwide/target/debug/build/itoa/5de11b3b23bfe572/out -L dependency=/opt/rustwide/target/debug/build/kameleoon-reqwest-eventsource/53045828054098cf/out -L dependency=/opt/rustwide/target/debug/build/lazy_static/27442a5ab9db66ae/out -L dependency=/opt/rustwide/target/debug/build/libc/baa71fd275b1690a/out -L dependency=/opt/rustwide/target/debug/build/linux-raw-sys/0b6cde911e9a3109/out -L dependency=/opt/rustwide/target/debug/build/litemap/abaddab7afb37065/out -L dependency=/opt/rustwide/target/debug/build/lock_api/16d46fed645f7bff/out -L dependency=/opt/rustwide/target/debug/build/log/431c2e66b4ed7b91/out -L dependency=/opt/rustwide/target/debug/build/memchr/a932478bde794617/out -L dependency=/opt/rustwide/target/debug/build/mime/0188e0814ca7ddbf/out -L dependency=/opt/rustwide/target/debug/build/minimal-lexical/2a330914b63d672a/out -L dependency=/opt/rustwide/target/debug/build/mio/240000fcd7819ef5/out -L dependency=/opt/rustwide/target/debug/build/nom/b614b9e0a8ccc5e5/out -L dependency=/opt/rustwide/target/debug/build/nu-ansi-term/745c727bb3e87c52/out -L dependency=/opt/rustwide/target/debug/build/num_cpus/e8306ae6dfc636cd/out -L dependency=/opt/rustwide/target/debug/build/once_cell/b5bdc597ed9676b3/out -L dependency=/opt/rustwide/target/debug/build/openssl-probe/6b1b371432012237/out -L dependency=/opt/rustwide/target/debug/build/parking_lot/59e3ba73aa4b62a3/out -L dependency=/opt/rustwide/target/debug/build/parking_lot_core/250afba760d30a8c/out -L dependency=/opt/rustwide/target/debug/build/percent-encoding/fa055ecaa1e57cfa/out -L dependency=/opt/rustwide/target/debug/build/pin-project-lite/0a15d51c77964692/out -L dependency=/opt/rustwide/target/debug/build/potential_utf/885aceaf39ee583f/out -L dependency=/opt/rustwide/target/debug/build/rand/228efecb1c8c81dc/out -L dependency=/opt/rustwide/target/debug/build/rand_core/8437d288e8d1265c/out -L dependency=/opt/rustwide/target/debug/build/regex-automata/694fce47bc798ac9/out -L dependency=/opt/rustwide/target/debug/build/regex-syntax/801391c65a42f645/out -L dependency=/opt/rustwide/target/debug/build/regex/237bd915ad8bb59d/out -L dependency=/opt/rustwide/target/debug/build/reqwest/4613281ceb60973c/out -L dependency=/opt/rustwide/target/debug/build/rustix/1221baed404de2e3/out -L dependency=/opt/rustwide/target/debug/build/rustls-native-certs/005aff849dc505f4/out -L dependency=/opt/rustwide/target/debug/build/rustls-pki-types/f9d0b31df971a573/out -L dependency=/opt/rustwide/target/debug/build/rustls-platform-verifier/a21d4ba7bd04962b/out -L dependency=/opt/rustwide/target/debug/build/rustls-webpki/72232a0ffef4df28/out -L dependency=/opt/rustwide/target/debug/build/rustls/5b65ec3c71393e60/out -L dependency=/opt/rustwide/target/debug/build/scopeguard/7ec2214574194454/out -L dependency=/opt/rustwide/target/debug/build/serde/dd00f2a446fc1379/out -L dependency=/opt/rustwide/target/debug/build/serde_core/ff96c4ffe6afdb18/out -L dependency=/opt/rustwide/target/debug/build/serde_derive/63a59756050efc05/out -L dependency=/opt/rustwide/target/debug/build/serde_json/7a51d6f1ff28ecb0/out -L dependency=/opt/rustwide/target/debug/build/sha2/00d78e9fe183811f/out -L dependency=/opt/rustwide/target/debug/build/sharded-slab/a0e7f3c0501dc513/out -L dependency=/opt/rustwide/target/debug/build/signal-hook-registry/7280729fd8670abe/out -L dependency=/opt/rustwide/target/debug/build/slab/0582d648e59ab406/out -L dependency=/opt/rustwide/target/debug/build/smallvec/cbafbc06cea11242/out -L dependency=/opt/rustwide/target/debug/build/socket2/a79c02bcbff6267c/out -L dependency=/opt/rustwide/target/debug/build/stable_deref_trait/63cbf3f3d3f94e56/out -L dependency=/opt/rustwide/target/debug/build/subtle/2ae6a7038b9a0630/out -L dependency=/opt/rustwide/target/debug/build/sync_wrapper/194362e0d6e4de4b/out -L dependency=/opt/rustwide/target/debug/build/thiserror-impl/86baa456a0315748/out -L dependency=/opt/rustwide/target/debug/build/thiserror-impl/cd4691aed6b1a376/out -L dependency=/opt/rustwide/target/debug/build/thiserror/09e765a1ad8d1a87/out -L dependency=/opt/rustwide/target/debug/build/thiserror/104582db36521865/out -L dependency=/opt/rustwide/target/debug/build/thread_local/22f8c551a4ab044f/out -L dependency=/opt/rustwide/target/debug/build/tinystr/2ef10827d4228079/out -L dependency=/opt/rustwide/target/debug/build/tokio-macros/dff8ee242dfab6a8/out -L dependency=/opt/rustwide/target/debug/build/tokio-rustls/faac8cf119456e51/out -L dependency=/opt/rustwide/target/debug/build/tokio-stream/b738a3676bac9a1a/out -L dependency=/opt/rustwide/target/debug/build/tokio-util/acf584bdee923a87/out -L dependency=/opt/rustwide/target/debug/build/tokio/cdc1cd60e64993fe/out -L dependency=/opt/rustwide/target/debug/build/tower-http/a240ed3ace3a0b70/out -L dependency=/opt/rustwide/target/debug/build/tower-layer/d908dd771b239ecd/out -L dependency=/opt/rustwide/target/debug/build/tower-service/3fb88d28c2218805/out -L dependency=/opt/rustwide/target/debug/build/tower/f95e88ea35db032d/out -L dependency=/opt/rustwide/target/debug/build/tracing-attributes/58ceb420b4bef850/out -L dependency=/opt/rustwide/target/debug/build/tracing-core/d26029c784af5925/out -L dependency=/opt/rustwide/target/debug/build/tracing-log/76507554a4447ed1/out -L dependency=/opt/rustwide/target/debug/build/tracing/d7364ec45c7ab78e/out -L dependency=/opt/rustwide/target/debug/build/try-lock/8fa2f6971035be84/out -L dependency=/opt/rustwide/target/debug/build/typenum/8cba24ab4904c632/out -L dependency=/opt/rustwide/target/debug/build/untrusted/b2f816886faf2178/out -L dependency=/opt/rustwide/target/debug/build/url/18d2ea3966c8db5d/out -L dependency=/opt/rustwide/target/debug/build/utf8_iter/51566bbad89f3a68/out -L dependency=/opt/rustwide/target/debug/build/uuid/49f97c0c3b61378a/out -L dependency=/opt/rustwide/target/debug/build/want/7a6260b9c50f1479/out -L dependency=/opt/rustwide/target/debug/build/web-time/e902e3c80b588a6f/out -L dependency=/opt/rustwide/target/debug/build/writeable/36514dcf36d12676/out -L dependency=/opt/rustwide/target/debug/build/yoke-derive/8f9f2294838e0b20/out -L dependency=/opt/rustwide/target/debug/build/yoke/7005b9abfd1543dc/out -L dependency=/opt/rustwide/target/debug/build/zerofrom-derive/3062a61c8005e0f8/out -L dependency=/opt/rustwide/target/debug/build/zerofrom/9a7a1c35a45876b9/out -L dependency=/opt/rustwide/target/debug/build/zeroize/37b2a6e0a2742c6a/out -L dependency=/opt/rustwide/target/debug/build/zerotrie/85d8ff817df4fb0d/out -L dependency=/opt/rustwide/target/debug/build/zerovec-derive/eb75027f3c45c272/out -L dependency=/opt/rustwide/target/debug/build/zerovec/27a92a25b9c524c3/out -L dependency=/opt/rustwide/target/debug/build/zmij/2ca2f302097868c6/out --extern async_trait=/opt/rustwide/target/debug/build/async-trait/50ba87871cfc8a53/out/libasync_trait-50ba87871cfc8a53.so --extern base64=/opt/rustwide/target/debug/build/base64/32787b0325ea6df8/out/libbase64-32787b0325ea6df8.rlib --extern futures=/opt/rustwide/target/debug/build/futures/e66c3eda828c17b9/out/libfutures-e66c3eda828c17b9.rlib --extern hmac=/opt/rustwide/target/debug/build/hmac/251982c85cdc3053/out/libhmac-251982c85cdc3053.rlib --extern reqwest_eventsource=/opt/rustwide/target/debug/build/kameleoon-reqwest-eventsource/53045828054098cf/out/libreqwest_eventsource-53045828054098cf.rlib --extern rand=/opt/rustwide/target/debug/build/rand/228efecb1c8c81dc/out/librand-228efecb1c8c81dc.rlib --extern reqwest=/opt/rustwide/target/debug/build/reqwest/4613281ceb60973c/out/libreqwest-4613281ceb60973c.rlib --extern serde=/opt/rustwide/target/debug/build/serde/dd00f2a446fc1379/out/libserde-dd00f2a446fc1379.rlib --extern serde_json=/opt/rustwide/target/debug/build/serde_json/7a51d6f1ff28ecb0/out/libserde_json-7a51d6f1ff28ecb0.rlib --extern sha2=/opt/rustwide/target/debug/build/sha2/00d78e9fe183811f/out/libsha2-00d78e9fe183811f.rlib --extern tempfile=/opt/rustwide/target/debug/build/tempfile/b7f1d2719facc591/out/libtempfile-b7f1d2719facc591.rlib --extern thiserror=/opt/rustwide/target/debug/build/thiserror/104582db36521865/out/libthiserror-104582db36521865.rlib --extern tokio=/opt/rustwide/target/debug/build/tokio/cdc1cd60e64993fe/out/libtokio-cdc1cd60e64993fe.rlib --extern tokio_stream=/opt/rustwide/target/debug/build/tokio-stream/b738a3676bac9a1a/out/libtokio_stream-b738a3676bac9a1a.rlib --extern tokio_util=/opt/rustwide/target/debug/build/tokio-util/acf584bdee923a87/out/libtokio_util-acf584bdee923a87.rlib --extern tracing=/opt/rustwide/target/debug/build/tracing/d7364ec45c7ab78e/out/libtracing-d7364ec45c7ab78e.rlib --extern tracing_subscriber=/opt/rustwide/target/debug/build/tracing-subscriber/47c2bd8e407db58c/out/libtracing_subscriber-47c2bd8e407db58c.rlib --extern uuid=/opt/rustwide/target/debug/build/uuid/49f97c0c3b61378a/out/libuuid-49f97c0c3b61378a.rlib --extern web_time=/opt/rustwide/target/debug/build/web-time/e902e3c80b588a6f/out/libweb_time-e902e3c80b588a6f.rlib --extern wiremock=/opt/rustwide/target/debug/build/wiremock/35cb89912285071a/out/libwiremock-35cb89912285071a.rlib --extern yoagent=/opt/rustwide/target/debug/build/yoagent/7c7a22fb39862552/out/libyoagent-7c7a22fb39862552.rlib --cap-lints=warn --force-warn=unused_crate_dependencies -L native=/opt/rustwide/target/debug/build/aws-lc-sys/34eeb0df025f36db/out` (signal: 9, SIGKILL: kill)
[INFO] [stdout] error: linking with `cc` failed: exit status: 1
[INFO] [stdout]   |
[INFO] [stdout]   = note:  "cc" "-m64" "/opt/rustwide/target/debug/build/yoagent/d1c9acea502c1a81/out/rustck3rkur/symbols.o" "<6 object files omitted>" "-Wl,--as-needed" "-Wl,-Bstatic" "<sysroot>/lib/rustlib/x86_64-unknown-linux-gnu/lib/{libtest-*,libgetopts-*,librustc_std_workspace_std-*}.rlib" "/opt/rustwide/target/debug/build/yoagent/7c7a22fb39862552/out/libyoagent-7c7a22fb39862552.rlib" "/opt/rustwide/target/debug/build/rand/228efecb1c8c81dc/out/librand-228efecb1c8c81dc.rlib" "/opt/rustwide/target/debug/build/getrandom/06678996909582a1/out/libgetrandom-06678996909582a1.rlib" "/opt/rustwide/target/debug/build/chacha20/79781d8b723a97f9/out/libchacha20-79781d8b723a97f9.rlib" "/opt/rustwide/target/debug/build/rand_core/8437d288e8d1265c/out/librand_core-8437d288e8d1265c.rlib" "/opt/rustwide/target/debug/build/thiserror/104582db36521865/out/libthiserror-104582db36521865.rlib" "/opt/rustwide/target/debug/build/web-time/e902e3c80b588a6f/out/libweb_time-e902e3c80b588a6f.rlib" "/opt/rustwide/target/debug/build/sha2/00d78e9fe183811f/out/libsha2-00d78e9fe183811f.rlib" "/opt/rustwide/target/debug/build/cpufeatures/2e8dd38066a76518/out/libcpufeatures-2e8dd38066a76518.rlib" "/opt/rustwide/target/debug/build/hmac/251982c85cdc3053/out/libhmac-251982c85cdc3053.rlib" "/opt/rustwide/target/debug/build/digest/0d7623c5e9e1e238/out/libdigest-0d7623c5e9e1e238.rlib" "/opt/rustwide/target/debug/build/ctutils/cb5e4f8f31b44d49/out/libctutils-cb5e4f8f31b44d49.rlib" "/opt/rustwide/target/debug/build/cmov/427cb834a409c78d/out/libcmov-427cb834a409c78d.rlib" "/opt/rustwide/target/debug/build/crypto-common/0700e0c7e42473ad/out/libcrypto_common-0700e0c7e42473ad.rlib" "/opt/rustwide/target/debug/build/block-buffer/c51ef3ba17219c40/out/libblock_buffer-c51ef3ba17219c40.rlib" "/opt/rustwide/target/debug/build/hybrid-array/36235c981c84acf3/out/libhybrid_array-36235c981c84acf3.rlib" "/opt/rustwide/target/debug/build/typenum/8cba24ab4904c632/out/libtypenum-8cba24ab4904c632.rlib" "/opt/rustwide/target/debug/build/base64/32787b0325ea6df8/out/libbase64-32787b0325ea6df8.rlib" "/opt/rustwide/target/debug/build/kameleoon-reqwest-eventsource/53045828054098cf/out/libreqwest_eventsource-53045828054098cf.rlib" "/opt/rustwide/target/debug/build/futures-timer/ad42fa842b203f01/out/libfutures_timer-ad42fa842b203f01.rlib" "/opt/rustwide/target/debug/build/reqwest/4613281ceb60973c/out/libreqwest-4613281ceb60973c.rlib" "/opt/rustwide/target/debug/build/rustls-platform-verifier/a21d4ba7bd04962b/out/librustls_platform_verifier-a21d4ba7bd04962b.rlib" "/opt/rustwide/target/debug/build/rustls-native-certs/005aff849dc505f4/out/librustls_native_certs-005aff849dc505f4.rlib" "/opt/rustwide/target/debug/build/openssl-probe/6b1b371432012237/out/libopenssl_probe-6b1b371432012237.rlib" "/opt/rustwide/target/debug/build/hyper-rustls/13f275fe4508ba7f/out/libhyper_rustls-13f275fe4508ba7f.rlib" "/opt/rustwide/target/debug/build/tokio-rustls/faac8cf119456e51/out/libtokio_rustls-faac8cf119456e51.rlib" "/opt/rustwide/target/debug/build/rustls/5b65ec3c71393e60/out/librustls-5b65ec3c71393e60.rlib" "/opt/rustwide/target/debug/build/subtle/2ae6a7038b9a0630/out/libsubtle-2ae6a7038b9a0630.rlib" "/opt/rustwide/target/debug/build/rustls-webpki/72232a0ffef4df28/out/libwebpki-72232a0ffef4df28.rlib" "/opt/rustwide/target/debug/build/untrusted/b2f816886faf2178/out/libuntrusted-b2f816886faf2178.rlib" "/opt/rustwide/target/debug/build/aws-lc-rs/4ad9524f0be20aa8/out/libaws_lc_rs-4ad9524f0be20aa8.rlib" "/opt/rustwide/target/debug/build/aws-lc-sys/10bc558d559062fe/out/libaws_lc_sys-10bc558d559062fe.rlib" "/opt/rustwide/target/debug/build/rustls-pki-types/f9d0b31df971a573/out/librustls_pki_types-f9d0b31df971a573.rlib" "/opt/rustwide/target/debug/build/zeroize/37b2a6e0a2742c6a/out/libzeroize-37b2a6e0a2742c6a.rlib" "/opt/rustwide/target/debug/build/mime/0188e0814ca7ddbf/out/libmime-0188e0814ca7ddbf.rlib" "/opt/rustwide/target/debug/build/encoding_rs/2b53891cef5333a1/out/libencoding_rs-2b53891cef5333a1.rlib" "/opt/rustwide/target/debug/build/serde_json/7a51d6f1ff28ecb0/out/libserde_json-7a51d6f1ff28ecb0.rlib" "/opt/rustwide/target/debug/build/zmij/2ca2f302097868c6/out/libzmij-2ca2f302097868c6.rlib" "/opt/rustwide/target/debug/build/tower-http/a240ed3ace3a0b70/out/libtower_http-a240ed3ace3a0b70.rlib" "/opt/rustwide/target/debug/build/bitflags/d493ea957e921aab/out/libbitflags-d493ea957e921aab.rlib" "/opt/rustwide/target/debug/build/tower/f95e88ea35db032d/out/libtower-f95e88ea35db032d.rlib" "/opt/rustwide/target/debug/build/tower-layer/d908dd771b239ecd/out/libtower_layer-d908dd771b239ecd.rlib" "/opt/rustwide/target/debug/build/hyper-util/80b95caf7bf34c77/out/libhyper_util-80b95caf7bf34c77.rlib" "/opt/rustwide/target/debug/build/base64/cd0e3010b971e43f/out/libbase64-cd0e3010b971e43f.rlib" "/opt/rustwide/target/debug/build/ipnet/9dfae905f44e7daa/out/libipnet-9dfae905f44e7daa.rlib" "/opt/rustwide/target/debug/build/tower-service/3fb88d28c2218805/out/libtower_service-3fb88d28c2218805.rlib" "/opt/rustwide/target/debug/build/hyper/b2b4ff5ecbba4b0c/out/libhyper-b2b4ff5ecbba4b0c.rlib" "/opt/rustwide/target/debug/build/want/7a6260b9c50f1479/out/libwant-7a6260b9c50f1479.rlib" "/opt/rustwide/target/debug/build/try-lock/8fa2f6971035be84/out/libtry_lock-8fa2f6971035be84.rlib" "/opt/rustwide/target/debug/build/httparse/8c9b827b8f345444/out/libhttparse-8c9b827b8f345444.rlib" "/opt/rustwide/target/debug/build/h2/0d8610283d6e2e92/out/libh2-0d8610283d6e2e92.rlib" "/opt/rustwide/target/debug/build/indexmap/f8362b905c005e10/out/libindexmap-f8362b905c005e10.rlib" "/opt/rustwide/target/debug/build/equivalent/6a754676e6af62ae/out/libequivalent-6a754676e6af62ae.rlib" "/opt/rustwide/target/debug/build/hashbrown/d7214d631586fd51/out/libhashbrown-d7214d631586fd51.rlib" "/opt/rustwide/target/debug/build/fnv/79e2cbfbe03dcd16/out/libfnv-79e2cbfbe03dcd16.rlib" "/opt/rustwide/target/debug/build/atomic-waker/06950c8c08d2b8fa/out/libatomic_waker-06950c8c08d2b8fa.rlib" "/opt/rustwide/target/debug/build/httpdate/331798cefc82cc7e/out/libhttpdate-331798cefc82cc7e.rlib" "/opt/rustwide/target/debug/build/http-body-util/27952fde1894fa19/out/libhttp_body_util-27952fde1894fa19.rlib" "/opt/rustwide/target/debug/build/http-body/b57535e6079c1f42/out/libhttp_body-b57535e6079c1f42.rlib" "/opt/rustwide/target/debug/build/url/18d2ea3966c8db5d/out/liburl-18d2ea3966c8db5d.rlib" "/opt/rustwide/target/debug/build/idna/8d8bef9bbd1e36b9/out/libidna-8d8bef9bbd1e36b9.rlib" "/opt/rustwide/target/debug/build/idna_adapter/3952fbefa791b908/out/libidna_adapter-3952fbefa791b908.rlib" "/opt/rustwide/target/debug/build/icu_properties/727a11b7f74ad220/out/libicu_properties-727a11b7f74ad220.rlib" "/opt/rustwide/target/debug/build/icu_properties_data/e6cf238fc98dd59d/out/libicu_properties_data-e6cf238fc98dd59d.rlib" "/opt/rustwide/target/debug/build/icu_normalizer/cacecebf93490de4/out/libicu_normalizer-cacecebf93490de4.rlib" "/opt/rustwide/target/debug/build/icu_normalizer_data/8fea05bee0bb4e49/out/libicu_normalizer_data-8fea05bee0bb4e49.rlib" "/opt/rustwide/target/debug/build/icu_collections/5192c4d367717d24/out/libicu_collections-5192c4d367717d24.rlib" "/opt/rustwide/target/debug/build/utf8_iter/51566bbad89f3a68/out/libutf8_iter-51566bbad89f3a68.rlib" "/opt/rustwide/target/debug/build/potential_utf/885aceaf39ee583f/out/libpotential_utf-885aceaf39ee583f.rlib" "/opt/rustwide/target/debug/build/icu_provider/74abaf7b096816f5/out/libicu_provider-74abaf7b096816f5.rlib" "/opt/rustwide/target/debug/build/icu_locale_core/318126dfa1315423/out/libicu_locale_core-318126dfa1315423.rlib" "/opt/rustwide/target/debug/build/tinystr/2ef10827d4228079/out/libtinystr-2ef10827d4228079.rlib" "/opt/rustwide/target/debug/build/litemap/abaddab7afb37065/out/liblitemap-abaddab7afb37065.rlib" "/opt/rustwide/target/debug/build/writeable/36514dcf36d12676/out/libwriteable-36514dcf36d12676.rlib" "/opt/rustwide/target/debug/build/zerovec/27a92a25b9c524c3/out/libzerovec-27a92a25b9c524c3.rlib" "/opt/rustwide/target/debug/build/zerotrie/85d8ff817df4fb0d/out/libzerotrie-85d8ff817df4fb0d.rlib" "/opt/rustwide/target/debug/build/yoke/7005b9abfd1543dc/out/libyoke-7005b9abfd1543dc.rlib" "/opt/rustwide/target/debug/build/stable_deref_trait/63cbf3f3d3f94e56/out/libstable_deref_trait-63cbf3f3d3f94e56.rlib" "/opt/rustwide/target/debug/build/zerofrom/9a7a1c35a45876b9/out/libzerofrom-9a7a1c35a45876b9.rlib" "/opt/rustwide/target/debug/build/form_urlencoded/98cc7da289c29f13/out/libform_urlencoded-98cc7da289c29f13.rlib" "/opt/rustwide/target/debug/build/percent-encoding/fa055ecaa1e57cfa/out/libpercent_encoding-fa055ecaa1e57cfa.rlib" "/opt/rustwide/target/debug/build/http/0cd9be9a4e5a2536/out/libhttp-0cd9be9a4e5a2536.rlib" "/opt/rustwide/target/debug/build/itoa/5de11b3b23bfe572/out/libitoa-5de11b3b23bfe572.rlib" "/opt/rustwide/target/debug/build/sync_wrapper/194362e0d6e4de4b/out/libsync_wrapper-194362e0d6e4de4b.rlib" "/opt/rustwide/target/debug/build/eventsource-stream/c5c87f0c24967d85/out/libeventsource_stream-c5c87f0c24967d85.rlib" "/opt/rustwide/target/debug/build/nom/b614b9e0a8ccc5e5/out/libnom-b614b9e0a8ccc5e5.rlib" "/opt/rustwide/target/debug/build/thiserror/09e765a1ad8d1a87/out/libthiserror-09e765a1ad8d1a87.rlib" "/opt/rustwide/target/debug/build/serde/dd00f2a446fc1379/out/libserde-dd00f2a446fc1379.rlib" "/opt/rustwide/target/debug/build/serde_core/ff96c4ffe6afdb18/out/libserde_core-ff96c4ffe6afdb18.rlib" "/opt/rustwide/target/debug/build/futures/e66c3eda828c17b9/out/libfutures-e66c3eda828c17b9.rlib" "/opt/rustwide/target/debug/build/futures-executor/b61ebcbe69219af7/out/libfutures_executor-b61ebcbe69219af7.rlib" "/opt/rustwide/target/debug/build/futures-util/fbaf16f038a7e462/out/libfutures_util-fbaf16f038a7e462.rlib" "/opt/rustwide/target/debug/build/memchr/a932478bde794617/out/libmemchr-a932478bde794617.rlib" "/opt/rustwide/target/debug/build/futures-io/2de19dd835d0513d/out/libfutures_io-2de19dd835d0513d.rlib" "/opt/rustwide/target/debug/build/slab/0582d648e59ab406/out/libslab-0582d648e59ab406.rlib" "/opt/rustwide/target/debug/build/futures-channel/e55265846f1ca713/out/libfutures_channel-e55265846f1ca713.rlib" "/opt/rustwide/target/debug/build/futures-task/06c0578367ad4cff/out/libfutures_task-06c0578367ad4cff.rlib" "/opt/rustwide/target/debug/build/tracing/d7364ec45c7ab78e/out/libtracing-d7364ec45c7ab78e.rlib" "/opt/rustwide/target/debug/build/tokio-util/acf584bdee923a87/out/libtokio_util-acf584bdee923a87.rlib" "/opt/rustwide/target/debug/build/futures-core/97d9bb84a61d4536/out/libfutures_core-97d9bb84a61d4536.rlib" "/opt/rustwide/target/debug/build/futures-sink/690a515e9c61c93a/out/libfutures_sink-690a515e9c61c93a.rlib" "/opt/rustwide/target/debug/build/tokio/cdc1cd60e64993fe/out/libtokio-cdc1cd60e64993fe.rlib" "/opt/rustwide/target/debug/build/signal-hook-registry/7280729fd8670abe/out/libsignal_hook_registry-7280729fd8670abe.rlib" "/opt/rustwide/target/debug/build/errno/582b622da89ee2b9/out/liberrno-582b622da89ee2b9.rlib" "/opt/rustwide/target/debug/build/socket2/a79c02bcbff6267c/out/libsocket2-a79c02bcbff6267c.rlib" "/opt/rustwide/target/debug/build/bytes/5f66263ae3d5daa8/out/libbytes-5f66263ae3d5daa8.rlib" "/opt/rustwide/target/debug/build/mio/240000fcd7819ef5/out/libmio-240000fcd7819ef5.rlib" "/opt/rustwide/target/debug/build/parking_lot/59e3ba73aa4b62a3/out/libparking_lot-59e3ba73aa4b62a3.rlib" "/opt/rustwide/target/debug/build/parking_lot_core/250afba760d30a8c/out/libparking_lot_core-250afba760d30a8c.rlib" "/opt/rustwide/target/debug/build/libc/baa71fd275b1690a/out/liblibc-baa71fd275b1690a.rlib" "/opt/rustwide/target/debug/build/lock_api/16d46fed645f7bff/out/liblock_api-16d46fed645f7bff.rlib" "/opt/rustwide/target/debug/build/scopeguard/7ec2214574194454/out/libscopeguard-7ec2214574194454.rlib" "/opt/rustwide/target/debug/build/pin-project-lite/0a15d51c77964692/out/libpin_project_lite-0a15d51c77964692.rlib" "/opt/rustwide/target/debug/build/tracing-subscriber/47c2bd8e407db58c/out/libtracing_subscriber-47c2bd8e407db58c.rlib" "/opt/rustwide/target/debug/build/smallvec/cbafbc06cea11242/out/libsmallvec-cbafbc06cea11242.rlib" "/opt/rustwide/target/debug/build/thread_local/22f8c551a4ab044f/out/libthread_local-22f8c551a4ab044f.rlib" "/opt/rustwide/target/debug/build/cfg-if/5addb699396bfe5f/out/libcfg_if-5addb699396bfe5f.rlib" "/opt/rustwide/target/debug/build/nu-ansi-term/745c727bb3e87c52/out/libnu_ansi_term-745c727bb3e87c52.rlib" "/opt/rustwide/target/debug/build/sharded-slab/a0e7f3c0501dc513/out/libsharded_slab-a0e7f3c0501dc513.rlib" "/opt/rustwide/target/debug/build/lazy_static/27442a5ab9db66ae/out/liblazy_static-27442a5ab9db66ae.rlib" "/opt/rustwide/target/debug/build/tracing-log/76507554a4447ed1/out/libtracing_log-76507554a4447ed1.rlib" "/opt/rustwide/target/debug/build/log/431c2e66b4ed7b91/out/liblog-431c2e66b4ed7b91.rlib" "/opt/rustwide/target/debug/build/tracing-core/d26029c784af5925/out/libtracing_core-d26029c784af5925.rlib" "/opt/rustwide/target/debug/build/once_cell/b5bdc597ed9676b3/out/libonce_cell-b5bdc597ed9676b3.rlib" "<sysroot>/lib/rustlib/x86_64-unknown-linux-gnu/lib/{libstd-*,libpanic_unwind-*,libobject-*,libmemchr-*,libaddr2line-*,libgimli-*,libcfg_if-*,librustc_demangle-*,libstd_detect-*,libhashbrown-*,librustc_std_workspace_alloc-*,libminiz_oxide-*,libadler2-*,libunwind-*,liblibc-*,librustc_std_workspace_core-*,liballoc-*,libcore-*,libcompiler_builtins-*}.rlib" "-Wl,-Bdynamic" "-lgcc_s" "-lutil" "-lrt" "-lpthread" "-lm" "-ldl" "-lc" "-L" "/opt/rustwide/target/debug/build/yoagent/d1c9acea502c1a81/out/rustck3rkur/raw-dylibs" "-B<sysroot>/lib/rustlib/x86_64-unknown-linux-gnu/bin/gcc-ld" "-fuse-ld=lld" "-Wl,--eh-frame-hdr" "-Wl,-z,noexecstack" "-L" "/opt/rustwide/target/debug/build/aws-lc-sys/34eeb0df025f36db/out" "-L" "<sysroot>/lib/rustlib/x86_64-unknown-linux-gnu/lib" "-o" "/opt/rustwide/target/debug/build/yoagent/d1c9acea502c1a81/out/price_override_test-d1c9acea502c1a81" "-Wl,--gc-sections" "-pie" "-Wl,-z,relro,-z,now" "-nodefaultlibs"
[INFO] [stdout]   = note: some arguments are omitted. use `--verbose` to show all linker arguments
[INFO] [stdout]   = note: collect2: fatal error: ld terminated with signal 9 [Killed]
[INFO] [stdout]           compilation terminated.
[INFO] [stdout]           
[INFO] [stdout] 
[INFO] [stdout] 
[INFO] [stdout] error: linking with `cc` failed: exit status: 1
[INFO] [stdout]   |
[INFO] [stdout]   = note:  "cc" "-m64" "/opt/rustwide/target/debug/build/yoagent/280737ecf094bbb4/out/rustcQcPpyh/symbols.o" "<4 object files omitted>" "-Wl,--as-needed" "-Wl,-Bstatic" "<sysroot>/lib/rustlib/x86_64-unknown-linux-gnu/lib/{libtest-*,libgetopts-*,librustc_std_workspace_std-*}.rlib" "/opt/rustwide/target/debug/build/yoagent/7c7a22fb39862552/out/libyoagent-7c7a22fb39862552.rlib" "/opt/rustwide/target/debug/build/rand/228efecb1c8c81dc/out/librand-228efecb1c8c81dc.rlib" "/opt/rustwide/target/debug/build/getrandom/06678996909582a1/out/libgetrandom-06678996909582a1.rlib" "/opt/rustwide/target/debug/build/chacha20/79781d8b723a97f9/out/libchacha20-79781d8b723a97f9.rlib" "/opt/rustwide/target/debug/build/rand_core/8437d288e8d1265c/out/librand_core-8437d288e8d1265c.rlib" "/opt/rustwide/target/debug/build/thiserror/104582db36521865/out/libthiserror-104582db36521865.rlib" "/opt/rustwide/target/debug/build/web-time/e902e3c80b588a6f/out/libweb_time-e902e3c80b588a6f.rlib" "/opt/rustwide/target/debug/build/sha2/00d78e9fe183811f/out/libsha2-00d78e9fe183811f.rlib" "/opt/rustwide/target/debug/build/cpufeatures/2e8dd38066a76518/out/libcpufeatures-2e8dd38066a76518.rlib" "/opt/rustwide/target/debug/build/hmac/251982c85cdc3053/out/libhmac-251982c85cdc3053.rlib" "/opt/rustwide/target/debug/build/digest/0d7623c5e9e1e238/out/libdigest-0d7623c5e9e1e238.rlib" "/opt/rustwide/target/debug/build/ctutils/cb5e4f8f31b44d49/out/libctutils-cb5e4f8f31b44d49.rlib" "/opt/rustwide/target/debug/build/cmov/427cb834a409c78d/out/libcmov-427cb834a409c78d.rlib" "/opt/rustwide/target/debug/build/crypto-common/0700e0c7e42473ad/out/libcrypto_common-0700e0c7e42473ad.rlib" "/opt/rustwide/target/debug/build/block-buffer/c51ef3ba17219c40/out/libblock_buffer-c51ef3ba17219c40.rlib" "/opt/rustwide/target/debug/build/hybrid-array/36235c981c84acf3/out/libhybrid_array-36235c981c84acf3.rlib" "/opt/rustwide/target/debug/build/typenum/8cba24ab4904c632/out/libtypenum-8cba24ab4904c632.rlib" "/opt/rustwide/target/debug/build/base64/32787b0325ea6df8/out/libbase64-32787b0325ea6df8.rlib" "/opt/rustwide/target/debug/build/kameleoon-reqwest-eventsource/53045828054098cf/out/libreqwest_eventsource-53045828054098cf.rlib" "/opt/rustwide/target/debug/build/futures-timer/ad42fa842b203f01/out/libfutures_timer-ad42fa842b203f01.rlib" "/opt/rustwide/target/debug/build/reqwest/4613281ceb60973c/out/libreqwest-4613281ceb60973c.rlib" "/opt/rustwide/target/debug/build/rustls-platform-verifier/a21d4ba7bd04962b/out/librustls_platform_verifier-a21d4ba7bd04962b.rlib" "/opt/rustwide/target/debug/build/rustls-native-certs/005aff849dc505f4/out/librustls_native_certs-005aff849dc505f4.rlib" "/opt/rustwide/target/debug/build/openssl-probe/6b1b371432012237/out/libopenssl_probe-6b1b371432012237.rlib" "/opt/rustwide/target/debug/build/hyper-rustls/13f275fe4508ba7f/out/libhyper_rustls-13f275fe4508ba7f.rlib" "/opt/rustwide/target/debug/build/tokio-rustls/faac8cf119456e51/out/libtokio_rustls-faac8cf119456e51.rlib" "/opt/rustwide/target/debug/build/rustls/5b65ec3c71393e60/out/librustls-5b65ec3c71393e60.rlib" "/opt/rustwide/target/debug/build/subtle/2ae6a7038b9a0630/out/libsubtle-2ae6a7038b9a0630.rlib" "/opt/rustwide/target/debug/build/rustls-webpki/72232a0ffef4df28/out/libwebpki-72232a0ffef4df28.rlib" "/opt/rustwide/target/debug/build/untrusted/b2f816886faf2178/out/libuntrusted-b2f816886faf2178.rlib" "/opt/rustwide/target/debug/build/aws-lc-rs/4ad9524f0be20aa8/out/libaws_lc_rs-4ad9524f0be20aa8.rlib" "/opt/rustwide/target/debug/build/aws-lc-sys/10bc558d559062fe/out/libaws_lc_sys-10bc558d559062fe.rlib" "/opt/rustwide/target/debug/build/rustls-pki-types/f9d0b31df971a573/out/librustls_pki_types-f9d0b31df971a573.rlib" "/opt/rustwide/target/debug/build/zeroize/37b2a6e0a2742c6a/out/libzeroize-37b2a6e0a2742c6a.rlib" "/opt/rustwide/target/debug/build/mime/0188e0814ca7ddbf/out/libmime-0188e0814ca7ddbf.rlib" "/opt/rustwide/target/debug/build/encoding_rs/2b53891cef5333a1/out/libencoding_rs-2b53891cef5333a1.rlib" "/opt/rustwide/target/debug/build/serde_json/7a51d6f1ff28ecb0/out/libserde_json-7a51d6f1ff28ecb0.rlib" "/opt/rustwide/target/debug/build/zmij/2ca2f302097868c6/out/libzmij-2ca2f302097868c6.rlib" "/opt/rustwide/target/debug/build/tower-http/a240ed3ace3a0b70/out/libtower_http-a240ed3ace3a0b70.rlib" "/opt/rustwide/target/debug/build/bitflags/d493ea957e921aab/out/libbitflags-d493ea957e921aab.rlib" "/opt/rustwide/target/debug/build/tower/f95e88ea35db032d/out/libtower-f95e88ea35db032d.rlib" "/opt/rustwide/target/debug/build/tower-layer/d908dd771b239ecd/out/libtower_layer-d908dd771b239ecd.rlib" "/opt/rustwide/target/debug/build/hyper-util/80b95caf7bf34c77/out/libhyper_util-80b95caf7bf34c77.rlib" "/opt/rustwide/target/debug/build/base64/cd0e3010b971e43f/out/libbase64-cd0e3010b971e43f.rlib" "/opt/rustwide/target/debug/build/ipnet/9dfae905f44e7daa/out/libipnet-9dfae905f44e7daa.rlib" "/opt/rustwide/target/debug/build/tower-service/3fb88d28c2218805/out/libtower_service-3fb88d28c2218805.rlib" "/opt/rustwide/target/debug/build/hyper/b2b4ff5ecbba4b0c/out/libhyper-b2b4ff5ecbba4b0c.rlib" "/opt/rustwide/target/debug/build/want/7a6260b9c50f1479/out/libwant-7a6260b9c50f1479.rlib" "/opt/rustwide/target/debug/build/try-lock/8fa2f6971035be84/out/libtry_lock-8fa2f6971035be84.rlib" "/opt/rustwide/target/debug/build/httparse/8c9b827b8f345444/out/libhttparse-8c9b827b8f345444.rlib" "/opt/rustwide/target/debug/build/h2/0d8610283d6e2e92/out/libh2-0d8610283d6e2e92.rlib" "/opt/rustwide/target/debug/build/indexmap/f8362b905c005e10/out/libindexmap-f8362b905c005e10.rlib" "/opt/rustwide/target/debug/build/equivalent/6a754676e6af62ae/out/libequivalent-6a754676e6af62ae.rlib" "/opt/rustwide/target/debug/build/hashbrown/d7214d631586fd51/out/libhashbrown-d7214d631586fd51.rlib" "/opt/rustwide/target/debug/build/fnv/79e2cbfbe03dcd16/out/libfnv-79e2cbfbe03dcd16.rlib" "/opt/rustwide/target/debug/build/atomic-waker/06950c8c08d2b8fa/out/libatomic_waker-06950c8c08d2b8fa.rlib" "/opt/rustwide/target/debug/build/httpdate/331798cefc82cc7e/out/libhttpdate-331798cefc82cc7e.rlib" "/opt/rustwide/target/debug/build/http-body-util/27952fde1894fa19/out/libhttp_body_util-27952fde1894fa19.rlib" "/opt/rustwide/target/debug/build/http-body/b57535e6079c1f42/out/libhttp_body-b57535e6079c1f42.rlib" "/opt/rustwide/target/debug/build/url/18d2ea3966c8db5d/out/liburl-18d2ea3966c8db5d.rlib" "/opt/rustwide/target/debug/build/idna/8d8bef9bbd1e36b9/out/libidna-8d8bef9bbd1e36b9.rlib" "/opt/rustwide/target/debug/build/idna_adapter/3952fbefa791b908/out/libidna_adapter-3952fbefa791b908.rlib" "/opt/rustwide/target/debug/build/icu_properties/727a11b7f74ad220/out/libicu_properties-727a11b7f74ad220.rlib" "/opt/rustwide/target/debug/build/icu_properties_data/e6cf238fc98dd59d/out/libicu_properties_data-e6cf238fc98dd59d.rlib" "/opt/rustwide/target/debug/build/icu_normalizer/cacecebf93490de4/out/libicu_normalizer-cacecebf93490de4.rlib" "/opt/rustwide/target/debug/build/icu_normalizer_data/8fea05bee0bb4e49/out/libicu_normalizer_data-8fea05bee0bb4e49.rlib" "/opt/rustwide/target/debug/build/icu_collections/5192c4d367717d24/out/libicu_collections-5192c4d367717d24.rlib" "/opt/rustwide/target/debug/build/utf8_iter/51566bbad89f3a68/out/libutf8_iter-51566bbad89f3a68.rlib" "/opt/rustwide/target/debug/build/potential_utf/885aceaf39ee583f/out/libpotential_utf-885aceaf39ee583f.rlib" "/opt/rustwide/target/debug/build/icu_provider/74abaf7b096816f5/out/libicu_provider-74abaf7b096816f5.rlib" "/opt/rustwide/target/debug/build/icu_locale_core/318126dfa1315423/out/libicu_locale_core-318126dfa1315423.rlib" "/opt/rustwide/target/debug/build/tinystr/2ef10827d4228079/out/libtinystr-2ef10827d4228079.rlib" "/opt/rustwide/target/debug/build/litemap/abaddab7afb37065/out/liblitemap-abaddab7afb37065.rlib" "/opt/rustwide/target/debug/build/writeable/36514dcf36d12676/out/libwriteable-36514dcf36d12676.rlib" "/opt/rustwide/target/debug/build/zerovec/27a92a25b9c524c3/out/libzerovec-27a92a25b9c524c3.rlib" "/opt/rustwide/target/debug/build/zerotrie/85d8ff817df4fb0d/out/libzerotrie-85d8ff817df4fb0d.rlib" "/opt/rustwide/target/debug/build/yoke/7005b9abfd1543dc/out/libyoke-7005b9abfd1543dc.rlib" "/opt/rustwide/target/debug/build/stable_deref_trait/63cbf3f3d3f94e56/out/libstable_deref_trait-63cbf3f3d3f94e56.rlib" "/opt/rustwide/target/debug/build/zerofrom/9a7a1c35a45876b9/out/libzerofrom-9a7a1c35a45876b9.rlib" "/opt/rustwide/target/debug/build/form_urlencoded/98cc7da289c29f13/out/libform_urlencoded-98cc7da289c29f13.rlib" "/opt/rustwide/target/debug/build/percent-encoding/fa055ecaa1e57cfa/out/libpercent_encoding-fa055ecaa1e57cfa.rlib" "/opt/rustwide/target/debug/build/http/0cd9be9a4e5a2536/out/libhttp-0cd9be9a4e5a2536.rlib" "/opt/rustwide/target/debug/build/itoa/5de11b3b23bfe572/out/libitoa-5de11b3b23bfe572.rlib" "/opt/rustwide/target/debug/build/sync_wrapper/194362e0d6e4de4b/out/libsync_wrapper-194362e0d6e4de4b.rlib" "/opt/rustwide/target/debug/build/eventsource-stream/c5c87f0c24967d85/out/libeventsource_stream-c5c87f0c24967d85.rlib" "/opt/rustwide/target/debug/build/nom/b614b9e0a8ccc5e5/out/libnom-b614b9e0a8ccc5e5.rlib" "/opt/rustwide/target/debug/build/thiserror/09e765a1ad8d1a87/out/libthiserror-09e765a1ad8d1a87.rlib" "/opt/rustwide/target/debug/build/serde/dd00f2a446fc1379/out/libserde-dd00f2a446fc1379.rlib" "/opt/rustwide/target/debug/build/serde_core/ff96c4ffe6afdb18/out/libserde_core-ff96c4ffe6afdb18.rlib" "/opt/rustwide/target/debug/build/futures/e66c3eda828c17b9/out/libfutures-e66c3eda828c17b9.rlib" "/opt/rustwide/target/debug/build/futures-executor/b61ebcbe69219af7/out/libfutures_executor-b61ebcbe69219af7.rlib" "/opt/rustwide/target/debug/build/futures-util/fbaf16f038a7e462/out/libfutures_util-fbaf16f038a7e462.rlib" "/opt/rustwide/target/debug/build/memchr/a932478bde794617/out/libmemchr-a932478bde794617.rlib" "/opt/rustwide/target/debug/build/futures-io/2de19dd835d0513d/out/libfutures_io-2de19dd835d0513d.rlib" "/opt/rustwide/target/debug/build/slab/0582d648e59ab406/out/libslab-0582d648e59ab406.rlib" "/opt/rustwide/target/debug/build/futures-channel/e55265846f1ca713/out/libfutures_channel-e55265846f1ca713.rlib" "/opt/rustwide/target/debug/build/futures-task/06c0578367ad4cff/out/libfutures_task-06c0578367ad4cff.rlib" "/opt/rustwide/target/debug/build/tracing-subscriber/47c2bd8e407db58c/out/libtracing_subscriber-47c2bd8e407db58c.rlib" "/opt/rustwide/target/debug/build/thread_local/22f8c551a4ab044f/out/libthread_local-22f8c551a4ab044f.rlib" "/opt/rustwide/target/debug/build/nu-ansi-term/745c727bb3e87c52/out/libnu_ansi_term-745c727bb3e87c52.rlib" "/opt/rustwide/target/debug/build/sharded-slab/a0e7f3c0501dc513/out/libsharded_slab-a0e7f3c0501dc513.rlib" "/opt/rustwide/target/debug/build/lazy_static/27442a5ab9db66ae/out/liblazy_static-27442a5ab9db66ae.rlib" "/opt/rustwide/target/debug/build/tracing-log/76507554a4447ed1/out/libtracing_log-76507554a4447ed1.rlib" "/opt/rustwide/target/debug/build/log/431c2e66b4ed7b91/out/liblog-431c2e66b4ed7b91.rlib" "/opt/rustwide/target/debug/build/tracing/d7364ec45c7ab78e/out/libtracing-d7364ec45c7ab78e.rlib" "/opt/rustwide/target/debug/build/tracing-core/d26029c784af5925/out/libtracing_core-d26029c784af5925.rlib" "/opt/rustwide/target/debug/build/once_cell/b5bdc597ed9676b3/out/libonce_cell-b5bdc597ed9676b3.rlib" "/opt/rustwide/target/debug/build/tokio-util/acf584bdee923a87/out/libtokio_util-acf584bdee923a87.rlib" "/opt/rustwide/target/debug/build/futures-core/97d9bb84a61d4536/out/libfutures_core-97d9bb84a61d4536.rlib" "/opt/rustwide/target/debug/build/futures-sink/690a515e9c61c93a/out/libfutures_sink-690a515e9c61c93a.rlib" "/opt/rustwide/target/debug/build/tokio/cdc1cd60e64993fe/out/libtokio-cdc1cd60e64993fe.rlib" "/opt/rustwide/target/debug/build/signal-hook-registry/7280729fd8670abe/out/libsignal_hook_registry-7280729fd8670abe.rlib" "/opt/rustwide/target/debug/build/errno/582b622da89ee2b9/out/liberrno-582b622da89ee2b9.rlib" "/opt/rustwide/target/debug/build/socket2/a79c02bcbff6267c/out/libsocket2-a79c02bcbff6267c.rlib" "/opt/rustwide/target/debug/build/bytes/5f66263ae3d5daa8/out/libbytes-5f66263ae3d5daa8.rlib" "/opt/rustwide/target/debug/build/mio/240000fcd7819ef5/out/libmio-240000fcd7819ef5.rlib" "/opt/rustwide/target/debug/build/parking_lot/59e3ba73aa4b62a3/out/libparking_lot-59e3ba73aa4b62a3.rlib" "/opt/rustwide/target/debug/build/parking_lot_core/250afba760d30a8c/out/libparking_lot_core-250afba760d30a8c.rlib" "/opt/rustwide/target/debug/build/libc/baa71fd275b1690a/out/liblibc-baa71fd275b1690a.rlib" "/opt/rustwide/target/debug/build/cfg-if/5addb699396bfe5f/out/libcfg_if-5addb699396bfe5f.rlib" "/opt/rustwide/target/debug/build/smallvec/cbafbc06cea11242/out/libsmallvec-cbafbc06cea11242.rlib" "/opt/rustwide/target/debug/build/lock_api/16d46fed645f7bff/out/liblock_api-16d46fed645f7bff.rlib" "/opt/rustwide/target/debug/build/scopeguard/7ec2214574194454/out/libscopeguard-7ec2214574194454.rlib" "/opt/rustwide/target/debug/build/pin-project-lite/0a15d51c77964692/out/libpin_project_lite-0a15d51c77964692.rlib" "<sysroot>/lib/rustlib/x86_64-unknown-linux-gnu/lib/{libstd-*,libpanic_unwind-*,libobject-*,libmemchr-*,libaddr2line-*,libgimli-*,libcfg_if-*,librustc_demangle-*,libstd_detect-*,libhashbrown-*,librustc_std_workspace_alloc-*,libminiz_oxide-*,libadler2-*,libunwind-*,liblibc-*,librustc_std_workspace_core-*,liballoc-*,libcore-*,libcompiler_builtins-*}.rlib" "-Wl,-Bdynamic" "-lgcc_s" "-lutil" "-lrt" "-lpthread" "-lm" "-ldl" "-lc" "-L" "/opt/rustwide/target/debug/build/yoagent/280737ecf094bbb4/out/rustcQcPpyh/raw-dylibs" "-B<sysroot>/lib/rustlib/x86_64-unknown-linux-gnu/bin/gcc-ld" "-fuse-ld=lld" "-Wl,--eh-frame-hdr" "-Wl,-z,noexecstack" "-L" "/opt/rustwide/target/debug/build/aws-lc-sys/34eeb0df025f36db/out" "-L" "<sysroot>/lib/rustlib/x86_64-unknown-linux-gnu/lib" "-o" "/opt/rustwide/target/debug/build/yoagent/280737ecf094bbb4/out/telemetry_test-280737ecf094bbb4" "-Wl,--gc-sections" "-pie" "-Wl,-z,relro,-z,now" "-nodefaultlibs"
[INFO] [stdout]   = note: some arguments are omitted. use `--verbose` to show all linker arguments
[INFO] [stdout]   = note: collect2: fatal error: ld terminated with signal 9 [Killed]
[INFO] [stdout]           compilation terminated.
[INFO] [stdout]           
[INFO] [stdout] 
[INFO] [stdout] 
[INFO] [stderr] error: could not compile `yoagent` (test "telemetry_test") due to 1 previous error
[INFO] [stderr] error: could not compile `yoagent` (test "price_override_test") due to 1 previous error
[INFO] [stderr] warning: unused dependency `tokio-stream`
[INFO] [stderr]   --> Cargo.toml:52:15
[INFO] [stderr]    |
[INFO] [stderr] 52 | [dependencies.tokio-stream]
[INFO] [stderr]    |               ^^^^^^^^^^^^^
[INFO] [stderr]    |
[INFO] [stderr]    = note: `cargo::unused_dependencies` is set to `warn` by default
[INFO] [stderr] help: consider removing the dependency on `tokio-stream`
[INFO] [stderr] warning: unused dependency `uuid`
[INFO] [stderr]   --> Cargo.toml:61:15
[INFO] [stderr]    |
[INFO] [stderr] 61 | [dependencies.uuid]
[INFO] [stderr]    |               ^^^^^
[INFO] [stderr]    |
[INFO] [stderr] help: consider removing the dependency on `uuid`
[INFO] [stderr] warning: `yoagent` (manifest) generated 2 warnings
[INFO] running `Command { std: "docker" "inspect" "e3752541538bccabdbc6297cd0e754f83b9b5fbb4160057735a3319355b4df13", kill_on_drop: false }`
[INFO] running `Command { std: "docker" "rm" "-f" "e3752541538bccabdbc6297cd0e754f83b9b5fbb4160057735a3319355b4df13", kill_on_drop: false }`
[INFO] [stdout] e3752541538bccabdbc6297cd0e754f83b9b5fbb4160057735a3319355b4df13
