[INFO] fetching crate rvd 0.2.7...
[INFO] testing rvd-0.2.7 against 1.99.0-beta.8 for beta-1.100-3
[INFO] extracting crate rvd 0.2.7 into /workspace/builds/worker-6-tc1/source
[INFO] started tweaking crates.io crate rvd 0.2.7
[INFO] removed 0 missing tests
[INFO] finished tweaking crates.io crate rvd 0.2.7
[INFO] tweaked toml for crates.io crate rvd 0.2.7 written to /workspace/builds/worker-6-tc1/source/Cargo.toml
[INFO] validating manifest of crates.io crate rvd 0.2.7 on toolchain 1.99.0-beta.8
[INFO] running `Command { std: CARGO_HOME="/workspace/cargo-home" RUSTUP_HOME="/workspace/rustup-home" "/workspace/cargo-home/bin/cargo" "+1.99.0-beta.8" "metadata" "--manifest-path" "Cargo.toml" "--no-deps", kill_on_drop: false }`
[INFO] crate crates.io crate rvd 0.2.7 already has a lockfile, it will not be regenerated
[INFO] running `Command { std: CARGO_HOME="/workspace/cargo-home" RUSTUP_HOME="/workspace/rustup-home" "/workspace/cargo-home/bin/cargo" "+1.99.0-beta.8" "fetch" "--manifest-path" "Cargo.toml", kill_on_drop: false }`
[INFO] [stderr]     Updating crates.io index
[INFO] [stderr]  Downloading crates ...
[INFO] [stderr]   Downloaded cookie_store v0.20.0
[INFO] [stderr]   Downloaded wasm-streams v0.4.2
[INFO] [stderr]   Downloaded wasm-bindgen-futures v0.4.55
[INFO] [stderr]   Downloaded publicsuffix v2.3.0
[INFO] [stderr]   Downloaded simd_helpers v0.1.0
[INFO] [stderr]   Downloaded noop_proc_macro v0.3.0
[INFO] [stderr]   Downloaded cc v1.2.43
[INFO] [stderr]   Downloaded avif-serialize v0.8.6
[INFO] [stderr]   Downloaded psl-types v2.0.11
[INFO] [stderr]   Downloaded bitstream-io v2.6.0
[INFO] [stderr]   Downloaded qrcode v0.14.1
[INFO] [stderr]   Downloaded shell-words v1.1.0
[INFO] [stderr]   Downloaded fax_derive v0.2.0
[INFO] [stderr]   Downloaded loop9 v0.1.5
[INFO] [stderr]   Downloaded colored v3.0.0
[INFO] [stderr]   Downloaded target-lexicon v0.12.16
[INFO] [stderr]   Downloaded cookie v0.17.0
[INFO] [stderr]   Downloaded system-deps v6.2.2
[INFO] [stderr]   Downloaded weezl v0.1.10
[INFO] [stderr]   Downloaded aligned-vec v0.6.4
[INFO] [stderr]   Downloaded interpolate_name v0.2.4
[INFO] [stderr]   Downloaded anstyle-wincon v3.0.10
[INFO] [stderr]   Downloaded profiling-procmacros v1.0.17
[INFO] [stderr]   Downloaded quick-error v2.0.1
[INFO] [stderr]   Downloaded fax v0.2.6
[INFO] [stderr]   Downloaded equator v0.4.2
[INFO] [stderr]   Downloaded equator-macro v0.4.2
[INFO] [stderr]   Downloaded profiling v1.0.17
[INFO] [stderr]   Downloaded lebe v0.5.3
[INFO] [stderr]   Downloaded anstyle-query v1.1.4
[INFO] [stderr]   Downloaded v_frame v0.3.9
[INFO] [stderr]   Downloaded maybe-rayon v0.1.1
[INFO] [stderr]   Downloaded libfuzzer-sys v0.4.10
[INFO] [stderr]   Downloaded built v0.7.7
[INFO] [stderr]   Downloaded arg_enum_proc_macro v0.3.4
[INFO] [stderr]   Downloaded image-webp v0.2.4
[INFO] [stderr]   Downloaded bit_field v0.10.3
[INFO] [stderr]   Downloaded dialoguer v0.11.0
[INFO] [stderr]   Downloaded clap_lex v0.7.6
[INFO] [stderr]   Downloaded rgb v0.8.52
[INFO] [stderr]   Downloaded ravif v0.11.20
[INFO] [stderr]   Downloaded version-compare v0.2.0
[INFO] [stderr]   Downloaded av1-grain v0.2.5
[INFO] [stderr]   Downloaded num-rational v0.4.2
[INFO] [stderr]   Downloaded gif v0.13.3
[INFO] [stderr]   Downloaded mockito v1.7.0
[INFO] [stderr]   Downloaded cfg-expr v0.15.8
[INFO] [stderr]   Downloaded similar v2.7.0
[INFO] [stderr]   Downloaded clap v4.5.51
[INFO] [stderr]   Downloaded imgref v1.12.0
[INFO] [stderr]   Downloaded zune-jpeg v0.4.21
[INFO] [stderr]   Downloaded flate2 v1.1.5
[INFO] [stderr]   Downloaded png v0.18.0
[INFO] [stderr]   Downloaded clap_builder v4.5.51
[INFO] [stderr]   Downloaded exr v1.73.0
[INFO] [stderr]   Downloaded quick-xml v0.31.0
[INFO] [stderr]   Downloaded moxcms v0.7.9
[INFO] [stderr]   Downloaded image v0.25.8
[INFO] [stderr]   Downloaded pxfm v0.1.25
[INFO] [stderr]   Downloaded rav1e v0.7.1
[INFO] [stderr]   Downloaded tiff v0.10.3
[INFO] running `Command { std: "docker" "create" "-v" "/var/lib/crater-agent-workspace/builds/worker-6-tc1/source:/opt/rustwide/workdir:ro,Z" "-v" "/var/lib/crater-agent-workspace/builds/worker-6-tc1/target:/opt/rustwide/target:rw,Z" "-v" "/var/lib/crater-agent-workspace/cargo-home:/opt/rustwide/cargo-home:ro,Z" "-v" "/var/lib/crater-agent-workspace/rustup-home:/opt/rustwide/rustup-home:ro,Z" "-m" "1610612736" "--network" "none" "ghcr.io/rust-lang/crates-build-env/linux@sha256:77db811e55d90add9212f6832c23229e3de5f1c1f9905e8cb07319ea15df73ac" "sleep" "infinity", kill_on_drop: false }`
[INFO] [stdout] ab34a834ced20c5275298ce6b52f5afa424083e54f576737370e1c31c2849588
[INFO] running `Command { std: "docker" "start" "ab34a834ced20c5275298ce6b52f5afa424083e54f576737370e1c31c2849588", kill_on_drop: false }`
[INFO] running `Command { std: "docker" "inspect" "ab34a834ced20c5275298ce6b52f5afa424083e54f576737370e1c31c2849588", kill_on_drop: false }`
[INFO] running `Command { std: "docker" "exec" "-e" "SOURCE_DIR=/opt/rustwide/workdir" "-e" "CARGO_HOME=/opt/rustwide/cargo-home" "-e" "RUSTUP_HOME=/opt/rustwide/rustup-home" "-e" "CARGO_TARGET_DIR=/opt/rustwide/target" "-w" "/opt/rustwide/workdir" "--user" "0:0" "ab34a834ced20c5275298ce6b52f5afa424083e54f576737370e1c31c2849588" "/opt/rustwide/cargo-home/bin/cargo" "+1.99.0-beta.8" "metadata" "--no-deps" "--format-version=1", kill_on_drop: false }`
[INFO] running `Command { std: "docker" "inspect" "ab34a834ced20c5275298ce6b52f5afa424083e54f576737370e1c31c2849588", kill_on_drop: false }`
[INFO] running `Command { std: "docker" "exec" "-e" "SOURCE_DIR=/opt/rustwide/workdir" "-e" "CARGO_HOME=/opt/rustwide/cargo-home" "-e" "RUSTUP_HOME=/opt/rustwide/rustup-home" "-e" "CARGO_TARGET_DIR=/opt/rustwide/target" "-e" "CARGO_INCREMENTAL=0" "-e" "RUST_BACKTRACE=full" "-e" "RUSTFLAGS=--cap-lints=warn" "-e" "RUSTDOCFLAGS=--cap-lints=warn" "-w" "/opt/rustwide/workdir" "--user" "0:0" "ab34a834ced20c5275298ce6b52f5afa424083e54f576737370e1c31c2849588" "/opt/rustwide/cargo-home/bin/cargo" "+1.99.0-beta.8" "build" "--frozen" "--message-format=json", kill_on_drop: false }`
[INFO] [stderr]    Compiling proc-macro2 v1.0.103
[INFO] [stderr]    Compiling unicode-ident v1.0.20
[INFO] [stderr]    Compiling quote v1.0.41
[INFO] [stderr]    Compiling libc v0.2.177
[INFO] [stderr]    Compiling cfg-if v1.0.4
[INFO] [stderr]    Compiling memchr v2.7.6
[INFO] [stderr]    Compiling smallvec v1.15.1
[INFO] [stderr]    Compiling once_cell v1.21.3
[INFO] [stderr]    Compiling stable_deref_trait v1.2.1
[INFO] [stderr]    Compiling autocfg v1.5.0
[INFO] [stderr]    Compiling pin-project-lite v0.2.16
[INFO] [stderr]    Compiling crossbeam-utils v0.8.21
[INFO] [stderr]    Compiling serde_core v1.0.228
[INFO] [stderr]    Compiling log v0.4.28
[INFO] [stderr]    Compiling shlex v1.3.0
[INFO] [stderr]    Compiling itoa v1.0.15
[INFO] [stderr]    Compiling find-msvc-tools v0.1.4
[INFO] [stderr]    Compiling writeable v0.6.2
[INFO] [stderr]    Compiling parking_lot_core v0.9.12
[INFO] [stderr]    Compiling litemap v0.8.1
[INFO] [stderr]    Compiling serde v1.0.228
[INFO] [stderr]    Compiling futures-core v0.3.31
[INFO] [stderr]    Compiling bytes v1.10.1
[INFO] [stderr]    Compiling futures-sink v0.3.31
[INFO] [stderr]    Compiling simd-adler32 v0.3.7
[INFO] [stderr]    Compiling cc v1.2.43
[INFO] [stderr]    Compiling rayon-core v1.13.0
[INFO] [stderr]    Compiling icu_normalizer_data v2.1.1
[INFO] [stderr]    Compiling icu_properties_data v2.1.1
[INFO] [stderr]    Compiling num-traits v0.2.19
[INFO] [stderr]    Compiling lock_api v0.4.14
[INFO] [stderr]    Compiling futures-channel v0.3.31
[INFO] [stderr]    Compiling tracing-core v0.1.34
[INFO] [stderr]    Compiling adler2 v2.0.1
[INFO] [stderr]    Compiling hashbrown v0.16.0
[INFO] [stderr]    Compiling thiserror v1.0.69
[INFO] [stderr]    Compiling slab v0.4.11
[INFO] [stderr]    Compiling futures-task v0.3.31
[INFO] [stderr]    Compiling crc32fast v1.5.0
[INFO] [stderr]    Compiling either v1.15.0
[INFO] [stderr]    Compiling equivalent v1.0.2
[INFO] [stderr]    Compiling anyhow v1.0.100
[INFO] [stderr]    Compiling futures-io v0.3.31
[INFO] [stderr]    Compiling zerocopy v0.8.27
[INFO] [stderr]    Compiling miniz_oxide v0.8.9
[INFO] [stderr]    Compiling percent-encoding v2.3.2
[INFO] [stderr]    Compiling paste v1.0.15
[INFO] [stderr]    Compiling bitflags v2.10.0
[INFO] [stderr]    Compiling arrayvec v0.7.6
[INFO] [stderr]    Compiling built v0.7.7
[INFO] [stderr]    Compiling crossbeam-epoch v0.9.18
[INFO] [stderr]    Compiling http v0.2.12
[INFO] [stderr]    Compiling nom v8.0.0
[INFO] [stderr]    Compiling num-conv v0.1.0
[INFO] [stderr]    Compiling syn v2.0.108
[INFO] [stderr]    Compiling crossbeam-deque v0.8.6
[INFO] [stderr]    Compiling rav1e v0.7.1
[INFO] [stderr]    Compiling utf8_iter v1.0.4
[INFO] [stderr]    Compiling quick-error v2.0.1
[INFO] [stderr]    Compiling indexmap v2.12.0
[INFO] [stderr]    Compiling time-core v0.1.6
[INFO] [stderr]    Compiling powerfmt v0.2.0
[INFO] [stderr]    Compiling version_check v0.9.5
[INFO] [stderr]    Compiling rustls v0.21.12
[INFO] [stderr]    Compiling httparse v1.10.1
[INFO] [stderr]    Compiling time-macros v0.2.24
[INFO] [stderr]    Compiling num-integer v0.1.46
[INFO] [stderr]    Compiling deranged v0.5.5
[INFO] [stderr]    Compiling mio v1.1.0
[INFO] [stderr]    Compiling socket2 v0.6.1
[INFO] [stderr]    Compiling signal-hook-registry v1.4.6
[INFO] [stderr]    Compiling getrandom v0.2.16
[INFO] [stderr]    Compiling parking_lot v0.12.5
[INFO] [stderr]    Compiling num-bigint v0.4.6
[INFO] [stderr]    Compiling cookie v0.17.0
[INFO] [stderr]    Compiling tinyvec v1.10.0
[INFO] [stderr]    Compiling flate2 v1.1.5
[INFO] [stderr]    Compiling simd_helpers v0.1.0
[INFO] [stderr]    Compiling rayon v1.11.0
[INFO] [stderr]    Compiling itertools v0.12.1
[INFO] [stderr]    Compiling aho-corasick v1.1.4
[INFO] [stderr]    Compiling ring v0.17.14
[INFO] [stderr]    Compiling form_urlencoded v1.2.2
[INFO] [stderr]    Compiling zune-core v0.4.12
[INFO] [stderr]    Compiling new_debug_unreachable v1.0.6
[INFO] [stderr]    Compiling imgref v1.12.0
[INFO] [stderr]    Compiling noop_proc_macro v0.3.0
[INFO] [stderr]    Compiling rustix v1.1.2
[INFO] [stderr]    Compiling ryu v1.0.20
[INFO] [stderr]    Compiling regex-syntax v0.8.8
[INFO] [stderr]    Compiling try-lock v0.2.5
[INFO] [stderr]    Compiling bitstream-io v2.6.0
[INFO] [stderr]    Compiling serde_json v1.0.145
[INFO] [stderr]    Compiling getrandom v0.3.4
[INFO] [stderr]    Compiling weezl v0.1.10
[INFO] [stderr]    Compiling utf8parse v0.2.2
[INFO] [stderr]    Compiling zune-jpeg v0.4.21
[INFO] [stderr]    Compiling anstyle-parse v0.2.7
[INFO] [stderr]    Compiling want v0.3.1
[INFO] [stderr]    Compiling loop9 v0.1.5
[INFO] [stderr]    Compiling unicode-normalization v0.1.24
[INFO] [stderr]    Compiling http-body v0.4.6
[INFO] [stderr]    Compiling socket2 v0.5.10
[INFO] [stderr]    Compiling num-rational v0.4.2
[INFO] [stderr]    Compiling pxfm v0.1.25
[INFO] [stderr]    Compiling avif-serialize v0.8.6
[INFO] [stderr]    Compiling fdeflate v0.3.7
[INFO] [stderr]    Compiling time v0.3.44
[INFO] [stderr]    Compiling zune-inflate v0.2.54
[INFO] [stderr]    Compiling bytemuck v1.24.0
[INFO] [stderr]    Compiling lebe v0.5.3
[INFO] [stderr]    Compiling is_terminal_polyfill v1.70.2
[INFO] [stderr]    Compiling anstyle v1.0.13
[INFO] [stderr]    Compiling colorchoice v1.0.4
[INFO] [stderr]    Compiling color_quant v1.1.0
[INFO] [stderr]    Compiling rgb v0.8.52
[INFO] [stderr]    Compiling tower-service v0.3.3
[INFO] [stderr]    Compiling unicode-width v0.2.2
[INFO] [stderr]    Compiling anstyle-query v1.1.4
[INFO] [stderr]    Compiling bit_field v0.10.3
[INFO] [stderr]    Compiling unicode-bidi v0.3.18
[INFO] [stderr]    Compiling psl-types v2.0.11
[INFO] [stderr]    Compiling byteorder-lite v0.1.0
[INFO] [stderr]    Compiling portable-atomic v1.11.1
[INFO] [stderr]    Compiling linux-raw-sys v0.11.0
[INFO] [stderr]    Compiling anstream v0.6.21
[INFO] [stderr]    Compiling console v0.15.11
[INFO] [stderr]    Compiling qoi v0.4.1
[INFO] [stderr]    Compiling image-webp v0.2.4
[INFO] [stderr]    Compiling gif v0.13.3
[INFO] [stderr]    Compiling idna v0.3.0
[INFO] [stderr]    Compiling png v0.18.0
[INFO] [stderr]    Compiling regex-automata v0.4.13
[INFO] [stderr]    Compiling maybe-rayon v0.1.1
[INFO] [stderr]    Compiling fastrand v2.3.0
[INFO] [stderr]    Compiling strsim v0.11.1
[INFO] [stderr]    Compiling winnow v0.7.13
[INFO] [stderr]    Compiling heck v0.5.0
[INFO] [stderr]    Compiling toml_write v0.1.2
[INFO] [stderr]    Compiling lazy_static v1.5.0
[INFO] [stderr]    Compiling clap_lex v0.7.6
[INFO] [stderr]    Compiling option-ext v0.2.0
[INFO] [stderr]    Compiling dirs-sys v0.4.1
[INFO] [stderr]    Compiling sharded-slab v0.1.7
[INFO] [stderr]    Compiling clap_builder v4.5.51
[INFO] [stderr]    Compiling tracing-log v0.2.0
[INFO] [stderr]    Compiling encoding_rs v0.8.35
[INFO] [stderr]    Compiling thread_local v1.1.9
[INFO] [stderr]    Compiling zeroize v1.8.2
[INFO] [stderr]    Compiling number_prefix v0.4.0
[INFO] [stderr]    Compiling shell-words v1.1.0
[INFO] [stderr]    Compiling moxcms v0.7.9
[INFO] [stderr]    Compiling nu-ansi-term v0.50.3
[INFO] [stderr]    Compiling ipnet v2.11.0
[INFO] [stderr]    Compiling indicatif v0.17.11
[INFO] [stderr]    Compiling dirs v5.0.1
[INFO] [stderr]    Compiling quick-xml v0.31.0
[INFO] [stderr]    Compiling md5 v0.7.0
[INFO] [stderr]    Compiling tempfile v3.23.0
[INFO] [stderr]    Compiling sct v0.7.1
[INFO] [stderr]    Compiling rustls-webpki v0.101.7
[INFO] [stderr]    Compiling synstructure v0.13.2
[INFO] [stderr]    Compiling zerovec-derive v0.11.2
[INFO] [stderr]    Compiling displaydoc v0.2.5
[INFO] [stderr]    Compiling serde_derive v1.0.228
[INFO] [stderr]    Compiling equator-macro v0.4.2
[INFO] [stderr]    Compiling tokio-macros v2.6.0
[INFO] [stderr]    Compiling futures-macro v0.3.31
[INFO] [stderr]    Compiling tracing-attributes v0.1.30
[INFO] [stderr]    Compiling zerocopy-derive v0.8.27
[INFO] [stderr]    Compiling thiserror-impl v1.0.69
[INFO] [stderr]    Compiling profiling-procmacros v1.0.17
[INFO] [stderr]    Compiling arg_enum_proc_macro v0.3.4
[INFO] [stderr]    Compiling zerofrom-derive v0.1.6
[INFO] [stderr]    Compiling yoke-derive v0.8.1
[INFO] [stderr]    Compiling profiling v1.0.17
[INFO] [stderr]    Compiling num-derive v0.4.2
[INFO] [stderr]    Compiling equator v0.4.2
[INFO] [stderr]    Compiling fax_derive v0.2.0
[INFO] [stderr]    Compiling tokio v1.48.0
[INFO] [stderr]    Compiling futures-util v0.3.31
[INFO] [stderr]    Compiling aligned-vec v0.6.4
[INFO] [stderr]    Compiling clap_derive v4.5.49
[INFO] [stderr]    Compiling v_frame v0.3.9
[INFO] [stderr]    Compiling fax v0.2.6
[INFO] [stderr]    Compiling av1-grain v0.2.5
[INFO] [stderr]    Compiling matchers v0.2.0
[INFO] [stderr]    Compiling dialoguer v0.11.0
[INFO] [stderr]    Compiling zerofrom v0.1.6
[INFO] [stderr]    Compiling regex v1.12.2
[INFO] [stderr]    Compiling yoke v0.8.1
[INFO] [stderr]    Compiling async-trait v0.1.89
[INFO] [stderr]    Compiling zerovec v0.11.5
[INFO] [stderr]    Compiling zerotrie v0.2.3
[INFO] [stderr]    Compiling tracing v0.1.41
[INFO] [stderr]    Compiling tracing-subscriber v0.3.20
[INFO] [stderr]    Compiling tinystr v0.8.2
[INFO] [stderr]    Compiling potential_utf v0.1.4
[INFO] [stderr]    Compiling icu_collections v2.1.1
[INFO] [stderr]    Compiling icu_locale_core v2.1.1
[INFO] [stderr]    Compiling clap v4.5.51
[INFO] [stderr]    Compiling icu_provider v2.1.1
[INFO] [stderr]    Compiling icu_properties v2.1.1
[INFO] [stderr]    Compiling icu_normalizer v2.1.1
[INFO] [stderr]    Compiling toml_datetime v0.6.11
[INFO] [stderr]    Compiling serde_spanned v0.6.9
[INFO] [stderr]    Compiling serde_urlencoded v0.7.1
[INFO] [stderr]    Compiling toml_edit v0.22.27
[INFO] [stderr]    Compiling half v2.7.1
[INFO] [stderr]    Compiling futures-executor v0.3.31
[INFO] [stderr]    Compiling futures v0.3.31
[INFO] [stderr]    Compiling exr v1.73.0
[INFO] [stderr]    Compiling tiff v0.10.3
[INFO] [stderr]    Compiling idna_adapter v1.2.1
[INFO] [stderr]    Compiling idna v1.1.0
[INFO] [stderr]    Compiling publicsuffix v2.3.0
[INFO] [stderr]    Compiling url v2.5.7
[INFO] [stderr]    Compiling cookie_store v0.20.0
[INFO] [stderr]    Compiling tokio-util v0.7.16
[INFO] [stderr]    Compiling tokio-rustls v0.24.1
[INFO] [stderr]    Compiling toml v0.8.23
[INFO] [stderr]    Compiling ravif v0.11.20
[INFO] [stderr]    Compiling h2 v0.3.27
[INFO] [stderr]    Compiling image v0.25.8
[INFO] [stderr]    Compiling hyper v0.14.32
[INFO] [stderr]    Compiling qrcode v0.14.1
[INFO] [stderr]    Compiling hyper-rustls v0.24.2
[INFO] [stderr]    Compiling reqwest v0.11.27
[INFO] [stderr]    Compiling rvd v0.2.7 (/opt/rustwide/workdir)
[INFO] [stderr]     Finished `dev` profile [unoptimized + debuginfo] target(s) in 2m 19s
[INFO] running `Command { std: "docker" "inspect" "ab34a834ced20c5275298ce6b52f5afa424083e54f576737370e1c31c2849588", kill_on_drop: false }`
[INFO] running `Command { std: "docker" "exec" "-e" "SOURCE_DIR=/opt/rustwide/workdir" "-e" "CARGO_HOME=/opt/rustwide/cargo-home" "-e" "RUSTUP_HOME=/opt/rustwide/rustup-home" "-e" "CARGO_TARGET_DIR=/opt/rustwide/target" "-e" "CARGO_INCREMENTAL=0" "-e" "RUST_BACKTRACE=full" "-e" "RUSTFLAGS=--cap-lints=warn" "-e" "RUSTDOCFLAGS=--cap-lints=warn" "-w" "/opt/rustwide/workdir" "--user" "0:0" "ab34a834ced20c5275298ce6b52f5afa424083e54f576737370e1c31c2849588" "/opt/rustwide/cargo-home/bin/cargo" "+1.99.0-beta.8" "test" "--frozen" "--no-run" "--message-format=json", kill_on_drop: false }`
[INFO] [stderr]    Compiling smallvec v1.15.1
[INFO] [stderr]    Compiling getrandom v0.3.4
[INFO] [stderr]    Compiling http v1.3.1
[INFO] [stderr]    Compiling atomic-waker v1.1.2
[INFO] [stderr]    Compiling ppv-lite86 v0.2.21
[INFO] [stderr]    Compiling assert-json-diff v2.0.2
[INFO] [stderr]    Compiling colored v3.0.0
[INFO] [stderr]    Compiling similar v2.7.0
[INFO] [stderr]    Compiling parking_lot_core v0.9.12
[INFO] [stderr]    Compiling icu_normalizer v2.1.1
[INFO] [stderr]    Compiling exr v1.73.0
[INFO] [stderr]    Compiling tracing-subscriber v0.3.20
[INFO] [stderr]    Compiling parking_lot v0.12.5
[INFO] [stderr]    Compiling rand_core v0.9.3
[INFO] [stderr]    Compiling tempfile v3.23.0
[INFO] [stderr]    Compiling tokio v1.48.0
[INFO] [stderr]    Compiling rand_chacha v0.9.0
[INFO] [stderr]    Compiling idna_adapter v1.2.1
[INFO] [stderr]    Compiling idna v1.1.0
[INFO] [stderr]    Compiling rand v0.9.2
[INFO] [stderr]    Compiling http-body v1.0.1
[INFO] [stderr]    Compiling dialoguer v0.11.0
[INFO] [stderr]    Compiling http-body-util v0.1.3
[INFO] [stderr]    Compiling url v2.5.7
[INFO] [stderr]    Compiling publicsuffix v2.3.0
[INFO] [stderr]    Compiling cookie_store v0.20.0
[INFO] [stderr]    Compiling image v0.25.8
[INFO] [stderr]    Compiling tokio-util v0.7.16
[INFO] [stderr]    Compiling tokio-rustls v0.24.1
[INFO] [stderr]    Compiling h2 v0.3.27
[INFO] [stderr]    Compiling h2 v0.4.12
[INFO] [stderr]    Compiling qrcode v0.14.1
[INFO] [stderr]    Compiling hyper v0.14.32
[INFO] [stderr]    Compiling hyper v1.7.0
[INFO] [stderr]    Compiling hyper-util v0.1.17
[INFO] [stderr]    Compiling mockito v1.7.0
[INFO] [stderr]    Compiling hyper-rustls v0.24.2
[INFO] [stderr]    Compiling reqwest v0.11.27
[INFO] [stderr]    Compiling rvd v0.2.7 (/opt/rustwide/workdir)
[INFO] [stderr] error: could not compile `rvd` (lib test)
[INFO] [stderr] 
[INFO] [stderr] Caused by:
[INFO] [stderr]   process didn't exit successfully: `/opt/rustwide/rustup-home/toolchains/1.99.0-beta.8-x86_64-unknown-linux-gnu/bin/rustc --crate-name rvd --edition=2021 src/lib.rs --error-format=json --json=diagnostic-rendered-ansi,artifacts,future-incompat --emit=dep-info,link -C embed-bitcode=no -C debuginfo=2 --test --check-cfg 'cfg(docsrs,test)' --check-cfg 'cfg(feature, values())' -C metadata=e4f2638155fefada -C extra-filename=-e8ba9967ce47b036 --out-dir /opt/rustwide/target/debug/deps -L dependency=/opt/rustwide/target/debug/deps --extern anyhow=/opt/rustwide/target/debug/deps/libanyhow-4342eda19ce54c8e.rlib --extern async_trait=/opt/rustwide/target/debug/deps/libasync_trait-f87d38a72e9d9d0c.so --extern clap=/opt/rustwide/target/debug/deps/libclap-5c7a73521f44001d.rlib --extern dialoguer=/opt/rustwide/target/debug/deps/libdialoguer-452030f9c3af4473.rlib --extern dirs=/opt/rustwide/target/debug/deps/libdirs-6f47defb6b4d91b9.rlib --extern flate2=/opt/rustwide/target/debug/deps/libflate2-b69eb7eb3ea3e781.rlib --extern futures=/opt/rustwide/target/debug/deps/libfutures-48ba7edfc9775795.rlib --extern image=/opt/rustwide/target/debug/deps/libimage-000eb8d93db91e0f.rlib --extern indicatif=/opt/rustwide/target/debug/deps/libindicatif-968037f5c3fb6905.rlib --extern md5=/opt/rustwide/target/debug/deps/libmd5-380e091b79bd6e66.rlib --extern mockito=/opt/rustwide/target/debug/deps/libmockito-a358ad2c3a5bca5b.rlib --extern qrcode=/opt/rustwide/target/debug/deps/libqrcode-040c2043befac4f4.rlib --extern quick_xml=/opt/rustwide/target/debug/deps/libquick_xml-4a2b22905524e3cf.rlib --extern regex=/opt/rustwide/target/debug/deps/libregex-e1efcc34bb1ecb85.rlib --extern reqwest=/opt/rustwide/target/debug/deps/libreqwest-c9eabe83771f0e1b.rlib --extern serde=/opt/rustwide/target/debug/deps/libserde-d8c3b9d5f5c6076b.rlib --extern serde_json=/opt/rustwide/target/debug/deps/libserde_json-00c7f0c84fa25783.rlib --extern tempfile=/opt/rustwide/target/debug/deps/libtempfile-81cc559dcfaa95f4.rlib --extern thiserror=/opt/rustwide/target/debug/deps/libthiserror-c82bb383737e5911.rlib --extern tokio=/opt/rustwide/target/debug/deps/libtokio-43e771d8c340e33c.rlib --extern toml=/opt/rustwide/target/debug/deps/libtoml-096d1b0866c36c54.rlib --extern tracing=/opt/rustwide/target/debug/deps/libtracing-df07731f3aa9945d.rlib --extern tracing_subscriber=/opt/rustwide/target/debug/deps/libtracing_subscriber-e27c1dbfe51a939a.rlib --extern url=/opt/rustwide/target/debug/deps/liburl-46feeda670c8830a.rlib --cap-lints=warn -L native=/opt/rustwide/target/debug/build/ring-a18254fc8ecb61a0/out` (signal: 9, SIGKILL: kill)
[INFO] [stderr] warning: build failed, waiting for other jobs to finish...
[INFO] [stderr] error: could not compile `rvd` (test "e2e_download_test")
[INFO] [stderr] 
[INFO] [stderr] Caused by:
[INFO] [stderr]   process didn't exit successfully: `/opt/rustwide/rustup-home/toolchains/1.99.0-beta.8-x86_64-unknown-linux-gnu/bin/rustc --crate-name e2e_download_test --edition=2021 tests/e2e_download_test.rs --error-format=json --json=diagnostic-rendered-ansi,artifacts,future-incompat --emit=dep-info,link -C embed-bitcode=no -C debuginfo=2 --test --check-cfg 'cfg(docsrs,test)' --check-cfg 'cfg(feature, values())' -C metadata=253f7faed63f2cf8 -C extra-filename=-63725eac87a62615 --out-dir /opt/rustwide/target/debug/deps -L dependency=/opt/rustwide/target/debug/deps --extern anyhow=/opt/rustwide/target/debug/deps/libanyhow-4342eda19ce54c8e.rlib --extern async_trait=/opt/rustwide/target/debug/deps/libasync_trait-f87d38a72e9d9d0c.so --extern clap=/opt/rustwide/target/debug/deps/libclap-5c7a73521f44001d.rlib --extern dialoguer=/opt/rustwide/target/debug/deps/libdialoguer-452030f9c3af4473.rlib --extern dirs=/opt/rustwide/target/debug/deps/libdirs-6f47defb6b4d91b9.rlib --extern flate2=/opt/rustwide/target/debug/deps/libflate2-b69eb7eb3ea3e781.rlib --extern futures=/opt/rustwide/target/debug/deps/libfutures-48ba7edfc9775795.rlib --extern image=/opt/rustwide/target/debug/deps/libimage-000eb8d93db91e0f.rlib --extern indicatif=/opt/rustwide/target/debug/deps/libindicatif-968037f5c3fb6905.rlib --extern md5=/opt/rustwide/target/debug/deps/libmd5-380e091b79bd6e66.rlib --extern mockito=/opt/rustwide/target/debug/deps/libmockito-a358ad2c3a5bca5b.rlib --extern qrcode=/opt/rustwide/target/debug/deps/libqrcode-040c2043befac4f4.rlib --extern quick_xml=/opt/rustwide/target/debug/deps/libquick_xml-4a2b22905524e3cf.rlib --extern regex=/opt/rustwide/target/debug/deps/libregex-e1efcc34bb1ecb85.rlib --extern reqwest=/opt/rustwide/target/debug/deps/libreqwest-c9eabe83771f0e1b.rlib --extern rvd=/opt/rustwide/target/debug/deps/librvd-d0a43148ff142b98.rlib --extern serde=/opt/rustwide/target/debug/deps/libserde-d8c3b9d5f5c6076b.rlib --extern serde_json=/opt/rustwide/target/debug/deps/libserde_json-00c7f0c84fa25783.rlib --extern tempfile=/opt/rustwide/target/debug/deps/libtempfile-81cc559dcfaa95f4.rlib --extern thiserror=/opt/rustwide/target/debug/deps/libthiserror-c82bb383737e5911.rlib --extern tokio=/opt/rustwide/target/debug/deps/libtokio-43e771d8c340e33c.rlib --extern toml=/opt/rustwide/target/debug/deps/libtoml-096d1b0866c36c54.rlib --extern tracing=/opt/rustwide/target/debug/deps/libtracing-df07731f3aa9945d.rlib --extern tracing_subscriber=/opt/rustwide/target/debug/deps/libtracing_subscriber-e27c1dbfe51a939a.rlib --extern url=/opt/rustwide/target/debug/deps/liburl-46feeda670c8830a.rlib --cap-lints=warn -L native=/opt/rustwide/target/debug/build/ring-a18254fc8ecb61a0/out` (signal: 9, SIGKILL: kill)
[INFO] [stderr] error: could not compile `rvd` (bin "rvd")
[INFO] [stderr] 
[INFO] [stderr] Caused by:
[INFO] [stderr]   process didn't exit successfully: `/opt/rustwide/rustup-home/toolchains/1.99.0-beta.8-x86_64-unknown-linux-gnu/bin/rustc --crate-name rvd --edition=2021 src/main.rs --error-format=json --json=diagnostic-rendered-ansi,artifacts,future-incompat --crate-type bin --emit=dep-info,link -C embed-bitcode=no -C debuginfo=2 --check-cfg 'cfg(docsrs,test)' --check-cfg 'cfg(feature, values())' -C metadata=4452bdf9a2542c8a -C extra-filename=-1a9bdbe8b3e88c8c --out-dir /opt/rustwide/target/debug/deps -L dependency=/opt/rustwide/target/debug/deps --extern anyhow=/opt/rustwide/target/debug/deps/libanyhow-4342eda19ce54c8e.rlib --extern async_trait=/opt/rustwide/target/debug/deps/libasync_trait-f87d38a72e9d9d0c.so --extern clap=/opt/rustwide/target/debug/deps/libclap-5c7a73521f44001d.rlib --extern dialoguer=/opt/rustwide/target/debug/deps/libdialoguer-452030f9c3af4473.rlib --extern dirs=/opt/rustwide/target/debug/deps/libdirs-6f47defb6b4d91b9.rlib --extern flate2=/opt/rustwide/target/debug/deps/libflate2-b69eb7eb3ea3e781.rlib --extern futures=/opt/rustwide/target/debug/deps/libfutures-48ba7edfc9775795.rlib --extern image=/opt/rustwide/target/debug/deps/libimage-000eb8d93db91e0f.rlib --extern indicatif=/opt/rustwide/target/debug/deps/libindicatif-968037f5c3fb6905.rlib --extern md5=/opt/rustwide/target/debug/deps/libmd5-380e091b79bd6e66.rlib --extern qrcode=/opt/rustwide/target/debug/deps/libqrcode-040c2043befac4f4.rlib --extern quick_xml=/opt/rustwide/target/debug/deps/libquick_xml-4a2b22905524e3cf.rlib --extern regex=/opt/rustwide/target/debug/deps/libregex-e1efcc34bb1ecb85.rlib --extern reqwest=/opt/rustwide/target/debug/deps/libreqwest-c9eabe83771f0e1b.rlib --extern rvd=/opt/rustwide/target/debug/deps/librvd-d0a43148ff142b98.rlib --extern serde=/opt/rustwide/target/debug/deps/libserde-d8c3b9d5f5c6076b.rlib --extern serde_json=/opt/rustwide/target/debug/deps/libserde_json-00c7f0c84fa25783.rlib --extern thiserror=/opt/rustwide/target/debug/deps/libthiserror-c82bb383737e5911.rlib --extern tokio=/opt/rustwide/target/debug/deps/libtokio-43e771d8c340e33c.rlib --extern toml=/opt/rustwide/target/debug/deps/libtoml-096d1b0866c36c54.rlib --extern tracing=/opt/rustwide/target/debug/deps/libtracing-df07731f3aa9945d.rlib --extern tracing_subscriber=/opt/rustwide/target/debug/deps/libtracing_subscriber-e27c1dbfe51a939a.rlib --extern url=/opt/rustwide/target/debug/deps/liburl-46feeda670c8830a.rlib --cap-lints=warn -L native=/opt/rustwide/target/debug/build/ring-a18254fc8ecb61a0/out` (signal: 9, SIGKILL: kill)
[INFO] [stderr] error: could not compile `rvd` (test "integration_test")
[INFO] [stderr] 
[INFO] [stderr] Caused by:
[INFO] [stderr]   process didn't exit successfully: `/opt/rustwide/rustup-home/toolchains/1.99.0-beta.8-x86_64-unknown-linux-gnu/bin/rustc --crate-name integration_test --edition=2021 tests/integration_test.rs --error-format=json --json=diagnostic-rendered-ansi,artifacts,future-incompat --emit=dep-info,link -C embed-bitcode=no -C debuginfo=2 --test --check-cfg 'cfg(docsrs,test)' --check-cfg 'cfg(feature, values())' -C metadata=4c7364e718bb3938 -C extra-filename=-f994dccf7d6257e1 --out-dir /opt/rustwide/target/debug/deps -L dependency=/opt/rustwide/target/debug/deps --extern anyhow=/opt/rustwide/target/debug/deps/libanyhow-4342eda19ce54c8e.rlib --extern async_trait=/opt/rustwide/target/debug/deps/libasync_trait-f87d38a72e9d9d0c.so --extern clap=/opt/rustwide/target/debug/deps/libclap-5c7a73521f44001d.rlib --extern dialoguer=/opt/rustwide/target/debug/deps/libdialoguer-452030f9c3af4473.rlib --extern dirs=/opt/rustwide/target/debug/deps/libdirs-6f47defb6b4d91b9.rlib --extern flate2=/opt/rustwide/target/debug/deps/libflate2-b69eb7eb3ea3e781.rlib --extern futures=/opt/rustwide/target/debug/deps/libfutures-48ba7edfc9775795.rlib --extern image=/opt/rustwide/target/debug/deps/libimage-000eb8d93db91e0f.rlib --extern indicatif=/opt/rustwide/target/debug/deps/libindicatif-968037f5c3fb6905.rlib --extern md5=/opt/rustwide/target/debug/deps/libmd5-380e091b79bd6e66.rlib --extern mockito=/opt/rustwide/target/debug/deps/libmockito-a358ad2c3a5bca5b.rlib --extern qrcode=/opt/rustwide/target/debug/deps/libqrcode-040c2043befac4f4.rlib --extern quick_xml=/opt/rustwide/target/debug/deps/libquick_xml-4a2b22905524e3cf.rlib --extern regex=/opt/rustwide/target/debug/deps/libregex-e1efcc34bb1ecb85.rlib --extern reqwest=/opt/rustwide/target/debug/deps/libreqwest-c9eabe83771f0e1b.rlib --extern rvd=/opt/rustwide/target/debug/deps/librvd-d0a43148ff142b98.rlib --extern serde=/opt/rustwide/target/debug/deps/libserde-d8c3b9d5f5c6076b.rlib --extern serde_json=/opt/rustwide/target/debug/deps/libserde_json-00c7f0c84fa25783.rlib --extern tempfile=/opt/rustwide/target/debug/deps/libtempfile-81cc559dcfaa95f4.rlib --extern thiserror=/opt/rustwide/target/debug/deps/libthiserror-c82bb383737e5911.rlib --extern tokio=/opt/rustwide/target/debug/deps/libtokio-43e771d8c340e33c.rlib --extern toml=/opt/rustwide/target/debug/deps/libtoml-096d1b0866c36c54.rlib --extern tracing=/opt/rustwide/target/debug/deps/libtracing-df07731f3aa9945d.rlib --extern tracing_subscriber=/opt/rustwide/target/debug/deps/libtracing_subscriber-e27c1dbfe51a939a.rlib --extern url=/opt/rustwide/target/debug/deps/liburl-46feeda670c8830a.rlib --cap-lints=warn -L native=/opt/rustwide/target/debug/build/ring-a18254fc8ecb61a0/out` (signal: 9, SIGKILL: kill)
[INFO] [stdout] error: linking with `cc` failed: exit status: 1
[INFO] [stdout]   |
[INFO] [stdout]   = note:  "cc" "-m64" "/opt/rustwide/target/debug/deps/rustcN7bHsp/symbols.o" "<2 object files omitted>" "-Wl,--as-needed" "-Wl,-Bstatic" "<sysroot>/lib/rustlib/x86_64-unknown-linux-gnu/lib/{libtest-*,libgetopts-*,librustc_std_workspace_std-*}.rlib" "/opt/rustwide/target/debug/deps/{librvd-d0a43148ff142b98,libdirs-6f47defb6b4d91b9,libdirs_sys-be08aae51c5f53b0,liboption_ext-61303ef911796993,libtoml-096d1b0866c36c54,libtoml_edit-ea7a0f8c92281310,libserde_spanned-8b1f3e9c409edff5,libwinnow-d98b4b6bf9645098,libtoml_write-2c704ffd35684d73,libtoml_datetime-4cae8c72f97386ee,libmd5-380e091b79bd6e66,libregex-e1efcc34bb1ecb85,libregex_automata-5f6c4e4a9d8b7ff1,libaho_corasick-61cf93dc53dd0bf8,libregex_syntax-21c69862a9074e56,libindicatif-968037f5c3fb6905,libportable_atomic-60abd958a9c449b7,libnumber_prefix-6b994bedec76f9db,libfutures-48ba7edfc9775795,libfutures_executor-a6f76142e12e5500,libquick_xml-4a2b22905524e3cf,libclap-5c7a73521f44001d,libclap_builder-66125b157e71d71e,libstrsim-4d1ed08a123238dc,libanstream-3457df2e8a39d0de,libanstyle_query-01c9a556ffcdbece,libis_terminal_polyfill-3ca4268cb2568267,libcolorchoice-8e2615b3451b028d,libanstyle_parse-2b179629a907e4e4,libutf8parse-92d0158219063202,libclap_lex-1c04dafadfaa0baf,libanstyle-fe219cdab7346aa5,libqrcode-040c2043befac4f4,libimage-000eb8d93db91e0f,libimage_webp-34e741a8e5524094,libqoi-50d31acba597a2bc,libmoxcms-a4117b935537c2e7,libpxfm-05c6ed3735a22384,libtiff-afb3f44885b5314c,libfax-d118112e961bf21a,libpng-1ec7fdf5e8d94490,libflate2-b69eb7eb3ea3e781,libfdeflate-e2756c6137ef3746,libcrc32fast-77160f4e25d6fc25,libexr-05f8b4d42e4bafa8,libminiz_oxide-2af00ad8f8c499c1,libzune_inflate-a476fed04bff8e64,libsimd_adler32-a85d6c6326d2f661,libbit_field-ac1ccba4a1744749,liblebe-4a7d05a8365cd804,libhalf-53b7601bdf446ee6,libzerocopy-abd5b139c8192ada,libzune_jpeg-0bbc5a4c0a8356cb,libzune_core-d8a810c65908360c,libgif-461ed2a338847e47,libcolor_quant-72accfe2cafd1a2d,libweezl-8839e92a31bc764d,libbyteorder_lite-f5df2d14b4488fc7,libravif-c6e968a4f45bd5b9,libloop9-345099da14130af9,libavif_serialize-341b69f05acb5600,libquick_error-702b385be5f12d4a,librgb-52e03eca7e7910f5,librav1e-0a12ab1b508a5e5c,libprofiling-a356c53d8b3cca32,libav1_grain-0b80c99232a0d98f,libnom-fa807ffdb3c062e2,libnum_rational-ef296040cf05fe91,libnum_bigint-2477c4e6b378c085,libnum_integer-e1dae9bde9b8ffd5,libanyhow-4342eda19ce54c8e,libdebug_unreachable-2bce5da2715432ba,libmaybe_rayon-ddfefa9a5b879eba,librayon-cddd5520333a5540,librayon_core-e986c1d1845fe6c3,libcrossbeam_deque-e71c6317821167fb,libcrossbeam_epoch-5fdcd5978a9f0010,libcrossbeam_utils-f696a08ab1e94e7a,libv_frame-3169816d6ff122ca,libaligned_vec-58176eaf7cb7a487,libequator-ced260380a695cbf,libarrayvec-09741c597eeba17a,libbitstream_io-a4cb3b37262b126d,libitertools-144f4b3efc3ba30a,libeither-e5ea87bd27ac73a9,libimgref-3394f03120c74b5c,libbytemuck-936b7ebcca343d54,libnum_traits-61451ab850bd490d,libreqwest-c9eabe83771f0e1b,librustls_pemfile-30aaf682314043cb,libhyper_rustls-5f9eeb054d4d84cb,libserde_urlencoded-472442f948ec2ba5,libwebpki_roots-da6c00699c81e448,libcookie_store-eafdf783834b6380,libpublicsuffix-4b911aabc3a37538,libpsl_types-be5f8942940e3a9c,libcookie-b98e723de30ef834,libtime-4348dc24a660a345,libtime_core-18c82ab596674382,libnum_conv-d3297905cfb69f59,libderanged-0497f8a63ebb66e0,libpowerfmt-f6019a2766e431f7,libidna-fdf9e13a20385c5c,libunicode_normalization-bd06b54553e210b3,libtinyvec-0e7c5ebf3c1ba3ec,libtinyvec_macros-7b77ea21c73594ca,libunicode_bidi-a9d2c96e849c6f3c,libbase64-13144a1f1e192158,libipnet-a38805d99c19843f,libtokio_rustls-9cb6f433764633dd,libmime-0188e0814ca7ddbf,libencoding_rs-c7a67ac351c2b19f,libserde_json-00c7f0c84fa25783,libryu-a7164637bc4900ee,librustls-9f322ea95f9391fb,libsct-52704460428180bf,libwebpki-beaf21eb776fe9e5,libring-4c6445577731be0b,libgetrandom-d650c15c15be9e24,libuntrusted-b2f816886faf2178,libhyper-4db79d5cc05b87c6,libwant-7a6260b9c50f1479,libtry_lock-8fa2f6971035be84,libsocket2-006a92e9362680ff,libhttparse-8c9b827b8f345444,libh2-be32ef245d12492f,libindexmap-92c609a00701d15e,libequivalent-6a754676e6af62ae,libhashbrown-ac2229ec4aecf871,libtower_service-3fb88d28c2218805,libtracing-df07731f3aa9945d,libtracing_core-aa4ed84ab5d584f8,libfutures_util-a4ab239dcbdfd9a8,libmemchr-9be7e24c0cc6f173,libfutures_io-59d0071c9258d69f,libslab-5629529544b2a983,libfutures_channel-3bb2db6cecc5bacb,libfutures_task-e09ab7898221cb97,libpin_utils-3860774ad9b215b5,libtokio_util-d521cdc8e6d23dc1,libfutures_sink-ae1eb2d060de53a2,libtokio-43e771d8c340e33c,libsignal_hook_registry-3baf84eaf720662e,libsocket2-079e36dcc0be2ef0,libmio-1f0b2668c1a29a12,libparking_lot-3c23d1a32faae214,libparking_lot_core-07dc4dfa0e4d7158,liblock_api-16d46fed645f7bff,libscopeguard-7ec2214574194454,libsync_wrapper-b5d3a794a1e9deea,libhttp_body-32978a92019d505a,libpin_project_lite-72bf04572caa1c84,liblog-28ade3d6717210f3,libfutures_core-3b920243fce8fec0,liburl-46feeda670c8830a,libidna-3ca2d8cbbdf357dc,libutf8_iter-51566bbad89f3a68,libidna_adapter-adc80a5a57378f9b,libicu_properties-1a71ae2a31533e25,libicu_properties_data-ca07e36d75086861,libicu_normalizer-417addff1d466a95,libsmallvec-bc3128fdd57228fc,libicu_normalizer_data-ab8997d7cbbb3306,libicu_collections-7be4722a9938585c,libpotential_utf-35611a315d58d5aa,libicu_provider-02d9e9878f3ba1ac,libicu_locale_core-a3036773024b260e,libtinystr-467a00ce37e43e09,liblitemap-cd9b5b2aa04e2018,libwriteable-4f74a67d38fff78e,libzerovec-9de09e93a4e34150,libzerotrie-694206c55f99ef6a,libyoke-5a0d20ab310d03a3,libstable_deref_trait-63cbf3f3d3f94e56,libzerofrom-dfd63e648495fa2d,libform_urlencoded-58b0f0edb59b40d2,libpercent_encoding-fa055ecaa1e57cfa,libserde-d8c3b9d5f5c6076b,libserde_core-2c928ee17a7447a4,libhttp-f7e42874eabb68a3,libitoa-ef40fa516293a9d3,libbytes-82ad4f0211bdc963,libfnv-79e2cbfbe03dcd16,libdialoguer-452030f9c3af4473,libshell_words-c7c8b88b0c6925bc,libtempfile-81cc559dcfaa95f4,libgetrandom-306efa459aaadf86,libcfg_if-83060ec5685761ae,libfastrand-751bcde24b8aa073,librustix-d41a4566413a9198,libbitflags-9362e66b8880981a,liblinux_raw_sys-7c0af75954695899,libzeroize-7f213bea776ca5b6,libthiserror-c82bb383737e5911,libconsole-fbc6a8e8efdfc9ef,liblibc-520a1cd7a1b3fe13,libunicode_width-c0be3735b741df1b,libonce_cell-e9252a7b5119f3eb}.rlib" "<sysroot>/lib/rustlib/x86_64-unknown-linux-gnu/lib/{libstd-*,libpanic_unwind-*,libobject-*,libmemchr-*,libaddr2line-*,libgimli-*,libcfg_if-*,librustc_demangle-*,libstd_detect-*,libhashbrown-*,librustc_std_workspace_alloc-*,libminiz_oxide-*,libadler2-*,libunwind-*,liblibc-*,librustc_std_workspace_core-*,liballoc-*,libcore-*,libcompiler_builtins-*}.rlib" "-Wl,-Bdynamic" "-lgcc_s" "-lutil" "-lrt" "-lpthread" "-lm" "-ldl" "-lc" "-L" "/opt/rustwide/target/debug/deps/rustcN7bHsp/raw-dylibs" "-B<sysroot>/lib/rustlib/x86_64-unknown-linux-gnu/bin/gcc-ld" "-fuse-ld=lld" "-Wl,--eh-frame-hdr" "-Wl,-z,noexecstack" "-L" "/opt/rustwide/target/debug/build/ring-a18254fc8ecb61a0/out" "-L" "<sysroot>/lib/rustlib/x86_64-unknown-linux-gnu/lib" "-o" "/opt/rustwide/target/debug/deps/utils_file_test-57883ecd61475237" "-Wl,--gc-sections" "-pie" "-Wl,-z,relro,-z,now" "-nodefaultlibs"
[INFO] [stdout]   = note: some arguments are omitted. use `--verbose` to show all linker arguments
[INFO] [stdout]   = note: collect2: fatal error: ld terminated with signal 9 [Killed]
[INFO] [stdout]           compilation terminated.
[INFO] [stdout]           
[INFO] [stdout] 
[INFO] [stdout] 
[INFO] [stderr] error: could not compile `rvd` (test "utils_file_test") due to 1 previous error
[INFO] [stdout] error: linking with `cc` failed: exit status: 1
[INFO] [stdout]   |
[INFO] [stdout]   = note:  "cc" "-m64" "/opt/rustwide/target/debug/deps/rustcaNQc2V/symbols.o" "<2 object files omitted>" "-Wl,--as-needed" "-Wl,-Bstatic" "<sysroot>/lib/rustlib/x86_64-unknown-linux-gnu/lib/{libtest-*,libgetopts-*,librustc_std_workspace_std-*}.rlib" "/opt/rustwide/target/debug/deps/{librvd-d0a43148ff142b98,libdirs-6f47defb6b4d91b9,libdirs_sys-be08aae51c5f53b0,liboption_ext-61303ef911796993,libtoml-096d1b0866c36c54,libtoml_edit-ea7a0f8c92281310,libserde_spanned-8b1f3e9c409edff5,libwinnow-d98b4b6bf9645098,libtoml_write-2c704ffd35684d73,libtoml_datetime-4cae8c72f97386ee,libmd5-380e091b79bd6e66,libregex-e1efcc34bb1ecb85,libregex_automata-5f6c4e4a9d8b7ff1,libaho_corasick-61cf93dc53dd0bf8,libregex_syntax-21c69862a9074e56,libindicatif-968037f5c3fb6905,libportable_atomic-60abd958a9c449b7,libnumber_prefix-6b994bedec76f9db,libfutures-48ba7edfc9775795,libfutures_executor-a6f76142e12e5500,libquick_xml-4a2b22905524e3cf,libclap-5c7a73521f44001d,libclap_builder-66125b157e71d71e,libstrsim-4d1ed08a123238dc,libanstream-3457df2e8a39d0de,libanstyle_query-01c9a556ffcdbece,libis_terminal_polyfill-3ca4268cb2568267,libcolorchoice-8e2615b3451b028d,libanstyle_parse-2b179629a907e4e4,libutf8parse-92d0158219063202,libclap_lex-1c04dafadfaa0baf,libanstyle-fe219cdab7346aa5,libqrcode-040c2043befac4f4,libimage-000eb8d93db91e0f,libimage_webp-34e741a8e5524094,libqoi-50d31acba597a2bc,libmoxcms-a4117b935537c2e7,libpxfm-05c6ed3735a22384,libtiff-afb3f44885b5314c,libfax-d118112e961bf21a,libpng-1ec7fdf5e8d94490,libflate2-b69eb7eb3ea3e781,libfdeflate-e2756c6137ef3746,libcrc32fast-77160f4e25d6fc25,libexr-05f8b4d42e4bafa8,libminiz_oxide-2af00ad8f8c499c1,libzune_inflate-a476fed04bff8e64,libsimd_adler32-a85d6c6326d2f661,libbit_field-ac1ccba4a1744749,liblebe-4a7d05a8365cd804,libhalf-53b7601bdf446ee6,libzerocopy-abd5b139c8192ada,libzune_jpeg-0bbc5a4c0a8356cb,libzune_core-d8a810c65908360c,libgif-461ed2a338847e47,libcolor_quant-72accfe2cafd1a2d,libweezl-8839e92a31bc764d,libbyteorder_lite-f5df2d14b4488fc7,libravif-c6e968a4f45bd5b9,libloop9-345099da14130af9,libavif_serialize-341b69f05acb5600,libquick_error-702b385be5f12d4a,librgb-52e03eca7e7910f5,librav1e-0a12ab1b508a5e5c,libprofiling-a356c53d8b3cca32,libav1_grain-0b80c99232a0d98f,libnom-fa807ffdb3c062e2,libnum_rational-ef296040cf05fe91,libnum_bigint-2477c4e6b378c085,libnum_integer-e1dae9bde9b8ffd5,libanyhow-4342eda19ce54c8e,libdebug_unreachable-2bce5da2715432ba,libmaybe_rayon-ddfefa9a5b879eba,librayon-cddd5520333a5540,librayon_core-e986c1d1845fe6c3,libcrossbeam_deque-e71c6317821167fb,libcrossbeam_epoch-5fdcd5978a9f0010,libcrossbeam_utils-f696a08ab1e94e7a,libv_frame-3169816d6ff122ca,libaligned_vec-58176eaf7cb7a487,libequator-ced260380a695cbf,libarrayvec-09741c597eeba17a,libbitstream_io-a4cb3b37262b126d,libitertools-144f4b3efc3ba30a,libeither-e5ea87bd27ac73a9,libimgref-3394f03120c74b5c,libbytemuck-936b7ebcca343d54,libnum_traits-61451ab850bd490d,libreqwest-c9eabe83771f0e1b,librustls_pemfile-30aaf682314043cb,libhyper_rustls-5f9eeb054d4d84cb,libserde_urlencoded-472442f948ec2ba5,libwebpki_roots-da6c00699c81e448,libcookie_store-eafdf783834b6380,libpublicsuffix-4b911aabc3a37538,libpsl_types-be5f8942940e3a9c,libcookie-b98e723de30ef834,libtime-4348dc24a660a345,libtime_core-18c82ab596674382,libnum_conv-d3297905cfb69f59,libderanged-0497f8a63ebb66e0,libpowerfmt-f6019a2766e431f7,libidna-fdf9e13a20385c5c,libunicode_normalization-bd06b54553e210b3,libtinyvec-0e7c5ebf3c1ba3ec,libtinyvec_macros-7b77ea21c73594ca,libunicode_bidi-a9d2c96e849c6f3c,libbase64-13144a1f1e192158,libipnet-a38805d99c19843f,libtokio_rustls-9cb6f433764633dd,libmime-0188e0814ca7ddbf,libencoding_rs-c7a67ac351c2b19f,libserde_json-00c7f0c84fa25783,libryu-a7164637bc4900ee,librustls-9f322ea95f9391fb,libsct-52704460428180bf,libwebpki-beaf21eb776fe9e5,libring-4c6445577731be0b,libgetrandom-d650c15c15be9e24,libuntrusted-b2f816886faf2178,libhyper-4db79d5cc05b87c6,libwant-7a6260b9c50f1479,libtry_lock-8fa2f6971035be84,libsocket2-006a92e9362680ff,libhttparse-8c9b827b8f345444,libh2-be32ef245d12492f,libindexmap-92c609a00701d15e,libequivalent-6a754676e6af62ae,libhashbrown-ac2229ec4aecf871,libtower_service-3fb88d28c2218805,libtracing-df07731f3aa9945d,libtracing_core-aa4ed84ab5d584f8,libfutures_util-a4ab239dcbdfd9a8,libmemchr-9be7e24c0cc6f173,libfutures_io-59d0071c9258d69f,libslab-5629529544b2a983,libfutures_channel-3bb2db6cecc5bacb,libfutures_task-e09ab7898221cb97,libpin_utils-3860774ad9b215b5,libtokio_util-d521cdc8e6d23dc1,libfutures_sink-ae1eb2d060de53a2,libtokio-43e771d8c340e33c,libsignal_hook_registry-3baf84eaf720662e,libsocket2-079e36dcc0be2ef0,libmio-1f0b2668c1a29a12,libparking_lot-3c23d1a32faae214,libparking_lot_core-07dc4dfa0e4d7158,liblock_api-16d46fed645f7bff,libscopeguard-7ec2214574194454,libsync_wrapper-b5d3a794a1e9deea,libhttp_body-32978a92019d505a,libpin_project_lite-72bf04572caa1c84,liblog-28ade3d6717210f3,libfutures_core-3b920243fce8fec0,liburl-46feeda670c8830a,libidna-3ca2d8cbbdf357dc,libutf8_iter-51566bbad89f3a68,libidna_adapter-adc80a5a57378f9b,libicu_properties-1a71ae2a31533e25,libicu_properties_data-ca07e36d75086861,libicu_normalizer-417addff1d466a95,libsmallvec-bc3128fdd57228fc,libicu_normalizer_data-ab8997d7cbbb3306,libicu_collections-7be4722a9938585c,libpotential_utf-35611a315d58d5aa,libicu_provider-02d9e9878f3ba1ac,libicu_locale_core-a3036773024b260e,libtinystr-467a00ce37e43e09,liblitemap-cd9b5b2aa04e2018,libwriteable-4f74a67d38fff78e,libzerovec-9de09e93a4e34150,libzerotrie-694206c55f99ef6a,libyoke-5a0d20ab310d03a3,libstable_deref_trait-63cbf3f3d3f94e56,libzerofrom-dfd63e648495fa2d,libform_urlencoded-58b0f0edb59b40d2,libpercent_encoding-fa055ecaa1e57cfa,libserde-d8c3b9d5f5c6076b,libserde_core-2c928ee17a7447a4,libhttp-f7e42874eabb68a3,libitoa-ef40fa516293a9d3,libbytes-82ad4f0211bdc963,libfnv-79e2cbfbe03dcd16,libdialoguer-452030f9c3af4473,libshell_words-c7c8b88b0c6925bc,libtempfile-81cc559dcfaa95f4,libgetrandom-306efa459aaadf86,libcfg_if-83060ec5685761ae,libfastrand-751bcde24b8aa073,librustix-d41a4566413a9198,libbitflags-9362e66b8880981a,liblinux_raw_sys-7c0af75954695899,libzeroize-7f213bea776ca5b6,libthiserror-c82bb383737e5911,libconsole-fbc6a8e8efdfc9ef,liblibc-520a1cd7a1b3fe13,libunicode_width-c0be3735b741df1b,libonce_cell-e9252a7b5119f3eb}.rlib" "<sysroot>/lib/rustlib/x86_64-unknown-linux-gnu/lib/{libstd-*,libpanic_unwind-*,libobject-*,libmemchr-*,libaddr2line-*,libgimli-*,libcfg_if-*,librustc_demangle-*,libstd_detect-*,libhashbrown-*,librustc_std_workspace_alloc-*,libminiz_oxide-*,libadler2-*,libunwind-*,liblibc-*,librustc_std_workspace_core-*,liballoc-*,libcore-*,libcompiler_builtins-*}.rlib" "-Wl,-Bdynamic" "-lgcc_s" "-lutil" "-lrt" "-lpthread" "-lm" "-ldl" "-lc" "-L" "/opt/rustwide/target/debug/deps/rustcaNQc2V/raw-dylibs" "-B<sysroot>/lib/rustlib/x86_64-unknown-linux-gnu/bin/gcc-ld" "-fuse-ld=lld" "-Wl,--eh-frame-hdr" "-Wl,-z,noexecstack" "-L" "/opt/rustwide/target/debug/build/ring-a18254fc8ecb61a0/out" "-L" "<sysroot>/lib/rustlib/x86_64-unknown-linux-gnu/lib" "-o" "/opt/rustwide/target/debug/deps/auth_storage_test-c2b0ebf3a57783f2" "-Wl,--gc-sections" "-pie" "-Wl,-z,relro,-z,now" "-nodefaultlibs"
[INFO] [stdout]   = note: some arguments are omitted. use `--verbose` to show all linker arguments
[INFO] [stdout]   = note: collect2: fatal error: ld terminated with signal 9 [Killed]
[INFO] [stdout]           compilation terminated.
[INFO] [stdout]           
[INFO] [stdout] 
[INFO] [stdout] 
[INFO] [stdout] error: linking with `cc` failed: exit status: 1
[INFO] [stdout]   |
[INFO] [stdout]   = note:  "cc" "-m64" "/opt/rustwide/target/debug/deps/rustchh4iYf/symbols.o" "<2 object files omitted>" "-Wl,--as-needed" "-Wl,-Bstatic" "<sysroot>/lib/rustlib/x86_64-unknown-linux-gnu/lib/{libtest-*,libgetopts-*,librustc_std_workspace_std-*}.rlib" "/opt/rustwide/target/debug/deps/{librvd-d0a43148ff142b98,libdirs-6f47defb6b4d91b9,libdirs_sys-be08aae51c5f53b0,liboption_ext-61303ef911796993,libtoml-096d1b0866c36c54,libtoml_edit-ea7a0f8c92281310,libserde_spanned-8b1f3e9c409edff5,libwinnow-d98b4b6bf9645098,libtoml_write-2c704ffd35684d73,libtoml_datetime-4cae8c72f97386ee,libmd5-380e091b79bd6e66,libregex-e1efcc34bb1ecb85,libregex_automata-5f6c4e4a9d8b7ff1,libaho_corasick-61cf93dc53dd0bf8,libregex_syntax-21c69862a9074e56,libindicatif-968037f5c3fb6905,libportable_atomic-60abd958a9c449b7,libnumber_prefix-6b994bedec76f9db,libfutures-48ba7edfc9775795,libfutures_executor-a6f76142e12e5500,libquick_xml-4a2b22905524e3cf,libclap-5c7a73521f44001d,libclap_builder-66125b157e71d71e,libstrsim-4d1ed08a123238dc,libanstream-3457df2e8a39d0de,libanstyle_query-01c9a556ffcdbece,libis_terminal_polyfill-3ca4268cb2568267,libcolorchoice-8e2615b3451b028d,libanstyle_parse-2b179629a907e4e4,libutf8parse-92d0158219063202,libclap_lex-1c04dafadfaa0baf,libanstyle-fe219cdab7346aa5,libqrcode-040c2043befac4f4,libimage-000eb8d93db91e0f,libimage_webp-34e741a8e5524094,libqoi-50d31acba597a2bc,libmoxcms-a4117b935537c2e7,libpxfm-05c6ed3735a22384,libtiff-afb3f44885b5314c,libfax-d118112e961bf21a,libpng-1ec7fdf5e8d94490,libflate2-b69eb7eb3ea3e781,libfdeflate-e2756c6137ef3746,libcrc32fast-77160f4e25d6fc25,libexr-05f8b4d42e4bafa8,libminiz_oxide-2af00ad8f8c499c1,libzune_inflate-a476fed04bff8e64,libsimd_adler32-a85d6c6326d2f661,libbit_field-ac1ccba4a1744749,liblebe-4a7d05a8365cd804,libhalf-53b7601bdf446ee6,libzerocopy-abd5b139c8192ada,libzune_jpeg-0bbc5a4c0a8356cb,libzune_core-d8a810c65908360c,libgif-461ed2a338847e47,libcolor_quant-72accfe2cafd1a2d,libweezl-8839e92a31bc764d,libbyteorder_lite-f5df2d14b4488fc7,libravif-c6e968a4f45bd5b9,libloop9-345099da14130af9,libavif_serialize-341b69f05acb5600,libquick_error-702b385be5f12d4a,librgb-52e03eca7e7910f5,librav1e-0a12ab1b508a5e5c,libprofiling-a356c53d8b3cca32,libav1_grain-0b80c99232a0d98f,libnom-fa807ffdb3c062e2,libnum_rational-ef296040cf05fe91,libnum_bigint-2477c4e6b378c085,libnum_integer-e1dae9bde9b8ffd5,libanyhow-4342eda19ce54c8e,libdebug_unreachable-2bce5da2715432ba,libmaybe_rayon-ddfefa9a5b879eba,librayon-cddd5520333a5540,librayon_core-e986c1d1845fe6c3,libcrossbeam_deque-e71c6317821167fb,libcrossbeam_epoch-5fdcd5978a9f0010,libcrossbeam_utils-f696a08ab1e94e7a,libv_frame-3169816d6ff122ca,libaligned_vec-58176eaf7cb7a487,libequator-ced260380a695cbf,libarrayvec-09741c597eeba17a,libbitstream_io-a4cb3b37262b126d,libitertools-144f4b3efc3ba30a,libeither-e5ea87bd27ac73a9,libimgref-3394f03120c74b5c,libbytemuck-936b7ebcca343d54,libnum_traits-61451ab850bd490d,libreqwest-c9eabe83771f0e1b,librustls_pemfile-30aaf682314043cb,libhyper_rustls-5f9eeb054d4d84cb,libserde_urlencoded-472442f948ec2ba5,libwebpki_roots-da6c00699c81e448,libcookie_store-eafdf783834b6380,libpublicsuffix-4b911aabc3a37538,libpsl_types-be5f8942940e3a9c,libcookie-b98e723de30ef834,libtime-4348dc24a660a345,libtime_core-18c82ab596674382,libnum_conv-d3297905cfb69f59,libderanged-0497f8a63ebb66e0,libpowerfmt-f6019a2766e431f7,libidna-fdf9e13a20385c5c,libunicode_normalization-bd06b54553e210b3,libtinyvec-0e7c5ebf3c1ba3ec,libtinyvec_macros-7b77ea21c73594ca,libunicode_bidi-a9d2c96e849c6f3c,libbase64-13144a1f1e192158,libipnet-a38805d99c19843f,libtokio_rustls-9cb6f433764633dd,libmime-0188e0814ca7ddbf,libencoding_rs-c7a67ac351c2b19f,libserde_json-00c7f0c84fa25783,libryu-a7164637bc4900ee,librustls-9f322ea95f9391fb,libsct-52704460428180bf,libwebpki-beaf21eb776fe9e5,libring-4c6445577731be0b,libgetrandom-d650c15c15be9e24,libuntrusted-b2f816886faf2178,libhyper-4db79d5cc05b87c6,libwant-7a6260b9c50f1479,libtry_lock-8fa2f6971035be84,libsocket2-006a92e9362680ff,libhttparse-8c9b827b8f345444,libh2-be32ef245d12492f,libindexmap-92c609a00701d15e,libequivalent-6a754676e6af62ae,libhashbrown-ac2229ec4aecf871,libtower_service-3fb88d28c2218805,libtracing-df07731f3aa9945d,libtracing_core-aa4ed84ab5d584f8,libfutures_util-a4ab239dcbdfd9a8,libmemchr-9be7e24c0cc6f173,libfutures_io-59d0071c9258d69f,libslab-5629529544b2a983,libfutures_channel-3bb2db6cecc5bacb,libfutures_task-e09ab7898221cb97,libpin_utils-3860774ad9b215b5,libtokio_util-d521cdc8e6d23dc1,libfutures_sink-ae1eb2d060de53a2,libtokio-43e771d8c340e33c,libsignal_hook_registry-3baf84eaf720662e,libsocket2-079e36dcc0be2ef0,libmio-1f0b2668c1a29a12,libparking_lot-3c23d1a32faae214,libparking_lot_core-07dc4dfa0e4d7158,liblock_api-16d46fed645f7bff,libscopeguard-7ec2214574194454,libsync_wrapper-b5d3a794a1e9deea,libhttp_body-32978a92019d505a,libpin_project_lite-72bf04572caa1c84,liblog-28ade3d6717210f3,libfutures_core-3b920243fce8fec0,liburl-46feeda670c8830a,libidna-3ca2d8cbbdf357dc,libutf8_iter-51566bbad89f3a68,libidna_adapter-adc80a5a57378f9b,libicu_properties-1a71ae2a31533e25,libicu_properties_data-ca07e36d75086861,libicu_normalizer-417addff1d466a95,libsmallvec-bc3128fdd57228fc,libicu_normalizer_data-ab8997d7cbbb3306,libicu_collections-7be4722a9938585c,libpotential_utf-35611a315d58d5aa,libicu_provider-02d9e9878f3ba1ac,libicu_locale_core-a3036773024b260e,libtinystr-467a00ce37e43e09,liblitemap-cd9b5b2aa04e2018,libwriteable-4f74a67d38fff78e,libzerovec-9de09e93a4e34150,libzerotrie-694206c55f99ef6a,libyoke-5a0d20ab310d03a3,libstable_deref_trait-63cbf3f3d3f94e56,libzerofrom-dfd63e648495fa2d,libform_urlencoded-58b0f0edb59b40d2,libpercent_encoding-fa055ecaa1e57cfa,libserde-d8c3b9d5f5c6076b,libserde_core-2c928ee17a7447a4,libhttp-f7e42874eabb68a3,libitoa-ef40fa516293a9d3,libbytes-82ad4f0211bdc963,libfnv-79e2cbfbe03dcd16,libdialoguer-452030f9c3af4473,libshell_words-c7c8b88b0c6925bc,libtempfile-81cc559dcfaa95f4,libgetrandom-306efa459aaadf86,libcfg_if-83060ec5685761ae,libfastrand-751bcde24b8aa073,librustix-d41a4566413a9198,libbitflags-9362e66b8880981a,liblinux_raw_sys-7c0af75954695899,libzeroize-7f213bea776ca5b6,libthiserror-c82bb383737e5911,libconsole-fbc6a8e8efdfc9ef,liblibc-520a1cd7a1b3fe13,libunicode_width-c0be3735b741df1b,libonce_cell-e9252a7b5119f3eb}.rlib" "<sysroot>/lib/rustlib/x86_64-unknown-linux-gnu/lib/{libstd-*,libpanic_unwind-*,libobject-*,libmemchr-*,libaddr2line-*,libgimli-*,libcfg_if-*,librustc_demangle-*,libstd_detect-*,libhashbrown-*,librustc_std_workspace_alloc-*,libminiz_oxide-*,libadler2-*,libunwind-*,liblibc-*,librustc_std_workspace_core-*,liballoc-*,libcore-*,libcompiler_builtins-*}.rlib" "-Wl,-Bdynamic" "-lgcc_s" "-lutil" "-lrt" "-lpthread" "-lm" "-ldl" "-lc" "-L" "/opt/rustwide/target/debug/deps/rustchh4iYf/raw-dylibs" "-B<sysroot>/lib/rustlib/x86_64-unknown-linux-gnu/bin/gcc-ld" "-fuse-ld=lld" "-Wl,--eh-frame-hdr" "-Wl,-z,noexecstack" "-L" "/opt/rustwide/target/debug/build/ring-a18254fc8ecb61a0/out" "-L" "<sysroot>/lib/rustlib/x86_64-unknown-linux-gnu/lib" "-o" "/opt/rustwide/target/debug/deps/cli_test-bdbdcc54289e0be7" "-Wl,--gc-sections" "-pie" "-Wl,-z,relro,-z,now" "-nodefaultlibs"
[INFO] [stdout]   = note: some arguments are omitted. use `--verbose` to show all linker arguments
[INFO] [stdout]   = note: collect2: fatal error: ld terminated with signal 9 [Killed]
[INFO] [stdout]           compilation terminated.
[INFO] [stdout]           
[INFO] [stdout] 
[INFO] [stdout] 
[INFO] [stderr] error: could not compile `rvd` (test "cli_test") due to 1 previous error
[INFO] [stderr] error: could not compile `rvd` (test "auth_storage_test") due to 1 previous error
[INFO] [stdout] error: linking with `cc` failed: exit status: 1
[INFO] [stdout]   |
[INFO] [stdout]   = note:  "cc" "-m64" "/opt/rustwide/target/debug/deps/rustccvEpDM/symbols.o" "<2 object files omitted>" "-Wl,--as-needed" "-Wl,-Bstatic" "<sysroot>/lib/rustlib/x86_64-unknown-linux-gnu/lib/{libtest-*,libgetopts-*,librustc_std_workspace_std-*}.rlib" "/opt/rustwide/target/debug/deps/{librvd-d0a43148ff142b98,libdirs-6f47defb6b4d91b9,libdirs_sys-be08aae51c5f53b0,liboption_ext-61303ef911796993,libtoml-096d1b0866c36c54,libtoml_edit-ea7a0f8c92281310,libserde_spanned-8b1f3e9c409edff5,libwinnow-d98b4b6bf9645098,libtoml_write-2c704ffd35684d73,libtoml_datetime-4cae8c72f97386ee,libmd5-380e091b79bd6e66,libregex-e1efcc34bb1ecb85,libregex_automata-5f6c4e4a9d8b7ff1,libaho_corasick-61cf93dc53dd0bf8,libregex_syntax-21c69862a9074e56,libindicatif-968037f5c3fb6905,libportable_atomic-60abd958a9c449b7,libnumber_prefix-6b994bedec76f9db,libfutures-48ba7edfc9775795,libfutures_executor-a6f76142e12e5500,libquick_xml-4a2b22905524e3cf,libclap-5c7a73521f44001d,libclap_builder-66125b157e71d71e,libstrsim-4d1ed08a123238dc,libanstream-3457df2e8a39d0de,libanstyle_query-01c9a556ffcdbece,libis_terminal_polyfill-3ca4268cb2568267,libcolorchoice-8e2615b3451b028d,libanstyle_parse-2b179629a907e4e4,libutf8parse-92d0158219063202,libclap_lex-1c04dafadfaa0baf,libanstyle-fe219cdab7346aa5,libqrcode-040c2043befac4f4,libimage-000eb8d93db91e0f,libimage_webp-34e741a8e5524094,libqoi-50d31acba597a2bc,libmoxcms-a4117b935537c2e7,libpxfm-05c6ed3735a22384,libtiff-afb3f44885b5314c,libfax-d118112e961bf21a,libpng-1ec7fdf5e8d94490,libflate2-b69eb7eb3ea3e781,libfdeflate-e2756c6137ef3746,libcrc32fast-77160f4e25d6fc25,libexr-05f8b4d42e4bafa8,libminiz_oxide-2af00ad8f8c499c1,libzune_inflate-a476fed04bff8e64,libsimd_adler32-a85d6c6326d2f661,libbit_field-ac1ccba4a1744749,liblebe-4a7d05a8365cd804,libhalf-53b7601bdf446ee6,libzerocopy-abd5b139c8192ada,libzune_jpeg-0bbc5a4c0a8356cb,libzune_core-d8a810c65908360c,libgif-461ed2a338847e47,libcolor_quant-72accfe2cafd1a2d,libweezl-8839e92a31bc764d,libbyteorder_lite-f5df2d14b4488fc7,libravif-c6e968a4f45bd5b9,libloop9-345099da14130af9,libavif_serialize-341b69f05acb5600,libquick_error-702b385be5f12d4a,librgb-52e03eca7e7910f5,librav1e-0a12ab1b508a5e5c,libprofiling-a356c53d8b3cca32,libav1_grain-0b80c99232a0d98f,libnom-fa807ffdb3c062e2,libnum_rational-ef296040cf05fe91,libnum_bigint-2477c4e6b378c085,libnum_integer-e1dae9bde9b8ffd5,libanyhow-4342eda19ce54c8e,libdebug_unreachable-2bce5da2715432ba,libmaybe_rayon-ddfefa9a5b879eba,librayon-cddd5520333a5540,librayon_core-e986c1d1845fe6c3,libcrossbeam_deque-e71c6317821167fb,libcrossbeam_epoch-5fdcd5978a9f0010,libcrossbeam_utils-f696a08ab1e94e7a,libv_frame-3169816d6ff122ca,libaligned_vec-58176eaf7cb7a487,libequator-ced260380a695cbf,libarrayvec-09741c597eeba17a,libbitstream_io-a4cb3b37262b126d,libitertools-144f4b3efc3ba30a,libeither-e5ea87bd27ac73a9,libimgref-3394f03120c74b5c,libbytemuck-936b7ebcca343d54,libnum_traits-61451ab850bd490d,libreqwest-c9eabe83771f0e1b,librustls_pemfile-30aaf682314043cb,libhyper_rustls-5f9eeb054d4d84cb,libserde_urlencoded-472442f948ec2ba5,libwebpki_roots-da6c00699c81e448,libcookie_store-eafdf783834b6380,libpublicsuffix-4b911aabc3a37538,libpsl_types-be5f8942940e3a9c,libcookie-b98e723de30ef834,libtime-4348dc24a660a345,libtime_core-18c82ab596674382,libnum_conv-d3297905cfb69f59,libderanged-0497f8a63ebb66e0,libpowerfmt-f6019a2766e431f7,libidna-fdf9e13a20385c5c,libunicode_normalization-bd06b54553e210b3,libtinyvec-0e7c5ebf3c1ba3ec,libtinyvec_macros-7b77ea21c73594ca,libunicode_bidi-a9d2c96e849c6f3c,libbase64-13144a1f1e192158,libipnet-a38805d99c19843f,libtokio_rustls-9cb6f433764633dd,libmime-0188e0814ca7ddbf,libencoding_rs-c7a67ac351c2b19f,libserde_json-00c7f0c84fa25783,libryu-a7164637bc4900ee,librustls-9f322ea95f9391fb,libsct-52704460428180bf,libwebpki-beaf21eb776fe9e5,libring-4c6445577731be0b,libgetrandom-d650c15c15be9e24,libuntrusted-b2f816886faf2178,libhyper-4db79d5cc05b87c6,libwant-7a6260b9c50f1479,libtry_lock-8fa2f6971035be84,libsocket2-006a92e9362680ff,libhttparse-8c9b827b8f345444,libh2-be32ef245d12492f,libindexmap-92c609a00701d15e,libequivalent-6a754676e6af62ae,libhashbrown-ac2229ec4aecf871,libtower_service-3fb88d28c2218805,libtracing-df07731f3aa9945d,libtracing_core-aa4ed84ab5d584f8,libfutures_util-a4ab239dcbdfd9a8,libmemchr-9be7e24c0cc6f173,libfutures_io-59d0071c9258d69f,libslab-5629529544b2a983,libfutures_channel-3bb2db6cecc5bacb,libfutures_task-e09ab7898221cb97,libpin_utils-3860774ad9b215b5,libtokio_util-d521cdc8e6d23dc1,libfutures_sink-ae1eb2d060de53a2,libtokio-43e771d8c340e33c,libsignal_hook_registry-3baf84eaf720662e,libsocket2-079e36dcc0be2ef0,libmio-1f0b2668c1a29a12,libparking_lot-3c23d1a32faae214,libparking_lot_core-07dc4dfa0e4d7158,liblock_api-16d46fed645f7bff,libscopeguard-7ec2214574194454,libsync_wrapper-b5d3a794a1e9deea,libhttp_body-32978a92019d505a,libpin_project_lite-72bf04572caa1c84,liblog-28ade3d6717210f3,libfutures_core-3b920243fce8fec0,liburl-46feeda670c8830a,libidna-3ca2d8cbbdf357dc,libutf8_iter-51566bbad89f3a68,libidna_adapter-adc80a5a57378f9b,libicu_properties-1a71ae2a31533e25,libicu_properties_data-ca07e36d75086861,libicu_normalizer-417addff1d466a95,libsmallvec-bc3128fdd57228fc,libicu_normalizer_data-ab8997d7cbbb3306,libicu_collections-7be4722a9938585c,libpotential_utf-35611a315d58d5aa,libicu_provider-02d9e9878f3ba1ac,libicu_locale_core-a3036773024b260e,libtinystr-467a00ce37e43e09,liblitemap-cd9b5b2aa04e2018,libwriteable-4f74a67d38fff78e,libzerovec-9de09e93a4e34150,libzerotrie-694206c55f99ef6a,libyoke-5a0d20ab310d03a3,libstable_deref_trait-63cbf3f3d3f94e56,libzerofrom-dfd63e648495fa2d,libform_urlencoded-58b0f0edb59b40d2,libpercent_encoding-fa055ecaa1e57cfa,libserde-d8c3b9d5f5c6076b,libserde_core-2c928ee17a7447a4,libhttp-f7e42874eabb68a3,libitoa-ef40fa516293a9d3,libbytes-82ad4f0211bdc963,libfnv-79e2cbfbe03dcd16,libdialoguer-452030f9c3af4473,libshell_words-c7c8b88b0c6925bc,libtempfile-81cc559dcfaa95f4,libgetrandom-306efa459aaadf86,libcfg_if-83060ec5685761ae,libfastrand-751bcde24b8aa073,librustix-d41a4566413a9198,libbitflags-9362e66b8880981a,liblinux_raw_sys-7c0af75954695899,libzeroize-7f213bea776ca5b6,libthiserror-c82bb383737e5911,libconsole-fbc6a8e8efdfc9ef,liblibc-520a1cd7a1b3fe13,libunicode_width-c0be3735b741df1b,libonce_cell-e9252a7b5119f3eb}.rlib" "<sysroot>/lib/rustlib/x86_64-unknown-linux-gnu/lib/{libstd-*,libpanic_unwind-*,libobject-*,libmemchr-*,libaddr2line-*,libgimli-*,libcfg_if-*,librustc_demangle-*,libstd_detect-*,libhashbrown-*,librustc_std_workspace_alloc-*,libminiz_oxide-*,libadler2-*,libunwind-*,liblibc-*,librustc_std_workspace_core-*,liballoc-*,libcore-*,libcompiler_builtins-*}.rlib" "-Wl,-Bdynamic" "-lgcc_s" "-lutil" "-lrt" "-lpthread" "-lm" "-ldl" "-lc" "-L" "/opt/rustwide/target/debug/deps/rustccvEpDM/raw-dylibs" "-B<sysroot>/lib/rustlib/x86_64-unknown-linux-gnu/bin/gcc-ld" "-fuse-ld=lld" "-Wl,--eh-frame-hdr" "-Wl,-z,noexecstack" "-L" "/opt/rustwide/target/debug/build/ring-a18254fc8ecb61a0/out" "-L" "<sysroot>/lib/rustlib/x86_64-unknown-linux-gnu/lib" "-o" "/opt/rustwide/target/debug/deps/core_chapter_test-13dc928bae107fe7" "-Wl,--gc-sections" "-pie" "-Wl,-z,relro,-z,now" "-nodefaultlibs"
[INFO] [stdout]   = note: some arguments are omitted. use `--verbose` to show all linker arguments
[INFO] [stdout]   = note: collect2: fatal error: ld terminated with signal 9 [Killed]
[INFO] [stdout]           compilation terminated.
[INFO] [stdout]           
[INFO] [stdout] 
[INFO] [stdout] 
[INFO] [stderr] error: could not compile `rvd` (test "core_chapter_test") due to 1 previous error
[INFO] [stderr] error: could not compile `rvd` (bin "rvd" test)
[INFO] [stderr] 
[INFO] [stderr] Caused by:
[INFO] [stderr]   process didn't exit successfully: `/opt/rustwide/rustup-home/toolchains/1.99.0-beta.8-x86_64-unknown-linux-gnu/bin/rustc --crate-name rvd --edition=2021 src/main.rs --error-format=json --json=diagnostic-rendered-ansi,artifacts,future-incompat --emit=dep-info,link -C embed-bitcode=no -C debuginfo=2 --test --check-cfg 'cfg(docsrs,test)' --check-cfg 'cfg(feature, values())' -C metadata=14e4642260d9ee24 -C extra-filename=-657505f68c33e4a2 --out-dir /opt/rustwide/target/debug/deps -L dependency=/opt/rustwide/target/debug/deps --extern anyhow=/opt/rustwide/target/debug/deps/libanyhow-4342eda19ce54c8e.rlib --extern async_trait=/opt/rustwide/target/debug/deps/libasync_trait-f87d38a72e9d9d0c.so --extern clap=/opt/rustwide/target/debug/deps/libclap-5c7a73521f44001d.rlib --extern dialoguer=/opt/rustwide/target/debug/deps/libdialoguer-452030f9c3af4473.rlib --extern dirs=/opt/rustwide/target/debug/deps/libdirs-6f47defb6b4d91b9.rlib --extern flate2=/opt/rustwide/target/debug/deps/libflate2-b69eb7eb3ea3e781.rlib --extern futures=/opt/rustwide/target/debug/deps/libfutures-48ba7edfc9775795.rlib --extern image=/opt/rustwide/target/debug/deps/libimage-000eb8d93db91e0f.rlib --extern indicatif=/opt/rustwide/target/debug/deps/libindicatif-968037f5c3fb6905.rlib --extern md5=/opt/rustwide/target/debug/deps/libmd5-380e091b79bd6e66.rlib --extern mockito=/opt/rustwide/target/debug/deps/libmockito-a358ad2c3a5bca5b.rlib --extern qrcode=/opt/rustwide/target/debug/deps/libqrcode-040c2043befac4f4.rlib --extern quick_xml=/opt/rustwide/target/debug/deps/libquick_xml-4a2b22905524e3cf.rlib --extern regex=/opt/rustwide/target/debug/deps/libregex-e1efcc34bb1ecb85.rlib --extern reqwest=/opt/rustwide/target/debug/deps/libreqwest-c9eabe83771f0e1b.rlib --extern rvd=/opt/rustwide/target/debug/deps/librvd-d0a43148ff142b98.rlib --extern serde=/opt/rustwide/target/debug/deps/libserde-d8c3b9d5f5c6076b.rlib --extern serde_json=/opt/rustwide/target/debug/deps/libserde_json-00c7f0c84fa25783.rlib --extern tempfile=/opt/rustwide/target/debug/deps/libtempfile-81cc559dcfaa95f4.rlib --extern thiserror=/opt/rustwide/target/debug/deps/libthiserror-c82bb383737e5911.rlib --extern tokio=/opt/rustwide/target/debug/deps/libtokio-43e771d8c340e33c.rlib --extern toml=/opt/rustwide/target/debug/deps/libtoml-096d1b0866c36c54.rlib --extern tracing=/opt/rustwide/target/debug/deps/libtracing-df07731f3aa9945d.rlib --extern tracing_subscriber=/opt/rustwide/target/debug/deps/libtracing_subscriber-e27c1dbfe51a939a.rlib --extern url=/opt/rustwide/target/debug/deps/liburl-46feeda670c8830a.rlib --cap-lints=warn -L native=/opt/rustwide/target/debug/build/ring-a18254fc8ecb61a0/out` (signal: 9, SIGKILL: kill)
[INFO] [stdout] error: linking with `cc` failed: exit status: 1
[INFO] [stdout]   |
[INFO] [stdout]   = note:  "cc" "-m64" "/opt/rustwide/target/debug/deps/rustcHWFFuF/symbols.o" "<2 object files omitted>" "-Wl,--as-needed" "-Wl,-Bstatic" "<sysroot>/lib/rustlib/x86_64-unknown-linux-gnu/lib/{libtest-*,libgetopts-*,librustc_std_workspace_std-*}.rlib" "/opt/rustwide/target/debug/deps/{librvd-d0a43148ff142b98,libdirs-6f47defb6b4d91b9,libdirs_sys-be08aae51c5f53b0,liboption_ext-61303ef911796993,libtoml-096d1b0866c36c54,libtoml_edit-ea7a0f8c92281310,libserde_spanned-8b1f3e9c409edff5,libwinnow-d98b4b6bf9645098,libtoml_write-2c704ffd35684d73,libtoml_datetime-4cae8c72f97386ee,libmd5-380e091b79bd6e66,libregex-e1efcc34bb1ecb85,libregex_automata-5f6c4e4a9d8b7ff1,libaho_corasick-61cf93dc53dd0bf8,libregex_syntax-21c69862a9074e56,libindicatif-968037f5c3fb6905,libportable_atomic-60abd958a9c449b7,libnumber_prefix-6b994bedec76f9db,libfutures-48ba7edfc9775795,libfutures_executor-a6f76142e12e5500,libquick_xml-4a2b22905524e3cf,libclap-5c7a73521f44001d,libclap_builder-66125b157e71d71e,libstrsim-4d1ed08a123238dc,libanstream-3457df2e8a39d0de,libanstyle_query-01c9a556ffcdbece,libis_terminal_polyfill-3ca4268cb2568267,libcolorchoice-8e2615b3451b028d,libanstyle_parse-2b179629a907e4e4,libutf8parse-92d0158219063202,libclap_lex-1c04dafadfaa0baf,libanstyle-fe219cdab7346aa5,libqrcode-040c2043befac4f4,libimage-000eb8d93db91e0f,libimage_webp-34e741a8e5524094,libqoi-50d31acba597a2bc,libmoxcms-a4117b935537c2e7,libpxfm-05c6ed3735a22384,libtiff-afb3f44885b5314c,libfax-d118112e961bf21a,libpng-1ec7fdf5e8d94490,libflate2-b69eb7eb3ea3e781,libfdeflate-e2756c6137ef3746,libcrc32fast-77160f4e25d6fc25,libexr-05f8b4d42e4bafa8,libminiz_oxide-2af00ad8f8c499c1,libzune_inflate-a476fed04bff8e64,libsimd_adler32-a85d6c6326d2f661,libbit_field-ac1ccba4a1744749,liblebe-4a7d05a8365cd804,libhalf-53b7601bdf446ee6,libzerocopy-abd5b139c8192ada,libzune_jpeg-0bbc5a4c0a8356cb,libzune_core-d8a810c65908360c,libgif-461ed2a338847e47,libcolor_quant-72accfe2cafd1a2d,libweezl-8839e92a31bc764d,libbyteorder_lite-f5df2d14b4488fc7,libravif-c6e968a4f45bd5b9,libloop9-345099da14130af9,libavif_serialize-341b69f05acb5600,libquick_error-702b385be5f12d4a,librgb-52e03eca7e7910f5,librav1e-0a12ab1b508a5e5c,libprofiling-a356c53d8b3cca32,libav1_grain-0b80c99232a0d98f,libnom-fa807ffdb3c062e2,libnum_rational-ef296040cf05fe91,libnum_bigint-2477c4e6b378c085,libnum_integer-e1dae9bde9b8ffd5,libanyhow-4342eda19ce54c8e,libdebug_unreachable-2bce5da2715432ba,libmaybe_rayon-ddfefa9a5b879eba,librayon-cddd5520333a5540,librayon_core-e986c1d1845fe6c3,libcrossbeam_deque-e71c6317821167fb,libcrossbeam_epoch-5fdcd5978a9f0010,libcrossbeam_utils-f696a08ab1e94e7a,libv_frame-3169816d6ff122ca,libaligned_vec-58176eaf7cb7a487,libequator-ced260380a695cbf,libarrayvec-09741c597eeba17a,libbitstream_io-a4cb3b37262b126d,libitertools-144f4b3efc3ba30a,libeither-e5ea87bd27ac73a9,libimgref-3394f03120c74b5c,libbytemuck-936b7ebcca343d54,libnum_traits-61451ab850bd490d,libreqwest-c9eabe83771f0e1b,librustls_pemfile-30aaf682314043cb,libhyper_rustls-5f9eeb054d4d84cb,libserde_urlencoded-472442f948ec2ba5,libwebpki_roots-da6c00699c81e448,libcookie_store-eafdf783834b6380,libpublicsuffix-4b911aabc3a37538,libpsl_types-be5f8942940e3a9c,libcookie-b98e723de30ef834,libtime-4348dc24a660a345,libtime_core-18c82ab596674382,libnum_conv-d3297905cfb69f59,libderanged-0497f8a63ebb66e0,libpowerfmt-f6019a2766e431f7,libidna-fdf9e13a20385c5c,libunicode_normalization-bd06b54553e210b3,libtinyvec-0e7c5ebf3c1ba3ec,libtinyvec_macros-7b77ea21c73594ca,libunicode_bidi-a9d2c96e849c6f3c,libbase64-13144a1f1e192158,libipnet-a38805d99c19843f,libtokio_rustls-9cb6f433764633dd,libmime-0188e0814ca7ddbf,libencoding_rs-c7a67ac351c2b19f,libserde_json-00c7f0c84fa25783,libryu-a7164637bc4900ee,librustls-9f322ea95f9391fb,libsct-52704460428180bf,libwebpki-beaf21eb776fe9e5,libring-4c6445577731be0b,libgetrandom-d650c15c15be9e24,libuntrusted-b2f816886faf2178,libhyper-4db79d5cc05b87c6,libwant-7a6260b9c50f1479,libtry_lock-8fa2f6971035be84,libsocket2-006a92e9362680ff,libhttparse-8c9b827b8f345444,libh2-be32ef245d12492f,libindexmap-92c609a00701d15e,libequivalent-6a754676e6af62ae,libhashbrown-ac2229ec4aecf871,libtower_service-3fb88d28c2218805,libtracing-df07731f3aa9945d,libtracing_core-aa4ed84ab5d584f8,libfutures_util-a4ab239dcbdfd9a8,libmemchr-9be7e24c0cc6f173,libfutures_io-59d0071c9258d69f,libslab-5629529544b2a983,libfutures_channel-3bb2db6cecc5bacb,libfutures_task-e09ab7898221cb97,libpin_utils-3860774ad9b215b5,libtokio_util-d521cdc8e6d23dc1,libfutures_sink-ae1eb2d060de53a2,libtokio-43e771d8c340e33c,libsignal_hook_registry-3baf84eaf720662e,libsocket2-079e36dcc0be2ef0,libmio-1f0b2668c1a29a12,libparking_lot-3c23d1a32faae214,libparking_lot_core-07dc4dfa0e4d7158,liblock_api-16d46fed645f7bff,libscopeguard-7ec2214574194454,libsync_wrapper-b5d3a794a1e9deea,libhttp_body-32978a92019d505a,libpin_project_lite-72bf04572caa1c84,liblog-28ade3d6717210f3,libfutures_core-3b920243fce8fec0,liburl-46feeda670c8830a,libidna-3ca2d8cbbdf357dc,libutf8_iter-51566bbad89f3a68,libidna_adapter-adc80a5a57378f9b,libicu_properties-1a71ae2a31533e25,libicu_properties_data-ca07e36d75086861,libicu_normalizer-417addff1d466a95,libsmallvec-bc3128fdd57228fc,libicu_normalizer_data-ab8997d7cbbb3306,libicu_collections-7be4722a9938585c,libpotential_utf-35611a315d58d5aa,libicu_provider-02d9e9878f3ba1ac,libicu_locale_core-a3036773024b260e,libtinystr-467a00ce37e43e09,liblitemap-cd9b5b2aa04e2018,libwriteable-4f74a67d38fff78e,libzerovec-9de09e93a4e34150,libzerotrie-694206c55f99ef6a,libyoke-5a0d20ab310d03a3,libstable_deref_trait-63cbf3f3d3f94e56,libzerofrom-dfd63e648495fa2d,libform_urlencoded-58b0f0edb59b40d2,libpercent_encoding-fa055ecaa1e57cfa,libserde-d8c3b9d5f5c6076b,libserde_core-2c928ee17a7447a4,libhttp-f7e42874eabb68a3,libitoa-ef40fa516293a9d3,libbytes-82ad4f0211bdc963,libfnv-79e2cbfbe03dcd16,libdialoguer-452030f9c3af4473,libshell_words-c7c8b88b0c6925bc,libtempfile-81cc559dcfaa95f4,libgetrandom-306efa459aaadf86,libcfg_if-83060ec5685761ae,libfastrand-751bcde24b8aa073,librustix-d41a4566413a9198,libbitflags-9362e66b8880981a,liblinux_raw_sys-7c0af75954695899,libzeroize-7f213bea776ca5b6,libthiserror-c82bb383737e5911,libconsole-fbc6a8e8efdfc9ef,liblibc-520a1cd7a1b3fe13,libunicode_width-c0be3735b741df1b,libonce_cell-e9252a7b5119f3eb}.rlib" "<sysroot>/lib/rustlib/x86_64-unknown-linux-gnu/lib/{libstd-*,libpanic_unwind-*,libobject-*,libmemchr-*,libaddr2line-*,libgimli-*,libcfg_if-*,librustc_demangle-*,libstd_detect-*,libhashbrown-*,librustc_std_workspace_alloc-*,libminiz_oxide-*,libadler2-*,libunwind-*,liblibc-*,librustc_std_workspace_core-*,liballoc-*,libcore-*,libcompiler_builtins-*}.rlib" "-Wl,-Bdynamic" "-lgcc_s" "-lutil" "-lrt" "-lpthread" "-lm" "-ldl" "-lc" "-L" "/opt/rustwide/target/debug/deps/rustcHWFFuF/raw-dylibs" "-B<sysroot>/lib/rustlib/x86_64-unknown-linux-gnu/bin/gcc-ld" "-fuse-ld=lld" "-Wl,--eh-frame-hdr" "-Wl,-z,noexecstack" "-L" "/opt/rustwide/target/debug/build/ring-a18254fc8ecb61a0/out" "-L" "<sysroot>/lib/rustlib/x86_64-unknown-linux-gnu/lib" "-o" "/opt/rustwide/target/debug/deps/auth_qrcode_test-885fd47d5d1bab1e" "-Wl,--gc-sections" "-pie" "-Wl,-z,relro,-z,now" "-nodefaultlibs"
[INFO] [stdout]   = note: some arguments are omitted. use `--verbose` to show all linker arguments
[INFO] [stdout]   = note: collect2: fatal error: ld terminated with signal 9 [Killed]
[INFO] [stdout]           compilation terminated.
[INFO] [stdout]           
[INFO] [stdout] 
[INFO] [stdout] 
[INFO] [stderr] error: could not compile `rvd` (test "auth_qrcode_test") due to 1 previous error
[INFO] running `Command { std: "docker" "inspect" "ab34a834ced20c5275298ce6b52f5afa424083e54f576737370e1c31c2849588", kill_on_drop: false }`
[INFO] running `Command { std: "docker" "rm" "-f" "ab34a834ced20c5275298ce6b52f5afa424083e54f576737370e1c31c2849588", kill_on_drop: false }`
[INFO] [stdout] ab34a834ced20c5275298ce6b52f5afa424083e54f576737370e1c31c2849588
