[INFO] fetching crate rust-webx-host 0.5.0...
[INFO] testing rust-webx-host-0.5.0 against 1.99.0-beta.8 for beta-1.100-3
[INFO] extracting crate rust-webx-host 0.5.0 into /workspace/builds/worker-0-tc1/source
[INFO] started tweaking crates.io crate rust-webx-host 0.5.0
[INFO] removed 0 missing tests
[INFO] finished tweaking crates.io crate rust-webx-host 0.5.0
[INFO] tweaked toml for crates.io crate rust-webx-host 0.5.0 written to /workspace/builds/worker-0-tc1/source/Cargo.toml
[INFO] validating manifest of crates.io crate rust-webx-host 0.5.0 on toolchain 1.99.0-beta.8
[INFO] running `Command { std: CARGO_HOME="/workspace/cargo-home" RUSTUP_HOME="/workspace/rustup-home" "/workspace/cargo-home/bin/cargo" "+1.99.0-beta.8" "metadata" "--manifest-path" "Cargo.toml" "--no-deps", kill_on_drop: false }`
[INFO] crate crates.io crate rust-webx-host 0.5.0 already has a lockfile, it will not be regenerated
[INFO] running `Command { std: CARGO_HOME="/workspace/cargo-home" RUSTUP_HOME="/workspace/rustup-home" "/workspace/cargo-home/bin/cargo" "+1.99.0-beta.8" "fetch" "--manifest-path" "Cargo.toml", kill_on_drop: false }`
[INFO] [stderr]     Updating crates.io index
[INFO] [stderr]  Downloading crates ...
[INFO] [stderr]   Downloaded wasm-bindgen-shared v0.2.123
[INFO] [stderr]   Downloaded wasm-bindgen v0.2.123
[INFO] [stderr]   Downloaded wasm-bindgen-macro v0.2.123
[INFO] [stderr]   Downloaded rust-dix-macros v0.7.0
[INFO] [stderr]   Downloaded inventory v0.3.24
[INFO] [stderr]   Downloaded alloc-stdlib v0.3.0
[INFO] [stderr]   Downloaded alloc-no-stdlib v3.0.0
[INFO] [stderr]   Downloaded rust-webx-spa v0.5.0
[INFO] [stderr]   Downloaded wasm-bindgen-macro-support v0.2.123
[INFO] [stderr]   Downloaded wasm-bindgen-futures v0.4.73
[INFO] [stderr]   Downloaded rust-webx-openapi v0.5.0
[INFO] [stderr]   Downloaded rust-webx-macros v0.5.0
[INFO] [stderr]   Downloaded rust-dix v0.7.0
[INFO] [stderr]   Downloaded uuid v1.23.3
[INFO] [stderr]   Downloaded log v0.4.32
[INFO] [stderr]   Downloaded compression-core v0.4.32
[INFO] [stderr]   Downloaded rust-webx-core v0.5.0
[INFO] [stderr]   Downloaded memchr v2.8.1
[INFO] [stderr]   Downloaded compression-codecs v0.4.38
[INFO] [stderr]   Downloaded js-sys v0.3.100
[INFO] [stderr]   Downloaded cc v1.2.63
[INFO] [stderr]   Downloaded wasip2 v1.0.3+wasi-0.2.9
[INFO] [stderr]   Downloaded async-compression v0.4.42
[INFO] [stderr]   Downloaded brotli-decompressor v6.0.0
[INFO] [stderr]   Downloaded web-sys v0.3.100
[INFO] [stderr]   Downloaded yasna v0.5.2
[INFO] [stderr]   Downloaded rcgen v0.13.2
[INFO] [stderr]   Downloaded multiversion-macros v0.9.0
[INFO] [stderr]   Downloaded multer v3.1.0
[INFO] [stderr]   Downloaded matchit v0.9.2
[INFO] [stderr]   Downloaded encoding_rs v0.8.41
[INFO] [stderr]   Downloaded multiversion v0.9.0
[INFO] [stderr]   Downloaded ctrlc v3.5.2
[INFO] [stderr]   Downloaded dispatch2 v0.3.1
[INFO] [stderr]   Downloaded objc2-encode v4.1.0
[INFO] [stderr]   Downloaded block2 v0.6.2
[INFO] [stderr]   Downloaded objc2 v0.6.4
[INFO] running `Command { std: "docker" "create" "-v" "/var/lib/crater-agent-workspace/builds/worker-0-tc1/source:/opt/rustwide/workdir:ro,Z" "-v" "/var/lib/crater-agent-workspace/builds/worker-0-tc1/target:/opt/rustwide/target:rw,Z" "-v" "/var/lib/crater-agent-workspace/cargo-home:/opt/rustwide/cargo-home:ro,Z" "-v" "/var/lib/crater-agent-workspace/rustup-home:/opt/rustwide/rustup-home:ro,Z" "-m" "1610612736" "--network" "none" "ghcr.io/rust-lang/crates-build-env/linux@sha256:77db811e55d90add9212f6832c23229e3de5f1c1f9905e8cb07319ea15df73ac" "sleep" "infinity", kill_on_drop: false }`
[INFO] [stdout] da0dd96f12c852c252f5acaa87fbd6d0756620321e761ec154a8c50099d89c1c
[INFO] running `Command { std: "docker" "start" "da0dd96f12c852c252f5acaa87fbd6d0756620321e761ec154a8c50099d89c1c", kill_on_drop: false }`
[INFO] running `Command { std: "docker" "inspect" "da0dd96f12c852c252f5acaa87fbd6d0756620321e761ec154a8c50099d89c1c", kill_on_drop: false }`
[INFO] running `Command { std: "docker" "exec" "-e" "SOURCE_DIR=/opt/rustwide/workdir" "-e" "CARGO_HOME=/opt/rustwide/cargo-home" "-e" "RUSTUP_HOME=/opt/rustwide/rustup-home" "-e" "CARGO_TARGET_DIR=/opt/rustwide/target" "-w" "/opt/rustwide/workdir" "--user" "0:0" "da0dd96f12c852c252f5acaa87fbd6d0756620321e761ec154a8c50099d89c1c" "/opt/rustwide/cargo-home/bin/cargo" "+1.99.0-beta.8" "metadata" "--no-deps" "--format-version=1", kill_on_drop: false }`
[INFO] running `Command { std: "docker" "inspect" "da0dd96f12c852c252f5acaa87fbd6d0756620321e761ec154a8c50099d89c1c", kill_on_drop: false }`
[INFO] running `Command { std: "docker" "exec" "-e" "SOURCE_DIR=/opt/rustwide/workdir" "-e" "CARGO_HOME=/opt/rustwide/cargo-home" "-e" "RUSTUP_HOME=/opt/rustwide/rustup-home" "-e" "CARGO_TARGET_DIR=/opt/rustwide/target" "-e" "CARGO_INCREMENTAL=0" "-e" "RUST_BACKTRACE=full" "-e" "RUSTFLAGS=--cap-lints=warn" "-e" "RUSTDOCFLAGS=--cap-lints=warn" "-w" "/opt/rustwide/workdir" "--user" "0:0" "da0dd96f12c852c252f5acaa87fbd6d0756620321e761ec154a8c50099d89c1c" "/opt/rustwide/cargo-home/bin/cargo" "+1.99.0-beta.8" "build" "--frozen" "--message-format=json", kill_on_drop: false }`
[INFO] [stderr]    Compiling quote v1.0.45
[INFO] [stderr]    Compiling libc v0.2.186
[INFO] [stderr]    Compiling bytes v1.11.1
[INFO] [stderr]    Compiling smallvec v1.15.1
[INFO] [stderr]    Compiling memchr v2.8.1
[INFO] [stderr]    Compiling log v0.4.32
[INFO] [stderr]    Compiling serde_core v1.0.228
[INFO] [stderr]    Compiling futures-io v0.3.32
[INFO] [stderr]    Compiling cc v1.2.63
[INFO] [stderr]    Compiling serde v1.0.228
[INFO] [stderr]    Compiling bitflags v2.13.0
[INFO] [stderr]    Compiling serde_json v1.0.150
[INFO] [stderr]    Compiling getrandom v0.4.2
[INFO] [stderr]    Compiling num-traits v0.2.19
[INFO] [stderr]    Compiling rustix v1.1.4
[INFO] [stderr]    Compiling zeroize v1.8.2
[INFO] [stderr]    Compiling linux-raw-sys v0.12.1
[INFO] [stderr]    Compiling time-core v0.1.8
[INFO] [stderr]    Compiling fastrand v2.4.1
[INFO] [stderr]    Compiling syn v2.0.117
[INFO] [stderr]    Compiling syn v3.0.5
[INFO] [stderr]    Compiling rustls-pki-types v1.14.1
[INFO] [stderr]    Compiling num-conv v0.2.2
[INFO] [stderr]    Compiling cfg_aliases v0.2.1
[INFO] [stderr]    Compiling inventory v0.3.24
[INFO] [stderr]    Compiling http v1.4.2
[INFO] [stderr]    Compiling powerfmt v0.2.0
[INFO] [stderr]    Compiling nix v0.31.3
[INFO] [stderr]    Compiling encoding_rs v0.8.41
[INFO] [stderr]    Compiling alloc-no-stdlib v3.0.0
[INFO] [stderr]    Compiling rustls v0.23.45
[INFO] [stderr]    Compiling deranged v0.5.8
[INFO] [stderr]    Compiling crc32fast v1.5.0
[INFO] [stderr]    Compiling time-macros v0.2.27
[INFO] [stderr]    Compiling multer v3.1.0
[INFO] [stderr]    Compiling alloc-stdlib v0.3.0
[INFO] [stderr]    Compiling mime_guess v2.0.5
[INFO] [stderr]    Compiling adler2 v2.0.1
[INFO] [stderr]    Compiling multiversion_no_op v1.0.0
[INFO] [stderr]    Compiling simd-adler32 v0.3.9
[INFO] [stderr]    Compiling core_detect v1.0.0
[INFO] [stderr]    Compiling simdutf8 v0.1.5
[INFO] [stderr]    Compiling miniz_oxide v0.8.9
[INFO] [stderr]    Compiling brotli-decompressor v6.0.0
[INFO] [stderr]    Compiling http-body v1.0.1
[INFO] [stderr]    Compiling num-integer v0.1.46
[INFO] [stderr]    Compiling pem v3.0.6
[INFO] [stderr]    Compiling num-bigint v0.4.6
[INFO] [stderr]    Compiling tracing-log v0.2.0
[INFO] [stderr]    Compiling castaway v0.2.4
[INFO] [stderr]    Compiling spin v0.9.9
[INFO] [stderr]    Compiling compact_str v0.9.1
[INFO] [stderr]    Compiling http-body-util v0.1.3
[INFO] [stderr]    Compiling rustls-pemfile v2.2.0
[INFO] [stderr]    Compiling flate2 v1.1.9
[INFO] [stderr]    Compiling matchit v0.9.2
[INFO] [stderr]    Compiling ring v0.17.14
[INFO] [stderr]    Compiling errno v0.3.14
[INFO] [stderr]    Compiling parking_lot_core v0.9.12
[INFO] [stderr]    Compiling mio v1.2.1
[INFO] [stderr]    Compiling socket2 v0.6.4
[INFO] [stderr]    Compiling getrandom v0.2.17
[INFO] [stderr]    Compiling signal-hook-registry v1.4.8
[INFO] [stderr]    Compiling uuid v1.23.3
[INFO] [stderr]    Compiling parking_lot v0.12.5
[INFO] [stderr]    Compiling time v0.3.47
[INFO] [stderr]    Compiling tempfile v3.27.0
[INFO] [stderr]    Compiling ctrlc v3.5.2
[INFO] [stderr]    Compiling multiversion-macros v0.9.0
[INFO] [stderr]    Compiling futures-macro v0.3.32
[INFO] [stderr]    Compiling tokio-macros v2.7.0
[INFO] [stderr]    Compiling tracing-attributes v0.1.31
[INFO] [stderr]    Compiling serde_derive v1.0.228
[INFO] [stderr]    Compiling thiserror-impl v2.0.18
[INFO] [stderr]    Compiling thiserror-impl v1.0.69
[INFO] [stderr]    Compiling rust-dix-macros v0.7.0
[INFO] [stderr]    Compiling async-trait v0.1.89
[INFO] [stderr]    Compiling tokio v1.52.3
[INFO] [stderr]    Compiling multiversion v0.9.0
[INFO] [stderr]    Compiling futures-util v0.3.32
[INFO] [stderr]    Compiling thiserror v1.0.69
[INFO] [stderr]    Compiling thiserror v2.0.18
[INFO] [stderr]    Compiling simple_asn1 v0.6.4
[INFO] [stderr]    Compiling tracing v0.1.44
[INFO] [stderr]    Compiling rustls-webpki v0.103.15
[INFO] [stderr]    Compiling tracing-serde v0.2.0
[INFO] [stderr]    Compiling jsonwebtoken v9.3.1
[INFO] [stderr]    Compiling tracing-subscriber v0.3.23
[INFO] [stderr]    Compiling futures-executor v0.3.32
[INFO] [stderr]    Compiling futures v0.3.32
[INFO] [stderr]    Compiling rust-dix v0.7.0
[INFO] [stderr]    Compiling tokio-util v0.7.18
[INFO] [stderr]    Compiling rust-webx-core v0.5.0
[INFO] [stderr]    Compiling h2 v0.4.19
[INFO] [stderr]    Compiling rust-webx-spa v0.5.0
[INFO] [stderr]    Compiling rust-webx-openapi v0.5.0
[INFO] [stderr]    Compiling tokio-rustls v0.26.4
[INFO] [stderr]    Compiling hyper v1.10.1
[INFO] [stderr]    Compiling hyper-util v0.1.20
[INFO] [stderr]    Compiling rust-webx-host v0.5.0 (/opt/rustwide/workdir)
[INFO] [stderr]     Finished `dev` profile [unoptimized + debuginfo] target(s) in 42.63s
[INFO] running `Command { std: "docker" "inspect" "da0dd96f12c852c252f5acaa87fbd6d0756620321e761ec154a8c50099d89c1c", kill_on_drop: false }`
[INFO] running `Command { std: "docker" "exec" "-e" "SOURCE_DIR=/opt/rustwide/workdir" "-e" "CARGO_HOME=/opt/rustwide/cargo-home" "-e" "RUSTUP_HOME=/opt/rustwide/rustup-home" "-e" "CARGO_TARGET_DIR=/opt/rustwide/target" "-e" "CARGO_INCREMENTAL=0" "-e" "RUST_BACKTRACE=full" "-e" "RUSTFLAGS=--cap-lints=warn" "-e" "RUSTDOCFLAGS=--cap-lints=warn" "-w" "/opt/rustwide/workdir" "--user" "0:0" "da0dd96f12c852c252f5acaa87fbd6d0756620321e761ec154a8c50099d89c1c" "/opt/rustwide/cargo-home/bin/cargo" "+1.99.0-beta.8" "test" "--frozen" "--no-run" "--message-format=json", kill_on_drop: false }`
[INFO] [stderr]    Compiling serde_core v1.0.228
[INFO] [stderr]    Compiling serde v1.0.228
[INFO] [stderr]    Compiling syn v2.0.117
[INFO] [stderr]    Compiling num-traits v0.2.19
[INFO] [stderr]    Compiling crossbeam-utils v0.8.21
[INFO] [stderr]    Compiling crossbeam-epoch v0.9.20
[INFO] [stderr]    Compiling zerocopy v0.8.52
[INFO] [stderr]    Compiling regex-automata v0.4.14
[INFO] [stderr]    Compiling compression-core v0.4.32
[INFO] [stderr]    Compiling rayon-core v1.13.0
[INFO] [stderr]    Compiling either v1.16.0
[INFO] [stderr]    Compiling ciborium-io v0.2.2
[INFO] [stderr]    Compiling clap_lex v1.1.0
[INFO] [stderr]    Compiling plotters-backend v0.3.7
[INFO] [stderr]    Compiling anstyle v1.0.14
[INFO] [stderr]    Compiling webpki-roots v1.0.9
[INFO] [stderr]    Compiling compression-codecs v0.4.38
[INFO] [stderr]    Compiling cast v0.3.0
[INFO] [stderr]    Compiling same-file v1.0.6
[INFO] [stderr]    Compiling plotters-svg v0.3.7
[INFO] [stderr]    Compiling walkdir v2.5.0
[INFO] [stderr]    Compiling yasna v0.5.2
[INFO] [stderr]    Compiling is-terminal v0.4.17
[INFO] [stderr]    Compiling anes v0.1.6
[INFO] [stderr]    Compiling oorandom v11.1.5
[INFO] [stderr]    Compiling clap_builder v4.6.0
[INFO] [stderr]    Compiling itertools v0.10.5
[INFO] [stderr]    Compiling rcgen v0.13.2
[INFO] [stderr]    Compiling num-integer v0.1.46
[INFO] [stderr]    Compiling plotters v0.3.7
[INFO] [stderr]    Compiling num-bigint v0.4.6
[INFO] [stderr]    Compiling crossbeam-deque v0.8.6
[INFO] [stderr]    Compiling criterion-plot v0.5.0
[INFO] [stderr]    Compiling rayon v1.12.0
[INFO] [stderr]    Compiling clap v4.6.1
[INFO] [stderr]    Compiling serde_json v1.0.150
[INFO] [stderr]    Compiling matchers v0.2.0
[INFO] [stderr]    Compiling regex v1.12.4
[INFO] [stderr]    Compiling synstructure v0.13.2
[INFO] [stderr]    Compiling zerofrom-derive v0.1.7
[INFO] [stderr]    Compiling tokio-macros v2.7.0
[INFO] [stderr]    Compiling yoke-derive v0.8.2
[INFO] [stderr]    Compiling futures-macro v0.3.32
[INFO] [stderr]    Compiling serde_derive v1.0.228
[INFO] [stderr]    Compiling zerovec-derive v0.11.3
[INFO] [stderr]    Compiling displaydoc v0.2.6
[INFO] [stderr]    Compiling tracing-attributes v0.1.31
[INFO] [stderr]    Compiling thiserror-impl v2.0.18
[INFO] [stderr]    Compiling thiserror-impl v1.0.69
[INFO] [stderr]    Compiling zerocopy-derive v0.8.52
[INFO] [stderr]    Compiling rust-dix-macros v0.7.0
[INFO] [stderr]    Compiling async-trait v0.1.89
[INFO] [stderr]    Compiling rust-webx-macros v0.5.0
[INFO] [stderr]    Compiling tokio v1.52.3
[INFO] [stderr]    Compiling futures-util v0.3.32
[INFO] [stderr]    Compiling tracing v0.1.44
[INFO] [stderr]    Compiling thiserror v1.0.69
[INFO] [stderr]    Compiling zerofrom v0.1.8
[INFO] [stderr]    Compiling yoke v0.8.3
[INFO] [stderr]    Compiling thiserror v2.0.18
[INFO] [stderr]    Compiling zerovec v0.11.6
[INFO] [stderr]    Compiling zerotrie v0.2.4
[INFO] [stderr]    Compiling simple_asn1 v0.6.4
[INFO] [stderr]    Compiling tinystr v0.8.3
[INFO] [stderr]    Compiling potential_utf v0.1.5
[INFO] [stderr]    Compiling icu_collections v2.2.0
[INFO] [stderr]    Compiling icu_locale_core v2.2.0
[INFO] [stderr]    Compiling tracing-serde v0.2.0
[INFO] [stderr]    Compiling serde_urlencoded v0.7.1
[INFO] [stderr]    Compiling jsonwebtoken v9.3.1
[INFO] [stderr]    Compiling tinytemplate v1.2.1
[INFO] [stderr]    Compiling tracing-subscriber v0.3.23
[INFO] [stderr]    Compiling icu_provider v2.2.0
[INFO] [stderr]    Compiling icu_properties v2.2.0
[INFO] [stderr]    Compiling icu_normalizer v2.2.0
[INFO] [stderr]    Compiling futures-executor v0.3.32
[INFO] [stderr]    Compiling multer v3.1.0
[INFO] [stderr]    Compiling futures v0.3.32
[INFO] [stderr]    Compiling rust-dix v0.7.0
[INFO] [stderr]    Compiling idna_adapter v1.2.2
[INFO] [stderr]    Compiling idna v1.1.0
[INFO] [stderr]    Compiling half v2.7.1
[INFO] [stderr]    Compiling url v2.5.8
[INFO] [stderr]    Compiling ciborium-ll v0.2.2
[INFO] [stderr]    Compiling ciborium v0.2.2
[INFO] [stderr]    Compiling criterion v0.5.1
[INFO] [stderr]    Compiling tokio-util v0.7.18
[INFO] [stderr]    Compiling rust-webx-core v0.5.0
[INFO] [stderr]    Compiling tokio-rustls v0.26.4
[INFO] [stderr]    Compiling async-compression v0.4.42
[INFO] [stderr]    Compiling tower v0.5.3
[INFO] [stderr]    Compiling h2 v0.4.19
[INFO] [stderr]    Compiling tower-http v0.6.11
[INFO] [stderr]    Compiling rust-webx-spa v0.5.0
[INFO] [stderr]    Compiling rust-webx-openapi v0.5.0
[INFO] [stderr]    Compiling hyper v1.10.1
[INFO] [stderr]    Compiling hyper-util v0.1.20
[INFO] [stderr]    Compiling hyper-rustls v0.27.9
[INFO] [stderr]    Compiling rust-webx-host v0.5.0 (/opt/rustwide/workdir)
[INFO] [stderr]    Compiling reqwest v0.12.28
[INFO] [stderr] error: could not compile `rust-webx-host` (test "integration_test")
[INFO] [stderr] 
[INFO] [stderr] Caused by:
[INFO] [stderr]   process didn't exit successfully: `/opt/rustwide/rustup-home/toolchains/1.99.0-beta.8-x86_64-unknown-linux-gnu/bin/rustc --crate-name integration_test --edition=2021 tests/integration_test.rs --error-format=json --json=diagnostic-rendered-ansi,artifacts,future-incompat --emit=dep-info,link -C embed-bitcode=no -C debuginfo=2 --test --check-cfg 'cfg(docsrs,test)' --check-cfg 'cfg(feature, values("testing"))' -C metadata=c483d2d72f65e9fb -C extra-filename=-c7de6217f2bc138e --out-dir /opt/rustwide/target/debug/deps -L dependency=/opt/rustwide/target/debug/deps --extern async_trait=/opt/rustwide/target/debug/deps/libasync_trait-3453bb6e76f3ba47.so --extern bytes=/opt/rustwide/target/debug/deps/libbytes-2ed9460101f17bbf.rlib --extern compact_str=/opt/rustwide/target/debug/deps/libcompact_str-43c95b1e43c1d400.rlib --extern criterion=/opt/rustwide/target/debug/deps/libcriterion-b553705c93ca3ce1.rlib --extern ctrlc=/opt/rustwide/target/debug/deps/libctrlc-576d97e09adee62c.rlib --extern flate2=/opt/rustwide/target/debug/deps/libflate2-84acb1666c285b0c.rlib --extern futures_util=/opt/rustwide/target/debug/deps/libfutures_util-919814dacf91c248.rlib --extern http_body_util=/opt/rustwide/target/debug/deps/libhttp_body_util-81e4d7974f4bf260.rlib --extern httpdate=/opt/rustwide/target/debug/deps/libhttpdate-331798cefc82cc7e.rlib --extern hyper=/opt/rustwide/target/debug/deps/libhyper-e57ef04d9a0328d9.rlib --extern hyper_util=/opt/rustwide/target/debug/deps/libhyper_util-98acf61d1a2356ea.rlib --extern inventory=/opt/rustwide/target/debug/deps/libinventory-4db84d261fa45ba5.rlib --extern jsonwebtoken=/opt/rustwide/target/debug/deps/libjsonwebtoken-756ddc6772ef9ff1.rlib --extern matchit=/opt/rustwide/target/debug/deps/libmatchit-ee1825c306044a4f.rlib --extern mime_guess=/opt/rustwide/target/debug/deps/libmime_guess-62c79a973dd7d3e8.rlib --extern multer=/opt/rustwide/target/debug/deps/libmulter-21405a9556354f30.rlib --extern rcgen=/opt/rustwide/target/debug/deps/librcgen-04910725d114779b.rlib --extern reqwest=/opt/rustwide/target/debug/deps/libreqwest-830c4c31626994ee.rlib --extern rust_dix=/opt/rustwide/target/debug/deps/librust_dix-047c9ef948d8d78b.rlib --extern webx_core=/opt/rustwide/target/debug/deps/libwebx_core-7064d6a8daf1b15e.rlib --extern webx_host=/opt/rustwide/target/debug/deps/libwebx_host-1156ad76fbc9a16e.rlib --extern webx_macros=/opt/rustwide/target/debug/deps/libwebx_macros-1fa8e3ef6c82c654.so --extern webx_openapi=/opt/rustwide/target/debug/deps/libwebx_openapi-664ad36706ee84c2.rlib --extern webx_spa=/opt/rustwide/target/debug/deps/libwebx_spa-066cf135275fbca9.rlib --extern rustls=/opt/rustwide/target/debug/deps/librustls-2424816bd63198f6.rlib --extern rustls_pemfile=/opt/rustwide/target/debug/deps/librustls_pemfile-422cf17c19b30882.rlib --extern serde=/opt/rustwide/target/debug/deps/libserde-243f950081e30d70.rlib --extern serde_json=/opt/rustwide/target/debug/deps/libserde_json-f67eb0514114539f.rlib --extern tempfile=/opt/rustwide/target/debug/deps/libtempfile-a54bf94304f11b88.rlib --extern thiserror=/opt/rustwide/target/debug/deps/libthiserror-5e90adc18491a337.rlib --extern tokio=/opt/rustwide/target/debug/deps/libtokio-eedf6166194730c1.rlib --extern tokio_rustls=/opt/rustwide/target/debug/deps/libtokio_rustls-c1b81c3e12e0ea59.rlib --extern tokio_util=/opt/rustwide/target/debug/deps/libtokio_util-2b62a1c3f3212efb.rlib --extern tracing=/opt/rustwide/target/debug/deps/libtracing-55191612051310b4.rlib --extern tracing_subscriber=/opt/rustwide/target/debug/deps/libtracing_subscriber-5c26b9fdc452d797.rlib --extern uuid=/opt/rustwide/target/debug/deps/libuuid-be781b44ff7babb4.rlib --cap-lints=warn -L native=/opt/rustwide/target/debug/build/ring-bf0d0526356a0d30/out` (signal: 9, SIGKILL: kill)
[INFO] [stderr] warning: build failed, waiting for other jobs to finish...
[INFO] [stderr] error: could not compile `rust-webx-host` (lib test)
[INFO] [stderr] 
[INFO] [stderr] Caused by:
[INFO] [stderr]   process didn't exit successfully: `/opt/rustwide/rustup-home/toolchains/1.99.0-beta.8-x86_64-unknown-linux-gnu/bin/rustc --crate-name webx_host --edition=2021 src/lib.rs --error-format=json --json=diagnostic-rendered-ansi,artifacts,future-incompat --emit=dep-info,link -C embed-bitcode=no -C debuginfo=2 --test --check-cfg 'cfg(docsrs,test)' --check-cfg 'cfg(feature, values("testing"))' -C metadata=efc3a032eab97954 -C extra-filename=-1a890eb43ff8035e --out-dir /opt/rustwide/target/debug/deps -L dependency=/opt/rustwide/target/debug/deps --extern async_trait=/opt/rustwide/target/debug/deps/libasync_trait-3453bb6e76f3ba47.so --extern bytes=/opt/rustwide/target/debug/deps/libbytes-2ed9460101f17bbf.rlib --extern compact_str=/opt/rustwide/target/debug/deps/libcompact_str-43c95b1e43c1d400.rlib --extern criterion=/opt/rustwide/target/debug/deps/libcriterion-b553705c93ca3ce1.rlib --extern ctrlc=/opt/rustwide/target/debug/deps/libctrlc-576d97e09adee62c.rlib --extern flate2=/opt/rustwide/target/debug/deps/libflate2-84acb1666c285b0c.rlib --extern futures_util=/opt/rustwide/target/debug/deps/libfutures_util-919814dacf91c248.rlib --extern http_body_util=/opt/rustwide/target/debug/deps/libhttp_body_util-81e4d7974f4bf260.rlib --extern httpdate=/opt/rustwide/target/debug/deps/libhttpdate-331798cefc82cc7e.rlib --extern hyper=/opt/rustwide/target/debug/deps/libhyper-e57ef04d9a0328d9.rlib --extern hyper_util=/opt/rustwide/target/debug/deps/libhyper_util-98acf61d1a2356ea.rlib --extern inventory=/opt/rustwide/target/debug/deps/libinventory-4db84d261fa45ba5.rlib --extern jsonwebtoken=/opt/rustwide/target/debug/deps/libjsonwebtoken-756ddc6772ef9ff1.rlib --extern matchit=/opt/rustwide/target/debug/deps/libmatchit-ee1825c306044a4f.rlib --extern mime_guess=/opt/rustwide/target/debug/deps/libmime_guess-62c79a973dd7d3e8.rlib --extern multer=/opt/rustwide/target/debug/deps/libmulter-21405a9556354f30.rlib --extern rcgen=/opt/rustwide/target/debug/deps/librcgen-04910725d114779b.rlib --extern reqwest=/opt/rustwide/target/debug/deps/libreqwest-830c4c31626994ee.rlib --extern rust_dix=/opt/rustwide/target/debug/deps/librust_dix-047c9ef948d8d78b.rlib --extern webx_core=/opt/rustwide/target/debug/deps/libwebx_core-7064d6a8daf1b15e.rlib --extern webx_macros=/opt/rustwide/target/debug/deps/libwebx_macros-1fa8e3ef6c82c654.so --extern webx_openapi=/opt/rustwide/target/debug/deps/libwebx_openapi-664ad36706ee84c2.rlib --extern webx_spa=/opt/rustwide/target/debug/deps/libwebx_spa-066cf135275fbca9.rlib --extern rustls=/opt/rustwide/target/debug/deps/librustls-2424816bd63198f6.rlib --extern rustls_pemfile=/opt/rustwide/target/debug/deps/librustls_pemfile-422cf17c19b30882.rlib --extern serde=/opt/rustwide/target/debug/deps/libserde-243f950081e30d70.rlib --extern serde_json=/opt/rustwide/target/debug/deps/libserde_json-f67eb0514114539f.rlib --extern tempfile=/opt/rustwide/target/debug/deps/libtempfile-a54bf94304f11b88.rlib --extern thiserror=/opt/rustwide/target/debug/deps/libthiserror-5e90adc18491a337.rlib --extern tokio=/opt/rustwide/target/debug/deps/libtokio-eedf6166194730c1.rlib --extern tokio_rustls=/opt/rustwide/target/debug/deps/libtokio_rustls-c1b81c3e12e0ea59.rlib --extern tokio_util=/opt/rustwide/target/debug/deps/libtokio_util-2b62a1c3f3212efb.rlib --extern tracing=/opt/rustwide/target/debug/deps/libtracing-55191612051310b4.rlib --extern tracing_subscriber=/opt/rustwide/target/debug/deps/libtracing_subscriber-5c26b9fdc452d797.rlib --extern uuid=/opt/rustwide/target/debug/deps/libuuid-be781b44ff7babb4.rlib --cap-lints=warn -L native=/opt/rustwide/target/debug/build/ring-bf0d0526356a0d30/out` (signal: 9, SIGKILL: kill)
[INFO] [stderr] error: could not compile `rust-webx-host` (test "tls_test")
[INFO] [stderr] 
[INFO] [stderr] Caused by:
[INFO] [stderr]   process didn't exit successfully: `/opt/rustwide/rustup-home/toolchains/1.99.0-beta.8-x86_64-unknown-linux-gnu/bin/rustc --crate-name tls_test --edition=2021 tests/tls_test.rs --error-format=json --json=diagnostic-rendered-ansi,artifacts,future-incompat --emit=dep-info,link -C embed-bitcode=no -C debuginfo=2 --test --check-cfg 'cfg(docsrs,test)' --check-cfg 'cfg(feature, values("testing"))' -C metadata=f862f56075c56b40 -C extra-filename=-455de7b88b13e090 --out-dir /opt/rustwide/target/debug/deps -L dependency=/opt/rustwide/target/debug/deps --extern async_trait=/opt/rustwide/target/debug/deps/libasync_trait-3453bb6e76f3ba47.so --extern bytes=/opt/rustwide/target/debug/deps/libbytes-2ed9460101f17bbf.rlib --extern compact_str=/opt/rustwide/target/debug/deps/libcompact_str-43c95b1e43c1d400.rlib --extern criterion=/opt/rustwide/target/debug/deps/libcriterion-b553705c93ca3ce1.rlib --extern ctrlc=/opt/rustwide/target/debug/deps/libctrlc-576d97e09adee62c.rlib --extern flate2=/opt/rustwide/target/debug/deps/libflate2-84acb1666c285b0c.rlib --extern futures_util=/opt/rustwide/target/debug/deps/libfutures_util-919814dacf91c248.rlib --extern http_body_util=/opt/rustwide/target/debug/deps/libhttp_body_util-81e4d7974f4bf260.rlib --extern httpdate=/opt/rustwide/target/debug/deps/libhttpdate-331798cefc82cc7e.rlib --extern hyper=/opt/rustwide/target/debug/deps/libhyper-e57ef04d9a0328d9.rlib --extern hyper_util=/opt/rustwide/target/debug/deps/libhyper_util-98acf61d1a2356ea.rlib --extern inventory=/opt/rustwide/target/debug/deps/libinventory-4db84d261fa45ba5.rlib --extern jsonwebtoken=/opt/rustwide/target/debug/deps/libjsonwebtoken-756ddc6772ef9ff1.rlib --extern matchit=/opt/rustwide/target/debug/deps/libmatchit-ee1825c306044a4f.rlib --extern mime_guess=/opt/rustwide/target/debug/deps/libmime_guess-62c79a973dd7d3e8.rlib --extern multer=/opt/rustwide/target/debug/deps/libmulter-21405a9556354f30.rlib --extern rcgen=/opt/rustwide/target/debug/deps/librcgen-04910725d114779b.rlib --extern reqwest=/opt/rustwide/target/debug/deps/libreqwest-830c4c31626994ee.rlib --extern rust_dix=/opt/rustwide/target/debug/deps/librust_dix-047c9ef948d8d78b.rlib --extern webx_core=/opt/rustwide/target/debug/deps/libwebx_core-7064d6a8daf1b15e.rlib --extern webx_host=/opt/rustwide/target/debug/deps/libwebx_host-1156ad76fbc9a16e.rlib --extern webx_macros=/opt/rustwide/target/debug/deps/libwebx_macros-1fa8e3ef6c82c654.so --extern webx_openapi=/opt/rustwide/target/debug/deps/libwebx_openapi-664ad36706ee84c2.rlib --extern webx_spa=/opt/rustwide/target/debug/deps/libwebx_spa-066cf135275fbca9.rlib --extern rustls=/opt/rustwide/target/debug/deps/librustls-2424816bd63198f6.rlib --extern rustls_pemfile=/opt/rustwide/target/debug/deps/librustls_pemfile-422cf17c19b30882.rlib --extern serde=/opt/rustwide/target/debug/deps/libserde-243f950081e30d70.rlib --extern serde_json=/opt/rustwide/target/debug/deps/libserde_json-f67eb0514114539f.rlib --extern tempfile=/opt/rustwide/target/debug/deps/libtempfile-a54bf94304f11b88.rlib --extern thiserror=/opt/rustwide/target/debug/deps/libthiserror-5e90adc18491a337.rlib --extern tokio=/opt/rustwide/target/debug/deps/libtokio-eedf6166194730c1.rlib --extern tokio_rustls=/opt/rustwide/target/debug/deps/libtokio_rustls-c1b81c3e12e0ea59.rlib --extern tokio_util=/opt/rustwide/target/debug/deps/libtokio_util-2b62a1c3f3212efb.rlib --extern tracing=/opt/rustwide/target/debug/deps/libtracing-55191612051310b4.rlib --extern tracing_subscriber=/opt/rustwide/target/debug/deps/libtracing_subscriber-5c26b9fdc452d797.rlib --extern uuid=/opt/rustwide/target/debug/deps/libuuid-be781b44ff7babb4.rlib --cap-lints=warn -L native=/opt/rustwide/target/debug/build/ring-bf0d0526356a0d30/out` (signal: 9, SIGKILL: kill)
[INFO] [stdout] error: linking with `cc` failed: exit status: 1
[INFO] [stdout]   |
[INFO] [stdout]   = note:  "cc" "-m64" "/opt/rustwide/target/debug/deps/rustckBhgHK/symbols.o" "<2 object files omitted>" "-Wl,--as-needed" "-Wl,-Bstatic" "<sysroot>/lib/rustlib/x86_64-unknown-linux-gnu/lib/{libtest-*,libgetopts-*,librustc_std_workspace_std-*}.rlib" "/opt/rustwide/target/debug/deps/{libwebx_host-1156ad76fbc9a16e,libctrlc-576d97e09adee62c,libnix-d02606a5e6eb6c6b,libtracing_subscriber-5c26b9fdc452d797,libtracing_serde-105315af0dcf9665,libsharded_slab-bd3e89e1e50b7c87,liblazy_static-3674be3f4245d19b,libmatchers-77e6a4bc4ef1800f,libregex_automata-2b973fb4631cd0bc,libregex_syntax-5fd254360f3be2ca,libnu_ansi_term-745c727bb3e87c52,libthread_local-b4f6fe44d641c0b1,libtracing_log-ab9af22a4a864412,libmatchit-ee1825c306044a4f,libmime_guess-62c79a973dd7d3e8,libunicase-14ef8cc0d70eefb8,libmulter-21405a9556354f30,libmime-0188e0814ca7ddbf,libspin-3ae72b8630018394,libencoding_rs-6db82aa3566af64c,libsimdutf8-8229586393ebc95e,libcore_detect-c9fbe0541ea45249,libtokio_rustls-c1b81c3e12e0ea59,librustls_pemfile-422cf17c19b30882,librustls-2424816bd63198f6,libsubtle-2ae6a7038b9a0630,libwebpki-f5d8cd58daa92620,librustls_pki_types-fc5637970849fdde,libzeroize-7f213bea776ca5b6,libwebx_spa-066cf135275fbca9,libbrotli_decompressor-246e6f2ff7d7740b,liballoc_stdlib-8be83b2333488a0a,liballoc_no_stdlib-bd512a81854d0027,libwebx_openapi-664ad36706ee84c2,libhyper_util-98acf61d1a2356ea,libpercent_encoding-fa055ecaa1e57cfa,libipnet-61ca7a5e1c2863d4,libtower_layer-d908dd771b239ecd,libtower_service-3fb88d28c2218805,libuuid-be781b44ff7babb4,libhyper-e57ef04d9a0328d9,libwant-7a6260b9c50f1479,libtry_lock-8fa2f6971035be84,libhttparse-8c9b827b8f345444,libh2-5192d2dfd5d8e207,libindexmap-b92bb9c25241b995,libequivalent-6a754676e6af62ae,libhashbrown-d7214d631586fd51,libfnv-79e2cbfbe03dcd16,libtokio_util-2b62a1c3f3212efb,libatomic_waker-06950c8c08d2b8fa,libhttp_body_util-81e4d7974f4bf260,libhttp_body-b69ed18c56792f32,libhttp-4ba5360fa6400f90,libflate2-84acb1666c285b0c,libminiz_oxide-6d5382b540dd717a,libsimd_adler32-7babdb89f91b6742,libcrc32fast-77160f4e25d6fc25,libwebx_core-7064d6a8daf1b15e,libhttpdate-331798cefc82cc7e,libtempfile-a54bf94304f11b88,libgetrandom-52ac10f43bf314b8,libfastrand-8c711c36072d5b5b,librustix-02d97837cd9bd231,libbitflags-4d66d68843710487,liblinux_raw_sys-0b6cde911e9a3109,libtracing-55191612051310b4,liblog-a38fd7fd086fa205,libtracing_core-d26029c784af5925,libonce_cell-b5bdc597ed9676b3,librust_dix-047c9ef948d8d78b,libinventory-4db84d261fa45ba5,libthiserror-305297abc8a52265,libfutures-d4d5438792c6a3f1,libfutures_executor-43b934a2caca7559,libfutures_util-919814dacf91c248,libfutures_io-a8805bd12b2ab705,libslab-0582d648e59ab406,libfutures_channel-04b287164a72dbf0,libfutures_sink-3971bde37bb30e19,libfutures_task-36f327cfab86eddc,libfutures_core-1121ff913ed87f93,libtokio-eedf6166194730c1,libsignal_hook_registry-a760c7518082b676,liberrno-b828f94e94d1c0fa,libsocket2-90b26cd30e1ef9f8,libbytes-2ed9460101f17bbf,libmio-490dfa79c303b5bd,libparking_lot-ffadff8dabf49814,libparking_lot_core-1a2829851bfdb608,libsmallvec-bc3128fdd57228fc,liblock_api-16d46fed645f7bff,libscopeguard-7ec2214574194454,libpin_project_lite-0a15d51c77964692,libjsonwebtoken-756ddc6772ef9ff1,libpem-c65b0b75163a9934,libserde_json-f67eb0514114539f,libmemchr-0ebdc93958defebb,libzmij-ef63f1da73704b4c,libsimple_asn1-817afd81b533126a,libtime-e7ba40d85d8e2860,libitoa-5de11b3b23bfe572,libtime_core-031b6ab885a7634b,libnum_conv-8bd7073c84ef42cd,libderanged-d0114085ae3b02c5,libpowerfmt-f6019a2766e431f7,libthiserror-5e90adc18491a337,libnum_bigint-921899f554c0dcc0,libnum_integer-dd0d9c6de794baf0,libnum_traits-888f07a85755f3c0,libbase64-32787b0325ea6df8,libring-086d424a71990abc,libgetrandom-b2e86ac94e686071,liblibc-177b4b632c025eff,libuntrusted-b2f816886faf2178,libcfg_if-83060ec5685761ae,libserde-243f950081e30d70,libserde_core-21f22ac7b803fb0e}.rlib" "<sysroot>/lib/rustlib/x86_64-unknown-linux-gnu/lib/{libstd-*,libpanic_unwind-*,libobject-*,libmemchr-*,libaddr2line-*,libgimli-*,libcfg_if-*,librustc_demangle-*,libstd_detect-*,libhashbrown-*,librustc_std_workspace_alloc-*,libminiz_oxide-*,libadler2-*,libunwind-*,liblibc-*,librustc_std_workspace_core-*,liballoc-*,libcore-*,libcompiler_builtins-*}.rlib" "-Wl,-Bdynamic" "-lgcc_s" "-lutil" "-lrt" "-lpthread" "-lm" "-ldl" "-lc" "-L" "/opt/rustwide/target/debug/deps/rustckBhgHK/raw-dylibs" "-B<sysroot>/lib/rustlib/x86_64-unknown-linux-gnu/bin/gcc-ld" "-fuse-ld=lld" "-Wl,--eh-frame-hdr" "-Wl,-z,noexecstack" "-L" "/opt/rustwide/target/debug/build/ring-bf0d0526356a0d30/out" "-L" "<sysroot>/lib/rustlib/x86_64-unknown-linux-gnu/lib" "-o" "/opt/rustwide/target/debug/deps/health_test-1cf97ccc57639cdb" "-Wl,--gc-sections" "-pie" "-Wl,-z,relro,-z,now" "-nodefaultlibs"
[INFO] [stdout]   = note: some arguments are omitted. use `--verbose` to show all linker arguments
[INFO] [stdout]   = note: collect2: fatal error: ld terminated with signal 9 [Killed]
[INFO] [stdout]           compilation terminated.
[INFO] [stdout]           
[INFO] [stdout] 
[INFO] [stdout] 
[INFO] [stderr] error: could not compile `rust-webx-host` (test "health_test") due to 1 previous error
[INFO] [stdout] error: linking with `cc` failed: exit status: 1
[INFO] [stdout]   |
[INFO] [stdout]   = note:  "cc" "-m64" "/opt/rustwide/target/debug/deps/rustctclT2a/symbols.o" "<2 object files omitted>" "-Wl,--as-needed" "-Wl,-Bstatic" "<sysroot>/lib/rustlib/x86_64-unknown-linux-gnu/lib/{libtest-*,libgetopts-*,librustc_std_workspace_std-*}.rlib" "/opt/rustwide/target/debug/deps/{libwebx_host-1156ad76fbc9a16e,libctrlc-576d97e09adee62c,libnix-d02606a5e6eb6c6b,libtracing_subscriber-5c26b9fdc452d797,libtracing_serde-105315af0dcf9665,libsharded_slab-bd3e89e1e50b7c87,liblazy_static-3674be3f4245d19b,libmatchers-77e6a4bc4ef1800f,libregex_automata-2b973fb4631cd0bc,libregex_syntax-5fd254360f3be2ca,libnu_ansi_term-745c727bb3e87c52,libthread_local-b4f6fe44d641c0b1,libtracing_log-ab9af22a4a864412,libmatchit-ee1825c306044a4f,libmime_guess-62c79a973dd7d3e8,libunicase-14ef8cc0d70eefb8,libmulter-21405a9556354f30,libmime-0188e0814ca7ddbf,libspin-3ae72b8630018394,libencoding_rs-6db82aa3566af64c,libsimdutf8-8229586393ebc95e,libcore_detect-c9fbe0541ea45249,libtokio_rustls-c1b81c3e12e0ea59,librustls_pemfile-422cf17c19b30882,librustls-2424816bd63198f6,libsubtle-2ae6a7038b9a0630,libwebpki-f5d8cd58daa92620,librustls_pki_types-fc5637970849fdde,libzeroize-7f213bea776ca5b6,libwebx_spa-066cf135275fbca9,libbrotli_decompressor-246e6f2ff7d7740b,liballoc_stdlib-8be83b2333488a0a,liballoc_no_stdlib-bd512a81854d0027,libwebx_openapi-664ad36706ee84c2,libhyper_util-98acf61d1a2356ea,libpercent_encoding-fa055ecaa1e57cfa,libipnet-61ca7a5e1c2863d4,libtower_layer-d908dd771b239ecd,libtower_service-3fb88d28c2218805,libuuid-be781b44ff7babb4,libhyper-e57ef04d9a0328d9,libwant-7a6260b9c50f1479,libtry_lock-8fa2f6971035be84,libhttparse-8c9b827b8f345444,libh2-5192d2dfd5d8e207,libindexmap-b92bb9c25241b995,libequivalent-6a754676e6af62ae,libhashbrown-d7214d631586fd51,libfnv-79e2cbfbe03dcd16,libtokio_util-2b62a1c3f3212efb,libatomic_waker-06950c8c08d2b8fa,libhttp_body_util-81e4d7974f4bf260,libhttp_body-b69ed18c56792f32,libhttp-4ba5360fa6400f90,libflate2-84acb1666c285b0c,libminiz_oxide-6d5382b540dd717a,libsimd_adler32-7babdb89f91b6742,libcrc32fast-77160f4e25d6fc25,libjsonwebtoken-756ddc6772ef9ff1,libpem-c65b0b75163a9934,libsimple_asn1-817afd81b533126a,libtime-e7ba40d85d8e2860,libtime_core-031b6ab885a7634b,libnum_conv-8bd7073c84ef42cd,libderanged-d0114085ae3b02c5,libpowerfmt-f6019a2766e431f7,libnum_bigint-921899f554c0dcc0,libnum_integer-dd0d9c6de794baf0,libnum_traits-888f07a85755f3c0,libbase64-32787b0325ea6df8,libring-086d424a71990abc,libgetrandom-b2e86ac94e686071,libuntrusted-b2f816886faf2178,libwebx_core-7064d6a8daf1b15e,libhttpdate-331798cefc82cc7e,libtempfile-a54bf94304f11b88,libgetrandom-52ac10f43bf314b8,libfastrand-8c711c36072d5b5b,librustix-02d97837cd9bd231,libbitflags-4d66d68843710487,liblinux_raw_sys-0b6cde911e9a3109,libtracing-55191612051310b4,liblog-a38fd7fd086fa205,libtracing_core-d26029c784af5925,libonce_cell-b5bdc597ed9676b3,libserde_json-f67eb0514114539f,libitoa-5de11b3b23bfe572,libzmij-ef63f1da73704b4c,librust_dix-047c9ef948d8d78b,libinventory-4db84d261fa45ba5,libthiserror-305297abc8a52265,libfutures-d4d5438792c6a3f1,libfutures_executor-43b934a2caca7559,libfutures_util-919814dacf91c248,libmemchr-0ebdc93958defebb,libfutures_io-a8805bd12b2ab705,libslab-0582d648e59ab406,libfutures_channel-04b287164a72dbf0,libfutures_sink-3971bde37bb30e19,libfutures_task-36f327cfab86eddc,libfutures_core-1121ff913ed87f93,libthiserror-5e90adc18491a337,libserde-243f950081e30d70,libserde_core-21f22ac7b803fb0e,libtokio-eedf6166194730c1,libsignal_hook_registry-a760c7518082b676,liberrno-b828f94e94d1c0fa,libsocket2-90b26cd30e1ef9f8,libbytes-2ed9460101f17bbf,libmio-490dfa79c303b5bd,libparking_lot-ffadff8dabf49814,libparking_lot_core-1a2829851bfdb608,liblibc-177b4b632c025eff,libcfg_if-83060ec5685761ae,libsmallvec-bc3128fdd57228fc,liblock_api-16d46fed645f7bff,libscopeguard-7ec2214574194454,libpin_project_lite-0a15d51c77964692}.rlib" "<sysroot>/lib/rustlib/x86_64-unknown-linux-gnu/lib/{libstd-*,libpanic_unwind-*,libobject-*,libmemchr-*,libaddr2line-*,libgimli-*,libcfg_if-*,librustc_demangle-*,libstd_detect-*,libhashbrown-*,librustc_std_workspace_alloc-*,libminiz_oxide-*,libadler2-*,libunwind-*,liblibc-*,librustc_std_workspace_core-*,liballoc-*,libcore-*,libcompiler_builtins-*}.rlib" "-Wl,-Bdynamic" "-lgcc_s" "-lutil" "-lrt" "-lpthread" "-lm" "-ldl" "-lc" "-L" "/opt/rustwide/target/debug/deps/rustctclT2a/raw-dylibs" "-B<sysroot>/lib/rustlib/x86_64-unknown-linux-gnu/bin/gcc-ld" "-fuse-ld=lld" "-Wl,--eh-frame-hdr" "-Wl,-z,noexecstack" "-L" "/opt/rustwide/target/debug/build/ring-bf0d0526356a0d30/out" "-L" "<sysroot>/lib/rustlib/x86_64-unknown-linux-gnu/lib" "-o" "/opt/rustwide/target/debug/deps/production_guard_test-27fbd918382c8a07" "-Wl,--gc-sections" "-pie" "-Wl,-z,relro,-z,now" "-nodefaultlibs"
[INFO] [stdout]   = note: some arguments are omitted. use `--verbose` to show all linker arguments
[INFO] [stdout]   = note: collect2: fatal error: ld terminated with signal 9 [Killed]
[INFO] [stdout]           compilation terminated.
[INFO] [stdout]           
[INFO] [stdout] 
[INFO] [stdout] 
[INFO] [stderr] error: could not compile `rust-webx-host` (test "production_guard_test") due to 1 previous error
[INFO] [stdout] error: linking with `cc` failed: exit status: 1
[INFO] [stdout]   |
[INFO] [stdout]   = note:  "cc" "-m64" "/opt/rustwide/target/debug/deps/rustc4VkP8a/symbols.o" "<3 object files omitted>" "-Wl,--as-needed" "-Wl,-Bstatic" "/opt/rustwide/target/debug/deps/{libwebx_host-1156ad76fbc9a16e,libctrlc-576d97e09adee62c,libnix-d02606a5e6eb6c6b,libtracing_subscriber-5c26b9fdc452d797,libtracing_serde-105315af0dcf9665,libsharded_slab-bd3e89e1e50b7c87,liblazy_static-3674be3f4245d19b,libmatchers-77e6a4bc4ef1800f,libregex_automata-2b973fb4631cd0bc,libregex_syntax-5fd254360f3be2ca,libnu_ansi_term-745c727bb3e87c52,libthread_local-b4f6fe44d641c0b1,libtracing_log-ab9af22a4a864412,libmatchit-ee1825c306044a4f,libmime_guess-62c79a973dd7d3e8,libunicase-14ef8cc0d70eefb8,libmulter-21405a9556354f30,libmime-0188e0814ca7ddbf,libspin-3ae72b8630018394,libencoding_rs-6db82aa3566af64c,libsimdutf8-8229586393ebc95e,libcore_detect-c9fbe0541ea45249,libtokio_rustls-c1b81c3e12e0ea59,librustls_pemfile-422cf17c19b30882,librustls-2424816bd63198f6,libsubtle-2ae6a7038b9a0630,libwebpki-f5d8cd58daa92620,librustls_pki_types-fc5637970849fdde,libzeroize-7f213bea776ca5b6,libwebx_spa-066cf135275fbca9,libbrotli_decompressor-246e6f2ff7d7740b,liballoc_stdlib-8be83b2333488a0a,liballoc_no_stdlib-bd512a81854d0027,libwebx_openapi-664ad36706ee84c2,libhyper_util-98acf61d1a2356ea,libpercent_encoding-fa055ecaa1e57cfa,libipnet-61ca7a5e1c2863d4,libtower_layer-d908dd771b239ecd,libtower_service-3fb88d28c2218805,libuuid-be781b44ff7babb4,libhyper-e57ef04d9a0328d9,libwant-7a6260b9c50f1479,libtry_lock-8fa2f6971035be84,libhttparse-8c9b827b8f345444,libh2-5192d2dfd5d8e207,libindexmap-b92bb9c25241b995,libequivalent-6a754676e6af62ae,libhashbrown-d7214d631586fd51,libfnv-79e2cbfbe03dcd16,libtokio_util-2b62a1c3f3212efb,libatomic_waker-06950c8c08d2b8fa,libhttp_body_util-81e4d7974f4bf260,libhttp_body-b69ed18c56792f32,libhttp-4ba5360fa6400f90,libflate2-84acb1666c285b0c,libminiz_oxide-6d5382b540dd717a,libsimd_adler32-7babdb89f91b6742,libcrc32fast-77160f4e25d6fc25,libjsonwebtoken-756ddc6772ef9ff1,libpem-c65b0b75163a9934,libsimple_asn1-817afd81b533126a,libtime-e7ba40d85d8e2860,libtime_core-031b6ab885a7634b,libnum_conv-8bd7073c84ef42cd,libderanged-d0114085ae3b02c5,libpowerfmt-f6019a2766e431f7,libnum_bigint-921899f554c0dcc0,libnum_integer-dd0d9c6de794baf0,libnum_traits-888f07a85755f3c0,libbase64-32787b0325ea6df8,libring-086d424a71990abc,libgetrandom-b2e86ac94e686071,libuntrusted-b2f816886faf2178}.rlib" "<sysroot>/lib/rustlib/x86_64-unknown-linux-gnu/lib/{libtest-*,libgetopts-*,librustc_std_workspace_std-*}.rlib" "/opt/rustwide/target/debug/deps/{libwebx_core-7064d6a8daf1b15e,libhttpdate-331798cefc82cc7e,libtempfile-a54bf94304f11b88,libgetrandom-52ac10f43bf314b8,libfastrand-8c711c36072d5b5b,librustix-02d97837cd9bd231,libbitflags-4d66d68843710487,liblinux_raw_sys-0b6cde911e9a3109,libtracing-55191612051310b4,liblog-a38fd7fd086fa205,libtracing_core-d26029c784af5925,libonce_cell-b5bdc597ed9676b3,libserde_json-f67eb0514114539f,libitoa-5de11b3b23bfe572,libzmij-ef63f1da73704b4c,librust_dix-047c9ef948d8d78b,libinventory-4db84d261fa45ba5,libthiserror-305297abc8a52265,libfutures-d4d5438792c6a3f1,libfutures_executor-43b934a2caca7559,libfutures_util-919814dacf91c248,libmemchr-0ebdc93958defebb,libfutures_io-a8805bd12b2ab705,libslab-0582d648e59ab406,libfutures_channel-04b287164a72dbf0,libfutures_sink-3971bde37bb30e19,libfutures_task-36f327cfab86eddc,libfutures_core-1121ff913ed87f93,libthiserror-5e90adc18491a337,libserde-243f950081e30d70,libserde_core-21f22ac7b803fb0e,libtokio-eedf6166194730c1,libsignal_hook_registry-a760c7518082b676,liberrno-b828f94e94d1c0fa,libsocket2-90b26cd30e1ef9f8,libbytes-2ed9460101f17bbf,libmio-490dfa79c303b5bd,libparking_lot-ffadff8dabf49814,libparking_lot_core-1a2829851bfdb608,liblibc-177b4b632c025eff,libcfg_if-83060ec5685761ae,libsmallvec-bc3128fdd57228fc,liblock_api-16d46fed645f7bff,libscopeguard-7ec2214574194454,libpin_project_lite-0a15d51c77964692}.rlib" "<sysroot>/lib/rustlib/x86_64-unknown-linux-gnu/lib/{libstd-*,libpanic_unwind-*,libobject-*,libmemchr-*,libaddr2line-*,libgimli-*,libcfg_if-*,librustc_demangle-*,libstd_detect-*,libhashbrown-*,librustc_std_workspace_alloc-*,libminiz_oxide-*,libadler2-*,libunwind-*,liblibc-*,librustc_std_workspace_core-*,liballoc-*,libcore-*,libcompiler_builtins-*}.rlib" "-Wl,-Bdynamic" "-lgcc_s" "-lutil" "-lrt" "-lpthread" "-lm" "-ldl" "-lc" "-L" "/opt/rustwide/target/debug/deps/rustc4VkP8a/raw-dylibs" "-B<sysroot>/lib/rustlib/x86_64-unknown-linux-gnu/bin/gcc-ld" "-fuse-ld=lld" "-Wl,--eh-frame-hdr" "-Wl,-z,noexecstack" "-L" "/opt/rustwide/target/debug/build/ring-bf0d0526356a0d30/out" "-L" "<sysroot>/lib/rustlib/x86_64-unknown-linux-gnu/lib" "-o" "/opt/rustwide/target/debug/deps/authz_test-2a5ef5fa1eeb3c8f" "-Wl,--gc-sections" "-pie" "-Wl,-z,relro,-z,now" "-nodefaultlibs"
[INFO] [stdout]   = note: some arguments are omitted. use `--verbose` to show all linker arguments
[INFO] [stdout]   = note: collect2: fatal error: ld terminated with signal 9 [Killed]
[INFO] [stdout]           compilation terminated.
[INFO] [stdout]           
[INFO] [stdout] 
[INFO] [stdout] 
[INFO] [stderr] error: could not compile `rust-webx-host` (test "authz_test") due to 1 previous error
[INFO] running `Command { std: "docker" "inspect" "da0dd96f12c852c252f5acaa87fbd6d0756620321e761ec154a8c50099d89c1c", kill_on_drop: false }`
[INFO] running `Command { std: "docker" "rm" "-f" "da0dd96f12c852c252f5acaa87fbd6d0756620321e761ec154a8c50099d89c1c", kill_on_drop: false }`
[INFO] [stdout] da0dd96f12c852c252f5acaa87fbd6d0756620321e761ec154a8c50099d89c1c
