[INFO] fetching crate qwx 0.0.2...
[INFO] testing qwx-0.0.2 against 1.100.0-beta.1 for beta-1.100-3
[INFO] extracting crate qwx 0.0.2 into /workspace/builds/worker-7-tc2/source
[INFO] started tweaking crates.io crate qwx 0.0.2
[INFO] finished tweaking crates.io crate qwx 0.0.2
[INFO] tweaked toml for crates.io crate qwx 0.0.2 written to /workspace/builds/worker-7-tc2/source/Cargo.toml
[INFO] validating manifest of crates.io crate qwx 0.0.2 on toolchain 1.100.0-beta.1
[INFO] running `Command { std: CARGO_HOME="/workspace/cargo-home" RUSTUP_HOME="/workspace/rustup-home" "/workspace/cargo-home/bin/cargo" "+1.100.0-beta.1" "metadata" "--manifest-path" "Cargo.toml" "--no-deps", kill_on_drop: false }`
[INFO] crate crates.io crate qwx 0.0.2 already has a lockfile, it will not be regenerated
[INFO] running `Command { std: CARGO_HOME="/workspace/cargo-home" RUSTUP_HOME="/workspace/rustup-home" "/workspace/cargo-home/bin/cargo" "+1.100.0-beta.1" "fetch" "--manifest-path" "Cargo.toml", kill_on_drop: false }`
[INFO] running `Command { std: "docker" "create" "-v" "/var/lib/crater-agent-workspace/builds/worker-7-tc2/source:/opt/rustwide/workdir:ro,Z" "-v" "/var/lib/crater-agent-workspace/builds/worker-7-tc2/target:/opt/rustwide/target:rw,Z" "-v" "/var/lib/crater-agent-workspace/cargo-home:/opt/rustwide/cargo-home:ro,Z" "-v" "/var/lib/crater-agent-workspace/rustup-home:/opt/rustwide/rustup-home:ro,Z" "-m" "1610612736" "--network" "none" "ghcr.io/rust-lang/crates-build-env/linux@sha256:77db811e55d90add9212f6832c23229e3de5f1c1f9905e8cb07319ea15df73ac" "sleep" "infinity", kill_on_drop: false }`
[INFO] [stdout] 22773af36be4fa7f879cba501f0326cf443b23dfb1bbef970fefd237edda8889
[INFO] running `Command { std: "docker" "start" "22773af36be4fa7f879cba501f0326cf443b23dfb1bbef970fefd237edda8889", kill_on_drop: false }`
[INFO] running `Command { std: "docker" "inspect" "22773af36be4fa7f879cba501f0326cf443b23dfb1bbef970fefd237edda8889", kill_on_drop: false }`
[INFO] running `Command { std: "docker" "exec" "-e" "SOURCE_DIR=/opt/rustwide/workdir" "-e" "CARGO_HOME=/opt/rustwide/cargo-home" "-e" "RUSTUP_HOME=/opt/rustwide/rustup-home" "-e" "CARGO_TARGET_DIR=/opt/rustwide/target" "-w" "/opt/rustwide/workdir" "--user" "0:0" "22773af36be4fa7f879cba501f0326cf443b23dfb1bbef970fefd237edda8889" "/opt/rustwide/cargo-home/bin/cargo" "+1.100.0-beta.1" "metadata" "--no-deps" "--format-version=1", kill_on_drop: false }`
[INFO] running `Command { std: "docker" "inspect" "22773af36be4fa7f879cba501f0326cf443b23dfb1bbef970fefd237edda8889", kill_on_drop: false }`
[INFO] running `Command { std: "docker" "exec" "-e" "SOURCE_DIR=/opt/rustwide/workdir" "-e" "CARGO_HOME=/opt/rustwide/cargo-home" "-e" "RUSTUP_HOME=/opt/rustwide/rustup-home" "-e" "CARGO_TARGET_DIR=/opt/rustwide/target" "-e" "CARGO_INCREMENTAL=0" "-e" "RUST_BACKTRACE=full" "-e" "RUSTFLAGS=--cap-lints=warn" "-e" "RUSTDOCFLAGS=--cap-lints=warn" "-w" "/opt/rustwide/workdir" "--user" "0:0" "22773af36be4fa7f879cba501f0326cf443b23dfb1bbef970fefd237edda8889" "/opt/rustwide/cargo-home/bin/cargo" "+1.100.0-beta.1" "build" "--frozen" "--message-format=json", kill_on_drop: false }`
[INFO] [stderr]    Compiling libc v0.2.189
[INFO] [stderr]    Compiling find-msvc-tools v0.1.11
[INFO] [stderr]    Compiling shlex v2.0.1
[INFO] [stderr]    Compiling tree-sitter-language v0.1.7
[INFO] [stderr]    Compiling proc-macro2 v1.0.107
[INFO] [stderr]    Compiling unicode-ident v1.0.24
[INFO] [stderr]    Compiling quote v1.0.47
[INFO] [stderr]    Compiling log v0.4.34
[INFO] [stderr]    Compiling cfg-if v1.0.4
[INFO] [stderr]    Compiling glob v0.3.4
[INFO] [stderr]    Compiling stable_deref_trait v1.2.1
[INFO] [stderr]    Compiling memchr v2.8.3
[INFO] [stderr]    Compiling prettyplease v0.2.37
[INFO] [stderr]    Compiling minimal-lexical v0.2.1
[INFO] [stderr]    Compiling serde_core v1.0.229
[INFO] [stderr]    Compiling zmij v1.0.23
[INFO] [stderr]    Compiling pkg-config v0.3.34
[INFO] [stderr]    Compiling regex-syntax v0.8.11
[INFO] [stderr]    Compiling libloading v0.8.9
[INFO] [stderr]    Compiling bindgen v0.72.1
[INFO] [stderr]    Compiling hashbrown v0.17.1
[INFO] [stderr]    Compiling either v1.18.0
[INFO] [stderr]    Compiling serde_json v1.0.151
[INFO] [stderr]    Compiling equivalent v1.0.2
[INFO] [stderr]    Compiling shlex v1.3.0
[INFO] [stderr]    Compiling rustc-hash v2.1.3
[INFO] [stderr]    Compiling itoa v1.0.18
[INFO] [stderr]    Compiling itertools v0.13.0
[INFO] [stderr]    Compiling bitflags v2.13.1
[INFO] [stderr]    Compiling vcpkg v0.2.15
[INFO] [stderr]    Compiling clang-sys v1.9.1
[INFO] [stderr]    Compiling smallvec v1.15.2
[INFO] [stderr]    Compiling litemap v0.8.3
[INFO] [stderr]    Compiling writeable v0.6.4
[INFO] [stderr]    Compiling icu_properties_data v2.3.0
[INFO] [stderr]    Compiling syn v2.0.119
[INFO] [stderr]    Compiling syn v3.0.4
[INFO] [stderr]    Compiling nom v7.1.3
[INFO] [stderr]    Compiling utf8_iter v1.0.4
[INFO] [stderr]    Compiling icu_normalizer_data v2.3.0
[INFO] [stderr]    Compiling crossbeam-utils v0.8.22
[INFO] [stderr]    Compiling utf8parse v0.2.2
[INFO] [stderr]    Compiling streaming-iterator v0.1.9
[INFO] [stderr]    Compiling anstyle v1.0.14
[INFO] [stderr]    Compiling anstyle-parse v1.0.0
[INFO] [stderr]    Compiling anstyle-query v1.1.5
[INFO] [stderr]    Compiling indexmap v2.14.0
[INFO] [stderr]    Compiling crossbeam-epoch v0.9.20
[INFO] [stderr]    Compiling unicode-segmentation v1.13.3
[INFO] [stderr]    Compiling colorchoice v1.0.5
[INFO] [stderr]    Compiling signal-hook v0.3.18
[INFO] [stderr]    Compiling aho-corasick v1.1.5
[INFO] [stderr]    Compiling is_terminal_polyfill v1.70.2
[INFO] [stderr]    Compiling parking_lot_core v0.9.12
[INFO] [stderr]    Compiling anstream v1.0.0
[INFO] [stderr]    Compiling percent-encoding v2.3.2
[INFO] [stderr]    Compiling thiserror v2.0.20
[INFO] [stderr]    Compiling scopeguard v1.2.0
[INFO] [stderr]    Compiling crossbeam-deque v0.8.7
[INFO] [stderr]    Compiling clap_lex v1.1.0
[INFO] [stderr]    Compiling portable-atomic v1.15.0
[INFO] [stderr]    Compiling jobserver v0.1.35
[INFO] [stderr]    Compiling errno v0.3.14
[INFO] [stderr]    Compiling convert_case v0.10.0
[INFO] [stderr]    Compiling strsim v0.11.1
[INFO] [stderr]    Compiling signal-hook-registry v1.4.8
[INFO] [stderr]    Compiling rustix v1.1.4
[INFO] [stderr]    Compiling cc v1.4.4
[INFO] [stderr]    Compiling regex-automata v0.4.18
[INFO] [stderr]    Compiling clap_builder v4.6.6
[INFO] [stderr]    Compiling mio v1.2.2
[INFO] [stderr]    Compiling form_urlencoded v1.2.2
[INFO] [stderr]    Compiling lock_api v0.4.14
[INFO] [stderr]    Compiling bstr v1.13.1
[INFO] [stderr]    Compiling litrs v1.0.0
[INFO] [stderr]    Compiling linux-raw-sys v0.12.1
[INFO] [stderr]    Compiling unicode-width v0.2.2
[INFO] [stderr]    Compiling same-file v1.0.6
[INFO] [stderr]    Compiling option-ext v0.2.0
[INFO] [stderr]    Compiling dirs-sys v0.5.0
[INFO] [stderr]    Compiling cexpr v0.6.0
[INFO] [stderr]    Compiling document-features v0.2.12
[INFO] [stderr]    Compiling console v0.16.4
[INFO] [stderr]    Compiling walkdir v2.5.0
[INFO] [stderr]    Compiling signal-hook-mio v0.2.5
[INFO] [stderr]    Compiling parking_lot v0.12.5
[INFO] [stderr]    Compiling str_indices v0.4.4
[INFO] [stderr]    Compiling openssl-probe v0.1.6
[INFO] [stderr]    Compiling unit-prefix v0.5.2
[INFO] [stderr]    Compiling ropey v1.6.1
[INFO] [stderr]    Compiling dirs v6.0.0
[INFO] [stderr]    Compiling num_cpus v1.17.0
[INFO] [stderr]    Compiling openssl-sys v0.9.117
[INFO] [stderr]    Compiling libz-sys v1.1.29
[INFO] [stderr]    Compiling libssh2-sys v0.3.2
[INFO] [stderr]    Compiling libgit2-sys v0.18.8+1.9.7
[INFO] [stderr]    Compiling tree-sitter-nginx v1.0.1
[INFO] [stderr]    Compiling tree-sitter-nix v0.3.0
[INFO] [stderr]    Compiling regex v1.13.1
[INFO] [stderr]    Compiling tree-sitter-lua v0.5.0
[INFO] [stderr]    Compiling tree-sitter-objc v3.0.2
[INFO] [stderr]    Compiling zerovec-derive v0.11.6
[INFO] [stderr]    Compiling displaydoc v0.2.7
[INFO] [stderr]    Compiling thiserror-impl v2.0.20
[INFO] [stderr]    Compiling tree-sitter-make v1.1.1
[INFO] [stderr]    Compiling tree-sitter-odin v1.3.0
[INFO] [stderr]    Compiling tree-sitter-fish v3.6.0
[INFO] [stderr]    Compiling tree-sitter-perl v1.1.2
[INFO] [stderr]    Compiling tree-sitter-php v0.24.2
[INFO] [stderr]    Compiling tree-sitter-powershell v0.26.4
[INFO] [stderr]    Compiling tree-sitter-python v0.25.0
[INFO] [stderr]    Compiling tree-sitter-r v1.3.0
[INFO] [stderr]    Compiling tree-sitter-hlsl v0.2.0
[INFO] [stderr]    Compiling tree-sitter-ruby v0.23.1
[INFO] [stderr]    Compiling tree-sitter-html v0.23.2
[INFO] [stderr]    Compiling tree-sitter-rust v0.24.2
[INFO] [stderr]    Compiling tree-sitter-ini v1.4.0
[INFO] [stderr]    Compiling tree-sitter-sas v0.4.2
[INFO] [stderr]    Compiling tree-sitter-java v0.23.5
[INFO] [stderr]    Compiling tree-sitter-scala v0.26.2
[INFO] [stderr]    Compiling tree-sitter-javascript v0.25.0
[INFO] [stderr]    Compiling tree-sitter-swift v0.7.3
[INFO] [stderr]    Compiling tree-sitter-jinja2 v0.0.16
[INFO] [stderr]    Compiling tree-sitter-typescript v0.23.2
[INFO] [stderr]    Compiling tree-sitter-md v0.5.3
[INFO] [stderr]    Compiling tree-sitter-json v0.24.8
[INFO] [stderr]    Compiling tree-sitter-vhdl v1.4.0
[INFO] [stderr]    Compiling tree-sitter-kconfig v1.3.0
[INFO] [stderr]    Compiling tree-sitter-xml v0.7.0
[INFO] [stderr]    Compiling tree-sitter-yaml v0.7.2
[INFO] [stderr]    Compiling tree-sitter-zig v1.1.2
[INFO] [stderr]    Compiling tree-sitter-zsh v0.63.4
[INFO] [stderr]    Compiling tree-sitter-erlang v0.20.0
[INFO] [stderr]    Compiling tree-sitter-fsharp v0.3.11
[INFO] [stderr]    Compiling tree-sitter-glsl v0.2.0
[INFO] [stderr]    Compiling tree-sitter-go v0.25.0
[INFO] [stderr]    Compiling tree-sitter-ada v0.1.0
[INFO] [stderr]    Compiling tree-sitter-agda v1.3.3
[INFO] [stderr]    Compiling tree-sitter-asm v0.24.0
[INFO] [stderr]    Compiling tree-sitter-bash v0.25.1
[INFO] [stderr]    Compiling tree-sitter-batch v0.11.1
[INFO] [stderr]    Compiling tree-sitter-c v0.24.2
[INFO] [stderr]    Compiling tree-sitter-c-sharp v0.23.5
[INFO] [stderr]    Compiling tree-sitter-cmake v0.7.4
[INFO] [stderr]    Compiling tree-sitter-cpp v0.23.4
[INFO] [stderr]    Compiling tree-sitter-css v0.25.0
[INFO] [stderr]    Compiling tree-sitter-d v0.8.2
[INFO] [stderr]    Compiling tree-sitter-graphql v0.2.0
[INFO] [stderr]    Compiling tree-sitter-dart v0.2.0
[INFO] [stderr]    Compiling tree-sitter-haskell v0.23.1
[INFO] [stderr]    Compiling tree-sitter-diff v0.1.0
[INFO] [stderr]    Compiling tree-sitter-hcl v1.1.0
[INFO] [stderr]    Compiling tree-sitter-elixir v0.3.5
[INFO] [stderr]    Compiling tree-sitter-elm v5.9.4
[INFO] [stderr]    Compiling synstructure v0.13.2
[INFO] [stderr]    Compiling zerofrom-derive v0.1.7
[INFO] [stderr]    Compiling yoke-derive v0.8.2
[INFO] [stderr]    Compiling derive_more-impl v2.1.1
[INFO] [stderr]    Compiling derive_more v2.1.1
[INFO] [stderr]    Compiling zerofrom v0.1.8
[INFO] [stderr]    Compiling yoke v0.8.3
[INFO] [stderr]    Compiling zerovec v0.11.8
[INFO] [stderr]    Compiling zerotrie v0.2.5
[INFO] [stderr]    Compiling tinystr v0.8.4
[INFO] [stderr]    Compiling potential_utf v0.1.6
[INFO] [stderr]    Compiling icu_locale_core v2.3.0
[INFO] [stderr]    Compiling icu_collections v2.3.0
[INFO] [stderr]    Compiling globset v0.4.20
[INFO] [stderr]    Compiling icu_provider v2.3.1
[INFO] [stderr]    Compiling icu_properties v2.3.0
[INFO] [stderr]    Compiling icu_normalizer v2.3.0
[INFO] [stderr] error: could not compile `bindgen` (lib)
[INFO] [stderr] 
[INFO] [stderr] Caused by:
[INFO] [stderr]   process didn't exit successfully: `/opt/rustwide/rustup-home/toolchains/1.100.0-beta.1-x86_64-unknown-linux-gnu/bin/rustc --crate-name bindgen --edition=2021 /opt/rustwide/cargo-home/registry/src/index.crates.io-1949cf8c6b5b557f/bindgen-0.72.1/lib.rs --error-format=json --json=diagnostic-rendered-ansi,artifacts,future-incompat,unused-externs-silent --crate-type lib --emit=dep-info,metadata,link -C embed-bitcode=no --cfg 'feature="default"' --cfg 'feature="logging"' --cfg 'feature="prettyplease"' --cfg 'feature="runtime"' --check-cfg 'cfg(docsrs,test)' --check-cfg 'cfg(feature, values("__cli", "__testing_only_extra_assertions", "__testing_only_libclang_16", "__testing_only_libclang_9", "default", "experimental", "logging", "prettyplease", "runtime", "static"))' -C metadata=a0a7a6a420370fe5 -C extra-filename=-8b42a7ce26d81b6e --out-dir /opt/rustwide/target/debug/build/bindgen/8b42a7ce26d81b6e/out -L dependency=/opt/rustwide/target/debug/build/cfg-if/83060ec5685761ae/out -L dependency=/opt/rustwide/target/debug/build/either/1948de6bc46f5da5/out -L dependency=/opt/rustwide/target/debug/build/glob/2bc5213235b146c5/out -L dependency=/opt/rustwide/target/debug/build/libc/32464e1b8391e223/out -L dependency=/opt/rustwide/target/debug/build/libloading/b88ed07a8c9d4e98/out -L dependency=/opt/rustwide/target/debug/build/memchr/5acde8d6d75021a7/out -L dependency=/opt/rustwide/target/debug/build/minimal-lexical/5c460c37ff8bd65d/out -L dependency=/opt/rustwide/target/debug/build/nom/85ecbd26de883cae/out -L dependency=/opt/rustwide/target/debug/build/proc-macro2/07b820aa231198b5/out -L dependency=/opt/rustwide/target/debug/build/quote/bf53898b3f04765a/out -L dependency=/opt/rustwide/target/debug/build/regex-automata/7d7bf9b7912765a0/out -L dependency=/opt/rustwide/target/debug/build/regex-syntax/d05d846f0edf1f94/out -L dependency=/opt/rustwide/target/debug/build/syn/f82260a0100b5320/out -L dependency=/opt/rustwide/target/debug/build/unicode-ident/86faa6b6bcc5b157/out --extern bitflags=/opt/rustwide/target/debug/build/bitflags/82314b2c8aab2bc7/out/libbitflags-82314b2c8aab2bc7.rmeta --extern cexpr=/opt/rustwide/target/debug/build/cexpr/6a159d4e7ba1f61a/out/libcexpr-6a159d4e7ba1f61a.rmeta --extern clang_sys=/opt/rustwide/target/debug/build/clang-sys/09b5df68df4a9eb5/out/libclang_sys-09b5df68df4a9eb5.rmeta --extern itertools=/opt/rustwide/target/debug/build/itertools/f8ecdba5ae7bbf99/out/libitertools-f8ecdba5ae7bbf99.rmeta --extern log=/opt/rustwide/target/debug/build/log/22b5be7f6ba2d64a/out/liblog-22b5be7f6ba2d64a.rmeta --extern prettyplease=/opt/rustwide/target/debug/build/prettyplease/8f8c1e29db144e3e/out/libprettyplease-8f8c1e29db144e3e.rmeta --extern proc_macro2=/opt/rustwide/target/debug/build/proc-macro2/07b820aa231198b5/out/libproc_macro2-07b820aa231198b5.rmeta --extern quote=/opt/rustwide/target/debug/build/quote/bf53898b3f04765a/out/libquote-bf53898b3f04765a.rmeta --extern regex=/opt/rustwide/target/debug/build/regex/71aefd4ad441d0d0/out/libregex-71aefd4ad441d0d0.rmeta --extern rustc_hash=/opt/rustwide/target/debug/build/rustc-hash/1f0ace860f711a8c/out/librustc_hash-1f0ace860f711a8c.rmeta --extern shlex=/opt/rustwide/target/debug/build/shlex/d42f9967807a45e2/out/libshlex-d42f9967807a45e2.rmeta --extern syn=/opt/rustwide/target/debug/build/syn/f82260a0100b5320/out/libsyn-f82260a0100b5320.rmeta --cap-lints allow --cap-lints=warn --force-warn=unused_crate_dependencies` (signal: 9, SIGKILL: kill)
[INFO] [stderr] warning: build failed, waiting for other jobs to finish...
[INFO] [stderr] warning: tree-sitter-zsh@0.63.4: cc: fatal error: Killed signal terminated program cc1
[INFO] [stderr] warning: tree-sitter-zsh@0.63.4: compilation terminated.
[INFO] [stderr] warning: tree-sitter-zsh@0.63.4: ToolExecError: command did not execute successfully (status code exit status: 1): LC_ALL="C" "cc" "-O0" "-ffunction-sections" "-fdata-sections" "-fPIC" "-g" "-gdwarf-4" "-fno-omit-frame-pointer" "-mno-omit-leaf-frame-pointer" "-m64" "-std=c11" "-I" "src" "-Wall" "-Wextra" "-Wno-unused-value" "-o" "/opt/rustwide/target/debug/build/tree-sitter-zsh/d74dfca58fb6067d/out/ea708c7824d36062-parser.o" "-c" "src/parser.c"cargo:warning=src/scanner.c: In function 'scan_raw_dollar':
[INFO] [stderr] warning: tree-sitter-zsh@0.63.4: src/scanner.c:522:64: warning: unused parameter 'valid_symbols' [-Wunused-parameter]
[INFO] [stderr] warning: tree-sitter-zsh@0.63.4:   522 | static inline bool scan_raw_dollar(TSLexer *lexer, const bool *valid_symbols) {
[INFO] [stderr] warning: tree-sitter-zsh@0.63.4:       |                                                    ~~~~~~~~~~~~^~~~~~~~~~~~~
[INFO] [stderr] warning: tree-sitter-zsh@0.63.4: src/scanner.c: In function 'scan':
[INFO] [stderr] warning: tree-sitter-zsh@0.63.4: src/scanner.c:1606:14: warning: unused variable 'in_param_expand' [-Wunused-variable]
[INFO] [stderr] warning: tree-sitter-zsh@0.63.4:  1606 |         bool in_param_expand = in_parameter_expansion_context(scanner);
[INFO] [stderr] warning: tree-sitter-zsh@0.63.4:       |              ^~~~~~~~~~~~~~~
[INFO] [stderr] error: failed to run custom build command for `tree-sitter-zsh v0.63.4`
[INFO] [stderr] note: To improve backtraces for build dependencies, set the CARGO_PROFILE_DEV_BUILD_OVERRIDE_DEBUG=true environment variable to enable debug information generation.
[INFO] [stderr] 
[INFO] [stderr] Caused by:
[INFO] [stderr]   process didn't exit successfully: `/opt/rustwide/target/debug/build/tree-sitter-zsh/0cd270f694e7cc28/out/build_script_build` (exit status: 1)
[INFO] [stderr]   --- stdout
[INFO] [stderr]   cargo:rerun-if-changed=src/parser.c
[INFO] [stderr]   cargo:rerun-if-changed=src/scanner.c
[INFO] [stderr]   cargo:rerun-if-env-changed=CC_FORCE_DISABLE
[INFO] [stderr]   CC_FORCE_DISABLE = None
[INFO] [stderr]   cargo:rerun-if-env-changed=CC_x86_64-unknown-linux-gnu
[INFO] [stderr]   CC_x86_64-unknown-linux-gnu = None
[INFO] [stderr]   cargo:rerun-if-env-changed=CC_x86_64_unknown_linux_gnu
[INFO] [stderr]   CC_x86_64_unknown_linux_gnu = None
[INFO] [stderr]   cargo:rerun-if-env-changed=HOST_CC
[INFO] [stderr]   HOST_CC = None
[INFO] [stderr]   cargo:rerun-if-env-changed=CC
[INFO] [stderr]   CC = None
[INFO] [stderr]   cargo:rerun-if-env-changed=CC_ENABLE_DEBUG_OUTPUT
[INFO] [stderr]   cargo:rerun-if-env-changed=CRATE_CC_NO_DEFAULTS
[INFO] [stderr]   CRATE_CC_NO_DEFAULTS = None
[INFO] [stderr]   cargo:rerun-if-env-changed=CRATE_CC_NO_DEFAULTS
[INFO] [stderr]   CRATE_CC_NO_DEFAULTS = None
[INFO] [stderr]   cargo:rerun-if-env-changed=CFLAGS
[INFO] [stderr]   CFLAGS = None
[INFO] [stderr]   cargo:rerun-if-env-changed=HOST_CFLAGS
[INFO] [stderr]   HOST_CFLAGS = None
[INFO] [stderr]   cargo:rerun-if-env-changed=CFLAGS_x86_64_unknown_linux_gnu
[INFO] [stderr]   CFLAGS_x86_64_unknown_linux_gnu = None
[INFO] [stderr]   cargo:rerun-if-env-changed=CFLAGS_x86_64-unknown-linux-gnu
[INFO] [stderr]   CFLAGS_x86_64-unknown-linux-gnu = None
[INFO] [stderr]   cargo:rerun-if-env-changed=CFLAGS
[INFO] [stderr]   CFLAGS = None
[INFO] [stderr]   cargo:rerun-if-env-changed=HOST_CFLAGS
[INFO] [stderr]   HOST_CFLAGS = None
[INFO] [stderr]   cargo:rerun-if-env-changed=CFLAGS_x86_64_unknown_linux_gnu
[INFO] [stderr]   CFLAGS_x86_64_unknown_linux_gnu = None
[INFO] [stderr]   cargo:rerun-if-env-changed=CFLAGS_x86_64-unknown-linux-gnu
[INFO] [stderr]   CFLAGS_x86_64-unknown-linux-gnu = None
[INFO] [stderr]   cargo:rerun-if-env-changed=CRATE_CC_NO_DEFAULTS
[INFO] [stderr]   CRATE_CC_NO_DEFAULTS = None
[INFO] [stderr]   cargo:rerun-if-env-changed=CFLAGS
[INFO] [stderr]   CFLAGS = None
[INFO] [stderr]   cargo:rerun-if-env-changed=HOST_CFLAGS
[INFO] [stderr]   HOST_CFLAGS = None
[INFO] [stderr]   cargo:rerun-if-env-changed=CFLAGS_x86_64_unknown_linux_gnu
[INFO] [stderr]   CFLAGS_x86_64_unknown_linux_gnu = None
[INFO] [stderr]   cargo:rerun-if-env-changed=CFLAGS_x86_64-unknown-linux-gnu
[INFO] [stderr]   CFLAGS_x86_64-unknown-linux-gnu = None
[INFO] [stderr]   cargo:rerun-if-env-changed=CC_x86_64-unknown-linux-gnu
[INFO] [stderr]   CC_x86_64-unknown-linux-gnu = None
[INFO] [stderr]   cargo:rerun-if-env-changed=CC_x86_64_unknown_linux_gnu
[INFO] [stderr]   CC_x86_64_unknown_linux_gnu = None
[INFO] [stderr]   cargo:rerun-if-env-changed=HOST_CC
[INFO] [stderr]   HOST_CC = None
[INFO] [stderr]   cargo:rerun-if-env-changed=CC
[INFO] [stderr]   CC = None
[INFO] [stderr]   cargo:rerun-if-env-changed=CRATE_CC_NO_DEFAULTS
[INFO] [stderr]   CRATE_CC_NO_DEFAULTS = None
[INFO] [stderr]   cargo:rerun-if-env-changed=CFLAGS
[INFO] [stderr]   CFLAGS = None
[INFO] [stderr]   cargo:rerun-if-env-changed=HOST_CFLAGS
[INFO] [stderr]   HOST_CFLAGS = None
[INFO] [stderr]   cargo:rerun-if-env-changed=CFLAGS_x86_64_unknown_linux_gnu
[INFO] [stderr]   CFLAGS_x86_64_unknown_linux_gnu = None
[INFO] [stderr]   cargo:rerun-if-env-changed=CFLAGS_x86_64-unknown-linux-gnu
[INFO] [stderr]   CFLAGS_x86_64-unknown-linux-gnu = None
[INFO] [stderr]   cargo:warning=cc: fatal error: Killed signal terminated program cc1
[INFO] [stderr]   cargo:warning=compilation terminated.
[INFO] [stderr]   exit status: 1
[INFO] [stderr]   cargo:warning=ToolExecError: command did not execute successfully (status code exit status: 1): LC_ALL="C" "cc" "-O0" "-ffunction-sections" "-fdata-sections" "-fPIC" "-g" "-gdwarf-4" "-fno-omit-frame-pointer" "-mno-omit-leaf-frame-pointer" "-m64" "-std=c11" "-I" "src" "-Wall" "-Wextra" "-Wno-unused-value" "-o" "/opt/rustwide/target/debug/build/tree-sitter-zsh/d74dfca58fb6067d/out/ea708c7824d36062-parser.o" "-c" "src/parser.c"cargo:warning=src/scanner.c: In function 'scan_raw_dollar':
[INFO] [stderr]   cargo:warning=src/scanner.c:522:64: warning: unused parameter 'valid_symbols' [-Wunused-parameter]
[INFO] [stderr]   cargo:warning=  522 | static inline bool scan_raw_dollar(TSLexer *lexer, const bool *valid_symbols) {
[INFO] [stderr]   cargo:warning=      |                                                    ~~~~~~~~~~~~^~~~~~~~~~~~~
[INFO] [stderr]   cargo:warning=src/scanner.c: In function 'scan':
[INFO] [stderr]   cargo:warning=src/scanner.c:1606:14: warning: unused variable 'in_param_expand' [-Wunused-variable]
[INFO] [stderr]   cargo:warning= 1606 |         bool in_param_expand = in_parameter_expansion_context(scanner);
[INFO] [stderr]   cargo:warning=      |              ^~~~~~~~~~~~~~~
[INFO] [stderr] 
[INFO] [stderr]   exit status: 0
[INFO] [stderr] 
[INFO] [stderr]   --- stderr
[INFO] [stderr] 
[INFO] [stderr] 
[INFO] [stderr]   error occurred in cc-rs: command did not execute successfully (status code exit status: 1): LC_ALL="C" "cc" "-O0" "-ffunction-sections" "-fdata-sections" "-fPIC" "-g" "-gdwarf-4" "-fno-omit-frame-pointer" "-mno-omit-leaf-frame-pointer" "-m64" "-std=c11" "-I" "src" "-Wall" "-Wextra" "-Wno-unused-value" "-o" "/opt/rustwide/target/debug/build/tree-sitter-zsh/d74dfca58fb6067d/out/ea708c7824d36062-parser.o" "-c" "src/parser.c"
[INFO] [stderr] 
[INFO] [stderr] 
[INFO] [stderr] warning: tree-sitter-fsharp@0.3.11: cc: fatal error: Killed signal terminated program cc1
[INFO] [stderr] warning: tree-sitter-fsharp@0.3.11: compilation terminated.
[INFO] [stderr] warning: tree-sitter-fsharp@0.3.11: ToolExecError: command did not execute successfully (status code exit status: 1): LC_ALL="C" "cc" "-O0" "-ffunction-sections" "-fdata-sections" "-fPIC" "-g" "-gdwarf-4" "-fno-omit-frame-pointer" "-mno-omit-leaf-frame-pointer" "-m64" "-std=c11" "-I" "./fsharp/src" "-Wall" "-Wextra" "-o" "/opt/rustwide/target/debug/build/tree-sitter-fsharp/533ea32907179d8e/out/577cc755a205cb7f-parser.o" "-c" "./fsharp/src/parser.c"cargo:rerun-if-env-changed=CC_x86_64-unknown-linux-gnu
[INFO] [stderr] warning: tree-sitter-fsharp@0.3.11: In file included from ./fsharp/src/../../common/scanner.h:5,
[INFO] [stderr] warning: tree-sitter-fsharp@0.3.11:                  from ./fsharp/src/scanner.c:1:
[INFO] [stderr] warning: tree-sitter-fsharp@0.3.11: ./fsharp/src/../../common/scanner.h: In function 'pop_indent':
[INFO] [stderr] warning: tree-sitter-fsharp@0.3.11: ./fsharp/src/tree_sitter/array.h:133:42: warning: value computed is not used [-Wunused-value]
[INFO] [stderr] warning: tree-sitter-fsharp@0.3.11:   133 | #define array_pop(self) ((self)->contents[--(self)->size])
[INFO] [stderr] warning: tree-sitter-fsharp@0.3.11:       |                         ~~~~~~~~~~~~~~~~~^~~~~~~~~~~~~~~~~
[INFO] [stderr] warning: tree-sitter-fsharp@0.3.11: ./fsharp/src/../../common/scanner.h:136:5: note: in expansion of macro 'array_pop'
[INFO] [stderr] warning: tree-sitter-fsharp@0.3.11:   136 |     array_pop(&scanner->indents);
[INFO] [stderr] warning: tree-sitter-fsharp@0.3.11:       |     ^~~~~~~~~
[INFO] [stderr] warning: tree-sitter-fsharp@0.3.11: ./fsharp/src/tree_sitter/array.h:133:42: warning: value computed is not used [-Wunused-value]
[INFO] [stderr] warning: tree-sitter-fsharp@0.3.11:   133 | #define array_pop(self) ((self)->contents[--(self)->size])
[INFO] [stderr] warning: tree-sitter-fsharp@0.3.11:       |                         ~~~~~~~~~~~~~~~~~^~~~~~~~~~~~~~~~~
[INFO] [stderr] warning: tree-sitter-fsharp@0.3.11: ./fsharp/src/../../common/scanner.h:139:5: note: in expansion of macro 'array_pop'
[INFO] [stderr] warning: tree-sitter-fsharp@0.3.11:   139 |     array_pop(&scanner->indent_kinds);
[INFO] [stderr] warning: tree-sitter-fsharp@0.3.11:       |     ^~~~~~~~~
[INFO] [stderr] warning: tree-sitter-fsharp@0.3.11: ./fsharp/src/../../common/scanner.h: In function 'pop_preproc_kind':
[INFO] [stderr] warning: tree-sitter-fsharp@0.3.11: ./fsharp/src/tree_sitter/array.h:133:42: warning: value computed is not used [-Wunused-value]
[INFO] [stderr] warning: tree-sitter-fsharp@0.3.11:   133 | #define array_pop(self) ((self)->contents[--(self)->size])
[INFO] [stderr] warning: tree-sitter-fsharp@0.3.11:       |                         ~~~~~~~~~~~~~~~~~^~~~~~~~~~~~~~~~~
[INFO] [stderr] warning: tree-sitter-fsharp@0.3.11: ./fsharp/src/../../common/scanner.h:153:5: note: in expansion of macro 'array_pop'
[INFO] [stderr] warning: tree-sitter-fsharp@0.3.11:   153 |     array_pop(&scanner->preproc_kinds);
[INFO] [stderr] warning: tree-sitter-fsharp@0.3.11:       |     ^~~~~~~~~
[INFO] [stderr] warning: tree-sitter-fsharp@0.3.11: ./fsharp/src/../../common/scanner.h: In function 'scan':
[INFO] [stderr] warning: tree-sitter-fsharp@0.3.11: ./fsharp/src/tree_sitter/array.h:133:42: warning: value computed is not used [-Wunused-value]
[INFO] [stderr] warning: tree-sitter-fsharp@0.3.11:   133 | #define array_pop(self) ((self)->contents[--(self)->size])
[INFO] [stderr] warning: tree-sitter-fsharp@0.3.11:       |                         ~~~~~~~~~~~~~~~~~^~~~~~~~~~~~~~~~~
[INFO] [stderr] warning: tree-sitter-fsharp@0.3.11: ./fsharp/src/../../common/scanner.h:979:21: note: in expansion of macro 'array_pop'
[INFO] [stderr] warning: tree-sitter-fsharp@0.3.11:   979 |                     array_pop(&scanner->preprocessor_indents);
[INFO] [stderr] warning: tree-sitter-fsharp@0.3.11:       |                     ^~~~~~~~~
[INFO] [stderr] warning: tree-sitter-fsharp@0.3.11: In file included from ./fsharp_signature/src/../../common/scanner.h:5,
[INFO] [stderr] warning: tree-sitter-fsharp@0.3.11:                  from ./fsharp_signature/src/scanner.c:1:
[INFO] [stderr] warning: tree-sitter-fsharp@0.3.11: ./fsharp_signature/src/../../common/scanner.h: In function 'pop_indent':
[INFO] [stderr] warning: tree-sitter-fsharp@0.3.11: ./fsharp/src/tree_sitter/array.h:133:42: warning: value computed is not used [-Wunused-value]
[INFO] [stderr] warning: tree-sitter-fsharp@0.3.11:   133 | #define array_pop(self) ((self)->contents[--(self)->size])
[INFO] [stderr] warning: tree-sitter-fsharp@0.3.11:       |                         ~~~~~~~~~~~~~~~~~^~~~~~~~~~~~~~~~~
[INFO] [stderr] warning: tree-sitter-fsharp@0.3.11: ./fsharp_signature/src/../../common/scanner.h:136:5: note: in expansion of macro 'array_pop'
[INFO] [stderr] warning: tree-sitter-fsharp@0.3.11:   136 |     array_pop(&scanner->indents);
[INFO] [stderr] warning: tree-sitter-fsharp@0.3.11:       |     ^~~~~~~~~
[INFO] [stderr] warning: tree-sitter-fsharp@0.3.11: ./fsharp/src/tree_sitter/array.h:133:42: warning: value computed is not used [-Wunused-value]
[INFO] [stderr] warning: tree-sitter-fsharp@0.3.11:   133 | #define array_pop(self) ((self)->contents[--(self)->size])
[INFO] [stderr] warning: tree-sitter-fsharp@0.3.11:       |                         ~~~~~~~~~~~~~~~~~^~~~~~~~~~~~~~~~~
[INFO] [stderr] warning: tree-sitter-fsharp@0.3.11: ./fsharp_signature/src/../../common/scanner.h:139:5: note: in expansion of macro 'array_pop'
[INFO] [stderr] warning: tree-sitter-fsharp@0.3.11:   139 |     array_pop(&scanner->indent_kinds);
[INFO] [stderr] warning: tree-sitter-fsharp@0.3.11:       |     ^~~~~~~~~
[INFO] [stderr] warning: tree-sitter-fsharp@0.3.11: ./fsharp_signature/src/../../common/scanner.h: In function 'pop_preproc_kind':
[INFO] [stderr] warning: tree-sitter-fsharp@0.3.11: ./fsharp/src/tree_sitter/array.h:133:42: warning: value computed is not used [-Wunused-value]
[INFO] [stderr] warning: tree-sitter-fsharp@0.3.11:   133 | #define array_pop(self) ((self)->contents[--(self)->size])
[INFO] [stderr] warning: tree-sitter-fsharp@0.3.11:       |                         ~~~~~~~~~~~~~~~~~^~~~~~~~~~~~~~~~~
[INFO] [stderr] warning: tree-sitter-fsharp@0.3.11: ./fsharp_signature/src/../../common/scanner.h:153:5: note: in expansion of macro 'array_pop'
[INFO] [stderr] warning: tree-sitter-fsharp@0.3.11:   153 |     array_pop(&scanner->preproc_kinds);
[INFO] [stderr] warning: tree-sitter-fsharp@0.3.11:       |     ^~~~~~~~~
[INFO] [stderr] warning: tree-sitter-fsharp@0.3.11: ./fsharp_signature/src/../../common/scanner.h: In function 'scan':
[INFO] [stderr] warning: tree-sitter-fsharp@0.3.11: ./fsharp/src/tree_sitter/array.h:133:42: warning: value computed is not used [-Wunused-value]
[INFO] [stderr] warning: tree-sitter-fsharp@0.3.11:   133 | #define array_pop(self) ((self)->contents[--(self)->size])
[INFO] [stderr] warning: tree-sitter-fsharp@0.3.11:       |                         ~~~~~~~~~~~~~~~~~^~~~~~~~~~~~~~~~~
[INFO] [stderr] warning: tree-sitter-fsharp@0.3.11: ./fsharp_signature/src/../../common/scanner.h:979:21: note: in expansion of macro 'array_pop'
[INFO] [stderr] warning: tree-sitter-fsharp@0.3.11:   979 |                     array_pop(&scanner->preprocessor_indents);
[INFO] [stderr] warning: tree-sitter-fsharp@0.3.11:       |                     ^~~~~~~~~
[INFO] [stderr] error: failed to run custom build command for `tree-sitter-fsharp v0.3.11`
[INFO] [stderr] note: To improve backtraces for build dependencies, set the CARGO_PROFILE_DEV_BUILD_OVERRIDE_DEBUG=true environment variable to enable debug information generation.
[INFO] [stderr] 
[INFO] [stderr] Caused by:
[INFO] [stderr]   process didn't exit successfully: `/opt/rustwide/target/debug/build/tree-sitter-fsharp/cf72cae99f096b56/out/build_script_build` (exit status: 1)
[INFO] [stderr]   --- stdout
[INFO] [stderr]   cargo:rerun-if-changed=./common
[INFO] [stderr]   cargo:rerun-if-changed=./fsharp/src/parser.c
[INFO] [stderr]   cargo:rerun-if-changed=./fsharp/src/scanner.c
[INFO] [stderr]   cargo:rerun-if-changed=./fsharp_signature/src/parser.c
[INFO] [stderr]   cargo:rerun-if-changed=./fsharp_signature/src/scanner.c
[INFO] [stderr]   cargo:rerun-if-env-changed=CC_FORCE_DISABLE
[INFO] [stderr]   CC_FORCE_DISABLE = None
[INFO] [stderr]   cargo:rerun-if-env-changed=CC_x86_64-unknown-linux-gnu
[INFO] [stderr]   CC_x86_64-unknown-linux-gnu = None
[INFO] [stderr]   cargo:rerun-if-env-changed=CC_x86_64_unknown_linux_gnu
[INFO] [stderr]   CC_x86_64_unknown_linux_gnu = None
[INFO] [stderr]   cargo:rerun-if-env-changed=HOST_CC
[INFO] [stderr]   HOST_CC = None
[INFO] [stderr]   cargo:rerun-if-env-changed=CC
[INFO] [stderr]   CC = None
[INFO] [stderr]   cargo:rerun-if-env-changed=CC_ENABLE_DEBUG_OUTPUT
[INFO] [stderr]   cargo:rerun-if-env-changed=CRATE_CC_NO_DEFAULTS
[INFO] [stderr]   CRATE_CC_NO_DEFAULTS = None
[INFO] [stderr]   cargo:rerun-if-env-changed=CRATE_CC_NO_DEFAULTS
[INFO] [stderr]   CRATE_CC_NO_DEFAULTS = None
[INFO] [stderr]   cargo:rerun-if-env-changed=CFLAGS
[INFO] [stderr]   CFLAGS = None
[INFO] [stderr]   cargo:rerun-if-env-changed=HOST_CFLAGS
[INFO] [stderr]   HOST_CFLAGS = None
[INFO] [stderr]   cargo:rerun-if-env-changed=CFLAGS_x86_64_unknown_linux_gnu
[INFO] [stderr]   CFLAGS_x86_64_unknown_linux_gnu = None
[INFO] [stderr]   cargo:rerun-if-env-changed=CFLAGS_x86_64-unknown-linux-gnu
[INFO] [stderr]   CFLAGS_x86_64-unknown-linux-gnu = None
[INFO] [stderr]   cargo:rerun-if-env-changed=CFLAGS
[INFO] [stderr]   CFLAGS = None
[INFO] [stderr]   cargo:rerun-if-env-changed=HOST_CFLAGS
[INFO] [stderr]   HOST_CFLAGS = None
[INFO] [stderr]   cargo:rerun-if-env-changed=CFLAGS_x86_64_unknown_linux_gnu
[INFO] [stderr]   CFLAGS_x86_64_unknown_linux_gnu = None
[INFO] [stderr]   cargo:rerun-if-env-changed=CFLAGS_x86_64-unknown-linux-gnu
[INFO] [stderr]   CFLAGS_x86_64-unknown-linux-gnu = None
[INFO] [stderr]   cargo:rerun-if-env-changed=CC_x86_64-unknown-linux-gnu
[INFO] [stderr]   CC_x86_64-unknown-linux-gnu = None
[INFO] [stderr]   cargo:rerun-if-env-changed=CC_x86_64_unknown_linux_gnu
[INFO] [stderr]   CC_x86_64_unknown_linux_gnu = None
[INFO] [stderr]   cargo:rerun-if-env-changed=HOST_CC
[INFO] [stderr]   HOST_CC = None
[INFO] [stderr]   cargo:rerun-if-env-changed=CC
[INFO] [stderr]   CC = None
[INFO] [stderr]   cargo:rerun-if-env-changed=CRATE_CC_NO_DEFAULTS
[INFO] [stderr]   CRATE_CC_NO_DEFAULTS = None
[INFO] [stderr]   cargo:rerun-if-env-changed=CFLAGS
[INFO] [stderr]   CFLAGS = None
[INFO] [stderr]   cargo:rerun-if-env-changed=HOST_CFLAGS
[INFO] [stderr]   HOST_CFLAGS = None
[INFO] [stderr]   cargo:rerun-if-env-changed=CFLAGS_x86_64_unknown_linux_gnu
[INFO] [stderr]   CFLAGS_x86_64_unknown_linux_gnu = None
[INFO] [stderr]   cargo:rerun-if-env-changed=CFLAGS_x86_64-unknown-linux-gnu
[INFO] [stderr]   CFLAGS_x86_64-unknown-linux-gnu = None
[INFO] [stderr]   cargo:warning=cc: fatal error: Killed signal terminated program cc1
[INFO] [stderr]   cargo:warning=compilation terminated.
[INFO] [stderr]   exit status: 1
[INFO] [stderr]   cargo:warning=ToolExecError: command did not execute successfully (status code exit status: 1): LC_ALL="C" "cc" "-O0" "-ffunction-sections" "-fdata-sections" "-fPIC" "-g" "-gdwarf-4" "-fno-omit-frame-pointer" "-mno-omit-leaf-frame-pointer" "-m64" "-std=c11" "-I" "./fsharp/src" "-Wall" "-Wextra" "-o" "/opt/rustwide/target/debug/build/tree-sitter-fsharp/533ea32907179d8e/out/577cc755a205cb7f-parser.o" "-c" "./fsharp/src/parser.c"cargo:rerun-if-env-changed=CC_x86_64-unknown-linux-gnu
[INFO] [stderr]   CC_x86_64-unknown-linux-gnu = None
[INFO] [stderr]   cargo:rerun-if-env-changed=CC_x86_64_unknown_linux_gnu
[INFO] [stderr]   CC_x86_64_unknown_linux_gnu = None
[INFO] [stderr]   cargo:rerun-if-env-changed=HOST_CC
[INFO] [stderr]   HOST_CC = None
[INFO] [stderr]   cargo:rerun-if-env-changed=CC
[INFO] [stderr]   CC = None
[INFO] [stderr]   cargo:rerun-if-env-changed=CRATE_CC_NO_DEFAULTS
[INFO] [stderr]   CRATE_CC_NO_DEFAULTS = None
[INFO] [stderr]   cargo:rerun-if-env-changed=CFLAGS
[INFO] [stderr]   CFLAGS = None
[INFO] [stderr]   cargo:rerun-if-env-changed=HOST_CFLAGS
[INFO] [stderr]   HOST_CFLAGS = None
[INFO] [stderr]   cargo:rerun-if-env-changed=CFLAGS_x86_64_unknown_linux_gnu
[INFO] [stderr]   CFLAGS_x86_64_unknown_linux_gnu = None
[INFO] [stderr]   cargo:rerun-if-env-changed=CFLAGS_x86_64-unknown-linux-gnu
[INFO] [stderr]   CFLAGS_x86_64-unknown-linux-gnu = None
[INFO] [stderr]   cargo:rerun-if-env-changed=CC_x86_64-unknown-linux-gnu
[INFO] [stderr]   CC_x86_64-unknown-linux-gnu = None
[INFO] [stderr]   cargo:rerun-if-env-changed=CC_x86_64_unknown_linux_gnu
[INFO] [stderr]   CC_x86_64_unknown_linux_gnu = None
[INFO] [stderr]   cargo:rerun-if-env-changed=HOST_CC
[INFO] [stderr]   HOST_CC = None
[INFO] [stderr]   cargo:rerun-if-env-changed=CC
[INFO] [stderr]   CC = None
[INFO] [stderr]   cargo:rerun-if-env-changed=CRATE_CC_NO_DEFAULTS
[INFO] [stderr]   CRATE_CC_NO_DEFAULTS = None
[INFO] [stderr]   cargo:rerun-if-env-changed=CFLAGS
[INFO] [stderr]   CFLAGS = None
[INFO] [stderr]   cargo:rerun-if-env-changed=HOST_CFLAGS
[INFO] [stderr]   HOST_CFLAGS = None
[INFO] [stderr]   cargo:rerun-if-env-changed=CFLAGS_x86_64_unknown_linux_gnu
[INFO] [stderr]   CFLAGS_x86_64_unknown_linux_gnu = None
[INFO] [stderr]   cargo:rerun-if-env-changed=CFLAGS_x86_64-unknown-linux-gnu
[INFO] [stderr]   CFLAGS_x86_64-unknown-linux-gnu = None
[INFO] [stderr]   cargo:warning=In file included from ./fsharp/src/../../common/scanner.h:5,
[INFO] [stderr]   cargo:warning=                 from ./fsharp/src/scanner.c:1:
[INFO] [stderr]   cargo:warning=./fsharp/src/../../common/scanner.h: In function 'pop_indent':
[INFO] [stderr]   cargo:warning=./fsharp/src/tree_sitter/array.h:133:42: warning: value computed is not used [-Wunused-value]
[INFO] [stderr]   cargo:warning=  133 | #define array_pop(self) ((self)->contents[--(self)->size])
[INFO] [stderr]   cargo:warning=      |                         ~~~~~~~~~~~~~~~~~^~~~~~~~~~~~~~~~~
[INFO] [stderr]   cargo:warning=./fsharp/src/../../common/scanner.h:136:5: note: in expansion of macro 'array_pop'
[INFO] [stderr]   cargo:warning=  136 |     array_pop(&scanner->indents);
[INFO] [stderr]   cargo:warning=      |     ^~~~~~~~~
[INFO] [stderr]   cargo:warning=./fsharp/src/tree_sitter/array.h:133:42: warning: value computed is not used [-Wunused-value]
[INFO] [stderr]   cargo:warning=  133 | #define array_pop(self) ((self)->contents[--(self)->size])
[INFO] [stderr]   cargo:warning=      |                         ~~~~~~~~~~~~~~~~~^~~~~~~~~~~~~~~~~
[INFO] [stderr]   cargo:warning=./fsharp/src/../../common/scanner.h:139:5: note: in expansion of macro 'array_pop'
[INFO] [stderr]   cargo:warning=  139 |     array_pop(&scanner->indent_kinds);
[INFO] [stderr]   cargo:warning=      |     ^~~~~~~~~
[INFO] [stderr]   cargo:warning=./fsharp/src/../../common/scanner.h: In function 'pop_preproc_kind':
[INFO] [stderr]   cargo:warning=./fsharp/src/tree_sitter/array.h:133:42: warning: value computed is not used [-Wunused-value]
[INFO] [stderr]   cargo:warning=  133 | #define array_pop(self) ((self)->contents[--(self)->size])
[INFO] [stderr]   cargo:warning=      |                         ~~~~~~~~~~~~~~~~~^~~~~~~~~~~~~~~~~
[INFO] [stderr]   cargo:warning=./fsharp/src/../../common/scanner.h:153:5: note: in expansion of macro 'array_pop'
[INFO] [stderr]   cargo:warning=  153 |     array_pop(&scanner->preproc_kinds);
[INFO] [stderr]   cargo:warning=      |     ^~~~~~~~~
[INFO] [stderr]   cargo:warning=./fsharp/src/../../common/scanner.h: In function 'scan':
[INFO] [stderr]   cargo:warning=./fsharp/src/tree_sitter/array.h:133:42: warning: value computed is not used [-Wunused-value]
[INFO] [stderr]   cargo:warning=  133 | #define array_pop(self) ((self)->contents[--(self)->size])
[INFO] [stderr]   cargo:warning=      |                         ~~~~~~~~~~~~~~~~~^~~~~~~~~~~~~~~~~
[INFO] [stderr]   cargo:warning=./fsharp/src/../../common/scanner.h:979:21: note: in expansion of macro 'array_pop'
[INFO] [stderr]   cargo:warning=  979 |                     array_pop(&scanner->preprocessor_indents);
[INFO] [stderr]   cargo:warning=      |                     ^~~~~~~~~
[INFO] [stderr]   cargo:warning=In file included from ./fsharp_signature/src/../../common/scanner.h:5,
[INFO] [stderr]   cargo:warning=                 from ./fsharp_signature/src/scanner.c:1:
[INFO] [stderr]   cargo:warning=./fsharp_signature/src/../../common/scanner.h: In function 'pop_indent':
[INFO] [stderr]   cargo:warning=./fsharp/src/tree_sitter/array.h:133:42: warning: value computed is not used [-Wunused-value]
[INFO] [stderr]   cargo:warning=  133 | #define array_pop(self) ((self)->contents[--(self)->size])
[INFO] [stderr]   cargo:warning=      |                         ~~~~~~~~~~~~~~~~~^~~~~~~~~~~~~~~~~
[INFO] [stderr]   cargo:warning=./fsharp_signature/src/../../common/scanner.h:136:5: note: in expansion of macro 'array_pop'
[INFO] [stderr]   cargo:warning=  136 |     array_pop(&scanner->indents);
[INFO] [stderr]   cargo:warning=      |     ^~~~~~~~~
[INFO] [stderr]   cargo:warning=./fsharp/src/tree_sitter/array.h:133:42: warning: value computed is not used [-Wunused-value]
[INFO] [stderr]   cargo:warning=  133 | #define array_pop(self) ((self)->contents[--(self)->size])
[INFO] [stderr]   cargo:warning=      |                         ~~~~~~~~~~~~~~~~~^~~~~~~~~~~~~~~~~
[INFO] [stderr]   cargo:warning=./fsharp_signature/src/../../common/scanner.h:139:5: note: in expansion of macro 'array_pop'
[INFO] [stderr]   cargo:warning=  139 |     array_pop(&scanner->indent_kinds);
[INFO] [stderr]   cargo:warning=      |     ^~~~~~~~~
[INFO] [stderr]   cargo:warning=./fsharp_signature/src/../../common/scanner.h: In function 'pop_preproc_kind':
[INFO] [stderr]   cargo:warning=./fsharp/src/tree_sitter/array.h:133:42: warning: value computed is not used [-Wunused-value]
[INFO] [stderr]   cargo:warning=  133 | #define array_pop(self) ((self)->contents[--(self)->size])
[INFO] [stderr]   cargo:warning=      |                         ~~~~~~~~~~~~~~~~~^~~~~~~~~~~~~~~~~
[INFO] [stderr]   cargo:warning=./fsharp_signature/src/../../common/scanner.h:153:5: note: in expansion of macro 'array_pop'
[INFO] [stderr]   cargo:warning=  153 |     array_pop(&scanner->preproc_kinds);
[INFO] [stderr]   cargo:warning=      |     ^~~~~~~~~
[INFO] [stderr]   cargo:warning=./fsharp_signature/src/../../common/scanner.h: In function 'scan':
[INFO] [stderr]   cargo:warning=./fsharp/src/tree_sitter/array.h:133:42: warning: value computed is not used [-Wunused-value]
[INFO] [stderr]   cargo:warning=  133 | #define array_pop(self) ((self)->contents[--(self)->size])
[INFO] [stderr]   cargo:warning=      |                         ~~~~~~~~~~~~~~~~~^~~~~~~~~~~~~~~~~
[INFO] [stderr]   cargo:warning=./fsharp_signature/src/../../common/scanner.h:979:21: note: in expansion of macro 'array_pop'
[INFO] [stderr]   cargo:warning=  979 |                     array_pop(&scanner->preprocessor_indents);
[INFO] [stderr]   cargo:warning=      |                     ^~~~~~~~~
[INFO] [stderr] 
[INFO] [stderr]   exit status: 0
[INFO] [stderr]   exit status: 0
[INFO] [stderr]   exit status: 0
[INFO] [stderr] 
[INFO] [stderr]   --- stderr
[INFO] [stderr] 
[INFO] [stderr] 
[INFO] [stderr]   error occurred in cc-rs: command did not execute successfully (status code exit status: 1): LC_ALL="C" "cc" "-O0" "-ffunction-sections" "-fdata-sections" "-fPIC" "-g" "-gdwarf-4" "-fno-omit-frame-pointer" "-mno-omit-leaf-frame-pointer" "-m64" "-std=c11" "-I" "./fsharp/src" "-Wall" "-Wextra" "-o" "/opt/rustwide/target/debug/build/tree-sitter-fsharp/533ea32907179d8e/out/577cc755a205cb7f-parser.o" "-c" "./fsharp/src/parser.c"
[INFO] [stderr] 
[INFO] [stderr] 
[INFO] running `Command { std: "docker" "inspect" "22773af36be4fa7f879cba501f0326cf443b23dfb1bbef970fefd237edda8889", kill_on_drop: false }`
[INFO] running `Command { std: "docker" "rm" "-f" "22773af36be4fa7f879cba501f0326cf443b23dfb1bbef970fefd237edda8889", kill_on_drop: false }`
[INFO] [stdout] 22773af36be4fa7f879cba501f0326cf443b23dfb1bbef970fefd237edda8889
