[INFO] cloning repository https://github.com/wancareri/eschool-app
[INFO] running `Command { std: "git" "-c" "credential.helper=" "-c" "credential.helper=/workspace/cargo-home/bin/git-credential-null" "clone" "--bare" "https://github.com/wancareri/eschool-app" "/workspace/cache/git-repos/https%3A%2F%2Fgithub.com%2Fwancareri%2Feschool-app", kill_on_drop: false }`
[INFO] [stderr] Cloning into bare repository '/workspace/cache/git-repos/https%3A%2F%2Fgithub.com%2Fwancareri%2Feschool-app'...
[INFO] running `Command { std: "git" "rev-parse" "HEAD", kill_on_drop: false }`
[INFO] [stdout] 023afed9354108da77ce7e3214fa24f94d5ba003
[INFO] testing wancareri/eschool-app against 1.99.0-beta.8 for beta-1.100-3
[INFO] running `Command { std: "git" "clone" "/workspace/cache/git-repos/https%3A%2F%2Fgithub.com%2Fwancareri%2Feschool-app" "/workspace/builds/worker-7-tc1/source", kill_on_drop: false }`
[INFO] [stderr] Cloning into '/workspace/builds/worker-7-tc1/source'...
[INFO] [stderr] done.
[INFO] started tweaking git repo https://github.com/wancareri/eschool-app
[INFO] finished tweaking git repo https://github.com/wancareri/eschool-app
[INFO] tweaked toml for git repo https://github.com/wancareri/eschool-app written to /workspace/builds/worker-7-tc1/source/Cargo.toml
[INFO] validating manifest of git repo https://github.com/wancareri/eschool-app on toolchain 1.99.0-beta.8
[INFO] running `Command { std: CARGO_HOME="/workspace/cargo-home" RUSTUP_HOME="/workspace/rustup-home" "/workspace/cargo-home/bin/cargo" "+1.99.0-beta.8" "metadata" "--manifest-path" "Cargo.toml" "--no-deps", kill_on_drop: false }`
[INFO] crate git repo https://github.com/wancareri/eschool-app already has a lockfile, it will not be regenerated
[INFO] running `Command { std: CARGO_HOME="/workspace/cargo-home" RUSTUP_HOME="/workspace/rustup-home" "/workspace/cargo-home/bin/cargo" "+1.99.0-beta.8" "fetch" "--manifest-path" "Cargo.toml", kill_on_drop: false }`
[INFO] [stderr]     Updating git repository `https://github.com/wancareri/day.git`
[INFO] [stderr]     Updating crates.io index
[INFO] [stderr]  Downloading crates ...
[INFO] [stderr]   Downloaded publicsuffix v2.3.0
[INFO] [stderr]   Downloaded objc2-local-authentication v0.3.2
[INFO] [stderr]   Downloaded objc2-security v0.3.2
[INFO] [stderr]   Downloaded serde_norway v0.9.42
[INFO] [stderr]   Downloaded system-deps v9.0.0
[INFO] [stderr]   Downloaded pangocairo-sys v0.22.9
[INFO] [stderr]   Downloaded unsafe-libyaml-norway v0.2.15
[INFO] [stderr]   Downloaded pangocairo v0.22.9
[INFO] [stderr]   Downloaded graphene-sys v0.22.9
[INFO] [stderr]   Downloaded gobject-sys v0.22.9
[INFO] [stderr]   Downloaded cairo-sys-rs v0.22.9
[INFO] [stderr]   Downloaded gdk-pixbuf-sys v0.22.9
[INFO] [stderr]   Downloaded gsk4 v0.11.4
[INFO] [stderr]   Downloaded glib-macros v0.22.9
[INFO] [stderr]   Downloaded gsk4-sys v0.11.4
[INFO] [stderr]   Downloaded gtk4-macros v0.11.4
[INFO] [stderr]   Downloaded pango-sys v0.22.9
[INFO] [stderr]   Downloaded graphene-rs v0.22.8
[INFO] [stderr]   Downloaded cfg-expr v0.20.9
[INFO] [stderr]   Downloaded gio-sys v0.22.9
[INFO] [stderr]   Downloaded cairo-rs v0.22.9
[INFO] [stderr]   Downloaded libadwaita-sys v0.9.2
[INFO] [stderr]   Downloaded gdk4-sys v0.11.4
[INFO] [stderr]   Downloaded glib-sys v0.22.9
[INFO] [stderr]   Downloaded pango v0.22.9
[INFO] [stderr]   Downloaded libadwaita v0.9.2
[INFO] [stderr]   Downloaded gio v0.22.9
[INFO] [stderr]   Downloaded gdk4 v0.11.4
[INFO] [stderr]   Downloaded gtk4-sys v0.11.4
[INFO] [stderr]   Downloaded glib v0.22.9
[INFO] [stderr]   Downloaded gtk4 v0.11.4
[INFO] running `Command { std: "docker" "create" "-v" "/var/lib/crater-agent-workspace/builds/worker-7-tc1/source:/opt/rustwide/workdir:ro,Z" "-v" "/var/lib/crater-agent-workspace/builds/worker-7-tc1/target:/opt/rustwide/target:rw,Z" "-v" "/var/lib/crater-agent-workspace/cargo-home:/opt/rustwide/cargo-home:ro,Z" "-v" "/var/lib/crater-agent-workspace/rustup-home:/opt/rustwide/rustup-home:ro,Z" "-m" "1610612736" "--network" "none" "ghcr.io/rust-lang/crates-build-env/linux@sha256:77db811e55d90add9212f6832c23229e3de5f1c1f9905e8cb07319ea15df73ac" "sleep" "infinity", kill_on_drop: false }`
[INFO] [stdout] d7a956c2e1ae8ed8f71fc55cdba996ff0a52707d10f106252efb9a94352c9c5b
[INFO] running `Command { std: "docker" "start" "d7a956c2e1ae8ed8f71fc55cdba996ff0a52707d10f106252efb9a94352c9c5b", kill_on_drop: false }`
[INFO] running `Command { std: "docker" "inspect" "d7a956c2e1ae8ed8f71fc55cdba996ff0a52707d10f106252efb9a94352c9c5b", kill_on_drop: false }`
[INFO] running `Command { std: "docker" "exec" "-e" "SOURCE_DIR=/opt/rustwide/workdir" "-e" "CARGO_HOME=/opt/rustwide/cargo-home" "-e" "RUSTUP_HOME=/opt/rustwide/rustup-home" "-e" "CARGO_TARGET_DIR=/opt/rustwide/target" "-w" "/opt/rustwide/workdir" "--user" "0:0" "d7a956c2e1ae8ed8f71fc55cdba996ff0a52707d10f106252efb9a94352c9c5b" "/opt/rustwide/cargo-home/bin/cargo" "+1.99.0-beta.8" "metadata" "--no-deps" "--format-version=1", kill_on_drop: false }`
[INFO] running `Command { std: "docker" "inspect" "d7a956c2e1ae8ed8f71fc55cdba996ff0a52707d10f106252efb9a94352c9c5b", kill_on_drop: false }`
[INFO] running `Command { std: "docker" "exec" "-e" "SOURCE_DIR=/opt/rustwide/workdir" "-e" "CARGO_HOME=/opt/rustwide/cargo-home" "-e" "RUSTUP_HOME=/opt/rustwide/rustup-home" "-e" "CARGO_TARGET_DIR=/opt/rustwide/target" "-e" "CARGO_INCREMENTAL=0" "-e" "RUST_BACKTRACE=full" "-e" "RUSTFLAGS=--cap-lints=warn" "-e" "RUSTDOCFLAGS=--cap-lints=warn" "-w" "/opt/rustwide/workdir" "--user" "0:0" "d7a956c2e1ae8ed8f71fc55cdba996ff0a52707d10f106252efb9a94352c9c5b" "/opt/rustwide/cargo-home/bin/cargo" "+1.99.0-beta.8" "build" "--frozen" "--message-format=json", kill_on_drop: false }`
[INFO] [stderr]    Compiling proc-macro2 v1.0.107
[INFO] [stderr]    Compiling unicode-ident v1.0.24
[INFO] [stderr]    Compiling quote v1.0.47
[INFO] [stderr]    Compiling stable_deref_trait v1.2.1
[INFO] [stderr]    Compiling either v1.18.0
[INFO] [stderr]    Compiling libc v0.2.189
[INFO] [stderr]    Compiling memchr v2.8.3
[INFO] [stderr]    Compiling find-msvc-tools v0.1.12
[INFO] [stderr]    Compiling litemap v0.8.3
[INFO] [stderr]    Compiling shlex v2.0.1
[INFO] [stderr]    Compiling smallvec v1.16.1
[INFO] [stderr]    Compiling icu_properties_data v2.3.0
[INFO] [stderr]    Compiling icu_normalizer_data v2.3.0
[INFO] [stderr]    Compiling cc v1.4.6
[INFO] [stderr]    Compiling writeable v0.6.4
[INFO] [stderr]    Compiling thiserror v2.0.20
[INFO] [stderr]    Compiling cfg-if v1.0.4
[INFO] [stderr]    Compiling log v0.4.34
[INFO] [stderr]    Compiling icu_locale_fallback_data v2.3.0
[INFO] [stderr]    Compiling day-fonts v0.4.3 (https://github.com/wancareri/day.git#28c5b2d2)
[INFO] [stderr]    Compiling ryu v1.0.23
[INFO] [stderr]    Compiling libm v0.2.16
[INFO] [stderr]    Compiling icu_calendar_data v2.3.0
[INFO] [stderr]    Compiling slotmap v1.1.1
[INFO] [stderr]    Compiling icu_time_data v2.3.0
[INFO] [stderr]    Compiling syn v3.0.5
[INFO] [stderr]    Compiling syn v2.0.119
[INFO] [stderr]    Compiling icu_plurals_data v2.3.0
[INFO] [stderr]    Compiling icu_decimal_data v2.3.0
[INFO] [stderr]    Compiling icu_datetime_data v2.3.0
[INFO] [stderr]    Compiling icu_collator_data v2.3.0
[INFO] [stderr]    Compiling icu_casemap_data v2.3.0
[INFO] [stderr]    Compiling icu_segmenter_data v2.3.0
[INFO] [stderr]    Compiling rustc-hash v2.1.3
[INFO] [stderr]    Compiling ixdtf v0.6.6
[INFO] [stderr]    Compiling type-map v0.5.1
[INFO] [stderr]    Compiling serde_core v1.0.229
[INFO] [stderr]    Compiling itoa v1.0.18
[INFO] [stderr]    Compiling day-reactive v0.4.3 (https://github.com/wancareri/day.git#28c5b2d2)
[INFO] [stderr]    Compiling memmap2 v0.9.11
[INFO] [stderr]    Compiling getrandom v0.4.3
[INFO] [stderr]    Compiling utf8parse v0.2.2
[INFO] [stderr]    Compiling self_cell v1.3.0
[INFO] [stderr]    Compiling day-geometry v0.4.3 (https://github.com/wancareri/day.git#28c5b2d2)
[INFO] [stderr]    Compiling day-spec v0.4.3 (https://github.com/wancareri/day.git#28c5b2d2)
[INFO] [stderr]    Compiling anstyle-parse v1.0.0
[INFO] [stderr]    Compiling core_maths v0.1.1
[INFO] [stderr]    Compiling is_terminal_polyfill v1.70.2
[INFO] [stderr]    Compiling colorchoice v1.0.5
[INFO] [stderr]    Compiling anstyle v1.0.14
[INFO] [stderr]    Compiling linkme-impl v0.3.37
[INFO] [stderr]    Compiling anstyle-query v1.1.5
[INFO] [stderr]    Compiling anstream v1.0.0
[INFO] [stderr]    Compiling winnow v1.0.4
[INFO] [stderr]    Compiling linkme v0.3.37
[INFO] [stderr]    Compiling serde v1.0.229
[INFO] [stderr]    Compiling uuid v1.26.1
[INFO] [stderr]    Compiling bytes v1.12.1
[INFO] [stderr]    Compiling toml_parser v1.1.3+spec-1.1.0
[INFO] [stderr]    Compiling displaydoc v0.2.7
[INFO] [stderr]    Compiling zerovec-derive v0.11.6
[INFO] [stderr]    Compiling thiserror-impl v2.0.20
[INFO] [stderr]    Compiling serde_derive v1.0.229
[INFO] [stderr]    Compiling calendrical_calculations v0.2.4
[INFO] [stderr]    Compiling fixed_decimal v0.7.2
[INFO] [stderr]    Compiling serde_spanned v1.1.1
[INFO] [stderr]    Compiling toml_datetime v1.1.1+spec-1.1.0
[INFO] [stderr]    Compiling pin-project-lite v0.2.17
[INFO] [stderr]    Compiling toml_writer v1.1.2+spec-1.1.0
[INFO] [stderr]    Compiling day-toolchain v0.4.3 (https://github.com/wancareri/day.git#28c5b2d2)
[INFO] [stderr]    Compiling day-model v0.4.3 (https://github.com/wancareri/day.git#28c5b2d2)
[INFO] [stderr]    Compiling toml v1.1.6+spec-1.1.0
[INFO] [stderr]    Compiling fluent-syntax v0.12.0
[INFO] [stderr]    Compiling synstructure v0.13.2
[INFO] [stderr]    Compiling futures-core v0.3.34
[INFO] [stderr]    Compiling pkg-config v0.3.34
[INFO] [stderr]    Compiling percent-encoding v2.3.2
[INFO] [stderr]    Compiling mio v1.2.3
[INFO] [stderr]    Compiling socket2 v0.6.5
[INFO] [stderr]    Compiling futures-sink v0.3.34
[INFO] [stderr]    Compiling http v1.5.0
[INFO] [stderr]    Compiling zmij v1.0.23
[INFO] [stderr]    Compiling openssl-sys v0.9.117
[INFO] [stderr]    Compiling day-build v0.4.3 (https://github.com/wancareri/day.git#28c5b2d2)
[INFO] [stderr]    Compiling serde_json v1.0.151
[INFO] [stderr]    Compiling tokio v1.53.1
[INFO] [stderr]    Compiling httparse v1.10.1
[INFO] [stderr]    Compiling futures-task v0.3.34
[INFO] [stderr]    Compiling openssl v0.10.81
[INFO] [stderr]    Compiling slab v0.4.12
[INFO] [stderr]    Compiling futures-io v0.3.34
[INFO] [stderr]    Compiling bitflags v2.13.2
[INFO] [stderr]    Compiling futures-util v0.3.34
[INFO] [stderr]    Compiling zerofrom-derive v0.1.7
[INFO] [stderr]    Compiling yoke-derive v0.8.2
[INFO] [stderr]    Compiling http-body v1.1.0
[INFO] [stderr]    Compiling openssl-macros v0.1.1
[INFO] [stderr]    Compiling form_urlencoded v1.2.2
[INFO] [stderr]    Compiling native-tls v0.2.18
[INFO] [stderr]    Compiling time-core v0.1.9
[INFO] [stderr]    Compiling num-conv v0.2.2
[INFO] [stderr]    Compiling once_cell v1.21.4
[INFO] [stderr]    Compiling hashbrown v0.17.1
[INFO] [stderr]    Compiling tracing-core v0.1.36
[INFO] [stderr]    Compiling time-macros v0.2.32
[INFO] [stderr]    Compiling zerofrom v0.1.8
[INFO] [stderr]    Compiling yoke v0.8.3
[INFO] [stderr]    Compiling indexmap v2.14.2
[INFO] [stderr]    Compiling zerovec v0.11.8
[INFO] [stderr]    Compiling zerotrie v0.2.5
[INFO] [stderr]    Compiling futures-channel v0.3.34
[INFO] [stderr]    Compiling cookie v0.18.2
[INFO] [stderr]    Compiling typenum v1.20.1
[INFO] [stderr]    Compiling deranged v0.5.8
[INFO] [stderr]    Compiling tinystr v0.8.4
[INFO] [stderr]    Compiling potential_utf v0.1.6
[INFO] [stderr]    Compiling icu_pattern v0.5.0
[INFO] [stderr]    Compiling icu_collections v2.3.0
[INFO] [stderr]    Compiling icu_locale_core v2.3.0
[INFO] [stderr]    Compiling unic-langid-impl v0.9.6
[INFO] [stderr]    Compiling zerocopy v0.8.57
[INFO] [stderr]    Compiling unic-langid v0.9.6
[INFO] [stderr]    Compiling openssl-probe v0.2.1
[INFO] [stderr]    Compiling intl-memoizer v0.5.3
[INFO] [stderr]    Compiling fluent-langneg v0.13.1
[INFO] [stderr]    Compiling intl_pluralrules v7.0.2
[INFO] [stderr]    Compiling hyper v1.11.1
[INFO] [stderr]    Compiling generic-array v0.14.7
[INFO] [stderr]    Compiling fluent-bundle v0.16.0
[INFO] [stderr]    Compiling time v0.3.55
[INFO] [stderr]    Compiling icu_provider v2.3.1
[INFO] [stderr]    Compiling icu_properties v2.3.0
[INFO] [stderr]    Compiling icu_normalizer v2.3.0
[INFO] [stderr]    Compiling icu_locale_fallback v2.3.0
[INFO] [stderr]    Compiling icu_calendar v2.3.0
[INFO] [stderr]    Compiling icu_decimal v2.3.0
[INFO] [stderr]    Compiling icu_plurals v2.3.0
[INFO] [stderr]    Compiling icu_segmenter v2.3.0
[INFO] [stderr]    Compiling day-part-prefs v0.4.3 (https://github.com/wancareri/day.git#28c5b2d2)
[INFO] [stderr]    Compiling tracing v0.1.44
[INFO] [stderr]    Compiling icu_casemap v2.3.0
[INFO] [stderr]    Compiling icu_collator v2.3.1
[INFO] [stderr]    Compiling idna_adapter v1.2.2
[INFO] [stderr]    Compiling idna v1.1.0
[INFO] [stderr]    Compiling sync_wrapper v1.0.2
[INFO] [stderr]    Compiling psl-types v2.0.11
[INFO] [stderr]    Compiling litrs v1.0.0
[INFO] [stderr]    Compiling base64 v0.22.1
[INFO] [stderr]    Compiling icu_time v2.3.0
[INFO] [stderr]    Compiling url v2.5.8
[INFO] [stderr]    Compiling ipnet v2.12.2
[INFO] [stderr]    Compiling document-features v0.2.12
[INFO] [stderr]    Compiling icu_datetime v2.3.0
[INFO] [stderr]    Compiling publicsuffix v2.3.0
[INFO] [stderr]    Compiling hyper-util v0.1.20
[INFO] [stderr]    Compiling tower v0.5.3
[INFO] [stderr]    Compiling tokio-native-tls v0.3.1
[INFO] [stderr]    Compiling day-part-clipboard v0.4.3 (https://github.com/wancareri/day.git#28c5b2d2)
[INFO] [stderr]    Compiling http-body-util v0.1.5
[INFO] [stderr]    Compiling getrandom v0.2.17
[INFO] [stderr]    Compiling aho-corasick v1.1.5
[INFO] [stderr]    Compiling unsafe-libyaml-norway v0.2.15
[INFO] [stderr]    Compiling zeroize v1.9.0
[INFO] [stderr]    Compiling regex-syntax v0.8.11
[INFO] [stderr]    Compiling tower-http v0.6.11
[INFO] [stderr]    Compiling rustls-pki-types v1.15.1
[INFO] [stderr]    Compiling hyper-tls v0.6.0
[INFO] [stderr]    Compiling serde_norway v0.9.42
[INFO] [stderr]    Compiling rand_core v0.6.4
[INFO] [stderr]    Compiling cookie_store v0.22.1
[INFO] [stderr]    Compiling block-buffer v0.10.4
[INFO] [stderr]    Compiling crypto-common v0.1.7
[INFO] [stderr]    Compiling serde_urlencoded v0.7.1
[INFO] [stderr]    Compiling toml_datetime v0.6.11
[INFO] [stderr]    Compiling serde_spanned v0.6.9
[INFO] [stderr]    Compiling day-piece-colorpicker v0.4.3 (https://github.com/wancareri/day.git#28c5b2d2)
[INFO] [stderr]    Compiling day-piece-datetime v0.4.3 (https://github.com/wancareri/day.git#28c5b2d2)
[INFO] [stderr]    Compiling day-piece-texteditor v0.4.3 (https://github.com/wancareri/day.git#28c5b2d2)
[INFO] [stderr]    Compiling day-piece-pullrefresh v0.4.3 (https://github.com/wancareri/day.git#28c5b2d2)
[INFO] [stderr]    Compiling winnow v0.7.15
[INFO] [stderr]    Compiling toml_write v0.1.2
[INFO] [stderr]    Compiling reqwest v0.12.28
[INFO] [stderr]    Compiling regex-automata v0.4.18
[INFO] [stderr]    Compiling digest v0.10.7
[INFO] [stderr]    Compiling eschool-app v0.1.0 (/opt/rustwide/workdir)
[INFO] [stderr]    Compiling day-mock v0.4.3 (https://github.com/wancareri/day.git#28c5b2d2)
[INFO] [stderr]    Compiling urlencoding v2.1.3
[INFO] [stderr]    Compiling day-macros v0.4.3 (https://github.com/wancareri/day.git#28c5b2d2)
[INFO] [stderr]    Compiling sha2 v0.10.9
[INFO] [stderr]    Compiling toml_edit v0.22.27
[INFO] [stderr]    Compiling keyring v3.6.3
[INFO] [stderr]    Compiling ppv-lite86 v0.2.21
[INFO] [stderr]    Compiling regex v1.13.1
[INFO] [stderr]    Compiling rand_chacha v0.3.1
[INFO] [stderr]    Compiling rand v0.8.8
[INFO] [stderr]    Compiling eschool-api v0.1.0 (/opt/rustwide/workdir/crates/eschool-api)
[INFO] [stderr]    Compiling toml v0.8.23
[INFO] [stderr]    Compiling day-l10n v0.4.3 (https://github.com/wancareri/day.git#28c5b2d2)
[INFO] [stderr]    Compiling day-core v0.4.3 (https://github.com/wancareri/day.git#28c5b2d2)
[INFO] [stderr]    Compiling day-pieces v0.4.3 (https://github.com/wancareri/day.git#28c5b2d2)
[INFO] [stderr]    Compiling day-fluent v0.4.3 (https://github.com/wancareri/day.git#28c5b2d2)
[INFO] [stderr]    Compiling day-piece-swiftui v0.4.3 (https://github.com/wancareri/day.git#28c5b2d2)
[INFO] [stderr]    Compiling day-piece-rating v0.4.3 (https://github.com/wancareri/day.git#28c5b2d2)
[INFO] [stderr]    Compiling day-script v0.4.3 (https://github.com/wancareri/day.git#28c5b2d2)
[INFO] [stderr]    Compiling day-piece-settings v0.4.3 (https://github.com/wancareri/day.git#28c5b2d2)
[INFO] [stderr]    Compiling day v0.4.3 (https://github.com/wancareri/day.git#28c5b2d2)
[INFO] [stdout] error[E0599]: no associated function or constant named `clear` found for struct `day::prelude::Color` in the current scope
[INFO] [stdout]    --> src/app/window.rs:208:28
[INFO] [stdout]     |
[INFO] [stdout] 208 |         .background(Color::clear())
[INFO] [stdout]     |                            ^^^^^ associated function or constant not found in `day::prelude::Color`
[INFO] [stdout]     |
[INFO] [stdout] note: if you're trying to build a new `day::prelude::Color` consider using one of the following associated functions:
[INFO] [stdout]       day::prelude::Color::rgba
[INFO] [stdout]       day::prelude::Color::rgb
[INFO] [stdout]       day::prelude::Color::hex
[INFO] [stdout]       day::prelude::Color::hsl
[INFO] [stdout]       and 4 others
[INFO] [stdout]    --> /opt/rustwide/cargo-home/git/checkouts/day-0554bdf5ec9e1bdf/28c5b2d/crates/day-geometry/src/lib.rs:291:5
[INFO] [stdout]     |
[INFO] [stdout] 291 |     pub const fn rgba(r: f64, g: f64, b: f64, a: f64) -> Self {
[INFO] [stdout]     |     ^^^^^^^^^^^^^^^^^^^^^^^^^^^^^^^^^^^^^^^^^^^^^^^^^^^^^^^^^
[INFO] [stdout] ...
[INFO] [stdout] 294 |     pub const fn rgb(r: f64, g: f64, b: f64) -> Self {
[INFO] [stdout]     |     ^^^^^^^^^^^^^^^^^^^^^^^^^^^^^^^^^^^^^^^^^^^^^^^^
[INFO] [stdout] ...
[INFO] [stdout] 301 |     pub const fn hex(v: u32) -> Self {
[INFO] [stdout]     |     ^^^^^^^^^^^^^^^^^^^^^^^^^^^^^^^^
[INFO] [stdout] ...
[INFO] [stdout] 311 |     pub fn hsl(h: f64, s: f64, l: f64) -> Self {
[INFO] [stdout]     |     ^^^^^^^^^^^^^^^^^^^^^^^^^^^^^^^^^^^^^^^^^^
[INFO] [stdout] 
[INFO] [stdout] 
[INFO] [stdout] error[E0599]: no method named `blur` found for struct `Decorated<P>` in the current scope
[INFO] [stdout]    --> src/app/window.rs:209:10
[INFO] [stdout]     |
[INFO] [stdout] 206 |       let sel = nav(section)
[INFO] [stdout]     |  _______________-
[INFO] [stdout] 207 | |         .style(day::prelude::NavStyle::Tabs)
[INFO] [stdout] 208 | |         .background(Color::clear())
[INFO] [stdout] 209 | |         .blur(16.0)
[INFO] [stdout]     | |         -^^^^ method not found in `Decorated<Nav<day::reactive::Signal<Section>, Section>>`
[INFO] [stdout]     | |_________|
[INFO] [stdout]     |
[INFO] [stdout] 
[INFO] [stdout] 
[INFO] [stdout] error[E0599]: no method named `blur` found for struct `Decorated<P>` in the current scope
[INFO] [stdout]    --> src/widgets/conn_status.rs:292:10
[INFO] [stdout]     |
[INFO] [stdout] 239 |       let content = row((
[INFO] [stdout]     |  ___________________-
[INFO] [stdout] 240 | |         icon_piece,
[INFO] [stdout] 241 | |         when(
[INFO] [stdout] 242 | |             move || expanded.get(),
[INFO] [stdout] ...   |
[INFO] [stdout] 292 | |         .blur(20.0)
[INFO] [stdout]     | |         -^^^^ method not found in `Decorated<day_pieces::containers::Row<(ZStack<(day::AnyPiece, day::AnyPiece)>, When)>>`
[INFO] [stdout]     | |_________|
[INFO] [stdout]     |
[INFO] [stdout] 
[INFO] [stdout] 
[INFO] [stdout] For more information about this error, try `rustc --explain E0599`.
[INFO] [stdout] 
[INFO] [stderr] error: could not compile `eschool-app` (lib) due to 3 previous errors
[INFO] running `Command { std: "docker" "inspect" "d7a956c2e1ae8ed8f71fc55cdba996ff0a52707d10f106252efb9a94352c9c5b", kill_on_drop: false }`
[INFO] running `Command { std: "docker" "rm" "-f" "d7a956c2e1ae8ed8f71fc55cdba996ff0a52707d10f106252efb9a94352c9c5b", kill_on_drop: false }`
[INFO] [stdout] d7a956c2e1ae8ed8f71fc55cdba996ff0a52707d10f106252efb9a94352c9c5b
