[INFO] cloning repository https://github.com/solana-turbin3/memepool-aggregator
[INFO] running `Command { std: "git" "-c" "credential.helper=" "-c" "credential.helper=/workspace/cargo-home/bin/git-credential-null" "clone" "--bare" "https://github.com/solana-turbin3/memepool-aggregator" "/workspace/cache/git-repos/https%3A%2F%2Fgithub.com%2Fsolana-turbin3%2Fmemepool-aggregator", kill_on_drop: false }`
[INFO] [stderr] Cloning into bare repository '/workspace/cache/git-repos/https%3A%2F%2Fgithub.com%2Fsolana-turbin3%2Fmemepool-aggregator'...
[INFO] running `Command { std: "git" "rev-parse" "HEAD", kill_on_drop: false }`
[INFO] [stdout] 5f16a036131e74bf974da9d74e02c490749fc7b9
[INFO] testing solana-turbin3/memepool-aggregator against 1.100.0-beta.1 for beta-1.100-3
[INFO] running `Command { std: "git" "clone" "/workspace/cache/git-repos/https%3A%2F%2Fgithub.com%2Fsolana-turbin3%2Fmemepool-aggregator" "/workspace/builds/worker-3-tc2/source", kill_on_drop: false }`
[INFO] [stderr] Cloning into '/workspace/builds/worker-3-tc2/source'...
[INFO] [stderr] done.
[INFO] started tweaking git repo https://github.com/solana-turbin3/memepool-aggregator
[INFO] finished tweaking git repo https://github.com/solana-turbin3/memepool-aggregator
[INFO] tweaked toml for git repo https://github.com/solana-turbin3/memepool-aggregator written to /workspace/builds/worker-3-tc2/source/Cargo.toml
[INFO] validating manifest of git repo https://github.com/solana-turbin3/memepool-aggregator on toolchain 1.100.0-beta.1
[INFO] running `Command { std: CARGO_HOME="/workspace/cargo-home" RUSTUP_HOME="/workspace/rustup-home" "/workspace/cargo-home/bin/cargo" "+1.100.0-beta.1" "metadata" "--manifest-path" "Cargo.toml" "--no-deps", kill_on_drop: false }`
[INFO] crate git repo https://github.com/solana-turbin3/memepool-aggregator already has a lockfile, it will not be regenerated
[INFO] running `Command { std: CARGO_HOME="/workspace/cargo-home" RUSTUP_HOME="/workspace/rustup-home" "/workspace/cargo-home/bin/cargo" "+1.100.0-beta.1" "fetch" "--manifest-path" "Cargo.toml", kill_on_drop: false }`
[INFO] [stderr]     Blocking waiting for file lock on package cache
[INFO] [stderr]     Blocking waiting for file lock on package cache
[ERROR] error running command: no output for 300 seconds
[INFO] testing solana-turbin3/memepool-aggregator against 1.100.0-beta.1 for beta-1.100-3
[INFO] running `Command { std: "git" "clone" "/workspace/cache/git-repos/https%3A%2F%2Fgithub.com%2Fsolana-turbin3%2Fmemepool-aggregator" "/workspace/builds/worker-3-tc2/source", kill_on_drop: false }`
[INFO] [stderr] Cloning into '/workspace/builds/worker-3-tc2/source'...
[INFO] [stderr] done.
[INFO] started tweaking git repo https://github.com/solana-turbin3/memepool-aggregator
[INFO] finished tweaking git repo https://github.com/solana-turbin3/memepool-aggregator
[INFO] tweaked toml for git repo https://github.com/solana-turbin3/memepool-aggregator written to /workspace/builds/worker-3-tc2/source/Cargo.toml
[INFO] validating manifest of git repo https://github.com/solana-turbin3/memepool-aggregator on toolchain 1.100.0-beta.1
[INFO] running `Command { std: CARGO_HOME="/workspace/cargo-home" RUSTUP_HOME="/workspace/rustup-home" "/workspace/cargo-home/bin/cargo" "+1.100.0-beta.1" "metadata" "--manifest-path" "Cargo.toml" "--no-deps", kill_on_drop: false }`
[INFO] crate git repo https://github.com/solana-turbin3/memepool-aggregator already has a lockfile, it will not be regenerated
[INFO] running `Command { std: CARGO_HOME="/workspace/cargo-home" RUSTUP_HOME="/workspace/rustup-home" "/workspace/cargo-home/bin/cargo" "+1.100.0-beta.1" "fetch" "--manifest-path" "Cargo.toml", kill_on_drop: false }`
[INFO] [stderr]     Blocking waiting for file lock on package cache
[INFO] [stderr]     Blocking waiting for file lock on package cache
[ERROR] error running command: no output for 300 seconds
[INFO] testing solana-turbin3/memepool-aggregator against 1.100.0-beta.1 for beta-1.100-3
[INFO] running `Command { std: "git" "clone" "/workspace/cache/git-repos/https%3A%2F%2Fgithub.com%2Fsolana-turbin3%2Fmemepool-aggregator" "/workspace/builds/worker-3-tc2/source", kill_on_drop: false }`
[INFO] [stderr] Cloning into '/workspace/builds/worker-3-tc2/source'...
[INFO] [stderr] done.
[INFO] started tweaking git repo https://github.com/solana-turbin3/memepool-aggregator
[INFO] finished tweaking git repo https://github.com/solana-turbin3/memepool-aggregator
[INFO] tweaked toml for git repo https://github.com/solana-turbin3/memepool-aggregator written to /workspace/builds/worker-3-tc2/source/Cargo.toml
[INFO] validating manifest of git repo https://github.com/solana-turbin3/memepool-aggregator on toolchain 1.100.0-beta.1
[INFO] running `Command { std: CARGO_HOME="/workspace/cargo-home" RUSTUP_HOME="/workspace/rustup-home" "/workspace/cargo-home/bin/cargo" "+1.100.0-beta.1" "metadata" "--manifest-path" "Cargo.toml" "--no-deps", kill_on_drop: false }`
[INFO] crate git repo https://github.com/solana-turbin3/memepool-aggregator already has a lockfile, it will not be regenerated
[INFO] running `Command { std: CARGO_HOME="/workspace/cargo-home" RUSTUP_HOME="/workspace/rustup-home" "/workspace/cargo-home/bin/cargo" "+1.100.0-beta.1" "fetch" "--manifest-path" "Cargo.toml", kill_on_drop: false }`
[INFO] [stderr]     Blocking waiting for file lock on package cache
[INFO] [stderr]     Blocking waiting for file lock on package cache
[ERROR] error running command: no output for 300 seconds
[INFO] testing solana-turbin3/memepool-aggregator against 1.100.0-beta.1 for beta-1.100-3
[INFO] running `Command { std: "git" "clone" "/workspace/cache/git-repos/https%3A%2F%2Fgithub.com%2Fsolana-turbin3%2Fmemepool-aggregator" "/workspace/builds/worker-3-tc2/source", kill_on_drop: false }`
[INFO] [stderr] Cloning into '/workspace/builds/worker-3-tc2/source'...
[INFO] [stderr] done.
[INFO] started tweaking git repo https://github.com/solana-turbin3/memepool-aggregator
[INFO] finished tweaking git repo https://github.com/solana-turbin3/memepool-aggregator
[INFO] tweaked toml for git repo https://github.com/solana-turbin3/memepool-aggregator written to /workspace/builds/worker-3-tc2/source/Cargo.toml
[INFO] validating manifest of git repo https://github.com/solana-turbin3/memepool-aggregator on toolchain 1.100.0-beta.1
[INFO] running `Command { std: CARGO_HOME="/workspace/cargo-home" RUSTUP_HOME="/workspace/rustup-home" "/workspace/cargo-home/bin/cargo" "+1.100.0-beta.1" "metadata" "--manifest-path" "Cargo.toml" "--no-deps", kill_on_drop: false }`
[INFO] crate git repo https://github.com/solana-turbin3/memepool-aggregator already has a lockfile, it will not be regenerated
[INFO] running `Command { std: CARGO_HOME="/workspace/cargo-home" RUSTUP_HOME="/workspace/rustup-home" "/workspace/cargo-home/bin/cargo" "+1.100.0-beta.1" "fetch" "--manifest-path" "Cargo.toml", kill_on_drop: false }`
[INFO] [stderr]     Blocking waiting for file lock on package cache
[INFO] [stderr]     Blocking waiting for file lock on package cache
[INFO] running `Command { std: "docker" "create" "-v" "/var/lib/crater-agent-workspace/builds/worker-3-tc2/source:/opt/rustwide/workdir:ro,Z" "-v" "/var/lib/crater-agent-workspace/builds/worker-3-tc2/target:/opt/rustwide/target:rw,Z" "-v" "/var/lib/crater-agent-workspace/cargo-home:/opt/rustwide/cargo-home:ro,Z" "-v" "/var/lib/crater-agent-workspace/rustup-home:/opt/rustwide/rustup-home:ro,Z" "-m" "1610612736" "--network" "none" "ghcr.io/rust-lang/crates-build-env/linux@sha256:77db811e55d90add9212f6832c23229e3de5f1c1f9905e8cb07319ea15df73ac" "sleep" "infinity", kill_on_drop: false }`
[INFO] [stdout] aa35bdb1fa418b4e06fd3495b41696f2a3683ec77716d8ad4b0ddaddd3111089
[INFO] running `Command { std: "docker" "start" "aa35bdb1fa418b4e06fd3495b41696f2a3683ec77716d8ad4b0ddaddd3111089", kill_on_drop: false }`
[INFO] running `Command { std: "docker" "inspect" "aa35bdb1fa418b4e06fd3495b41696f2a3683ec77716d8ad4b0ddaddd3111089", kill_on_drop: false }`
[INFO] running `Command { std: "docker" "exec" "-e" "SOURCE_DIR=/opt/rustwide/workdir" "-e" "CARGO_HOME=/opt/rustwide/cargo-home" "-e" "RUSTUP_HOME=/opt/rustwide/rustup-home" "-e" "CARGO_TARGET_DIR=/opt/rustwide/target" "-w" "/opt/rustwide/workdir" "--user" "0:0" "aa35bdb1fa418b4e06fd3495b41696f2a3683ec77716d8ad4b0ddaddd3111089" "/opt/rustwide/cargo-home/bin/cargo" "+1.100.0-beta.1" "metadata" "--no-deps" "--format-version=1", kill_on_drop: false }`
[INFO] running `Command { std: "docker" "inspect" "aa35bdb1fa418b4e06fd3495b41696f2a3683ec77716d8ad4b0ddaddd3111089", kill_on_drop: false }`
[INFO] running `Command { std: "docker" "exec" "-e" "SOURCE_DIR=/opt/rustwide/workdir" "-e" "CARGO_HOME=/opt/rustwide/cargo-home" "-e" "RUSTUP_HOME=/opt/rustwide/rustup-home" "-e" "CARGO_TARGET_DIR=/opt/rustwide/target" "-e" "CARGO_INCREMENTAL=0" "-e" "RUST_BACKTRACE=full" "-e" "RUSTFLAGS=--cap-lints=warn" "-e" "RUSTDOCFLAGS=--cap-lints=warn" "-w" "/opt/rustwide/workdir" "--user" "0:0" "aa35bdb1fa418b4e06fd3495b41696f2a3683ec77716d8ad4b0ddaddd3111089" "/opt/rustwide/cargo-home/bin/cargo" "+1.100.0-beta.1" "build" "--frozen" "--message-format=json", kill_on_drop: false }`
[INFO] [stderr]    Compiling proc-macro2 v1.0.93
[INFO] [stderr]    Compiling unicode-ident v1.0.17
[INFO] [stderr]    Compiling version_check v0.9.5
[INFO] [stderr]    Compiling libc v0.2.169
[INFO] [stderr]    Compiling typenum v1.18.0
[INFO] [stderr]    Compiling autocfg v1.4.0
[INFO] [stderr]    Compiling serde v1.0.218
[INFO] [stderr]    Compiling syn v1.0.109
[INFO] [stderr]    Compiling once_cell v1.20.3
[INFO] [stderr]    Compiling shlex v1.3.0
[INFO] [stderr]    Compiling cpufeatures v0.2.17
[INFO] [stderr]    Compiling itoa v1.0.14
[INFO] [stderr]    Compiling byteorder v1.5.0
[INFO] [stderr]    Compiling subtle v2.4.1
[INFO] [stderr]    Compiling thiserror v1.0.69
[INFO] [stderr]    Compiling memchr v2.7.4
[INFO] [stderr]    Compiling semver v1.0.25
[INFO] [stderr]    Compiling log v0.4.26
[INFO] [stderr]    Compiling equivalent v1.0.2
[INFO] [stderr]    Compiling hashbrown v0.15.2
[INFO] [stderr]    Compiling ryu v1.0.19
[INFO] [stderr]    Compiling serde_json v1.0.139
[INFO] [stderr]    Compiling anyhow v1.0.96
[INFO] [stderr]    Compiling generic-array v0.14.7
[INFO] [stderr]    Compiling crossbeam-utils v0.8.21
[INFO] [stderr]    Compiling either v1.13.0
[INFO] [stderr]    Compiling num-traits v0.2.19
[INFO] [stderr]    Compiling getrandom v0.1.16
[INFO] [stderr]    Compiling toml_datetime v0.6.8
[INFO] [stderr]    Compiling opaque-debug v0.3.1
[INFO] [stderr]    Compiling crunchy v0.2.3
[INFO] [stderr]    Compiling rustc_version v0.4.1
[INFO] [stderr]    Compiling ahash v0.8.11
[INFO] [stderr]    Compiling block-padding v0.2.1
[INFO] [stderr]    Compiling paste v1.0.15
[INFO] [stderr]    Compiling winnow v0.7.3
[INFO] [stderr]    Compiling wasm-bindgen-shared v0.2.100
[INFO] [stderr]    Compiling quote v1.0.38
[INFO] [stderr]    Compiling indexmap v2.7.1
[INFO] [stderr]    Compiling lazy_static v1.5.0
[INFO] [stderr]    Compiling itertools v0.10.5
[INFO] [stderr]    Compiling base64 v0.21.7
[INFO] [stderr]    Compiling jobserver v0.1.32
[INFO] [stderr]    Compiling syn v2.0.98
[INFO] [stderr]    Compiling crossbeam-epoch v0.9.18
[INFO] [stderr]    Compiling rayon-core v1.12.1
[INFO] [stderr]    Compiling tinyvec v1.8.1
[INFO] [stderr]    Compiling cc v1.2.15
[INFO] [stderr]    Compiling ahash v0.7.8
[INFO] [stderr]    Compiling crossbeam-deque v0.8.6
[INFO] [stderr]    Compiling feature-probe v0.1.1
[INFO] [stderr]    Compiling bumpalo v3.17.0
[INFO] [stderr]    Compiling num-integer v0.1.46
[INFO] [stderr]    Compiling rustversion v1.0.19
[INFO] [stderr]    Compiling bv v0.11.1
[INFO] [stderr]    Compiling bitmaps v2.1.0
[INFO] [stderr]    Compiling solana-frozen-abi-macro v1.18.26
[INFO] [stderr]    Compiling num-bigint v0.4.6
[INFO] [stderr]    Compiling digest v0.9.0
[INFO] [stderr]    Compiling im v15.1.0
[INFO] [stderr]    Compiling rustc-hash v1.1.0
[INFO] [stderr]    Compiling libsecp256k1-core v0.2.2
[INFO] [stderr]    Compiling keccak v0.1.5
[INFO] [stderr]    Compiling cfg_aliases v0.2.1
[INFO] [stderr]    Compiling getrandom v0.2.15
[INFO] [stderr]    Compiling borsh v1.5.5
[INFO] [stderr]    Compiling rand_core v0.6.4
[INFO] [stderr]    Compiling rand_core v0.5.1
[INFO] [stderr]    Compiling rayon v1.10.0
[INFO] [stderr]    Compiling sized-chunks v0.6.5
[INFO] [stderr]    Compiling rand_xoshiro v0.6.0
[INFO] [stderr]    Compiling solana-frozen-abi v1.18.26
[INFO] [stderr]    Compiling libsecp256k1-gen-genmult v0.2.1
[INFO] [stderr]    Compiling libsecp256k1-gen-ecmult v0.2.1
[INFO] [stderr]    Compiling memoffset v0.9.1
[INFO] [stderr]    Compiling wasm-bindgen v0.2.100
[INFO] [stderr]    Compiling arrayref v0.3.9
[INFO] [stderr]    Compiling bs58 v0.4.0
[INFO] [stderr]    Compiling unicode-normalization v0.1.24
[INFO] [stderr]    Compiling toml_edit v0.22.24
[INFO] [stderr]    Compiling libsecp256k1 v0.6.0
[INFO] [stderr]    Compiling hashbrown v0.11.2
[INFO] [stderr]    Compiling memmap2 v0.9.5
[INFO] [stderr]    Compiling blake3 v1.6.0
[INFO] [stderr]    Compiling solana-program v1.18.26
[INFO] [stderr]    Compiling memmap2 v0.5.10
[INFO] [stderr]    Compiling base64 v0.12.3
[INFO] [stderr]    Compiling arrayvec v0.7.6
[INFO] [stderr]    Compiling constant_time_eq v0.3.1
[INFO] [stderr]    Compiling block-buffer v0.10.4
[INFO] [stderr]    Compiling crypto-common v0.1.6
[INFO] [stderr]    Compiling percent-encoding v2.3.1
[INFO] [stderr]    Compiling aho-corasick v1.1.3
[INFO] [stderr]    Compiling regex-syntax v0.8.5
[INFO] [stderr]    Compiling strsim v0.11.1
[INFO] [stderr]    Compiling ident_case v1.0.1
[INFO] [stderr]    Compiling atty v0.2.14
[INFO] [stderr]    Compiling digest v0.10.7
[INFO] [stderr]    Compiling signature v1.6.4
[INFO] [stderr]    Compiling termcolor v1.4.1
[INFO] [stderr]    Compiling humantime v2.1.0
[INFO] [stderr]    Compiling solana-sdk v1.18.26
[INFO] [stderr]    Compiling ed25519 v1.5.3
[INFO] [stderr]    Compiling derivation-path v0.2.0
[INFO] [stderr]    Compiling sha2 v0.10.8
[INFO] [stderr]    Compiling iana-time-zone v0.1.61
[INFO] [stderr]    Compiling qstring v0.7.2
[INFO] [stderr]    Compiling uriparse v0.6.4
[INFO] [stderr]    Compiling siphasher v0.3.11
[INFO] [stderr]    Compiling assert_matches v1.5.0
[INFO] [stderr]    Compiling smallvec v1.14.0
[INFO] [stderr]    Compiling pin-project-lite v0.2.16
[INFO] [stderr]    Compiling lock_api v0.4.12
[INFO] [stderr]    Compiling borsh-derive-internal v0.10.4
[INFO] [stderr]    Compiling borsh-schema-derive-internal v0.10.4
[INFO] [stderr]    Compiling borsh-schema-derive-internal v0.9.3
[INFO] [stderr]    Compiling borsh-derive-internal v0.9.3
[INFO] [stderr]    Compiling parking_lot_core v0.9.10
[INFO] [stderr]    Compiling scopeguard v1.2.0
[INFO] [stderr]    Compiling stable_deref_trait v1.2.0
[INFO] [stderr]    Compiling bytes v1.10.0
[INFO] [stderr]    Compiling ring v0.17.10
[INFO] [stderr]    Compiling futures-core v0.3.31
[INFO] [stderr]    Compiling wasm-bindgen-backend v0.2.100
[INFO] [stderr]    Compiling darling_core v0.20.10
[INFO] [stderr]    Compiling proc-macro-crate v3.2.0
[INFO] [stderr]    Compiling synstructure v0.13.1
[INFO] [stderr]    Compiling socket2 v0.5.8
[INFO] [stderr]    Compiling slab v0.4.9
[INFO] [stderr]    Compiling parking_lot v0.12.3
[INFO] [stderr]    Compiling writeable v0.5.5
[INFO] [stderr]    Compiling litemap v0.7.4
[INFO] [stderr]    Compiling signal-hook-registry v1.4.2
[INFO] [stderr]    Compiling mio v1.0.3
[INFO] [stderr]    Compiling untrusted v0.9.0
[INFO] [stderr]    Compiling icu_locid_transform_data v1.5.0
[INFO] [stderr]    Compiling futures-sink v0.3.31
[INFO] [stderr]    Compiling icu_properties_data v1.5.0
[INFO] [stderr]    Compiling rustls v0.21.12
[INFO] [stderr]    Compiling futures-io v0.3.31
[INFO] [stderr]    Compiling futures-channel v0.3.31
[INFO] [stderr]    Compiling icu_normalizer_data v1.5.0
[INFO] [stderr]    Compiling write16 v1.0.0
[INFO] [stderr]    Compiling futures-task v0.3.31
[INFO] [stderr]    Compiling utf16_iter v1.0.5
[INFO] [stderr]    Compiling utf8_iter v1.0.4
[INFO] [stderr]    Compiling tracing-core v0.1.33
[INFO] [stderr]    Compiling http v0.2.12
[INFO] [stderr]    Compiling form_urlencoded v1.2.1
[INFO] [stderr]    Compiling httparse v1.10.0
[INFO] [stderr]    Compiling alloc-no-stdlib v2.0.4
[INFO] [stderr]    Compiling rustls-pemfile v1.0.4
[INFO] [stderr]    Compiling try-lock v0.2.5
[INFO] [stderr]    Compiling alloc-stdlib v0.2.2
[INFO] [stderr]    Compiling adler2 v2.0.0
[INFO] [stderr]    Compiling want v0.3.1
[INFO] [stderr]    Compiling miniz_oxide v0.8.5
[INFO] [stderr]    Compiling brotli-decompressor v4.0.2
[INFO] [stderr]    Compiling wasm-bindgen-macro-support v0.2.100
[INFO] [stderr]    Compiling num-bigint v0.2.6
[INFO] [stderr]    Compiling crc32fast v1.4.2
[INFO] [stderr]    Compiling tower-service v0.3.3
[INFO] [stderr]    Compiling regex-automata v0.4.9
[INFO] [stderr]    Compiling httpdate v1.0.3
[INFO] [stderr]    Compiling num-complex v0.2.4
[INFO] [stderr]    Compiling num-rational v0.2.4
[INFO] [stderr]    Compiling winnow v0.5.40
[INFO] [stderr]    Compiling webpki-roots v0.25.4
[INFO] [stderr]    Compiling flate2 v1.0.35
[INFO] [stderr]    Compiling ark-serialize-derive v0.4.2
[INFO] [stderr]    Compiling ark-ff-asm v0.4.2
[INFO] [stderr]    Compiling ark-ff-macros v0.4.2
[INFO] [stderr]    Compiling derivative v2.2.0
[INFO] [stderr]    Compiling http-body v0.4.6
[INFO] [stderr]    Compiling serde_derive v1.0.218
[INFO] [stderr]    Compiling thiserror-impl v1.0.69
[INFO] [stderr]    Compiling zerocopy-derive v0.7.35
[INFO] [stderr]    Compiling zeroize_derive v1.4.2
[INFO] [stderr]    Compiling bytemuck_derive v1.8.1
[INFO] [stderr]    Compiling borsh-derive v1.5.5
[INFO] [stderr]    Compiling num-derive v0.4.2
[INFO] [stderr]    Compiling solana-sdk-macro v1.18.26
[INFO] [stderr]    Compiling wasm-bindgen-macro v0.2.100
[INFO] [stderr]    Compiling zeroize v1.3.0
[INFO] [stderr]    Compiling num_enum_derive v0.7.3
[INFO] [stderr]    Compiling qualifier_attr v0.2.2
[INFO] [stderr]    Compiling zerocopy v0.7.35
[INFO] [stderr]    Compiling darling_macro v0.20.10
[INFO] [stderr]    Compiling displaydoc v0.2.5
[INFO] [stderr]    Compiling ppv-lite86 v0.2.20
[INFO] [stderr]    Compiling zerofrom-derive v0.1.5
[INFO] [stderr]    Compiling regex v1.11.1
[INFO] [stderr]    Compiling rand_chacha v0.3.1
[INFO] [stderr]    Compiling rand_chacha v0.2.2
[INFO] [stderr]    Compiling rand v0.8.5
[INFO] [stderr]    Compiling hashbrown v0.13.2
[INFO] [stderr]    Compiling rand v0.7.3
[INFO] [stderr]    Compiling env_logger v0.9.3
[INFO] [stderr]    Compiling num_enum v0.7.3
[INFO] [stderr]    Compiling darling v0.20.10
[INFO] [stderr]    Compiling yoke-derive v0.7.5
[INFO] [stderr]    Compiling zerovec-derive v0.10.3
[INFO] [stderr]    Compiling bytemuck v1.21.0
[INFO] [stderr]    Compiling icu_provider_macros v1.5.0
[INFO] [stderr]    Compiling serde_with_macros v2.3.3
[INFO] [stderr]    Compiling tokio-macros v2.5.0
[INFO] [stderr]    Compiling merlin v3.0.0
[INFO] [stderr]    Compiling solana-logger v1.18.26
[INFO] [stderr]    Compiling zerofrom v0.1.5
[INFO] [stderr]    Compiling ark-std v0.4.0
[INFO] [stderr]    Compiling futures-macro v0.3.31
[INFO] [stderr]    Compiling tracing-attributes v0.1.28
[INFO] [stderr]    Compiling brotli v7.0.0
[INFO] [stderr]    Compiling spl-discriminator-syn v0.1.2
[INFO] [stderr]    Compiling toml_edit v0.19.15
[INFO] [stderr]    Compiling tokio v1.43.0
[INFO] [stderr]    Compiling scroll_derive v0.11.1
[INFO] [stderr]    Compiling spl-program-error-derive v0.3.2
[INFO] [stderr]    Compiling crossbeam-channel v0.5.14
[INFO] [stderr]    Compiling yoke v0.7.5
[INFO] [stderr]    Compiling encoding_rs v0.8.35
[INFO] [stderr]    Compiling ipnet v2.11.0
[INFO] [stderr]    Compiling zerovec v0.10.4
[INFO] [stderr]    Compiling futures-util v0.3.31
[INFO] [stderr]    Compiling void v1.0.2
[INFO] [stderr]    Compiling mime v0.3.17
[INFO] [stderr]    Compiling unreachable v1.0.0
[INFO] [stderr]    Compiling scroll v0.11.0
[INFO] [stderr]    Compiling spl-discriminator-derive v0.1.2
[INFO] [stderr]    Compiling gethostname v0.2.3
[INFO] [stderr]    Compiling num-iter v0.1.45
[INFO] [stderr]    Compiling ascii v0.9.3
[INFO] [stderr]    Compiling plain v0.2.3
[INFO] [stderr]    Compiling enum-iterator-derive v1.4.0
[INFO] [stderr]    Compiling goblin v0.5.4
[INFO] [stderr]    Compiling solana-program-runtime v1.18.26
[INFO] [stderr]    Compiling hash32 v0.2.1
[INFO] [stderr]    Compiling tracing v0.1.41
[INFO] [stderr]    Compiling combine v3.8.1
[INFO] [stderr]    Compiling rustc-demangle v0.1.24
[INFO] [stderr]    Compiling proc-macro-crate v1.3.1
[INFO] [stderr] error: could not compile `tokio` (lib)
[INFO] [stderr] 
[INFO] [stderr] Caused by:
[INFO] [stderr]   process didn't exit successfully: `/opt/rustwide/rustup-home/toolchains/1.100.0-beta.1-x86_64-unknown-linux-gnu/bin/rustc --crate-name tokio --edition=2021 /opt/rustwide/cargo-home/registry/src/index.crates.io-1949cf8c6b5b557f/tokio-1.43.0/src/lib.rs --error-format=json --json=diagnostic-rendered-ansi,artifacts,future-incompat,unused-externs-silent --crate-type lib --emit=dep-info,metadata,link -C embed-bitcode=no -C debuginfo=2 --cfg 'feature="bytes"' --cfg 'feature="default"' --cfg 'feature="fs"' --cfg 'feature="full"' --cfg 'feature="io-std"' --cfg 'feature="io-util"' --cfg 'feature="libc"' --cfg 'feature="macros"' --cfg 'feature="mio"' --cfg 'feature="net"' --cfg 'feature="parking_lot"' --cfg 'feature="process"' --cfg 'feature="rt"' --cfg 'feature="rt-multi-thread"' --cfg 'feature="signal"' --cfg 'feature="signal-hook-registry"' --cfg 'feature="socket2"' --cfg 'feature="sync"' --cfg 'feature="time"' --cfg 'feature="tokio-macros"' --check-cfg 'cfg(docsrs,test)' --check-cfg 'cfg(feature, values("bytes", "default", "fs", "full", "io-std", "io-util", "libc", "macros", "mio", "net", "parking_lot", "process", "rt", "rt-multi-thread", "signal", "signal-hook-registry", "socket2", "sync", "test-util", "time", "tokio-macros", "tracing", "windows-sys"))' -C metadata=95c1afeb5340dd4d -C extra-filename=-f7bced1992f5d093 --out-dir /opt/rustwide/target/debug/build/tokio/f7bced1992f5d093/out -L dependency=/opt/rustwide/target/debug/build/cfg-if/3e7fc4e38d4a72b5/out -L dependency=/opt/rustwide/target/debug/build/libc/4b82b4fdd3b5b0fe/out -L dependency=/opt/rustwide/target/debug/build/lock_api/172be1fcd34e42db/out -L dependency=/opt/rustwide/target/debug/build/parking_lot_core/b7d86137fbf6aa0d/out -L dependency=/opt/rustwide/target/debug/build/scopeguard/7ec2214574194454/out -L dependency=/opt/rustwide/target/debug/build/smallvec/2bd8f6be8d3c93fd/out --extern bytes=/opt/rustwide/target/debug/build/bytes/364fee2c8c1b3a1d/out/libbytes-364fee2c8c1b3a1d.rmeta --extern libc=/opt/rustwide/target/debug/build/libc/4b82b4fdd3b5b0fe/out/liblibc-4b82b4fdd3b5b0fe.rmeta --extern mio=/opt/rustwide/target/debug/build/mio/f7bb7ecfbc6b2500/out/libmio-f7bb7ecfbc6b2500.rmeta --extern parking_lot=/opt/rustwide/target/debug/build/parking_lot/a44bcc5d8ffd7cc9/out/libparking_lot-a44bcc5d8ffd7cc9.rmeta --extern pin_project_lite=/opt/rustwide/target/debug/build/pin-project-lite/72bf04572caa1c84/out/libpin_project_lite-72bf04572caa1c84.rmeta --extern signal_hook_registry=/opt/rustwide/target/debug/build/signal-hook-registry/a1214a18412359dd/out/libsignal_hook_registry-a1214a18412359dd.rmeta --extern socket2=/opt/rustwide/target/debug/build/socket2/9580a101151324b4/out/libsocket2-9580a101151324b4.rmeta --extern tokio_macros=/opt/rustwide/target/debug/build/tokio-macros/f2a87f0b63ca9800/out/libtokio_macros-f2a87f0b63ca9800.so --cap-lints allow --cap-lints=warn --force-warn=unused_crate_dependencies` (signal: 9, SIGKILL: kill)
[INFO] [stderr] warning: build failed, waiting for other jobs to finish...
[INFO] [stderr] error: could not compile `brotli` (lib)
[INFO] [stderr] 
[INFO] [stderr] Caused by:
[INFO] [stderr]   process didn't exit successfully: `/opt/rustwide/rustup-home/toolchains/1.100.0-beta.1-x86_64-unknown-linux-gnu/bin/rustc --crate-name brotli --edition=2015 /opt/rustwide/cargo-home/registry/src/index.crates.io-1949cf8c6b5b557f/brotli-7.0.0/src/lib.rs --error-format=json --json=diagnostic-rendered-ansi,artifacts,future-incompat,unused-externs-silent --crate-type lib --emit=dep-info,metadata,link -C embed-bitcode=no -C debuginfo=2 --cfg 'feature="alloc-stdlib"' --cfg 'feature="default"' --cfg 'feature="std"' --check-cfg 'cfg(docsrs,test)' --check-cfg 'cfg(feature, values("alloc-stdlib", "benchmark", "billing", "default", "disable-timer", "disallow_large_window_size", "external-literal-probability", "ffi-api", "float64", "floating_point_context_mixing", "no-stdlib-ffi-binding", "pass-through-ffi-panics", "seccomp", "sha2", "simd", "std", "validation", "vector_scratch_space"))' -C metadata=1aeecd2a0ee94742 -C extra-filename=-e07809fb8122bfc3 --out-dir /opt/rustwide/target/debug/build/brotli/e07809fb8122bfc3/out -L dependency=/opt/rustwide/target/debug/build/alloc-no-stdlib/118b0458ceca2dd8/out -L dependency=/opt/rustwide/target/debug/build/alloc-stdlib/4aac9f1b7fbf996b/out --extern alloc_no_stdlib=/opt/rustwide/target/debug/build/alloc-no-stdlib/118b0458ceca2dd8/out/liballoc_no_stdlib-118b0458ceca2dd8.rmeta --extern alloc_stdlib=/opt/rustwide/target/debug/build/alloc-stdlib/4aac9f1b7fbf996b/out/liballoc_stdlib-4aac9f1b7fbf996b.rmeta --extern brotli_decompressor=/opt/rustwide/target/debug/build/brotli-decompressor/27a374f8f1732b74/out/libbrotli_decompressor-27a374f8f1732b74.rmeta --cap-lints allow --cap-lints=warn --force-warn=unused_crate_dependencies` (signal: 9, SIGKILL: kill)
[INFO] running `Command { std: "docker" "inspect" "aa35bdb1fa418b4e06fd3495b41696f2a3683ec77716d8ad4b0ddaddd3111089", kill_on_drop: false }`
[INFO] running `Command { std: "docker" "rm" "-f" "aa35bdb1fa418b4e06fd3495b41696f2a3683ec77716d8ad4b0ddaddd3111089", kill_on_drop: false }`
[INFO] [stdout] aa35bdb1fa418b4e06fd3495b41696f2a3683ec77716d8ad4b0ddaddd3111089
