[INFO] cloning repository https://github.com/fhy/guigu
[INFO] running `Command { std: "git" "-c" "credential.helper=" "-c" "credential.helper=/workspace/cargo-home/bin/git-credential-null" "clone" "--bare" "https://github.com/fhy/guigu" "/workspace/cache/git-repos/https%3A%2F%2Fgithub.com%2Ffhy%2Fguigu", kill_on_drop: false }`
[INFO] [stderr] Cloning into bare repository '/workspace/cache/git-repos/https%3A%2F%2Fgithub.com%2Ffhy%2Fguigu'...
[INFO] running `Command { std: "git" "rev-parse" "HEAD", kill_on_drop: false }`
[INFO] [stdout] b55eb5c11eb4eff2e4008e0837dd47767da19345
[INFO] testing fhy/guigu against 1.99.0-beta.8 for beta-1.100-3
[INFO] running `Command { std: "git" "clone" "/workspace/cache/git-repos/https%3A%2F%2Fgithub.com%2Ffhy%2Fguigu" "/workspace/builds/worker-6-tc1/source", kill_on_drop: false }`
[INFO] [stderr] Cloning into '/workspace/builds/worker-6-tc1/source'...
[INFO] [stderr] done.
[INFO] started tweaking git repo https://github.com/fhy/guigu
[INFO] finished tweaking git repo https://github.com/fhy/guigu
[INFO] tweaked toml for git repo https://github.com/fhy/guigu written to /workspace/builds/worker-6-tc1/source/Cargo.toml
[INFO] validating manifest of git repo https://github.com/fhy/guigu on toolchain 1.99.0-beta.8
[INFO] running `Command { std: CARGO_HOME="/workspace/cargo-home" RUSTUP_HOME="/workspace/rustup-home" "/workspace/cargo-home/bin/cargo" "+1.99.0-beta.8" "metadata" "--manifest-path" "Cargo.toml" "--no-deps", kill_on_drop: false }`
[INFO] crate git repo https://github.com/fhy/guigu already has a lockfile, it will not be regenerated
[INFO] running `Command { std: CARGO_HOME="/workspace/cargo-home" RUSTUP_HOME="/workspace/rustup-home" "/workspace/cargo-home/bin/cargo" "+1.99.0-beta.8" "fetch" "--manifest-path" "Cargo.toml", kill_on_drop: false }`
[INFO] [stderr]     Blocking waiting for file lock on package cache
[INFO] [stderr]     Updating crates.io index
[INFO] [stderr]     Blocking waiting for file lock on package cache
[INFO] [stderr]  Downloading crates ...
[INFO] [stderr]   Downloaded serde_derive v1.0.229
[INFO] [stderr]   Downloaded wiremock v0.6.5
[INFO] [stderr]   Downloaded potential_utf v0.1.6
[INFO] [stderr]   Downloaded tokio-macros v2.7.2
[INFO] [stderr]   Downloaded unicode-truncate v1.1.0
[INFO] [stderr]   Downloaded futures-macro v0.3.34
[INFO] [stderr]   Downloaded futures-io v0.3.34
[INFO] [stderr]   Downloaded serde v1.0.229
[INFO] [stderr]   Downloaded quote v1.0.47
[INFO] [stderr]   Downloaded deadpool-runtime v0.1.4
[INFO] [stderr]   Downloaded strum v0.26.3
[INFO] [stderr]   Downloaded crossterm_winapi v0.9.1
[INFO] [stderr]   Downloaded rustc-hash v2.1.3
[INFO] [stderr]   Downloaded either v1.18.0
[INFO] [stderr]   Downloaded lru v0.12.5
[INFO] [stderr]   Downloaded signal-hook-mio v0.2.5
[INFO] [stderr]   Downloaded instability v0.3.13
[INFO] [stderr]   Downloaded darling_macro v0.24.1
[INFO] [stderr]   Downloaded castaway v0.2.4
[INFO] [stderr]   Downloaded cassowary v0.3.0
[INFO] [stderr]   Downloaded strum_macros v0.26.4
[INFO] [stderr]   Downloaded indoc v2.0.7
[INFO] [stderr]   Downloaded static_assertions v1.1.0
[INFO] [stderr]   Downloaded fs2 v0.4.3
[INFO] [stderr]   Downloaded async-trait v0.1.92
[INFO] [stderr]   Downloaded clap_derive v4.6.4
[INFO] [stderr]   Downloaded futures-task v0.3.34
[INFO] [stderr]   Downloaded wasm-bindgen-shared v0.2.127
[INFO] [stderr]   Downloaded shlex v2.0.1
[INFO] [stderr]   Downloaded darling v0.24.1
[INFO] [stderr]   Downloaded clap v4.6.6
[INFO] [stderr]   Downloaded compact_str v0.8.2
[INFO] [stderr]   Downloaded unicode-segmentation v1.13.3
[INFO] [stderr]   Downloaded darling_core v0.24.1
[INFO] [stderr]   Downloaded dyn-clone v1.0.20
[INFO] [stderr]   Downloaded unicode-width v0.1.14
[INFO] [stderr]   Downloaded crossterm v0.28.1
[INFO] [stderr]   Downloaded itertools v0.13.0
[INFO] [stderr]   Downloaded clap_builder v4.6.6
[INFO] [stderr]   Downloaded assert-json-diff v2.0.2
[INFO] [stderr]   Downloaded rustix v0.38.44
[INFO] [stderr]   Downloaded futures-core v0.3.34
[INFO] [stderr]   Downloaded rand_pcg v0.10.2
[INFO] [stderr]   Downloaded rand_core v0.10.1
[INFO] [stderr]   Downloaded http-body v1.1.0
[INFO] [stderr]   Downloaded cfg_aliases v0.2.2
[INFO] [stderr]   Downloaded futures-sink v0.3.34
[INFO] [stderr]   Downloaded tokio-test v0.4.5
[INFO] [stderr]   Downloaded wasm-bindgen-futures v0.4.77
[INFO] [stderr]   Downloaded http-body-util v0.1.5
[INFO] [stderr]   Downloaded wasm-bindgen-macro v0.2.127
[INFO] [stderr]   Downloaded zeroize v1.9.0
[INFO] [stderr]   Downloaded thiserror v2.0.20
[INFO] [stderr]   Downloaded serde_derive_internals v0.29.1
[INFO] [stderr]   Downloaded schemars_derive v0.8.22
[INFO] [stderr]   Downloaded linux-raw-sys v0.4.15
[INFO] [stderr]   Downloaded futures-executor v0.3.34
[INFO] [stderr]   Downloaded writeable v0.6.4
[INFO] [stderr]   Downloaded find-msvc-tools v0.1.11
[INFO] [stderr]   Downloaded ipnet v2.12.1
[INFO] [stderr]   Downloaded zmij v1.0.23
[INFO] [stderr]   Downloaded displaydoc v0.2.7
[INFO] [stderr]   Downloaded fastrand v2.5.0
[INFO] [stderr]   Downloaded rustversion v1.0.23
[INFO] [stderr]   Downloaded quinn-udp v0.5.15
[INFO] [stderr]   Downloaded zerovec-derive v0.11.6
[INFO] [stderr]   Downloaded yoke v0.8.3
[INFO] [stderr]   Downloaded futures v0.3.34
[INFO] [stderr]   Downloaded deadpool v0.12.3
[INFO] [stderr]   Downloaded litemap v0.8.3
[INFO] [stderr]   Downloaded tinystr v0.8.4
[INFO] [stderr]   Downloaded wasm-streams v0.4.2
[INFO] [stderr]   Downloaded bitflags v2.13.1
[INFO] [stderr]   Downloaded tokio-stream v0.1.19
[INFO] [stderr]   Downloaded schemars v0.8.22
[INFO] [stderr]   Downloaded chacha20 v0.10.2
[INFO] [stderr]   Downloaded smallvec v1.15.2
[INFO] [stderr]   Downloaded thiserror-impl v2.0.20
[INFO] [stderr]   Downloaded proc-macro2 v1.0.107
[INFO] [stderr]   Downloaded icu_provider v2.3.1
[INFO] [stderr]   Downloaded getrandom v0.4.3
[INFO] [stderr]   Downloaded rustls-pki-types v1.15.1
[INFO] [stderr]   Downloaded tinyvec v1.12.0
[INFO] [stderr]   Downloaded futures-channel v0.3.34
[INFO] [stderr]   Downloaded serde_core v1.0.229
[INFO] [stderr]   Downloaded icu_normalizer_data v2.3.0
[INFO] [stderr]   Downloaded log v0.4.34
[INFO] [stderr]   Downloaded icu_locale_core v2.3.0
[INFO] [stderr]   Downloaded socket2 v0.6.5
[INFO] [stderr]   Downloaded wasm-bindgen v0.2.127
[INFO] [stderr]   Downloaded bytes v1.12.1
[INFO] [stderr]   Downloaded icu_collections v2.3.0
[INFO] [stderr]   Downloaded rustls-webpki v0.103.15
[INFO] [stderr]   Downloaded cc v1.4.4
[INFO] [stderr]   Downloaded bumpalo v3.20.3
[INFO] [stderr]   Downloaded quinn v0.11.11
[INFO] [stderr]   Downloaded memchr v2.8.3
[INFO] [stderr]   Downloaded js-sys v0.3.104
[INFO] [stderr]   Downloaded zerotrie v0.2.5
[INFO] [stderr]   Downloaded wasm-bindgen-macro-support v0.2.127
[INFO] [stderr]   Downloaded rand v0.10.2
[INFO] [stderr]   Downloaded icu_properties v2.3.0
[INFO] [stderr]   Downloaded mio v1.2.2
[INFO] [stderr]   Downloaded http v1.5.0
[INFO] [stderr]   Downloaded zerovec v0.11.8
[INFO] [stderr]   Downloaded serde_json v1.0.151
[INFO] [stderr]   Downloaded tokio-util v0.7.19
[INFO] [stderr]   Downloaded regex v1.13.1
[INFO] [stderr]   Downloaded tower-http v0.6.11
[INFO] [stderr]   Downloaded hyper v1.11.0
[INFO] [stderr]   Downloaded h2 v0.4.19
[INFO] [stderr]   Downloaded aho-corasick v1.1.5
[INFO] [stderr]   Downloaded icu_properties_data v2.3.0
[INFO] [stderr]   Downloaded futures-util v0.3.34
[INFO] [stderr]   Downloaded quinn-proto v0.11.17
[INFO] [stderr]   Downloaded webpki-roots v1.0.9
[INFO] [stderr]   Downloaded syn v3.0.3
[INFO] [stderr]   Downloaded unicode-width v0.2.0
[INFO] [stderr]   Downloaded syn v2.0.119
[INFO] [stderr]   Downloaded regex-syntax v0.8.11
[INFO] [stderr]   Downloaded rustls v0.23.43
[INFO] [stderr]   Downloaded icu_normalizer v2.3.0
[INFO] [stderr]   Downloaded ratatui v0.29.0
[INFO] [stderr]   Downloaded regex-automata v0.4.18
[INFO] [stderr]   Downloaded web-sys v0.3.104
[INFO] [stderr]   Downloaded libc v0.2.189
[INFO] [stderr]   Downloaded tokio v1.53.1
[INFO] running `Command { std: "docker" "create" "-v" "/var/lib/crater-agent-workspace/builds/worker-6-tc1/source:/opt/rustwide/workdir:ro,Z" "-v" "/var/lib/crater-agent-workspace/builds/worker-6-tc1/target:/opt/rustwide/target:rw,Z" "-v" "/var/lib/crater-agent-workspace/cargo-home:/opt/rustwide/cargo-home:ro,Z" "-v" "/var/lib/crater-agent-workspace/rustup-home:/opt/rustwide/rustup-home:ro,Z" "-m" "1610612736" "--network" "none" "ghcr.io/rust-lang/crates-build-env/linux@sha256:77db811e55d90add9212f6832c23229e3de5f1c1f9905e8cb07319ea15df73ac" "sleep" "infinity", kill_on_drop: false }`
[INFO] [stdout] 56c1f80d5f46474014ff04ef7e74e7c4bd7ebf6f6a26bdac5ab19db7bf464183
[INFO] running `Command { std: "docker" "start" "56c1f80d5f46474014ff04ef7e74e7c4bd7ebf6f6a26bdac5ab19db7bf464183", kill_on_drop: false }`
[INFO] running `Command { std: "docker" "inspect" "56c1f80d5f46474014ff04ef7e74e7c4bd7ebf6f6a26bdac5ab19db7bf464183", kill_on_drop: false }`
[INFO] running `Command { std: "docker" "exec" "-e" "SOURCE_DIR=/opt/rustwide/workdir" "-e" "CARGO_HOME=/opt/rustwide/cargo-home" "-e" "RUSTUP_HOME=/opt/rustwide/rustup-home" "-e" "CARGO_TARGET_DIR=/opt/rustwide/target" "-w" "/opt/rustwide/workdir" "--user" "0:0" "56c1f80d5f46474014ff04ef7e74e7c4bd7ebf6f6a26bdac5ab19db7bf464183" "/opt/rustwide/cargo-home/bin/cargo" "+1.99.0-beta.8" "metadata" "--no-deps" "--format-version=1", kill_on_drop: false }`
[INFO] running `Command { std: "docker" "inspect" "56c1f80d5f46474014ff04ef7e74e7c4bd7ebf6f6a26bdac5ab19db7bf464183", kill_on_drop: false }`
[INFO] running `Command { std: "docker" "exec" "-e" "SOURCE_DIR=/opt/rustwide/workdir" "-e" "CARGO_HOME=/opt/rustwide/cargo-home" "-e" "RUSTUP_HOME=/opt/rustwide/rustup-home" "-e" "CARGO_TARGET_DIR=/opt/rustwide/target" "-e" "CARGO_INCREMENTAL=0" "-e" "RUST_BACKTRACE=full" "-e" "RUSTFLAGS=--cap-lints=warn" "-e" "RUSTDOCFLAGS=--cap-lints=warn" "-w" "/opt/rustwide/workdir" "--user" "0:0" "56c1f80d5f46474014ff04ef7e74e7c4bd7ebf6f6a26bdac5ab19db7bf464183" "/opt/rustwide/cargo-home/bin/cargo" "+1.99.0-beta.8" "build" "--frozen" "--message-format=json", kill_on_drop: false }`
[INFO] [stderr]    Compiling proc-macro2 v1.0.107
[INFO] [stderr]    Compiling quote v1.0.47
[INFO] [stderr]    Compiling libc v0.2.189
[INFO] [stderr]    Compiling stable_deref_trait v1.2.1
[INFO] [stderr]    Compiling smallvec v1.15.2
[INFO] [stderr]    Compiling pin-project-lite v0.2.17
[INFO] [stderr]    Compiling futures-core v0.3.34
[INFO] [stderr]    Compiling bytes v1.12.1
[INFO] [stderr]    Compiling serde_core v1.0.229
[INFO] [stderr]    Compiling futures-sink v0.3.34
[INFO] [stderr]    Compiling shlex v2.0.1
[INFO] [stderr]    Compiling memchr v2.8.3
[INFO] [stderr]    Compiling find-msvc-tools v0.1.11
[INFO] [stderr]    Compiling writeable v0.6.4
[INFO] [stderr]    Compiling serde v1.0.229
[INFO] [stderr]    Compiling litemap v0.8.3
[INFO] [stderr]    Compiling futures-task v0.3.34
[INFO] [stderr]    Compiling icu_properties_data v2.3.0
[INFO] [stderr]    Compiling futures-channel v0.3.34
[INFO] [stderr]    Compiling cc v1.4.4
[INFO] [stderr]    Compiling slab v0.4.12
[INFO] [stderr]    Compiling futures-io v0.3.34
[INFO] [stderr]    Compiling icu_normalizer_data v2.3.0
[INFO] [stderr]    Compiling zeroize v1.9.0
[INFO] [stderr]    Compiling once_cell v1.21.4
[INFO] [stderr]    Compiling percent-encoding v2.3.2
[INFO] [stderr]    Compiling httparse v1.10.1
[INFO] [stderr]    Compiling rustls v0.23.43
[INFO] [stderr]    Compiling try-lock v0.2.5
[INFO] [stderr]    Compiling rustls-pki-types v1.15.1
[INFO] [stderr]    Compiling zmij v1.0.23
[INFO] [stderr]    Compiling want v0.3.1
[INFO] [stderr]    Compiling tracing-core v0.1.36
[INFO] [stderr]    Compiling form_urlencoded v1.2.2
[INFO] [stderr]    Compiling serde_json v1.0.151
[INFO] [stderr]    Compiling sync_wrapper v1.0.2
[INFO] [stderr]    Compiling hashbrown v0.17.1
[INFO] [stderr]    Compiling ipnet v2.12.1
[INFO] [stderr]    Compiling schemars v0.8.22
[INFO] [stderr]    Compiling bitflags v2.13.1
[INFO] [stderr]    Compiling clap_builder v4.6.6
[INFO] [stderr]    Compiling log v0.4.34
[INFO] [stderr]    Compiling dyn-clone v1.0.20
[INFO] [stderr]    Compiling indexmap v2.14.0
[INFO] [stderr]    Compiling webpki-roots v1.0.9
[INFO] [stderr]    Compiling http v1.5.0
[INFO] [stderr]    Compiling ring v0.17.14
[INFO] [stderr]    Compiling syn v3.0.3
[INFO] [stderr]    Compiling syn v2.0.119
[INFO] [stderr]    Compiling errno v0.3.14
[INFO] [stderr]    Compiling parking_lot_core v0.9.12
[INFO] [stderr]    Compiling mio v1.2.2
[INFO] [stderr]    Compiling socket2 v0.6.5
[INFO] [stderr]    Compiling getrandom v0.2.17
[INFO] [stderr]    Compiling fs2 v0.4.3
[INFO] [stderr]    Compiling signal-hook-registry v1.4.8
[INFO] [stderr]    Compiling parking_lot v0.12.5
[INFO] [stderr]    Compiling http-body v1.1.0
[INFO] [stderr]    Compiling http-body-util v0.1.5
[INFO] [stderr]    Compiling synstructure v0.13.2
[INFO] [stderr]    Compiling serde_derive_internals v0.29.1
[INFO] [stderr]    Compiling rustls-webpki v0.103.15
[INFO] [stderr]    Compiling zerofrom-derive v0.1.7
[INFO] [stderr]    Compiling yoke-derive v0.8.2
[INFO] [stderr]    Compiling tracing-attributes v0.1.31
[INFO] [stderr]    Compiling thiserror-impl v1.0.69
[INFO] [stderr]    Compiling schemars_derive v0.8.22
[INFO] [stderr]    Compiling thiserror v1.0.69
[INFO] [stderr]    Compiling zerovec-derive v0.11.6
[INFO] [stderr]    Compiling displaydoc v0.2.7
[INFO] [stderr]    Compiling tokio-macros v2.7.2
[INFO] [stderr]    Compiling serde_derive v1.0.229
[INFO] [stderr]    Compiling futures-macro v0.3.34
[INFO] [stderr]    Compiling clap_derive v4.6.4
[INFO] [stderr]    Compiling async-trait v0.1.92
[INFO] [stderr]    Compiling futures-util v0.3.34
[INFO] [stderr]    Compiling zerofrom v0.1.8
[INFO] [stderr]    Compiling tokio v1.53.1
[INFO] [stderr]    Compiling yoke v0.8.3
[INFO] [stderr]    Compiling zerovec v0.11.8
[INFO] [stderr]    Compiling zerotrie v0.2.5
[INFO] [stderr]    Compiling tracing v0.1.44
[INFO] [stderr]    Compiling tinystr v0.8.4
[INFO] [stderr]    Compiling potential_utf v0.1.6
[INFO] [stderr]    Compiling icu_collections v2.3.0
[INFO] [stderr]    Compiling icu_locale_core v2.3.0
[INFO] [stderr]    Compiling clap v4.6.6
[INFO] [stderr]    Compiling icu_provider v2.3.1
[INFO] [stderr]    Compiling toml_datetime v0.6.11
[INFO] [stderr]    Compiling serde_spanned v0.6.9
[INFO] [stderr]    Compiling serde_urlencoded v0.7.1
[INFO] [stderr]    Compiling toml_edit v0.22.27
[INFO] [stderr]    Compiling icu_normalizer v2.3.0
[INFO] [stderr]    Compiling icu_properties v2.3.0
[INFO] [stderr]    Compiling futures-executor v0.3.34
[INFO] [stderr]    Compiling futures v0.3.34
[INFO] [stderr]    Compiling toml v0.8.23
[INFO] [stderr]    Compiling idna_adapter v1.2.2
[INFO] [stderr]    Compiling idna v1.1.0
[INFO] [stderr]    Compiling url v2.5.8
[INFO] [stderr]    Compiling hyper v1.11.0
[INFO] [stderr]    Compiling tower v0.5.3
[INFO] [stderr]    Compiling tokio-rustls v0.26.4
[INFO] [stderr]    Compiling tokio-util v0.7.19
[INFO] [stderr]    Compiling tower-http v0.6.11
[INFO] [stderr]    Compiling hyper-util v0.1.20
[INFO] [stderr]    Compiling hyper-rustls v0.27.9
[INFO] [stderr]    Compiling reqwest v0.12.28
[INFO] [stderr]    Compiling guigu v0.3.0 (/opt/rustwide/workdir)
[INFO] [stderr]     Finished `dev` profile [unoptimized + debuginfo] target(s) in 59.05s
[INFO] running `Command { std: "docker" "inspect" "56c1f80d5f46474014ff04ef7e74e7c4bd7ebf6f6a26bdac5ab19db7bf464183", kill_on_drop: false }`
[INFO] running `Command { std: "docker" "exec" "-e" "SOURCE_DIR=/opt/rustwide/workdir" "-e" "CARGO_HOME=/opt/rustwide/cargo-home" "-e" "RUSTUP_HOME=/opt/rustwide/rustup-home" "-e" "CARGO_TARGET_DIR=/opt/rustwide/target" "-e" "CARGO_INCREMENTAL=0" "-e" "RUST_BACKTRACE=full" "-e" "RUSTFLAGS=--cap-lints=warn" "-e" "RUSTDOCFLAGS=--cap-lints=warn" "-w" "/opt/rustwide/workdir" "--user" "0:0" "56c1f80d5f46474014ff04ef7e74e7c4bd7ebf6f6a26bdac5ab19db7bf464183" "/opt/rustwide/cargo-home/bin/cargo" "+1.99.0-beta.8" "test" "--frozen" "--no-run" "--message-format=json", kill_on_drop: false }`
[INFO] [stderr]    Compiling slab v0.4.12
[INFO] [stderr]    Compiling tokio v1.53.1
[INFO] [stderr]    Compiling bitflags v2.13.1
[INFO] [stderr]    Compiling aho-corasick v1.1.5
[INFO] [stderr]    Compiling regex-syntax v0.8.11
[INFO] [stderr]    Compiling getrandom v0.4.3
[INFO] [stderr]    Compiling num_cpus v1.17.0
[INFO] [stderr]    Compiling deadpool-runtime v0.1.4
[INFO] [stderr]    Compiling assert-json-diff v2.0.2
[INFO] [stderr]    Compiling fastrand v2.5.0
[INFO] [stderr]    Compiling futures-util v0.3.34
[INFO] [stderr]    Compiling rustix v1.1.4
[INFO] [stderr]    Compiling tempfile v3.27.0
[INFO] [stderr]    Compiling regex-automata v0.4.18
[INFO] [stderr]    Compiling futures-executor v0.3.34
[INFO] [stderr]    Compiling futures v0.3.34
[INFO] [stderr]    Compiling regex v1.13.1
[INFO] [stderr]    Compiling tokio-util v0.7.19
[INFO] [stderr]    Compiling tokio-rustls v0.26.4
[INFO] [stderr]    Compiling tower v0.5.3
[INFO] [stderr]    Compiling deadpool v0.12.3
[INFO] [stderr]    Compiling tokio-stream v0.1.19
[INFO] [stderr]    Compiling tokio-test v0.4.5
[INFO] [stderr]    Compiling tower-http v0.6.11
[INFO] [stderr]    Compiling h2 v0.4.19
[INFO] [stderr]    Compiling hyper v1.11.0
[INFO] [stderr]    Compiling hyper-util v0.1.20
[INFO] [stderr]    Compiling hyper-rustls v0.27.9
[INFO] [stderr]    Compiling wiremock v0.6.5
[INFO] [stderr]    Compiling reqwest v0.12.28
[INFO] [stderr]    Compiling guigu v0.3.0 (/opt/rustwide/workdir)
[INFO] [stderr] error: could not compile `guigu` (bin "guigu" test)
[INFO] [stderr] 
[INFO] [stderr] Caused by:
[INFO] [stderr]   process didn't exit successfully: `/opt/rustwide/rustup-home/toolchains/1.99.0-beta.8-x86_64-unknown-linux-gnu/bin/rustc --crate-name guigu --edition=2024 src/bin/guigu/main.rs --error-format=json --json=diagnostic-rendered-ansi,artifacts,future-incompat --emit=dep-info,link -C embed-bitcode=no -C debuginfo=2 --test --cfg 'feature="config"' --cfg 'feature="default"' --cfg 'feature="providers-http"' --cfg 'feature="schema"' --check-cfg 'cfg(docsrs,test)' --check-cfg 'cfg(feature, values("acp-sse", "config", "default", "providers-http", "schema", "tui"))' -C metadata=9d81cdb369145dfa -C extra-filename=-2fc9f576c515e578 --out-dir /opt/rustwide/target/debug/deps -L dependency=/opt/rustwide/target/debug/deps --extern async_trait=/opt/rustwide/target/debug/deps/libasync_trait-ce05d982cd900e23.so --extern bytes=/opt/rustwide/target/debug/deps/libbytes-5f66263ae3d5daa8.rlib --extern clap=/opt/rustwide/target/debug/deps/libclap-e29fad090496a054.rlib --extern fs2=/opt/rustwide/target/debug/deps/libfs2-b5c5b06c13424d05.rlib --extern futures=/opt/rustwide/target/debug/deps/libfutures-d2bb33ad48550560.rlib --extern guigu=/opt/rustwide/target/debug/deps/libguigu-311c008f9fa23d22.rlib --extern httpdate=/opt/rustwide/target/debug/deps/libhttpdate-331798cefc82cc7e.rlib --extern reqwest=/opt/rustwide/target/debug/deps/libreqwest-0b30e426d24c458c.rlib --extern schemars=/opt/rustwide/target/debug/deps/libschemars-111990860b0408a6.rlib --extern serde=/opt/rustwide/target/debug/deps/libserde-6f3dd012b9fbe128.rlib --extern serde_json=/opt/rustwide/target/debug/deps/libserde_json-fb5110b59aaf9577.rlib --extern tempfile=/opt/rustwide/target/debug/deps/libtempfile-1de48071c4d261c5.rlib --extern thiserror=/opt/rustwide/target/debug/deps/libthiserror-1fce8d25499179c2.rlib --extern tokio=/opt/rustwide/target/debug/deps/libtokio-ad9e435ddf982485.rlib --extern tokio_test=/opt/rustwide/target/debug/deps/libtokio_test-52eb46e9af5e2650.rlib --extern tokio_util=/opt/rustwide/target/debug/deps/libtokio_util-cdf528c1955ebd24.rlib --extern toml=/opt/rustwide/target/debug/deps/libtoml-17e737271e90d607.rlib --extern tracing=/opt/rustwide/target/debug/deps/libtracing-d97fe4716c0c9cd6.rlib --extern wiremock=/opt/rustwide/target/debug/deps/libwiremock-89dc95b12a42dccf.rlib --cap-lints=warn -L native=/opt/rustwide/target/debug/build/ring-a8dd82731488ad8d/out` (signal: 9, SIGKILL: kill)
[INFO] [stderr] warning: build failed, waiting for other jobs to finish...
[INFO] [stderr] error: could not compile `guigu` (lib test)
[INFO] [stderr] 
[INFO] [stderr] Caused by:
[INFO] [stderr]   process didn't exit successfully: `/opt/rustwide/rustup-home/toolchains/1.99.0-beta.8-x86_64-unknown-linux-gnu/bin/rustc --crate-name guigu --edition=2024 src/lib.rs --error-format=json --json=diagnostic-rendered-ansi,artifacts,future-incompat --emit=dep-info,link -C embed-bitcode=no -C debuginfo=2 --test --cfg 'feature="config"' --cfg 'feature="default"' --cfg 'feature="providers-http"' --cfg 'feature="schema"' --check-cfg 'cfg(docsrs,test)' --check-cfg 'cfg(feature, values("acp-sse", "config", "default", "providers-http", "schema", "tui"))' -C metadata=0ac9ef159887d8fc -C extra-filename=-ef1ccddaa6e5bcbb --out-dir /opt/rustwide/target/debug/deps -L dependency=/opt/rustwide/target/debug/deps --extern async_trait=/opt/rustwide/target/debug/deps/libasync_trait-ce05d982cd900e23.so --extern bytes=/opt/rustwide/target/debug/deps/libbytes-5f66263ae3d5daa8.rlib --extern clap=/opt/rustwide/target/debug/deps/libclap-e29fad090496a054.rlib --extern fs2=/opt/rustwide/target/debug/deps/libfs2-b5c5b06c13424d05.rlib --extern futures=/opt/rustwide/target/debug/deps/libfutures-d2bb33ad48550560.rlib --extern httpdate=/opt/rustwide/target/debug/deps/libhttpdate-331798cefc82cc7e.rlib --extern reqwest=/opt/rustwide/target/debug/deps/libreqwest-0b30e426d24c458c.rlib --extern schemars=/opt/rustwide/target/debug/deps/libschemars-111990860b0408a6.rlib --extern serde=/opt/rustwide/target/debug/deps/libserde-6f3dd012b9fbe128.rlib --extern serde_json=/opt/rustwide/target/debug/deps/libserde_json-fb5110b59aaf9577.rlib --extern tempfile=/opt/rustwide/target/debug/deps/libtempfile-1de48071c4d261c5.rlib --extern thiserror=/opt/rustwide/target/debug/deps/libthiserror-1fce8d25499179c2.rlib --extern tokio=/opt/rustwide/target/debug/deps/libtokio-ad9e435ddf982485.rlib --extern tokio_test=/opt/rustwide/target/debug/deps/libtokio_test-52eb46e9af5e2650.rlib --extern tokio_util=/opt/rustwide/target/debug/deps/libtokio_util-cdf528c1955ebd24.rlib --extern toml=/opt/rustwide/target/debug/deps/libtoml-17e737271e90d607.rlib --extern tracing=/opt/rustwide/target/debug/deps/libtracing-d97fe4716c0c9cd6.rlib --extern wiremock=/opt/rustwide/target/debug/deps/libwiremock-89dc95b12a42dccf.rlib --cap-lints=warn -L native=/opt/rustwide/target/debug/build/ring-a8dd82731488ad8d/out` (signal: 9, SIGKILL: kill)
[INFO] [stderr] error: could not compile `guigu` (test "runtime_loop_lifecycle")
[INFO] [stderr] 
[INFO] [stderr] Caused by:
[INFO] [stderr]   process didn't exit successfully: `/opt/rustwide/rustup-home/toolchains/1.99.0-beta.8-x86_64-unknown-linux-gnu/bin/rustc --crate-name runtime_loop_lifecycle --edition=2024 tests/runtime_loop_lifecycle.rs --error-format=json --json=diagnostic-rendered-ansi,artifacts,future-incompat --emit=dep-info,link -C embed-bitcode=no -C debuginfo=2 --test --cfg 'feature="config"' --cfg 'feature="default"' --cfg 'feature="providers-http"' --cfg 'feature="schema"' --check-cfg 'cfg(docsrs,test)' --check-cfg 'cfg(feature, values("acp-sse", "config", "default", "providers-http", "schema", "tui"))' -C metadata=74ee531a246a9da7 -C extra-filename=-7fe444b8d7d17c34 --out-dir /opt/rustwide/target/debug/deps -L dependency=/opt/rustwide/target/debug/deps --extern async_trait=/opt/rustwide/target/debug/deps/libasync_trait-ce05d982cd900e23.so --extern bytes=/opt/rustwide/target/debug/deps/libbytes-5f66263ae3d5daa8.rlib --extern clap=/opt/rustwide/target/debug/deps/libclap-e29fad090496a054.rlib --extern fs2=/opt/rustwide/target/debug/deps/libfs2-b5c5b06c13424d05.rlib --extern futures=/opt/rustwide/target/debug/deps/libfutures-d2bb33ad48550560.rlib --extern guigu=/opt/rustwide/target/debug/deps/libguigu-311c008f9fa23d22.rlib --extern httpdate=/opt/rustwide/target/debug/deps/libhttpdate-331798cefc82cc7e.rlib --extern reqwest=/opt/rustwide/target/debug/deps/libreqwest-0b30e426d24c458c.rlib --extern schemars=/opt/rustwide/target/debug/deps/libschemars-111990860b0408a6.rlib --extern serde=/opt/rustwide/target/debug/deps/libserde-6f3dd012b9fbe128.rlib --extern serde_json=/opt/rustwide/target/debug/deps/libserde_json-fb5110b59aaf9577.rlib --extern tempfile=/opt/rustwide/target/debug/deps/libtempfile-1de48071c4d261c5.rlib --extern thiserror=/opt/rustwide/target/debug/deps/libthiserror-1fce8d25499179c2.rlib --extern tokio=/opt/rustwide/target/debug/deps/libtokio-ad9e435ddf982485.rlib --extern tokio_test=/opt/rustwide/target/debug/deps/libtokio_test-52eb46e9af5e2650.rlib --extern tokio_util=/opt/rustwide/target/debug/deps/libtokio_util-cdf528c1955ebd24.rlib --extern toml=/opt/rustwide/target/debug/deps/libtoml-17e737271e90d607.rlib --extern tracing=/opt/rustwide/target/debug/deps/libtracing-d97fe4716c0c9cd6.rlib --extern wiremock=/opt/rustwide/target/debug/deps/libwiremock-89dc95b12a42dccf.rlib --cap-lints=warn -L native=/opt/rustwide/target/debug/build/ring-a8dd82731488ad8d/out` (signal: 9, SIGKILL: kill)
[INFO] [stderr] error: could not compile `guigu` (test "adapters")
[INFO] [stderr] 
[INFO] [stderr] Caused by:
[INFO] [stderr]   process didn't exit successfully: `/opt/rustwide/rustup-home/toolchains/1.99.0-beta.8-x86_64-unknown-linux-gnu/bin/rustc --crate-name adapters --edition=2024 tests/adapters.rs --error-format=json --json=diagnostic-rendered-ansi,artifacts,future-incompat --emit=dep-info,link -C embed-bitcode=no -C debuginfo=2 --test --cfg 'feature="config"' --cfg 'feature="default"' --cfg 'feature="providers-http"' --cfg 'feature="schema"' --check-cfg 'cfg(docsrs,test)' --check-cfg 'cfg(feature, values("acp-sse", "config", "default", "providers-http", "schema", "tui"))' -C metadata=8597543119d8c06c -C extra-filename=-c66a2c38506e9077 --out-dir /opt/rustwide/target/debug/deps -L dependency=/opt/rustwide/target/debug/deps --extern async_trait=/opt/rustwide/target/debug/deps/libasync_trait-ce05d982cd900e23.so --extern bytes=/opt/rustwide/target/debug/deps/libbytes-5f66263ae3d5daa8.rlib --extern clap=/opt/rustwide/target/debug/deps/libclap-e29fad090496a054.rlib --extern fs2=/opt/rustwide/target/debug/deps/libfs2-b5c5b06c13424d05.rlib --extern futures=/opt/rustwide/target/debug/deps/libfutures-d2bb33ad48550560.rlib --extern guigu=/opt/rustwide/target/debug/deps/libguigu-311c008f9fa23d22.rlib --extern httpdate=/opt/rustwide/target/debug/deps/libhttpdate-331798cefc82cc7e.rlib --extern reqwest=/opt/rustwide/target/debug/deps/libreqwest-0b30e426d24c458c.rlib --extern schemars=/opt/rustwide/target/debug/deps/libschemars-111990860b0408a6.rlib --extern serde=/opt/rustwide/target/debug/deps/libserde-6f3dd012b9fbe128.rlib --extern serde_json=/opt/rustwide/target/debug/deps/libserde_json-fb5110b59aaf9577.rlib --extern tempfile=/opt/rustwide/target/debug/deps/libtempfile-1de48071c4d261c5.rlib --extern thiserror=/opt/rustwide/target/debug/deps/libthiserror-1fce8d25499179c2.rlib --extern tokio=/opt/rustwide/target/debug/deps/libtokio-ad9e435ddf982485.rlib --extern tokio_test=/opt/rustwide/target/debug/deps/libtokio_test-52eb46e9af5e2650.rlib --extern tokio_util=/opt/rustwide/target/debug/deps/libtokio_util-cdf528c1955ebd24.rlib --extern toml=/opt/rustwide/target/debug/deps/libtoml-17e737271e90d607.rlib --extern tracing=/opt/rustwide/target/debug/deps/libtracing-d97fe4716c0c9cd6.rlib --extern wiremock=/opt/rustwide/target/debug/deps/libwiremock-89dc95b12a42dccf.rlib --cap-lints=warn -L native=/opt/rustwide/target/debug/build/ring-a8dd82731488ad8d/out` (signal: 9, SIGKILL: kill)
[INFO] [stderr] error: could not compile `guigu` (bin "guigu")
[INFO] [stderr] 
[INFO] [stderr] Caused by:
[INFO] [stderr]   process didn't exit successfully: `/opt/rustwide/rustup-home/toolchains/1.99.0-beta.8-x86_64-unknown-linux-gnu/bin/rustc --crate-name guigu --edition=2024 src/bin/guigu/main.rs --error-format=json --json=diagnostic-rendered-ansi,artifacts,future-incompat --crate-type bin --emit=dep-info,link -C embed-bitcode=no -C debuginfo=2 --cfg 'feature="config"' --cfg 'feature="default"' --cfg 'feature="providers-http"' --cfg 'feature="schema"' --check-cfg 'cfg(docsrs,test)' --check-cfg 'cfg(feature, values("acp-sse", "config", "default", "providers-http", "schema", "tui"))' -C metadata=28254cbd8e693161 -C extra-filename=-1102da952ca95466 --out-dir /opt/rustwide/target/debug/deps -L dependency=/opt/rustwide/target/debug/deps --extern async_trait=/opt/rustwide/target/debug/deps/libasync_trait-ce05d982cd900e23.so --extern clap=/opt/rustwide/target/debug/deps/libclap-e29fad090496a054.rlib --extern fs2=/opt/rustwide/target/debug/deps/libfs2-b5c5b06c13424d05.rlib --extern futures=/opt/rustwide/target/debug/deps/libfutures-d2bb33ad48550560.rlib --extern guigu=/opt/rustwide/target/debug/deps/libguigu-311c008f9fa23d22.rlib --extern httpdate=/opt/rustwide/target/debug/deps/libhttpdate-331798cefc82cc7e.rlib --extern reqwest=/opt/rustwide/target/debug/deps/libreqwest-0b30e426d24c458c.rlib --extern schemars=/opt/rustwide/target/debug/deps/libschemars-111990860b0408a6.rlib --extern serde=/opt/rustwide/target/debug/deps/libserde-6f3dd012b9fbe128.rlib --extern serde_json=/opt/rustwide/target/debug/deps/libserde_json-fb5110b59aaf9577.rlib --extern thiserror=/opt/rustwide/target/debug/deps/libthiserror-1fce8d25499179c2.rlib --extern tokio=/opt/rustwide/target/debug/deps/libtokio-ad9e435ddf982485.rlib --extern tokio_util=/opt/rustwide/target/debug/deps/libtokio_util-cdf528c1955ebd24.rlib --extern toml=/opt/rustwide/target/debug/deps/libtoml-17e737271e90d607.rlib --extern tracing=/opt/rustwide/target/debug/deps/libtracing-d97fe4716c0c9cd6.rlib --cap-lints=warn -L native=/opt/rustwide/target/debug/build/ring-a8dd82731488ad8d/out` (signal: 9, SIGKILL: kill)
[INFO] [stderr] error: could not compile `guigu` (test "config")
[INFO] [stderr] 
[INFO] [stderr] Caused by:
[INFO] [stderr]   process didn't exit successfully: `/opt/rustwide/rustup-home/toolchains/1.99.0-beta.8-x86_64-unknown-linux-gnu/bin/rustc --crate-name config --edition=2024 tests/config.rs --error-format=json --json=diagnostic-rendered-ansi,artifacts,future-incompat --emit=dep-info,link -C embed-bitcode=no -C debuginfo=2 --test --cfg 'feature="config"' --cfg 'feature="default"' --cfg 'feature="providers-http"' --cfg 'feature="schema"' --check-cfg 'cfg(docsrs,test)' --check-cfg 'cfg(feature, values("acp-sse", "config", "default", "providers-http", "schema", "tui"))' -C metadata=d4954360b6fec8ca -C extra-filename=-27290655e1114c31 --out-dir /opt/rustwide/target/debug/deps -L dependency=/opt/rustwide/target/debug/deps --extern async_trait=/opt/rustwide/target/debug/deps/libasync_trait-ce05d982cd900e23.so --extern bytes=/opt/rustwide/target/debug/deps/libbytes-5f66263ae3d5daa8.rlib --extern clap=/opt/rustwide/target/debug/deps/libclap-e29fad090496a054.rlib --extern fs2=/opt/rustwide/target/debug/deps/libfs2-b5c5b06c13424d05.rlib --extern futures=/opt/rustwide/target/debug/deps/libfutures-d2bb33ad48550560.rlib --extern guigu=/opt/rustwide/target/debug/deps/libguigu-311c008f9fa23d22.rlib --extern httpdate=/opt/rustwide/target/debug/deps/libhttpdate-331798cefc82cc7e.rlib --extern reqwest=/opt/rustwide/target/debug/deps/libreqwest-0b30e426d24c458c.rlib --extern schemars=/opt/rustwide/target/debug/deps/libschemars-111990860b0408a6.rlib --extern serde=/opt/rustwide/target/debug/deps/libserde-6f3dd012b9fbe128.rlib --extern serde_json=/opt/rustwide/target/debug/deps/libserde_json-fb5110b59aaf9577.rlib --extern tempfile=/opt/rustwide/target/debug/deps/libtempfile-1de48071c4d261c5.rlib --extern thiserror=/opt/rustwide/target/debug/deps/libthiserror-1fce8d25499179c2.rlib --extern tokio=/opt/rustwide/target/debug/deps/libtokio-ad9e435ddf982485.rlib --extern tokio_test=/opt/rustwide/target/debug/deps/libtokio_test-52eb46e9af5e2650.rlib --extern tokio_util=/opt/rustwide/target/debug/deps/libtokio_util-cdf528c1955ebd24.rlib --extern toml=/opt/rustwide/target/debug/deps/libtoml-17e737271e90d607.rlib --extern tracing=/opt/rustwide/target/debug/deps/libtracing-d97fe4716c0c9cd6.rlib --extern wiremock=/opt/rustwide/target/debug/deps/libwiremock-89dc95b12a42dccf.rlib --cap-lints=warn -L native=/opt/rustwide/target/debug/build/ring-a8dd82731488ad8d/out` (signal: 9, SIGKILL: kill)
[INFO] [stdout] error: linking with `cc` failed: exit status: 1
[INFO] [stdout]   |
[INFO] [stdout]   = note:  "cc" "-m64" "/opt/rustwide/target/debug/deps/rustcNuvB4a/symbols.o" "<5 object files omitted>" "-Wl,--as-needed" "-Wl,-Bstatic" "/opt/rustwide/target/debug/deps/{libtempfile-1de48071c4d261c5,libgetrandom-6feb49a1110d2dab,libfastrand-bab015aa83fcde07,librustix-04badb96c53eccb6,liblinux_raw_sys-0b6cde911e9a3109}.rlib" "<sysroot>/lib/rustlib/x86_64-unknown-linux-gnu/lib/{libtest-*,libgetopts-*,librustc_std_workspace_std-*}.rlib" "/opt/rustwide/target/debug/deps/{libguigu-311c008f9fa23d22,libtoml-17e737271e90d607,libtoml_edit-969a5f983277780b,libserde_spanned-d85dad5ea5dc19fe,libwinnow-88e6acd6e2987984,libtoml_write-2c704ffd35684d73,libtoml_datetime-5cacd5ce196fa2f7,libreqwest-0b30e426d24c458c,libserde_urlencoded-0c9fe6df4a85c4f0,libryu-1f4f40e4352371e5,libhyper_rustls-19fe6ae915eee18b,libwebpki_roots-8b4b3b3e18f86a51,libtokio_rustls-6ce6cf0c0ada5a37,librustls-628397938f6a1e51,libsubtle-2ae6a7038b9a0630,libwebpki-b7d1313a3785624d,libring-3997b43895237d22,libgetrandom-6b309e86c3fd7e8c,libuntrusted-b2f816886faf2178,librustls_pki_types-f9d0b31df971a573,libzeroize-37b2a6e0a2742c6a,libtower_http-c6abc9e1914bb731,libbitflags-7039d3929d603d58,libtower-da6d63e2d7ca3585,libtower_layer-d908dd771b239ecd,libhyper_util-c75785c5fbeaa840,libbase64-32787b0325ea6df8,libipnet-108d82b4266c7a41,libtower_service-3fb88d28c2218805,libhyper-3d6629a6eb99414f,libwant-7a6260b9c50f1479,libtry_lock-8fa2f6971035be84,libhttparse-8c9b827b8f345444,libh2-270bbcede7a3d9b9,libindexmap-b92bb9c25241b995,libequivalent-6a754676e6af62ae,libhashbrown-d7214d631586fd51,libfnv-79e2cbfbe03dcd16,libatomic_waker-06950c8c08d2b8fa,libhttpdate-331798cefc82cc7e,libhttp_body_util-27952fde1894fa19,libhttp_body-b57535e6079c1f42,liblog-22b5be7f6ba2d64a,liburl-af725833192976ef,libidna-4db2d96b11ef2974,libidna_adapter-e29a4d07d646170a,libicu_properties-473bb2e7efc7ae45,libicu_properties_data-3f856f5bc2063921,libicu_normalizer-bf39e82d5b98b781,libicu_normalizer_data-8b25f9eb7a72d68e,libicu_collections-9f112c3a55a02c79,libutf8_iter-51566bbad89f3a68,libpotential_utf-c3847460df83563c,libicu_provider-46f716248c45188c,libicu_locale_core-a3869008892a3bbc,libtinystr-983d1d946feac091,liblitemap-abaddab7afb37065,libwriteable-36514dcf36d12676,libzerovec-e3197143b746a490,libzerotrie-e1ccdd766da7ea96,libyoke-947001cf3cc88636,libstable_deref_trait-63cbf3f3d3f94e56,libzerofrom-186c7e7c21794d1f,libform_urlencoded-58b0f0edb59b40d2,libpercent_encoding-fa055ecaa1e57cfa,libhttp-0cd9be9a4e5a2536,libsync_wrapper-194362e0d6e4de4b,libtracing-d97fe4716c0c9cd6,libtracing_core-89b602bc4a7d7f8a,libonce_cell-b5bdc597ed9676b3,libschemars-111990860b0408a6,libdyn_clone-319e7691ef78165b,libfs2-b5c5b06c13424d05,libthiserror-1fce8d25499179c2,libfutures-d2bb33ad48550560,libfutures_executor-81fb1861632c89b0,libfutures_util-c02dbafa025531bf,libfutures_io-2de19dd835d0513d,libslab-0582d648e59ab406,libfutures_channel-e55265846f1ca713,libfutures_task-06c0578367ad4cff,libtokio_util-cdf528c1955ebd24,libfutures_core-97d9bb84a61d4536,libfutures_sink-690a515e9c61c93a,libtokio-ad9e435ddf982485,libsignal_hook_registry-f069228503febc45,liberrno-8e3700cb740322be,libsocket2-380ed4e5002278b4,libbytes-5f66263ae3d5daa8,libmio-40dc0d1736264cdd,libparking_lot-401c491a5129b2e1,libparking_lot_core-d8db1ce5bdfd3bc8,liblibc-32464e1b8391e223,libcfg_if-83060ec5685761ae,libsmallvec-3e75e18e66140be0,liblock_api-16d46fed645f7bff,libscopeguard-7ec2214574194454,libpin_project_lite-0a15d51c77964692,libserde_json-fb5110b59aaf9577,libmemchr-a932478bde794617,libitoa-5de11b3b23bfe572,libzmij-2ca2f302097868c6,libserde-6f3dd012b9fbe128,libserde_core-5e2cc09ca9d4e525}.rlib" "<sysroot>/lib/rustlib/x86_64-unknown-linux-gnu/lib/{libstd-*,libpanic_unwind-*,libobject-*,libmemchr-*,libaddr2line-*,libgimli-*,libcfg_if-*,librustc_demangle-*,libstd_detect-*,libhashbrown-*,librustc_std_workspace_alloc-*,libminiz_oxide-*,libadler2-*,libunwind-*,liblibc-*,librustc_std_workspace_core-*,liballoc-*,libcore-*,libcompiler_builtins-*}.rlib" "-Wl,-Bdynamic" "-lgcc_s" "-lutil" "-lrt" "-lpthread" "-lm" "-ldl" "-lc" "-L" "/opt/rustwide/target/debug/deps/rustcNuvB4a/raw-dylibs" "-B<sysroot>/lib/rustlib/x86_64-unknown-linux-gnu/bin/gcc-ld" "-fuse-ld=lld" "-Wl,--eh-frame-hdr" "-Wl,-z,noexecstack" "-L" "/opt/rustwide/target/debug/build/ring-a8dd82731488ad8d/out" "-L" "<sysroot>/lib/rustlib/x86_64-unknown-linux-gnu/lib" "-o" "/opt/rustwide/target/debug/deps/file_lock-c8776cea6f57c988" "-Wl,--gc-sections" "-pie" "-Wl,-z,relro,-z,now" "-nodefaultlibs"
[INFO] [stdout]   = note: some arguments are omitted. use `--verbose` to show all linker arguments
[INFO] [stdout]   = note: collect2: fatal error: ld terminated with signal 9 [Killed]
[INFO] [stdout]           compilation terminated.
[INFO] [stdout]           
[INFO] [stdout] 
[INFO] [stdout] 
[INFO] [stderr] error: could not compile `guigu` (test "file_lock") due to 1 previous error
[INFO] [stdout] error: linking with `cc` failed: exit status: 1
[INFO] [stdout]   |
[INFO] [stdout]   = note:  "cc" "-m64" "/opt/rustwide/target/debug/deps/rustceyDZvS/symbols.o" "<7 object files omitted>" "-Wl,--as-needed" "-Wl,-Bstatic" "<sysroot>/lib/rustlib/x86_64-unknown-linux-gnu/lib/{libtest-*,libgetopts-*,librustc_std_workspace_std-*}.rlib" "/opt/rustwide/target/debug/deps/{libguigu-311c008f9fa23d22,libtoml-17e737271e90d607,libtoml_edit-969a5f983277780b,libserde_spanned-d85dad5ea5dc19fe,libwinnow-88e6acd6e2987984,libtoml_write-2c704ffd35684d73,libtoml_datetime-5cacd5ce196fa2f7,libreqwest-0b30e426d24c458c,libserde_urlencoded-0c9fe6df4a85c4f0,libryu-1f4f40e4352371e5,libhyper_rustls-19fe6ae915eee18b,libwebpki_roots-8b4b3b3e18f86a51,libtokio_rustls-6ce6cf0c0ada5a37,librustls-628397938f6a1e51,libsubtle-2ae6a7038b9a0630,libwebpki-b7d1313a3785624d,libring-3997b43895237d22,libgetrandom-6b309e86c3fd7e8c,libuntrusted-b2f816886faf2178,librustls_pki_types-f9d0b31df971a573,libzeroize-37b2a6e0a2742c6a,libtower_http-c6abc9e1914bb731,libbitflags-7039d3929d603d58,libtower-da6d63e2d7ca3585,libtower_layer-d908dd771b239ecd,libhyper_util-c75785c5fbeaa840,libbase64-32787b0325ea6df8,libipnet-108d82b4266c7a41,libtower_service-3fb88d28c2218805,libhyper-3d6629a6eb99414f,libwant-7a6260b9c50f1479,libtry_lock-8fa2f6971035be84,libhttparse-8c9b827b8f345444,libh2-270bbcede7a3d9b9,libindexmap-b92bb9c25241b995,libequivalent-6a754676e6af62ae,libhashbrown-d7214d631586fd51,libfnv-79e2cbfbe03dcd16,libatomic_waker-06950c8c08d2b8fa,libhttpdate-331798cefc82cc7e,libhttp_body_util-27952fde1894fa19,libhttp_body-b57535e6079c1f42,liblog-22b5be7f6ba2d64a,liburl-af725833192976ef,libidna-4db2d96b11ef2974,libidna_adapter-e29a4d07d646170a,libicu_properties-473bb2e7efc7ae45,libicu_properties_data-3f856f5bc2063921,libicu_normalizer-bf39e82d5b98b781,libicu_normalizer_data-8b25f9eb7a72d68e,libicu_collections-9f112c3a55a02c79,libutf8_iter-51566bbad89f3a68,libpotential_utf-c3847460df83563c,libicu_provider-46f716248c45188c,libicu_locale_core-a3869008892a3bbc,libtinystr-983d1d946feac091,liblitemap-abaddab7afb37065,libwriteable-36514dcf36d12676,libzerovec-e3197143b746a490,libzerotrie-e1ccdd766da7ea96,libyoke-947001cf3cc88636,libstable_deref_trait-63cbf3f3d3f94e56,libzerofrom-186c7e7c21794d1f,libform_urlencoded-58b0f0edb59b40d2,libpercent_encoding-fa055ecaa1e57cfa,libhttp-0cd9be9a4e5a2536,libsync_wrapper-194362e0d6e4de4b,libtracing-d97fe4716c0c9cd6,libtracing_core-89b602bc4a7d7f8a,libonce_cell-b5bdc597ed9676b3,libschemars-111990860b0408a6,libdyn_clone-319e7691ef78165b,libfs2-b5c5b06c13424d05,libthiserror-1fce8d25499179c2,libfutures-d2bb33ad48550560,libfutures_executor-81fb1861632c89b0,libfutures_util-c02dbafa025531bf,libfutures_io-2de19dd835d0513d,libslab-0582d648e59ab406,libfutures_channel-e55265846f1ca713,libfutures_task-06c0578367ad4cff,libtokio_util-cdf528c1955ebd24,libfutures_core-97d9bb84a61d4536,libfutures_sink-690a515e9c61c93a,libtokio-ad9e435ddf982485,libsignal_hook_registry-f069228503febc45,liberrno-8e3700cb740322be,libsocket2-380ed4e5002278b4,libbytes-5f66263ae3d5daa8,libmio-40dc0d1736264cdd,libparking_lot-401c491a5129b2e1,libparking_lot_core-d8db1ce5bdfd3bc8,liblibc-32464e1b8391e223,libcfg_if-83060ec5685761ae,libsmallvec-3e75e18e66140be0,liblock_api-16d46fed645f7bff,libscopeguard-7ec2214574194454,libpin_project_lite-0a15d51c77964692,libserde_json-fb5110b59aaf9577,libmemchr-a932478bde794617,libitoa-5de11b3b23bfe572,libzmij-2ca2f302097868c6,libserde-6f3dd012b9fbe128,libserde_core-5e2cc09ca9d4e525}.rlib" "<sysroot>/lib/rustlib/x86_64-unknown-linux-gnu/lib/{libstd-*,libpanic_unwind-*,libobject-*,libmemchr-*,libaddr2line-*,libgimli-*,libcfg_if-*,librustc_demangle-*,libstd_detect-*,libhashbrown-*,librustc_std_workspace_alloc-*,libminiz_oxide-*,libadler2-*,libunwind-*,liblibc-*,librustc_std_workspace_core-*,liballoc-*,libcore-*,libcompiler_builtins-*}.rlib" "-Wl,-Bdynamic" "-lgcc_s" "-lutil" "-lrt" "-lpthread" "-lm" "-ldl" "-lc" "-L" "/opt/rustwide/target/debug/deps/rustceyDZvS/raw-dylibs" "-B<sysroot>/lib/rustlib/x86_64-unknown-linux-gnu/bin/gcc-ld" "-fuse-ld=lld" "-Wl,--eh-frame-hdr" "-Wl,-z,noexecstack" "-L" "/opt/rustwide/target/debug/build/ring-a8dd82731488ad8d/out" "-L" "<sysroot>/lib/rustlib/x86_64-unknown-linux-gnu/lib" "-o" "/opt/rustwide/target/debug/deps/message-6ddcf9b76b72296c" "-Wl,--gc-sections" "-pie" "-Wl,-z,relro,-z,now" "-nodefaultlibs"
[INFO] [stdout]   = note: some arguments are omitted. use `--verbose` to show all linker arguments
[INFO] [stdout]   = note: collect2: fatal error: ld terminated with signal 9 [Killed]
[INFO] [stdout]           compilation terminated.
[INFO] [stdout]           
[INFO] [stdout] 
[INFO] [stdout] 
[INFO] [stdout] error: linking with `cc` failed: exit status: 1
[INFO] [stdout]   |
[INFO] [stdout]   = note:  "cc" "-m64" "/opt/rustwide/target/debug/deps/rustcFtC3cZ/symbols.o" "<4 object files omitted>" "-Wl,--as-needed" "-Wl,-Bstatic" "<sysroot>/lib/rustlib/x86_64-unknown-linux-gnu/lib/{libtest-*,libgetopts-*,librustc_std_workspace_std-*}.rlib" "/opt/rustwide/target/debug/deps/{libguigu-311c008f9fa23d22,libtoml-17e737271e90d607,libtoml_edit-969a5f983277780b,libserde_spanned-d85dad5ea5dc19fe,libwinnow-88e6acd6e2987984,libtoml_write-2c704ffd35684d73,libtoml_datetime-5cacd5ce196fa2f7,libreqwest-0b30e426d24c458c,libserde_urlencoded-0c9fe6df4a85c4f0,libryu-1f4f40e4352371e5,libhyper_rustls-19fe6ae915eee18b,libwebpki_roots-8b4b3b3e18f86a51,libtokio_rustls-6ce6cf0c0ada5a37,librustls-628397938f6a1e51,libsubtle-2ae6a7038b9a0630,libwebpki-b7d1313a3785624d,libring-3997b43895237d22,libgetrandom-6b309e86c3fd7e8c,libuntrusted-b2f816886faf2178,librustls_pki_types-f9d0b31df971a573,libzeroize-37b2a6e0a2742c6a,libtower_http-c6abc9e1914bb731,libbitflags-7039d3929d603d58,libtower-da6d63e2d7ca3585,libtower_layer-d908dd771b239ecd,libhyper_util-c75785c5fbeaa840,libbase64-32787b0325ea6df8,libipnet-108d82b4266c7a41,libtower_service-3fb88d28c2218805,libhyper-3d6629a6eb99414f,libwant-7a6260b9c50f1479,libtry_lock-8fa2f6971035be84,libhttparse-8c9b827b8f345444,libh2-270bbcede7a3d9b9,libindexmap-b92bb9c25241b995,libequivalent-6a754676e6af62ae,libhashbrown-d7214d631586fd51,libfnv-79e2cbfbe03dcd16,libatomic_waker-06950c8c08d2b8fa,libhttpdate-331798cefc82cc7e,libhttp_body_util-27952fde1894fa19,libhttp_body-b57535e6079c1f42,liblog-22b5be7f6ba2d64a,liburl-af725833192976ef,libidna-4db2d96b11ef2974,libidna_adapter-e29a4d07d646170a,libicu_properties-473bb2e7efc7ae45,libicu_properties_data-3f856f5bc2063921,libicu_normalizer-bf39e82d5b98b781,libicu_normalizer_data-8b25f9eb7a72d68e,libicu_collections-9f112c3a55a02c79,libutf8_iter-51566bbad89f3a68,libpotential_utf-c3847460df83563c,libicu_provider-46f716248c45188c,libicu_locale_core-a3869008892a3bbc,libtinystr-983d1d946feac091,liblitemap-abaddab7afb37065,libwriteable-36514dcf36d12676,libzerovec-e3197143b746a490,libzerotrie-e1ccdd766da7ea96,libyoke-947001cf3cc88636,libstable_deref_trait-63cbf3f3d3f94e56,libzerofrom-186c7e7c21794d1f,libform_urlencoded-58b0f0edb59b40d2,libpercent_encoding-fa055ecaa1e57cfa,libhttp-0cd9be9a4e5a2536,libsync_wrapper-194362e0d6e4de4b,libtracing-d97fe4716c0c9cd6,libtracing_core-89b602bc4a7d7f8a,libonce_cell-b5bdc597ed9676b3,libschemars-111990860b0408a6,libdyn_clone-319e7691ef78165b,libfs2-b5c5b06c13424d05,libthiserror-1fce8d25499179c2,libfutures-d2bb33ad48550560,libfutures_executor-81fb1861632c89b0,libfutures_util-c02dbafa025531bf,libfutures_io-2de19dd835d0513d,libslab-0582d648e59ab406,libfutures_channel-e55265846f1ca713,libfutures_task-06c0578367ad4cff,libtokio_util-cdf528c1955ebd24,libfutures_core-97d9bb84a61d4536,libfutures_sink-690a515e9c61c93a,libtokio-ad9e435ddf982485,libsignal_hook_registry-f069228503febc45,liberrno-8e3700cb740322be,libsocket2-380ed4e5002278b4,libbytes-5f66263ae3d5daa8,libmio-40dc0d1736264cdd,libparking_lot-401c491a5129b2e1,libparking_lot_core-d8db1ce5bdfd3bc8,liblibc-32464e1b8391e223,libcfg_if-83060ec5685761ae,libsmallvec-3e75e18e66140be0,liblock_api-16d46fed645f7bff,libscopeguard-7ec2214574194454,libpin_project_lite-0a15d51c77964692,libserde_json-fb5110b59aaf9577,libmemchr-a932478bde794617,libitoa-5de11b3b23bfe572,libzmij-2ca2f302097868c6,libserde-6f3dd012b9fbe128,libserde_core-5e2cc09ca9d4e525}.rlib" "<sysroot>/lib/rustlib/x86_64-unknown-linux-gnu/lib/{libstd-*,libpanic_unwind-*,libobject-*,libmemchr-*,libaddr2line-*,libgimli-*,libcfg_if-*,librustc_demangle-*,libstd_detect-*,libhashbrown-*,librustc_std_workspace_alloc-*,libminiz_oxide-*,libadler2-*,libunwind-*,liblibc-*,librustc_std_workspace_core-*,liballoc-*,libcore-*,libcompiler_builtins-*}.rlib" "-Wl,-Bdynamic" "-lgcc_s" "-lutil" "-lrt" "-lpthread" "-lm" "-ldl" "-lc" "-L" "/opt/rustwide/target/debug/deps/rustcFtC3cZ/raw-dylibs" "-B<sysroot>/lib/rustlib/x86_64-unknown-linux-gnu/bin/gcc-ld" "-fuse-ld=lld" "-Wl,--eh-frame-hdr" "-Wl,-z,noexecstack" "-L" "/opt/rustwide/target/debug/build/ring-a8dd82731488ad8d/out" "-L" "<sysroot>/lib/rustlib/x86_64-unknown-linux-gnu/lib" "-o" "/opt/rustwide/target/debug/deps/runtime_loop_truncate-1be84eb39881dba3" "-Wl,--gc-sections" "-pie" "-Wl,-z,relro,-z,now" "-nodefaultlibs"
[INFO] [stdout]   = note: some arguments are omitted. use `--verbose` to show all linker arguments
[INFO] [stdout]   = note: collect2: fatal error: ld terminated with signal 9 [Killed]
[INFO] [stdout]           compilation terminated.
[INFO] [stdout]           
[INFO] [stdout] 
[INFO] [stdout] 
[INFO] [stderr] error: could not compile `guigu` (test "message") due to 1 previous error
[INFO] [stderr] error: could not compile `guigu` (test "runtime_loop_truncate") due to 1 previous error
[INFO] running `Command { std: "docker" "inspect" "56c1f80d5f46474014ff04ef7e74e7c4bd7ebf6f6a26bdac5ab19db7bf464183", kill_on_drop: false }`
[INFO] running `Command { std: "docker" "rm" "-f" "56c1f80d5f46474014ff04ef7e74e7c4bd7ebf6f6a26bdac5ab19db7bf464183", kill_on_drop: false }`
[INFO] [stdout] 56c1f80d5f46474014ff04ef7e74e7c4bd7ebf6f6a26bdac5ab19db7bf464183
