[INFO] fetching crate vw-provider-resolver 0.4.0...
[INFO] testing vw-provider-resolver-0.4.0 against 1.99.0-beta.8 for beta-1.100-3
[INFO] extracting crate vw-provider-resolver 0.4.0 into /workspace/builds/worker-0-tc1/source
[INFO] started tweaking crates.io crate vw-provider-resolver 0.4.0
[INFO] finished tweaking crates.io crate vw-provider-resolver 0.4.0
[INFO] tweaked toml for crates.io crate vw-provider-resolver 0.4.0 written to /workspace/builds/worker-0-tc1/source/Cargo.toml
[INFO] validating manifest of crates.io crate vw-provider-resolver 0.4.0 on toolchain 1.99.0-beta.8
[INFO] running `Command { std: CARGO_HOME="/workspace/cargo-home" RUSTUP_HOME="/workspace/rustup-home" "/workspace/cargo-home/bin/cargo" "+1.99.0-beta.8" "metadata" "--manifest-path" "Cargo.toml" "--no-deps", kill_on_drop: false }`
[INFO] crate crates.io crate vw-provider-resolver 0.4.0 already has a lockfile, it will not be regenerated
[INFO] running `Command { std: CARGO_HOME="/workspace/cargo-home" RUSTUP_HOME="/workspace/rustup-home" "/workspace/cargo-home/bin/cargo" "+1.99.0-beta.8" "fetch" "--manifest-path" "Cargo.toml", kill_on_drop: false }`
[INFO] [stderr]     Updating crates.io index
[INFO] [stderr]  Downloading crates ...
[INFO] [stderr]   Downloaded wasm-bindgen v0.2.105
[INFO] [stderr]   Downloaded wasm-bindgen-macro v0.2.105
[INFO] [stderr]   Downloaded wasm-bindgen-shared v0.2.105
[INFO] [stderr]   Downloaded shellexpand v3.1.2
[INFO] [stderr]   Downloaded wasm-bindgen-macro-support v0.2.105
[INFO] [stderr]   Downloaded js-sys v0.3.82
[INFO] [stderr]   Downloaded wasm-bindgen-futures v0.4.55
[INFO] [stderr]   Downloaded vw-config-types v0.4.0
[INFO] [stderr]   Downloaded web-sys v0.3.82
[INFO] [stderr]   Downloaded vw-api-types v0.4.0
[INFO] [stderr]   Downloaded vw-shared v0.4.0
[INFO] [stderr]   Downloaded vw-gateway-client v0.4.0
[INFO] running `Command { std: "docker" "create" "-v" "/var/lib/crater-agent-workspace/builds/worker-0-tc1/source:/opt/rustwide/workdir:ro,Z" "-v" "/var/lib/crater-agent-workspace/builds/worker-0-tc1/target:/opt/rustwide/target:rw,Z" "-v" "/var/lib/crater-agent-workspace/cargo-home:/opt/rustwide/cargo-home:ro,Z" "-v" "/var/lib/crater-agent-workspace/rustup-home:/opt/rustwide/rustup-home:ro,Z" "-m" "1610612736" "--network" "none" "ghcr.io/rust-lang/crates-build-env/linux@sha256:77db811e55d90add9212f6832c23229e3de5f1c1f9905e8cb07319ea15df73ac" "sleep" "infinity", kill_on_drop: false }`
[INFO] [stdout] 5837313b3ec4a214fff9b1789404d1652bfb50b9b91492cc60da4de6511a5a2c
[INFO] running `Command { std: "docker" "start" "5837313b3ec4a214fff9b1789404d1652bfb50b9b91492cc60da4de6511a5a2c", kill_on_drop: false }`
[INFO] running `Command { std: "docker" "inspect" "5837313b3ec4a214fff9b1789404d1652bfb50b9b91492cc60da4de6511a5a2c", kill_on_drop: false }`
[INFO] running `Command { std: "docker" "exec" "-e" "SOURCE_DIR=/opt/rustwide/workdir" "-e" "CARGO_HOME=/opt/rustwide/cargo-home" "-e" "RUSTUP_HOME=/opt/rustwide/rustup-home" "-e" "CARGO_TARGET_DIR=/opt/rustwide/target" "-w" "/opt/rustwide/workdir" "--user" "0:0" "5837313b3ec4a214fff9b1789404d1652bfb50b9b91492cc60da4de6511a5a2c" "/opt/rustwide/cargo-home/bin/cargo" "+1.99.0-beta.8" "metadata" "--no-deps" "--format-version=1", kill_on_drop: false }`
[INFO] running `Command { std: "docker" "inspect" "5837313b3ec4a214fff9b1789404d1652bfb50b9b91492cc60da4de6511a5a2c", kill_on_drop: false }`
[INFO] running `Command { std: "docker" "exec" "-e" "SOURCE_DIR=/opt/rustwide/workdir" "-e" "CARGO_HOME=/opt/rustwide/cargo-home" "-e" "RUSTUP_HOME=/opt/rustwide/rustup-home" "-e" "CARGO_TARGET_DIR=/opt/rustwide/target" "-e" "CARGO_INCREMENTAL=0" "-e" "RUST_BACKTRACE=full" "-e" "RUSTFLAGS=--cap-lints=warn" "-e" "RUSTDOCFLAGS=--cap-lints=warn" "-w" "/opt/rustwide/workdir" "--user" "0:0" "5837313b3ec4a214fff9b1789404d1652bfb50b9b91492cc60da4de6511a5a2c" "/opt/rustwide/cargo-home/bin/cargo" "+1.99.0-beta.8" "build" "--frozen" "--message-format=json", kill_on_drop: false }`
[INFO] [stderr]    Compiling unicode-ident v1.0.22
[INFO] [stderr]    Compiling find-msvc-tools v0.1.8
[INFO] [stderr]    Compiling serde_core v1.0.228
[INFO] [stderr]    Compiling http v1.4.0
[INFO] [stderr]    Compiling memchr v2.7.6
[INFO] [stderr]    Compiling slab v0.4.11
[INFO] [stderr]    Compiling futures-task v0.3.32
[INFO] [stderr]    Compiling rustls-pki-types v1.14.0
[INFO] [stderr]    Compiling zmij v1.0.17
[INFO] [stderr]    Compiling mio v1.1.1
[INFO] [stderr]    Compiling socket2 v0.6.2
[INFO] [stderr]    Compiling getrandom v0.2.17
[INFO] [stderr]    Compiling serde_json v1.0.149
[INFO] [stderr]    Compiling typenum v1.20.1
[INFO] [stderr]    Compiling rustls v0.23.37
[INFO] [stderr]    Compiling bitflags v2.10.0
[INFO] [stderr]    Compiling proc-macro2 v1.0.106
[INFO] [stderr]    Compiling futures-channel v0.3.32
[INFO] [stderr]    Compiling cc v1.2.54
[INFO] [stderr]    Compiling libsqlite3-sys v0.35.0
[INFO] [stderr]    Compiling futures-util v0.3.32
[INFO] [stderr]    Compiling sync_wrapper v1.0.2
[INFO] [stderr]    Compiling schemars v0.8.22
[INFO] [stderr]    Compiling foldhash v0.1.5
[INFO] [stderr]    Compiling getrandom v0.3.4
[INFO] [stderr]    Compiling rustix v1.1.3
[INFO] [stderr]    Compiling webpki-roots v1.0.5
[INFO] [stderr]    Compiling hashbrown v0.15.5
[INFO] [stderr]    Compiling dirs v6.0.0
[INFO] [stderr]    Compiling dirs-sys v0.4.1
[INFO] [stderr]    Compiling anyhow v1.0.104
[INFO] [stderr]    Compiling iri-string v0.7.10
[INFO] [stderr]    Compiling lazy_static v1.5.0
[INFO] [stderr]    Compiling dyn-clone v1.0.20
[INFO] [stderr]    Compiling linux-raw-sys v0.11.0
[INFO] [stderr]    Compiling aho-corasick v1.1.4
[INFO] [stderr]    Compiling regex-syntax v0.8.8
[INFO] [stderr]    Compiling quote v1.0.44
[INFO] [stderr]    Compiling ryu v1.0.22
[INFO] [stderr]    Compiling deranged v0.5.5
[INFO] [stderr]    Compiling syn v2.0.114
[INFO] [stderr]    Compiling sharded-slab v0.1.7
[INFO] [stderr]    Compiling directories v5.0.1
[INFO] [stderr]    Compiling shellexpand v3.1.2
[INFO] [stderr]    Compiling parking_lot_core v0.9.12
[INFO] [stderr]    Compiling hashlink v0.10.0
[INFO] [stderr]    Compiling generic-array v0.14.7
[INFO] [stderr]    Compiling tracing-log v0.2.0
[INFO] [stderr]    Compiling thread_local v1.1.9
[INFO] [stderr]    Compiling http-body v1.0.1
[INFO] [stderr]    Compiling fastrand v2.3.0
[INFO] [stderr]    Compiling http-body-util v0.1.3
[INFO] [stderr]    Compiling nu-ansi-term v0.50.3
[INFO] [stderr]    Compiling fallible-streaming-iterator v0.1.9
[INFO] [stderr]    Compiling fallible-iterator v0.3.0
[INFO] [stderr]    Compiling chrono v0.4.43
[INFO] [stderr]    Compiling parking_lot v0.12.5
[INFO] [stderr]    Compiling tracing-subscriber v0.3.22
[INFO] [stderr]    Compiling web-time v1.1.0
[INFO] [stderr]    Compiling ring v0.17.14
[INFO] [stderr]    Compiling block-buffer v0.10.4
[INFO] [stderr]    Compiling crypto-common v0.1.7
[INFO] [stderr]    Compiling rusqlite v0.37.0
[INFO] [stderr]    Compiling digest v0.10.7
[INFO] [stderr]    Compiling sha2 v0.10.9
[INFO] [stderr]    Compiling time v0.3.47
[INFO] [stderr]    Compiling tempfile v3.24.0
[INFO] [stderr]    Compiling regex-automata v0.4.13
[INFO] [stderr]    Compiling synstructure v0.13.2
[INFO] [stderr]    Compiling serde_derive_internals v0.29.1
[INFO] [stderr]    Compiling regex v1.12.2
[INFO] [stderr]    Compiling zerofrom-derive v0.1.6
[INFO] [stderr]    Compiling yoke-derive v0.8.1
[INFO] [stderr]    Compiling zerovec-derive v0.11.2
[INFO] [stderr]    Compiling displaydoc v0.2.5
[INFO] [stderr]    Compiling tokio-macros v2.6.0
[INFO] [stderr]    Compiling tracing-attributes v0.1.31
[INFO] [stderr]    Compiling serde_derive v1.0.228
[INFO] [stderr]    Compiling tokio v1.49.0
[INFO] [stderr]    Compiling rustls-webpki v0.103.13
[INFO] [stderr]    Compiling schemars_derive v0.8.22
[INFO] [stderr]    Compiling tracing v0.1.44
[INFO] [stderr]    Compiling zerofrom v0.1.6
[INFO] [stderr]    Compiling yoke v0.8.1
[INFO] [stderr]    Compiling zerovec v0.11.5
[INFO] [stderr]    Compiling zerotrie v0.2.3
[INFO] [stderr]    Compiling tinystr v0.8.2
[INFO] [stderr]    Compiling potential_utf v0.1.4
[INFO] [stderr]    Compiling icu_collections v2.1.1
[INFO] [stderr]    Compiling icu_locale_core v2.1.1
[INFO] [stderr]    Compiling serde v1.0.228
[INFO] [stderr]    Compiling icu_provider v2.1.1
[INFO] [stderr]    Compiling icu_properties v2.1.2
[INFO] [stderr]    Compiling icu_normalizer v2.1.1
[INFO] [stderr]    Compiling serde_urlencoded v0.7.1
[INFO] [stderr]    Compiling idna_adapter v1.2.1
[INFO] [stderr]    Compiling idna v1.1.0
[INFO] [stderr]    Compiling vw-config-types v0.4.0
[INFO] [stderr]    Compiling url v2.5.8
[INFO] [stderr]    Compiling hyper v1.8.1
[INFO] [stderr]    Compiling tower v0.5.3
[INFO] [stderr]    Compiling tokio-rustls v0.26.4
[INFO] [stderr]    Compiling tower-http v0.6.8
[INFO] [stderr]    Compiling hyper-util v0.1.19
[INFO] [stderr]    Compiling hyper-rustls v0.27.7
[INFO] [stderr]    Compiling reqwest v0.12.28
[INFO] [stderr]    Compiling vw-shared v0.4.0
[INFO] [stderr]    Compiling vw-provider-resolver v0.4.0 (/opt/rustwide/workdir)
[INFO] [stderr]     Finished `dev` profile [unoptimized + debuginfo] target(s) in 1m 07s
[INFO] running `Command { std: "docker" "inspect" "5837313b3ec4a214fff9b1789404d1652bfb50b9b91492cc60da4de6511a5a2c", kill_on_drop: false }`
[INFO] running `Command { std: "docker" "exec" "-e" "SOURCE_DIR=/opt/rustwide/workdir" "-e" "CARGO_HOME=/opt/rustwide/cargo-home" "-e" "RUSTUP_HOME=/opt/rustwide/rustup-home" "-e" "CARGO_TARGET_DIR=/opt/rustwide/target" "-e" "CARGO_INCREMENTAL=0" "-e" "RUST_BACKTRACE=full" "-e" "RUSTFLAGS=--cap-lints=warn" "-e" "RUSTDOCFLAGS=--cap-lints=warn" "-w" "/opt/rustwide/workdir" "--user" "0:0" "5837313b3ec4a214fff9b1789404d1652bfb50b9b91492cc60da4de6511a5a2c" "/opt/rustwide/cargo-home/bin/cargo" "+1.99.0-beta.8" "test" "--frozen" "--no-run" "--message-format=json", kill_on_drop: false }`
[INFO] [stderr]    Compiling vw-provider-resolver v0.4.0 (/opt/rustwide/workdir)
[INFO] [stderr]     Finished `test` profile [unoptimized + debuginfo] target(s) in 5.89s
[INFO] running `Command { std: "docker" "inspect" "5837313b3ec4a214fff9b1789404d1652bfb50b9b91492cc60da4de6511a5a2c", kill_on_drop: false }`
[INFO] running `Command { std: "docker" "exec" "-e" "SOURCE_DIR=/opt/rustwide/workdir" "-e" "CARGO_HOME=/opt/rustwide/cargo-home" "-e" "RUSTUP_HOME=/opt/rustwide/rustup-home" "-e" "CARGO_TARGET_DIR=/opt/rustwide/target" "-e" "CARGO_INCREMENTAL=0" "-e" "RUST_BACKTRACE=full" "-e" "RUSTFLAGS=--cap-lints=warn" "-e" "RUSTDOCFLAGS=--cap-lints=warn" "-w" "/opt/rustwide/workdir" "--user" "0:0" "5837313b3ec4a214fff9b1789404d1652bfb50b9b91492cc60da4de6511a5a2c" "/opt/rustwide/cargo-home/bin/cargo" "+1.99.0-beta.8" "test" "--frozen", kill_on_drop: false }`
[INFO] [stderr]     Finished `test` profile [unoptimized + debuginfo] target(s) in 0.20s
[INFO] [stderr]      Running unittests src/lib.rs (/opt/rustwide/target/debug/deps/vw_provider_resolver-f5ada0fb9dabaa82)
[INFO] [stdout] 
[INFO] [stdout] running 93 tests
[INFO] [stdout] test cache::cache_tests::invalidate_missing_key_is_noop ... ok
[INFO] [stdout] test cache::cache_tests::concurrent_get_or_init_shares_initialization ... ok
[INFO] [stdout] test auth::auth_tests::get_and_all_read_auth_records_from_resolved_file ... ok
[INFO] [stdout] test auth::auth_tests::filepath_uses_global_paths_and_legacy_auth_location ... ok
[INFO] [stdout] test auth::auth_tests::get_and_all_return_empty_when_auth_file_invalid ... ok
[INFO] [stdout] test error_tests::alibaba_market_activation_error_is_rewritten_to_actionable_message ... ok
[INFO] [stdout] test config::config_tests::get_blocking_reads_config_without_existing_runtime ... ok
[INFO] [stdout] test error_tests::github_copilot_forbidden_error_is_rewritten ... ok
[INFO] [stdout] test error_tests::parse_api_call_error_detects_overflow_patterns_and_no_body_statuses ... ok
[INFO] [stdout] test error_tests::parse_api_call_error_preserves_openai_retryable_for_non_404_status ... ok
[INFO] [stdout] test error_tests::parse_api_call_error_keeps_retry_headers_body_and_url_metadata ... ok
[INFO] [stdout] test error_tests::parse_api_call_error_preserves_openai_retryable_without_status ... ok
[INFO] [stdout] test error_tests::parse_api_call_error_treats_openai_404_as_retryable ... ok
[INFO] [stdout] test error_tests::parse_api_call_error_uses_response_body_status_or_unknown_for_empty_message ... ok
[INFO] [stdout] test config::config_tests::config_path_matches_project_override_compatibility_alias ... ok
[INFO] [stdout] test error_tests::parse_stream_error_maps_context_overflow ... ok
[INFO] [stdout] test error_tests::parsed_error_types_serialize_with_snake_case_tags ... ok
[INFO] [stdout] test error_tests::unrelated_alibaba_error_message_is_preserved ... ok
[INFO] [stdout] test config::config_tests::get_returns_default_when_config_file_is_missing_empty_or_invalid ... ok
[INFO] [stdout] test error_tests::parse_stream_error_maps_known_api_error_codes ... ok
[INFO] [stdout] test error_tests::parse_stream_error_rejects_non_json_non_object_and_non_error_events ... ok
[INFO] [stdout] test flag::flag_tests::env_string_returns_none_for_missing_key ... ok
[INFO] [stdout] test flag::flag_tests::env_string_returns_lossy_string_for_present_key ... ok
[INFO] [stdout] test flag::flag_tests::vibewindow_client_defaults_to_cli_and_uses_env_value ... ok
[INFO] [stdout] test config::config_tests::project_config_override_path_ignores_blank_workspace ... ok
[INFO] [stdout] test flag::flag_tests::truthy_rejects_missing_and_non_truthy_values ... ok
[INFO] [stdout] test global::global_tests::ensure_cache_version_clears_stale_files_and_directories ... ok
[INFO] [stdout] test config::config_tests::load_provider_overrides_keeps_only_object_provider_values ... ok
[INFO] [stdout] test global::global_tests::constants_match_application_cache_contract ... ok
[INFO] [stdout] test global::global_tests::paths_creates_data_cache_and_version_marker ... ok
[INFO] [stdout] test global::global_tests::ensure_cache_version_preserves_current_cache_contents ... ok
[INFO] [stdout] test global::global_tests::ensure_cache_version_tolerates_non_directory_cache_path ... ok
[INFO] [stdout] test global::global_tests::ensure_cache_version_treats_blank_version_as_stale ... ok
[INFO] [stdout] test global::global_tests::paths_returns_stable_global_directories ... ok
[INFO] [stdout] test flag::flag_tests::public_lazy_flags_can_be_read_and_remain_stable ... ok
[INFO] [stdout] test flag::flag_tests::truthy_accepts_true_and_one_case_insensitively ... ok
[INFO] [stdout] test installation::installation_tests::user_agent_uses_local_defaults_when_installation_env_is_absent ... ok
[INFO] [stdout] test models::models_tests::cache_path_uses_global_cache_directory ... ok
[INFO] [stdout] test config::config_tests::get_blocking_reads_config_from_existing_runtime ... ok
[INFO] [stdout] test models::models_tests::get_returns_process_cache_until_invalidated ... ok
[INFO] [stdout] test models::models_tests::init_is_idempotent ... ok
[INFO] [stdout] test models::models_tests::parse_models_text_accepts_direct_provider_map ... ok
[INFO] [stdout] test config::config_tests::project_config_override_path_falls_back_to_current_directory ... ok
[INFO] [stdout] test config::config_tests::project_config_override_path_uses_explicit_workspace ... ok
[INFO] [stdout] test models::models_tests::parse_models_text_accepts_empty_provider_map_and_array ... ok
[INFO] [stdout] test models::models_tests::parse_models_text_accepts_data_wrapper ... ok
[INFO] [stdout] test models::models_tests::parse_models_text_falls_back_from_bad_providers_wrapper_to_data_wrapper ... ok
[INFO] [stdout] test models::models_tests::parse_models_text_accepts_provider_array_and_filters_empty_ids ... ok
[INFO] [stdout] test models::models_tests::parse_models_text_rejects_array_items_with_invalid_provider_shape ... ok
[INFO] [stdout] test models::models_tests::parse_models_text_rejects_invalid_or_unsupported_shapes ... ok
[INFO] [stdout] test models::models_tests::refresh_from_url_keeps_file_when_status_is_not_successful ... ok
[INFO] [stdout] test models::models_tests::parse_models_text_prefers_providers_wrapper_over_data_wrapper ... ok
[INFO] [stdout] test models::models_tests::refresh_from_url_returns_when_request_fails ... ok
[INFO] [stdout] test models::models_tests::parse_models_text_accepts_providers_wrapper ... ok
[INFO] [stdout] test config::config_tests::read_default_model_can_return_none_when_config_sets_null ... ok
[INFO] [stdout] test config::config_tests::read_default_model_returns_configured_value ... ok
[INFO] [stdout] test models::models_tests::url_returns_default_models_dev_url ... ok
[INFO] [stdout] test models::models_tests::refresh_from_url_writes_successful_body_and_invalidates_cache ... ok
[INFO] [stdout] test models::models_tests::refresh_from_url_returns_when_body_read_fails ... ok
[INFO] [stdout] test installation::installation_tests::user_agent_uses_explicit_channel_version_and_client ... ok
[INFO] [stdout] test config::config_tests::get_reads_valid_config_file ... ok
[INFO] [stdout] test cache::cache_tests::get_or_init_panics_when_key_is_reused_for_different_type - should panic ... ok
[INFO] [stdout] test cache::cache_tests::get_or_init_runs_initializer_once_for_same_key ... ok
[INFO] [stdout] test cache::cache_tests::invalidate_removes_only_matching_key ... ok
[INFO] [stdout] test cache::cache_tests::get_or_init_recovers_from_poisoned_mutex ... ok
[INFO] [stdout] test models::models_tests::load_reads_non_empty_cache_before_bundled_fallback ... FAILED
[INFO] [stdout] test models::models_tests::get_loads_and_stores_data_when_process_cache_is_empty ... FAILED
[INFO] [stdout] test models::models_tests::bundled_models_loads_included_metadata ... ok
[INFO] [stdout] test provider::provider_tests::config_fingerprint_change_invalidates_cached_state ... ok
[INFO] [stdout] test models::models_tests::load_falls_back_to_bundled_models_for_empty_or_invalid_cache ... ok
[INFO] [stdout] test provider::provider_tests::config_fingerprint_deletion_invalidates_cached_state ... ok
[INFO] [stdout] test provider::provider_tests::custom_config_provider_uses_safe_defaults ... ok
[INFO] [stdout] test provider::provider_tests::default_model_errors_when_filter_removes_all_models ... ok
[INFO] [stdout] test provider::provider_tests::default_model_falls_back_to_sorted_active_provider_model ... ok
[INFO] [stdout] test provider::provider_tests::default_model_uses_configured_model_without_loading_state ... ok
[INFO] [stdout] test provider::provider_tests::env_source_does_not_expose_key_when_provider_declares_multiple_env_vars ... ok
[INFO] [stdout] test provider::provider_tests::env_source_sets_key_only_for_single_env_provider ... ok
[INFO] [stdout] test provider::provider_tests::filtered_state_keeps_only_active_models_and_merges_config_fields ... ok
[INFO] [stdout] test provider::provider_tests::get_model_reports_ambiguous_api_aliases_as_suggestions ... ok
[INFO] [stdout] test provider::provider_tests::get_model_resolves_unique_api_alias ... ok
[INFO] [stdout] test provider::provider_tests::suggest_returns_best_three_matches_above_threshold ... ok
[INFO] [stdout] test provider::provider_tests::get_model_reports_provider_suggestions ... ok
[INFO] [stdout] test provider::provider_tests::get_model_reports_model_suggestions_for_missing_model ... ok
[INFO] [stdout] test provider::provider_tests::get_provider_returns_none_for_unknown_provider ... ok
[INFO] [stdout] test provider::provider_tests::get_small_model_prioritizes_github_copilot_models ... ok
[INFO] [stdout] test provider::provider_tests::get_small_model_returns_none_for_missing_provider ... ok
[INFO] [stdout] test provider::provider_tests::get_small_model_returns_none_without_priority_match ... ok
[INFO] [stdout] test provider::provider_tests::get_small_model_uses_vibewindow_priority ... ok
[INFO] [stdout] test provider::provider_tests::provider_id_and_model_id_defaults_are_used_when_config_names_are_absent ... ok
[INFO] [stdout] test provider::provider_tests::init_preloads_model_cache_without_changing_query_results ... ok
[INFO] [stdout] test provider::provider_tests::provider_without_models_is_dropped ... ok
[INFO] [stdout] test provider::provider_tests::read_config_fingerprint_reports_missing_and_existing_file ... ok
[INFO] [stdout] test provider::provider_tests::settings_state_keeps_disabled_config_models ... ok
[INFO] [stdout] 
[INFO] [stdout] failures:
[INFO] [stdout] 
[INFO] [stdout] ---- models::models_tests::load_reads_non_empty_cache_before_bundled_fallback stdout ----
[INFO] [stdout] 
[INFO] [stdout] thread 'models::models_tests::load_reads_non_empty_cache_before_bundled_fallback' (1837) panicked at src/models_tests.rs:30:32:
[INFO] [stdout] provider should be parsed
[INFO] [stdout] stack backtrace:
[INFO] [stdout]    0:     0x5bedcb2b3901 - std[70759c8f55707aa4]::backtrace_rs::backtrace::libunwind::trace
[INFO] [stdout]                                at /rustc/dfb0accb7f508ae8be965d8629557221c889dd98/library/std/src/../../backtrace/src/backtrace/libunwind.rs:117:9
[INFO] [stdout]    1:     0x5bedcb2b3901 - std[70759c8f55707aa4]::backtrace_rs::backtrace::trace_unsynchronized::<std[70759c8f55707aa4]::sys::backtrace::_print_fmt::{closure#1}>
[INFO] [stdout]                                at /rustc/dfb0accb7f508ae8be965d8629557221c889dd98/library/std/src/../../backtrace/src/backtrace/mod.rs:66:14
[INFO] [stdout]    2:     0x5bedcb2b3901 - std[70759c8f55707aa4]::sys::backtrace::_print_fmt
[INFO] [stdout]                                at /rustc/dfb0accb7f508ae8be965d8629557221c889dd98/library/std/src/sys/backtrace.rs:74:9
[INFO] [stdout]    3:     0x5bedcb2b3901 - <<std[70759c8f55707aa4]::sys::backtrace::BacktraceLock>::print::DisplayBacktrace as core[df12db4294e9bfd3]::fmt::Display>::fmt
[INFO] [stdout]                                at /rustc/dfb0accb7f508ae8be965d8629557221c889dd98/library/std/src/sys/backtrace.rs:44:26
[INFO] [stdout]    4:     0x5bedcb2cad7a - <core[df12db4294e9bfd3]::fmt::rt::Argument>::fmt
[INFO] [stdout]                                at /rustc/dfb0accb7f508ae8be965d8629557221c889dd98/library/core/src/fmt/rt.rs:152:76
[INFO] [stdout]    5:     0x5bedcb2cad7a - core[df12db4294e9bfd3]::fmt::write
[INFO] [stdout]    6:     0x5bedcb2b8a6c - core[df12db4294e9bfd3]::io::write::default_write_fmt::<alloc[2182bb758b4b3781]::vec::Vec<u8>>
[INFO] [stdout]                                at /rustc/dfb0accb7f508ae8be965d8629557221c889dd98/library/core/src/io/write.rs:402:11
[INFO] [stdout]    7:     0x5bedcb2b8a6c - <alloc[2182bb758b4b3781]::vec::Vec<u8> as core[df12db4294e9bfd3]::io::write::Write>::write_fmt
[INFO] [stdout]                                at /rustc/dfb0accb7f508ae8be965d8629557221c889dd98/library/core/src/io/write.rs:335:13
[INFO] [stdout]    8:     0x5bedcb28be86 - <std[70759c8f55707aa4]::sys::backtrace::BacktraceLock>::print
[INFO] [stdout]                                at /rustc/dfb0accb7f508ae8be965d8629557221c889dd98/library/std/src/sys/backtrace.rs:47:9
[INFO] [stdout]    9:     0x5bedcb28be86 - std[70759c8f55707aa4]::panicking::default_hook::{closure#0}
[INFO] [stdout]                                at /rustc/dfb0accb7f508ae8be965d8629557221c889dd98/library/std/src/panicking.rs:292:27
[INFO] [stdout]   10:     0x5bedcb2aa129 - std[70759c8f55707aa4]::panicking::default_hook
[INFO] [stdout]                                at /rustc/dfb0accb7f508ae8be965d8629557221c889dd98/library/std/src/panicking.rs:316:9
[INFO] [stdout]   11:     0x5bedcad05500 - <alloc[2182bb758b4b3781]::boxed::Box<dyn for<'a, 'b> core[df12db4294e9bfd3]::ops::function::Fn<(&'a std[70759c8f55707aa4]::panic::PanicHookInfo<'b>,), Output = ()> + core[df12db4294e9bfd3]::marker::Send + core[df12db4294e9bfd3]::marker::Sync> as core[df12db4294e9bfd3]::ops::function::Fn<(&std[70759c8f55707aa4]::panic::PanicHookInfo,)>>::call
[INFO] [stdout]                                at /rustc/dfb0accb7f508ae8be965d8629557221c889dd98/library/alloc/src/boxed.rs:2334:9
[INFO] [stdout]   12:     0x5bedcad05500 - test[9d35eded1c95d3be]::test_main_inner::<test[9d35eded1c95d3be]::test_main_static::{closure#0}>::{closure#0}
[INFO] [stdout]                                at /rustc/dfb0accb7f508ae8be965d8629557221c889dd98/library/test/src/lib.rs:155:21
[INFO] [stdout]   13:     0x5bedcb2aa452 - <alloc[2182bb758b4b3781]::boxed::Box<dyn for<'a, 'b> core[df12db4294e9bfd3]::ops::function::Fn<(&'a std[70759c8f55707aa4]::panic::PanicHookInfo<'b>,), Output = ()> + core[df12db4294e9bfd3]::marker::Send + core[df12db4294e9bfd3]::marker::Sync> as core[df12db4294e9bfd3]::ops::function::Fn<(&std[70759c8f55707aa4]::panic::PanicHookInfo,)>>::call
[INFO] [stdout]                                at /rustc/dfb0accb7f508ae8be965d8629557221c889dd98/library/alloc/src/boxed.rs:2334:9
[INFO] [stdout]   14:     0x5bedcb2aa452 - std[70759c8f55707aa4]::panicking::panic_with_hook
[INFO] [stdout]                                at /rustc/dfb0accb7f508ae8be965d8629557221c889dd98/library/std/src/panicking.rs:823:13
[INFO] [stdout]   15:     0x5bedcb28bf32 - std[70759c8f55707aa4]::panicking::panic_handler::{closure#0}
[INFO] [stdout]                                at /rustc/dfb0accb7f508ae8be965d8629557221c889dd98/library/std/src/panicking.rs:688:13
[INFO] [stdout]   16:     0x5bedcb2846f9 - std[70759c8f55707aa4]::sys::backtrace::__rust_end_short_backtrace::<std[70759c8f55707aa4]::panicking::panic_handler::{closure#0}, !>
[INFO] [stdout]                                at /rustc/dfb0accb7f508ae8be965d8629557221c889dd98/library/std/src/sys/backtrace.rs:182:18
[INFO] [stdout]   17:     0x5bedcb28cf3d - __rustc[8fa7c3cbc660c2b3]::rust_begin_unwind
[INFO] [stdout]                                at /rustc/dfb0accb7f508ae8be965d8629557221c889dd98/library/std/src/panicking.rs:679:5
[INFO] [stdout]   18:     0x5bedcb2cb5cc - core[df12db4294e9bfd3]::panicking::panic_fmt
[INFO] [stdout]                                at /rustc/dfb0accb7f508ae8be965d8629557221c889dd98/library/core/src/panicking.rs:80:14
[INFO] [stdout]   19:     0x5bedcb2cb274 - core[df12db4294e9bfd3]::panicking::panic_display::<&str>
[INFO] [stdout]                                at /rustc/dfb0accb7f508ae8be965d8629557221c889dd98/library/core/src/panicking.rs:259:5
[INFO] [stdout]   20:     0x5bedcb2cb274 - core[df12db4294e9bfd3]::option::expect_failed
[INFO] [stdout]                                at /rustc/dfb0accb7f508ae8be965d8629557221c889dd98/library/core/src/option.rs:2257:5
[INFO] [stdout]   21:     0x5bedcaafd990 - <core[df12db4294e9bfd3]::option::Option<&vw_shared[2b0499e3d8dae73]::provider::models::Provider>>::expect
[INFO] [stdout]                                at /rustc/dfb0accb7f508ae8be965d8629557221c889dd98/library/core/src/option.rs:969:21
[INFO] [stdout]   22:     0x5bedcacf1ed3 - vw_provider_resolver[227b900399218696]::models::models_tests::assert_provider
[INFO] [stdout]                                at /opt/rustwide/workdir/src/models_tests.rs:30:32
[INFO] [stdout]   23:     0x5bedcacef738 - vw_provider_resolver[227b900399218696]::models::models_tests::load_reads_non_empty_cache_before_bundled_fallback::{closure#0}
[INFO] [stdout]                                at /opt/rustwide/workdir/src/models_tests.rs:317:5
[INFO] [stdout]   24:     0x5bedcab98142 - <core[df12db4294e9bfd3]::pin::Pin<&mut dyn core[df12db4294e9bfd3]::future::future::Future<Output = ()>> as core[df12db4294e9bfd3]::future::future::Future>::poll
[INFO] [stdout]                                at /rustc/dfb0accb7f508ae8be965d8629557221c889dd98/library/core/src/future/future.rs:133:9
[INFO] [stdout]   25:     0x5bedcab982bd - <core[df12db4294e9bfd3]::pin::Pin<&mut core[df12db4294e9bfd3]::pin::Pin<&mut dyn core[df12db4294e9bfd3]::future::future::Future<Output = ()>>> as core[df12db4294e9bfd3]::future::future::Future>::poll
[INFO] [stdout]                                at /rustc/dfb0accb7f508ae8be965d8629557221c889dd98/library/core/src/future/future.rs:133:9
[INFO] [stdout]   26:     0x5bedcacc9fbd - <tokio[27b13291dd948630]::runtime::scheduler::current_thread::CoreGuard>::block_on::<core[df12db4294e9bfd3]::pin::Pin<&mut core[df12db4294e9bfd3]::pin::Pin<&mut dyn core[df12db4294e9bfd3]::future::future::Future<Output = ()>>>>::{closure#0}::{closure#0}::{closure#0}
[INFO] [stdout]                                at /opt/rustwide/cargo-home/registry/src/index.crates.io-1949cf8c6b5b557f/tokio-1.49.0/src/runtime/scheduler/current_thread/mod.rs:753:70
[INFO] [stdout]   27:     0x5bedcacc9af5 - tokio[27b13291dd948630]::task::coop::with_budget::<core[df12db4294e9bfd3]::task::poll::Poll<()>, <tokio[27b13291dd948630]::runtime::scheduler::current_thread::CoreGuard>::block_on<core[df12db4294e9bfd3]::pin::Pin<&mut core[df12db4294e9bfd3]::pin::Pin<&mut dyn core[df12db4294e9bfd3]::future::future::Future<Output = ()>>>>::{closure#0}::{closure#0}::{closure#0}>
[INFO] [stdout]                                at /opt/rustwide/cargo-home/registry/src/index.crates.io-1949cf8c6b5b557f/tokio-1.49.0/src/task/coop/mod.rs:167:5
[INFO] [stdout]   28:     0x5bedcacc9af5 - tokio[27b13291dd948630]::task::coop::budget::<core[df12db4294e9bfd3]::task::poll::Poll<()>, <tokio[27b13291dd948630]::runtime::scheduler::current_thread::CoreGuard>::block_on<core[df12db4294e9bfd3]::pin::Pin<&mut core[df12db4294e9bfd3]::pin::Pin<&mut dyn core[df12db4294e9bfd3]::future::future::Future<Output = ()>>>>::{closure#0}::{closure#0}::{closure#0}>
[INFO] [stdout]                                at /opt/rustwide/cargo-home/registry/src/index.crates.io-1949cf8c6b5b557f/tokio-1.49.0/src/task/coop/mod.rs:133:5
[INFO] [stdout]   29:     0x5bedcacc9af5 - <tokio[27b13291dd948630]::runtime::scheduler::current_thread::CoreGuard>::block_on::<core[df12db4294e9bfd3]::pin::Pin<&mut core[df12db4294e9bfd3]::pin::Pin<&mut dyn core[df12db4294e9bfd3]::future::future::Future<Output = ()>>>>::{closure#0}::{closure#0}
[INFO] [stdout]                                at /opt/rustwide/cargo-home/registry/src/index.crates.io-1949cf8c6b5b557f/tokio-1.49.0/src/runtime/scheduler/current_thread/mod.rs:753:25
[INFO] [stdout]   30:     0x5bedcacb3742 - <tokio[27b13291dd948630]::runtime::scheduler::current_thread::Context>::enter::<core[df12db4294e9bfd3]::task::poll::Poll<()>, <tokio[27b13291dd948630]::runtime::scheduler::current_thread::CoreGuard>::block_on<core[df12db4294e9bfd3]::pin::Pin<&mut core[df12db4294e9bfd3]::pin::Pin<&mut dyn core[df12db4294e9bfd3]::future::future::Future<Output = ()>>>>::{closure#0}::{closure#0}>
[INFO] [stdout]                                at /opt/rustwide/cargo-home/registry/src/index.crates.io-1949cf8c6b5b557f/tokio-1.49.0/src/runtime/scheduler/current_thread/mod.rs:442:19
[INFO] [stdout]   31:     0x5bedcacc639d - <tokio[27b13291dd948630]::runtime::scheduler::current_thread::CoreGuard>::block_on::<core[df12db4294e9bfd3]::pin::Pin<&mut core[df12db4294e9bfd3]::pin::Pin<&mut dyn core[df12db4294e9bfd3]::future::future::Future<Output = ()>>>>::{closure#0}
[INFO] [stdout]                                at /opt/rustwide/cargo-home/registry/src/index.crates.io-1949cf8c6b5b557f/tokio-1.49.0/src/runtime/scheduler/current_thread/mod.rs:752:44
[INFO] [stdout]   32:     0x5bedcacc3504 - <tokio[27b13291dd948630]::runtime::scheduler::current_thread::CoreGuard>::enter::<<tokio[27b13291dd948630]::runtime::scheduler::current_thread::CoreGuard>::block_on<core[df12db4294e9bfd3]::pin::Pin<&mut core[df12db4294e9bfd3]::pin::Pin<&mut dyn core[df12db4294e9bfd3]::future::future::Future<Output = ()>>>>::{closure#0}, core[df12db4294e9bfd3]::option::Option<()>>::{closure#0}
[INFO] [stdout]                                at /opt/rustwide/cargo-home/registry/src/index.crates.io-1949cf8c6b5b557f/tokio-1.49.0/src/runtime/scheduler/current_thread/mod.rs:840:68
[INFO] [stdout]   33:     0x5bedcab98e4b - <tokio[27b13291dd948630]::runtime::context::scoped::Scoped<tokio[27b13291dd948630]::runtime::scheduler::Context>>::set::<<tokio[27b13291dd948630]::runtime::scheduler::current_thread::CoreGuard>::enter<<tokio[27b13291dd948630]::runtime::scheduler::current_thread::CoreGuard>::block_on<core[df12db4294e9bfd3]::pin::Pin<&mut core[df12db4294e9bfd3]::pin::Pin<&mut dyn core[df12db4294e9bfd3]::future::future::Future<Output = ()>>>>::{closure#0}, core[df12db4294e9bfd3]::option::Option<()>>::{closure#0}, (alloc[2182bb758b4b3781]::boxed::Box<tokio[27b13291dd948630]::runtime::scheduler::current_thread::Core>, core[df12db4294e9bfd3]::option::Option<()>)>
[INFO] [stdout]                                at /opt/rustwide/cargo-home/registry/src/index.crates.io-1949cf8c6b5b557f/tokio-1.49.0/src/runtime/context/scoped.rs:40:9
[INFO] [stdout]   34:     0x5bedcac8e4c9 - tokio[27b13291dd948630]::runtime::context::set_scheduler::<(alloc[2182bb758b4b3781]::boxed::Box<tokio[27b13291dd948630]::runtime::scheduler::current_thread::Core>, core[df12db4294e9bfd3]::option::Option<()>), <tokio[27b13291dd948630]::runtime::scheduler::current_thread::CoreGuard>::enter<<tokio[27b13291dd948630]::runtime::scheduler::current_thread::CoreGuard>::block_on<core[df12db4294e9bfd3]::pin::Pin<&mut core[df12db4294e9bfd3]::pin::Pin<&mut dyn core[df12db4294e9bfd3]::future::future::Future<Output = ()>>>>::{closure#0}, core[df12db4294e9bfd3]::option::Option<()>>::{closure#0}>::{closure#0}
[INFO] [stdout]                                at /opt/rustwide/cargo-home/registry/src/index.crates.io-1949cf8c6b5b557f/tokio-1.49.0/src/runtime/context.rs:176:38
[INFO] [stdout]   35:     0x5bedcabe6c8f - <std[70759c8f55707aa4]::thread::local::LocalKey<tokio[27b13291dd948630]::runtime::context::Context>>::try_with::<tokio[27b13291dd948630]::runtime::context::set_scheduler<(alloc[2182bb758b4b3781]::boxed::Box<tokio[27b13291dd948630]::runtime::scheduler::current_thread::Core>, core[df12db4294e9bfd3]::option::Option<()>), <tokio[27b13291dd948630]::runtime::scheduler::current_thread::CoreGuard>::enter<<tokio[27b13291dd948630]::runtime::scheduler::current_thread::CoreGuard>::block_on<core[df12db4294e9bfd3]::pin::Pin<&mut core[df12db4294e9bfd3]::pin::Pin<&mut dyn core[df12db4294e9bfd3]::future::future::Future<Output = ()>>>>::{closure#0}, core[df12db4294e9bfd3]::option::Option<()>>::{closure#0}>::{closure#0}, (alloc[2182bb758b4b3781]::boxed::Box<tokio[27b13291dd948630]::runtime::scheduler::current_thread::Core>, core[df12db4294e9bfd3]::option::Option<()>)>
[INFO] [stdout]                                at /rustc/dfb0accb7f508ae8be965d8629557221c889dd98/library/std/src/thread/local.rs:463:12
[INFO] [stdout]   36:     0x5bedcabe59ce - <std[70759c8f55707aa4]::thread::local::LocalKey<tokio[27b13291dd948630]::runtime::context::Context>>::with::<tokio[27b13291dd948630]::runtime::context::set_scheduler<(alloc[2182bb758b4b3781]::boxed::Box<tokio[27b13291dd948630]::runtime::scheduler::current_thread::Core>, core[df12db4294e9bfd3]::option::Option<()>), <tokio[27b13291dd948630]::runtime::scheduler::current_thread::CoreGuard>::enter<<tokio[27b13291dd948630]::runtime::scheduler::current_thread::CoreGuard>::block_on<core[df12db4294e9bfd3]::pin::Pin<&mut core[df12db4294e9bfd3]::pin::Pin<&mut dyn core[df12db4294e9bfd3]::future::future::Future<Output = ()>>>>::{closure#0}, core[df12db4294e9bfd3]::option::Option<()>>::{closure#0}>::{closure#0}, (alloc[2182bb758b4b3781]::boxed::Box<tokio[27b13291dd948630]::runtime::scheduler::current_thread::Core>, core[df12db4294e9bfd3]::option::Option<()>)>
[INFO] [stdout]                                at /rustc/dfb0accb7f508ae8be965d8629557221c889dd98/library/std/src/thread/local.rs:427:20
[INFO] [stdout]   37:     0x5bedcac74e4d - tokio[27b13291dd948630]::runtime::context::set_scheduler::<(alloc[2182bb758b4b3781]::boxed::Box<tokio[27b13291dd948630]::runtime::scheduler::current_thread::Core>, core[df12db4294e9bfd3]::option::Option<()>), <tokio[27b13291dd948630]::runtime::scheduler::current_thread::CoreGuard>::enter<<tokio[27b13291dd948630]::runtime::scheduler::current_thread::CoreGuard>::block_on<core[df12db4294e9bfd3]::pin::Pin<&mut core[df12db4294e9bfd3]::pin::Pin<&mut dyn core[df12db4294e9bfd3]::future::future::Future<Output = ()>>>>::{closure#0}, core[df12db4294e9bfd3]::option::Option<()>>::{closure#0}>
[INFO] [stdout]                                at /opt/rustwide/cargo-home/registry/src/index.crates.io-1949cf8c6b5b557f/tokio-1.49.0/src/runtime/context.rs:176:17
[INFO] [stdout]   38:     0x5bedcacbaf20 - <tokio[27b13291dd948630]::runtime::scheduler::current_thread::CoreGuard>::enter::<<tokio[27b13291dd948630]::runtime::scheduler::current_thread::CoreGuard>::block_on<core[df12db4294e9bfd3]::pin::Pin<&mut core[df12db4294e9bfd3]::pin::Pin<&mut dyn core[df12db4294e9bfd3]::future::future::Future<Output = ()>>>>::{closure#0}, core[df12db4294e9bfd3]::option::Option<()>>
[INFO] [stdout]                                at /opt/rustwide/cargo-home/registry/src/index.crates.io-1949cf8c6b5b557f/tokio-1.49.0/src/runtime/scheduler/current_thread/mod.rs:840:27
[INFO] [stdout]   39:     0x5bedcacbc136 - <tokio[27b13291dd948630]::runtime::scheduler::current_thread::CoreGuard>::block_on::<core[df12db4294e9bfd3]::pin::Pin<&mut core[df12db4294e9bfd3]::pin::Pin<&mut dyn core[df12db4294e9bfd3]::future::future::Future<Output = ()>>>>
[INFO] [stdout]                                at /opt/rustwide/cargo-home/registry/src/index.crates.io-1949cf8c6b5b557f/tokio-1.49.0/src/runtime/scheduler/current_thread/mod.rs:740:24
[INFO] [stdout]   40:     0x5bedcacc1830 - <tokio[27b13291dd948630]::runtime::scheduler::current_thread::CurrentThread>::block_on::<core[df12db4294e9bfd3]::pin::Pin<&mut dyn core[df12db4294e9bfd3]::future::future::Future<Output = ()>>>::{closure#0}
[INFO] [stdout]                                at /opt/rustwide/cargo-home/registry/src/index.crates.io-1949cf8c6b5b557f/tokio-1.49.0/src/runtime/scheduler/current_thread/mod.rs:200:33
[INFO] [stdout]   41:     0x5bedcaae4288 - tokio[27b13291dd948630]::runtime::context::runtime::enter_runtime::<<tokio[27b13291dd948630]::runtime::scheduler::current_thread::CurrentThread>::block_on<core[df12db4294e9bfd3]::pin::Pin<&mut dyn core[df12db4294e9bfd3]::future::future::Future<Output = ()>>>::{closure#0}, ()>
[INFO] [stdout]                                at /opt/rustwide/cargo-home/registry/src/index.crates.io-1949cf8c6b5b557f/tokio-1.49.0/src/runtime/context/runtime.rs:65:16
[INFO] [stdout]   42:     0x5bedcacafd44 - <tokio[27b13291dd948630]::runtime::scheduler::current_thread::CurrentThread>::block_on::<core[df12db4294e9bfd3]::pin::Pin<&mut dyn core[df12db4294e9bfd3]::future::future::Future<Output = ()>>>
[INFO] [stdout]                                at /opt/rustwide/cargo-home/registry/src/index.crates.io-1949cf8c6b5b557f/tokio-1.49.0/src/runtime/scheduler/current_thread/mod.rs:188:9
[INFO] [stdout]   43:     0x5bedcabc0f4f - <tokio[27b13291dd948630]::runtime::runtime::Runtime>::block_on_inner::<core[df12db4294e9bfd3]::pin::Pin<&mut dyn core[df12db4294e9bfd3]::future::future::Future<Output = ()>>>
[INFO] [stdout]                                at /opt/rustwide/cargo-home/registry/src/index.crates.io-1949cf8c6b5b557f/tokio-1.49.0/src/runtime/runtime.rs:368:52
[INFO] [stdout]   44:     0x5bedcabc159b - <tokio[27b13291dd948630]::runtime::runtime::Runtime>::block_on::<core[df12db4294e9bfd3]::pin::Pin<&mut dyn core[df12db4294e9bfd3]::future::future::Future<Output = ()>>>
[INFO] [stdout]                                at /opt/rustwide/cargo-home/registry/src/index.crates.io-1949cf8c6b5b557f/tokio-1.49.0/src/runtime/runtime.rs:342:18
[INFO] [stdout]   45:     0x5bedcacf3a23 - vw_provider_resolver[227b900399218696]::models::models_tests::load_reads_non_empty_cache_before_bundled_fallback
[INFO] [stdout]                                at /opt/rustwide/workdir/src/models_tests.rs:319:20
[INFO] [stdout]   46:     0x5bedcacee077 - vw_provider_resolver[227b900399218696]::models::models_tests::load_reads_non_empty_cache_before_bundled_fallback::{closure#0}
[INFO] [stdout]                                at /opt/rustwide/workdir/src/models_tests.rs:307:62
[INFO] [stdout]   47:     0x5bedcac70686 - <vw_provider_resolver[227b900399218696]::models::models_tests::load_reads_non_empty_cache_before_bundled_fallback::{closure#0} as core[df12db4294e9bfd3]::ops::function::FnOnce<()>>::call_once
[INFO] [stdout]                                at /rustc/dfb0accb7f508ae8be965d8629557221c889dd98/library/core/src/ops/function.rs:250:5
[INFO] [stdout]   48:     0x5bedcacf87eb - <fn() -> core[df12db4294e9bfd3]::result::Result<(), alloc[2182bb758b4b3781]::string::String> as core[df12db4294e9bfd3]::ops::function::FnOnce<()>>::call_once
[INFO] [stdout]                                at /rustc/dfb0accb7f508ae8be965d8629557221c889dd98/library/core/src/ops/function.rs:250:5
[INFO] [stdout]   49:     0x5bedcacf87eb - test[9d35eded1c95d3be]::__rust_begin_short_backtrace::<core[df12db4294e9bfd3]::result::Result<(), alloc[2182bb758b4b3781]::string::String>, fn() -> core[df12db4294e9bfd3]::result::Result<(), alloc[2182bb758b4b3781]::string::String>>
[INFO] [stdout]                                at /rustc/dfb0accb7f508ae8be965d8629557221c889dd98/library/test/src/lib.rs:733:18
[INFO] [stdout]   50:     0x5bedcad05e55 - test[9d35eded1c95d3be]::run_test_in_process::{closure#0}
[INFO] [stdout]                                at /rustc/dfb0accb7f508ae8be965d8629557221c889dd98/library/test/src/lib.rs:756:74
[INFO] [stdout]   51:     0x5bedcad05e55 - <core[df12db4294e9bfd3]::panic::unwind_safe::AssertUnwindSafe<test[9d35eded1c95d3be]::run_test_in_process::{closure#0}> as core[df12db4294e9bfd3]::ops::function::FnOnce<()>>::call_once
[INFO] [stdout]                                at /rustc/dfb0accb7f508ae8be965d8629557221c889dd98/library/core/src/panic/unwind_safe.rs:275:9
[INFO] [stdout]   52:     0x5bedcad05e55 - std[70759c8f55707aa4]::panicking::catch_unwind::do_call::<core[df12db4294e9bfd3]::panic::unwind_safe::AssertUnwindSafe<test[9d35eded1c95d3be]::run_test_in_process::{closure#0}>, core[df12db4294e9bfd3]::result::Result<(), alloc[2182bb758b4b3781]::string::String>>
[INFO] [stdout]                                at /rustc/dfb0accb7f508ae8be965d8629557221c889dd98/library/std/src/panicking.rs:576:43
[INFO] [stdout]   53:     0x5bedcad05e55 - std[70759c8f55707aa4]::panicking::catch_unwind::<core[df12db4294e9bfd3]::result::Result<(), alloc[2182bb758b4b3781]::string::String>, core[df12db4294e9bfd3]::panic::unwind_safe::AssertUnwindSafe<test[9d35eded1c95d3be]::run_test_in_process::{closure#0}>>
[INFO] [stdout]                                at /rustc/dfb0accb7f508ae8be965d8629557221c889dd98/library/std/src/panicking.rs:544:19
[INFO] [stdout]   54:     0x5bedcad05e55 - std[70759c8f55707aa4]::panic::catch_unwind::<core[df12db4294e9bfd3]::panic::unwind_safe::AssertUnwindSafe<test[9d35eded1c95d3be]::run_test_in_process::{closure#0}>, core[df12db4294e9bfd3]::result::Result<(), alloc[2182bb758b4b3781]::string::String>>
[INFO] [stdout]                                at /rustc/dfb0accb7f508ae8be965d8629557221c889dd98/library/std/src/panic.rs:359:14
[INFO] [stdout]   55:     0x5bedcad05e55 - test[9d35eded1c95d3be]::run_test_in_process
[INFO] [stdout]                                at /rustc/dfb0accb7f508ae8be965d8629557221c889dd98/library/test/src/lib.rs:756:27
[INFO] [stdout]   56:     0x5bedcad05e55 - test[9d35eded1c95d3be]::run_test::{closure#0}
[INFO] [stdout]                                at /rustc/dfb0accb7f508ae8be965d8629557221c889dd98/library/test/src/lib.rs:677:43
[INFO] [stdout]   57:     0x5bedcacff714 - test[9d35eded1c95d3be]::run_test::{closure#1}
[INFO] [stdout]                                at /rustc/dfb0accb7f508ae8be965d8629557221c889dd98/library/test/src/lib.rs:707:41
[INFO] [stdout]   58:     0x5bedcacff714 - std[70759c8f55707aa4]::sys::backtrace::__rust_begin_short_backtrace::<test[9d35eded1c95d3be]::run_test::{closure#1}, ()>
[INFO] [stdout]                                at /rustc/dfb0accb7f508ae8be965d8629557221c889dd98/library/std/src/sys/backtrace.rs:166:18
[INFO] [stdout]   59:     0x5bedcad08fb2 - std[70759c8f55707aa4]::thread::lifecycle::spawn_unchecked::<test[9d35eded1c95d3be]::run_test::{closure#1}, ()>::{closure#1}::{closure#0}
[INFO] [stdout]                                at /rustc/dfb0accb7f508ae8be965d8629557221c889dd98/library/std/src/thread/lifecycle.rs:70:13
[INFO] [stdout]   60:     0x5bedcad08fb2 - <core[df12db4294e9bfd3]::panic::unwind_safe::AssertUnwindSafe<std[70759c8f55707aa4]::thread::lifecycle::spawn_unchecked<test[9d35eded1c95d3be]::run_test::{closure#1}, ()>::{closure#1}::{closure#0}> as core[df12db4294e9bfd3]::ops::function::FnOnce<()>>::call_once
[INFO] [stdout]                                at /rustc/dfb0accb7f508ae8be965d8629557221c889dd98/library/core/src/panic/unwind_safe.rs:275:9
[INFO] [stdout]   61:     0x5bedcad08fb2 - std[70759c8f55707aa4]::panicking::catch_unwind::do_call::<core[df12db4294e9bfd3]::panic::unwind_safe::AssertUnwindSafe<std[70759c8f55707aa4]::thread::lifecycle::spawn_unchecked<test[9d35eded1c95d3be]::run_test::{closure#1}, ()>::{closure#1}::{closure#0}>, ()>
[INFO] [stdout]                                at /rustc/dfb0accb7f508ae8be965d8629557221c889dd98/library/std/src/panicking.rs:576:43
[INFO] [stdout]   62:     0x5bedcad08fb2 - std[70759c8f55707aa4]::panicking::catch_unwind::<(), core[df12db4294e9bfd3]::panic::unwind_safe::AssertUnwindSafe<std[70759c8f55707aa4]::thread::lifecycle::spawn_unchecked<test[9d35eded1c95d3be]::run_test::{closure#1}, ()>::{closure#1}::{closure#0}>>
[INFO] [stdout]                                at /rustc/dfb0accb7f508ae8be965d8629557221c889dd98/library/std/src/panicking.rs:544:19
[INFO] [stdout]   63:     0x5bedcad08fb2 - std[70759c8f55707aa4]::panic::catch_unwind::<core[df12db4294e9bfd3]::panic::unwind_safe::AssertUnwindSafe<std[70759c8f55707aa4]::thread::lifecycle::spawn_unchecked<test[9d35eded1c95d3be]::run_test::{closure#1}, ()>::{closure#1}::{closure#0}>, ()>
[INFO] [stdout]                                at /rustc/dfb0accb7f508ae8be965d8629557221c889dd98/library/std/src/panic.rs:359:14
[INFO] [stdout]   64:     0x5bedcad08fb2 - std[70759c8f55707aa4]::thread::lifecycle::spawn_unchecked::<test[9d35eded1c95d3be]::run_test::{closure#1}, ()>::{closure#1}
[INFO] [stdout]                                at /rustc/dfb0accb7f508ae8be965d8629557221c889dd98/library/std/src/thread/lifecycle.rs:68:26
[INFO] [stdout]   65:     0x5bedcad08fb2 - <std[70759c8f55707aa4]::thread::lifecycle::spawn_unchecked<test[9d35eded1c95d3be]::run_test::{closure#1}, ()>::{closure#1} as core[df12db4294e9bfd3]::ops::function::FnOnce<()>>::call_once::{shim:vtable#0}
[INFO] [stdout]                                at /rustc/dfb0accb7f508ae8be965d8629557221c889dd98/library/core/src/ops/function.rs:250:5
[INFO] [stdout]   66:     0x5bedcb2b2359 - <alloc[2182bb758b4b3781]::boxed::Box<dyn core[df12db4294e9bfd3]::ops::function::FnOnce<(), Output = ()> + core[df12db4294e9bfd3]::marker::Send> as core[df12db4294e9bfd3]::ops::function::FnOnce<()>>::call_once
[INFO] [stdout]                                at /rustc/dfb0accb7f508ae8be965d8629557221c889dd98/library/alloc/src/boxed.rs:2320:9
[INFO] [stdout]   67:     0x5bedcb2b2359 - <std[70759c8f55707aa4]::sys::thread::unix::Thread>::new::thread_start
[INFO] [stdout]                                at /rustc/dfb0accb7f508ae8be965d8629557221c889dd98/library/std/src/sys/thread/unix.rs:123:17
[INFO] [stdout]   68:     0x7bcab29e7dfa - <unknown>
[INFO] [stdout]   69:     0x7bcab2a7b3d4 - clone
[INFO] [stdout]   70:                0x0 - <unknown>
[INFO] [stdout] 
[INFO] [stdout] ---- models::models_tests::get_loads_and_stores_data_when_process_cache_is_empty stdout ----
[INFO] [stdout] 
[INFO] [stdout] thread 'models::models_tests::get_loads_and_stores_data_when_process_cache_is_empty' (1833) panicked at src/models_tests.rs:30:32:
[INFO] [stdout] provider should be parsed
[INFO] [stdout] stack backtrace:
[INFO] [stdout]    0:     0x5bedcb2b3901 - std[70759c8f55707aa4]::backtrace_rs::backtrace::libunwind::trace
[INFO] [stdout]                                at /rustc/dfb0accb7f508ae8be965d8629557221c889dd98/library/std/src/../../backtrace/src/backtrace/libunwind.rs:117:9
[INFO] [stdout]    1:     0x5bedcb2b3901 - std[70759c8f55707aa4]::backtrace_rs::backtrace::trace_unsynchronized::<std[70759c8f55707aa4]::sys::backtrace::_print_fmt::{closure#1}>
[INFO] [stdout]                                at /rustc/dfb0accb7f508ae8be965d8629557221c889dd98/library/std/src/../../backtrace/src/backtrace/mod.rs:66:14
[INFO] [stdout]    2:     0x5bedcb2b3901 - std[70759c8f55707aa4]::sys::backtrace::_print_fmt
[INFO] [stdout]                                at /rustc/dfb0accb7f508ae8be965d8629557221c889dd98/library/std/src/sys/backtrace.rs:74:9
[INFO] [stdout]    3:     0x5bedcb2b3901 - <<std[70759c8f55707aa4]::sys::backtrace::BacktraceLock>::print::DisplayBacktrace as core[df12db4294e9bfd3]::fmt::Display>::fmt
[INFO] [stdout]                                at /rustc/dfb0accb7f508ae8be965d8629557221c889dd98/library/std/src/sys/backtrace.rs:44:26
[INFO] [stdout]    4:     0x5bedcb2cad7a - <core[df12db4294e9bfd3]::fmt::rt::Argument>::fmt
[INFO] [stdout]                                at /rustc/dfb0accb7f508ae8be965d8629557221c889dd98/library/core/src/fmt/rt.rs:152:76
[INFO] [stdout]    5:     0x5bedcb2cad7a - core[df12db4294e9bfd3]::fmt::write
[INFO] [stdout]    6:     0x5bedcb2b8a6c - core[df12db4294e9bfd3]::io::write::default_write_fmt::<alloc[2182bb758b4b3781]::vec::Vec<u8>>
[INFO] [stdout]                                at /rustc/dfb0accb7f508ae8be965d8629557221c889dd98/library/core/src/io/write.rs:402:11
[INFO] [stdout]    7:     0x5bedcb2b8a6c - <alloc[2182bb758b4b3781]::vec::Vec<u8> as core[df12db4294e9bfd3]::io::write::Write>::write_fmt
[INFO] [stdout]                                at /rustc/dfb0accb7f508ae8be965d8629557221c889dd98/library/core/src/io/write.rs:335:13
[INFO] [stdout]    8:     0x5bedcb28be86 - <std[70759c8f55707aa4]::sys::backtrace::BacktraceLock>::print
[INFO] [stdout]                                at /rustc/dfb0accb7f508ae8be965d8629557221c889dd98/library/std/src/sys/backtrace.rs:47:9
[INFO] [stdout]    9:     0x5bedcb28be86 - std[70759c8f55707aa4]::panicking::default_hook::{closure#0}
[INFO] [stdout]                                at /rustc/dfb0accb7f508ae8be965d8629557221c889dd98/library/std/src/panicking.rs:292:27
[INFO] [stdout]   10:     0x5bedcb2aa129 - std[70759c8f55707aa4]::panicking::default_hook
[INFO] [stdout]                                at /rustc/dfb0accb7f508ae8be965d8629557221c889dd98/library/std/src/panicking.rs:316:9
[INFO] [stdout]   11:     0x5bedcad05500 - <alloc[2182bb758b4b3781]::boxed::Box<dyn for<'a, 'b> core[df12db4294e9bfd3]::ops::function::Fn<(&'a std[70759c8f55707aa4]::panic::PanicHookInfo<'b>,), Output = ()> + core[df12db4294e9bfd3]::marker::Send + core[df12db4294e9bfd3]::marker::Sync> as core[df12db4294e9bfd3]::ops::function::Fn<(&std[70759c8f55707aa4]::panic::PanicHookInfo,)>>::call
[INFO] [stdout]                                at /rustc/dfb0accb7f508ae8be965d8629557221c889dd98/library/alloc/src/boxed.rs:2334:9
[INFO] [stdout]   12:     0x5bedcad05500 - test[9d35eded1c95d3be]::test_main_inner::<test[9d35eded1c95d3be]::test_main_static::{closure#0}>::{closure#0}
[INFO] [stdout]                                at /rustc/dfb0accb7f508ae8be965d8629557221c889dd98/library/test/src/lib.rs:155:21
[INFO] [stdout]   13:     0x5bedcb2aa452 - <alloc[2182bb758b4b3781]::boxed::Box<dyn for<'a, 'b> core[df12db4294e9bfd3]::ops::function::Fn<(&'a std[70759c8f55707aa4]::panic::PanicHookInfo<'b>,), Output = ()> + core[df12db4294e9bfd3]::marker::Send + core[df12db4294e9bfd3]::marker::Sync> as core[df12db4294e9bfd3]::ops::function::Fn<(&std[70759c8f55707aa4]::panic::PanicHookInfo,)>>::call
[INFO] [stdout]                                at /rustc/dfb0accb7f508ae8be965d8629557221c889dd98/library/alloc/src/boxed.rs:2334:9
[INFO] [stdout]   14:     0x5bedcb2aa452 - std[70759c8f55707aa4]::panicking::panic_with_hook
[INFO] [stdout]                                at /rustc/dfb0accb7f508ae8be965d8629557221c889dd98/library/std/src/panicking.rs:823:13
[INFO] [stdout]   15:     0x5bedcb28bf32 - std[70759c8f55707aa4]::panicking::panic_handler::{closure#0}
[INFO] [stdout]                                at /rustc/dfb0accb7f508ae8be965d8629557221c889dd98/library/std/src/panicking.rs:688:13
[INFO] [stdout]   16:     0x5bedcb2846f9 - std[70759c8f55707aa4]::sys::backtrace::__rust_end_short_backtrace::<std[70759c8f55707aa4]::panicking::panic_handler::{closure#0}, !>
[INFO] [stdout]                                at /rustc/dfb0accb7f508ae8be965d8629557221c889dd98/library/std/src/sys/backtrace.rs:182:18
[INFO] [stdout]   17:     0x5bedcb28cf3d - __rustc[8fa7c3cbc660c2b3]::rust_begin_unwind
[INFO] [stdout]                                at /rustc/dfb0accb7f508ae8be965d8629557221c889dd98/library/std/src/panicking.rs:679:5
[INFO] [stdout]   18:     0x5bedcb2cb5cc - core[df12db4294e9bfd3]::panicking::panic_fmt
[INFO] [stdout]                                at /rustc/dfb0accb7f508ae8be965d8629557221c889dd98/library/core/src/panicking.rs:80:14
[INFO] [stdout]   19:     0x5bedcb2cb274 - core[df12db4294e9bfd3]::panicking::panic_display::<&str>
[INFO] [stdout]                                at /rustc/dfb0accb7f508ae8be965d8629557221c889dd98/library/core/src/panicking.rs:259:5
[INFO] [stdout]   20:     0x5bedcb2cb274 - core[df12db4294e9bfd3]::option::expect_failed
[INFO] [stdout]                                at /rustc/dfb0accb7f508ae8be965d8629557221c889dd98/library/core/src/option.rs:2257:5
[INFO] [stdout]   21:     0x5bedcaafd990 - <core[df12db4294e9bfd3]::option::Option<&vw_shared[2b0499e3d8dae73]::provider::models::Provider>>::expect
[INFO] [stdout]                                at /rustc/dfb0accb7f508ae8be965d8629557221c889dd98/library/core/src/option.rs:969:21
[INFO] [stdout]   22:     0x5bedcacf1ed3 - vw_provider_resolver[227b900399218696]::models::models_tests::assert_provider
[INFO] [stdout]                                at /opt/rustwide/workdir/src/models_tests.rs:30:32
[INFO] [stdout]   23:     0x5bedcacefcdf - vw_provider_resolver[227b900399218696]::models::models_tests::get_loads_and_stores_data_when_process_cache_is_empty::{closure#0}
[INFO] [stdout]                                at /opt/rustwide/workdir/src/models_tests.rs:290:5
[INFO] [stdout]   24:     0x5bedcab98142 - <core[df12db4294e9bfd3]::pin::Pin<&mut dyn core[df12db4294e9bfd3]::future::future::Future<Output = ()>> as core[df12db4294e9bfd3]::future::future::Future>::poll
[INFO] [stdout]                                at /rustc/dfb0accb7f508ae8be965d8629557221c889dd98/library/core/src/future/future.rs:133:9
[INFO] [stdout]   25:     0x5bedcab982bd - <core[df12db4294e9bfd3]::pin::Pin<&mut core[df12db4294e9bfd3]::pin::Pin<&mut dyn core[df12db4294e9bfd3]::future::future::Future<Output = ()>>> as core[df12db4294e9bfd3]::future::future::Future>::poll
[INFO] [stdout]                                at /rustc/dfb0accb7f508ae8be965d8629557221c889dd98/library/core/src/future/future.rs:133:9
[INFO] [stdout]   26:     0x5bedcacc9fbd - <tokio[27b13291dd948630]::runtime::scheduler::current_thread::CoreGuard>::block_on::<core[df12db4294e9bfd3]::pin::Pin<&mut core[df12db4294e9bfd3]::pin::Pin<&mut dyn core[df12db4294e9bfd3]::future::future::Future<Output = ()>>>>::{closure#0}::{closure#0}::{closure#0}
[INFO] [stdout]                                at /opt/rustwide/cargo-home/registry/src/index.crates.io-1949cf8c6b5b557f/tokio-1.49.0/src/runtime/scheduler/current_thread/mod.rs:753:70
[INFO] [stdout]   27:     0x5bedcacc9af5 - tokio[27b13291dd948630]::task::coop::with_budget::<core[df12db4294e9bfd3]::task::poll::Poll<()>, <tokio[27b13291dd948630]::runtime::scheduler::current_thread::CoreGuard>::block_on<core[df12db4294e9bfd3]::pin::Pin<&mut core[df12db4294e9bfd3]::pin::Pin<&mut dyn core[df12db4294e9bfd3]::future::future::Future<Output = ()>>>>::{closure#0}::{closure#0}::{closure#0}>
[INFO] [stdout]                                at /opt/rustwide/cargo-home/registry/src/index.crates.io-1949cf8c6b5b557f/tokio-1.49.0/src/task/coop/mod.rs:167:5
[INFO] [stdout]   28:     0x5bedcacc9af5 - tokio[27b13291dd948630]::task::coop::budget::<core[df12db4294e9bfd3]::task::poll::Poll<()>, <tokio[27b13291dd948630]::runtime::scheduler::current_thread::CoreGuard>::block_on<core[df12db4294e9bfd3]::pin::Pin<&mut core[df12db4294e9bfd3]::pin::Pin<&mut dyn core[df12db4294e9bfd3]::future::future::Future<Output = ()>>>>::{closure#0}::{closure#0}::{closure#0}>
[INFO] [stdout]                                at /opt/rustwide/cargo-home/registry/src/index.crates.io-1949cf8c6b5b557f/tokio-1.49.0/src/task/coop/mod.rs:133:5
[INFO] [stdout]   29:     0x5bedcacc9af5 - <tokio[27b13291dd948630]::runtime::scheduler::current_thread::CoreGuard>::block_on::<core[df12db4294e9bfd3]::pin::Pin<&mut core[df12db4294e9bfd3]::pin::Pin<&mut dyn core[df12db4294e9bfd3]::future::future::Future<Output = ()>>>>::{closure#0}::{closure#0}
[INFO] [stdout]                                at /opt/rustwide/cargo-home/registry/src/index.crates.io-1949cf8c6b5b557f/tokio-1.49.0/src/runtime/scheduler/current_thread/mod.rs:753:25
[INFO] [stdout]   30:     0x5bedcacb3742 - <tokio[27b13291dd948630]::runtime::scheduler::current_thread::Context>::enter::<core[df12db4294e9bfd3]::task::poll::Poll<()>, <tokio[27b13291dd948630]::runtime::scheduler::current_thread::CoreGuard>::block_on<core[df12db4294e9bfd3]::pin::Pin<&mut core[df12db4294e9bfd3]::pin::Pin<&mut dyn core[df12db4294e9bfd3]::future::future::Future<Output = ()>>>>::{closure#0}::{closure#0}>
[INFO] [stdout]                                at /opt/rustwide/cargo-home/registry/src/index.crates.io-1949cf8c6b5b557f/tokio-1.49.0/src/runtime/scheduler/current_thread/mod.rs:442:19
[INFO] [stdout]   31:     0x5bedcacc639d - <tokio[27b13291dd948630]::runtime::scheduler::current_thread::CoreGuard>::block_on::<core[df12db4294e9bfd3]::pin::Pin<&mut core[df12db4294e9bfd3]::pin::Pin<&mut dyn core[df12db4294e9bfd3]::future::future::Future<Output = ()>>>>::{closure#0}
[INFO] [stdout]                                at /opt/rustwide/cargo-home/registry/src/index.crates.io-1949cf8c6b5b557f/tokio-1.49.0/src/runtime/scheduler/current_thread/mod.rs:752:44
[INFO] [stdout]   32:     0x5bedcacc3504 - <tokio[27b13291dd948630]::runtime::scheduler::current_thread::CoreGuard>::enter::<<tokio[27b13291dd948630]::runtime::scheduler::current_thread::CoreGuard>::block_on<core[df12db4294e9bfd3]::pin::Pin<&mut core[df12db4294e9bfd3]::pin::Pin<&mut dyn core[df12db4294e9bfd3]::future::future::Future<Output = ()>>>>::{closure#0}, core[df12db4294e9bfd3]::option::Option<()>>::{closure#0}
[INFO] [stdout]                                at /opt/rustwide/cargo-home/registry/src/index.crates.io-1949cf8c6b5b557f/tokio-1.49.0/src/runtime/scheduler/current_thread/mod.rs:840:68
[INFO] [stdout]   33:     0x5bedcab98e4b - <tokio[27b13291dd948630]::runtime::context::scoped::Scoped<tokio[27b13291dd948630]::runtime::scheduler::Context>>::set::<<tokio[27b13291dd948630]::runtime::scheduler::current_thread::CoreGuard>::enter<<tokio[27b13291dd948630]::runtime::scheduler::current_thread::CoreGuard>::block_on<core[df12db4294e9bfd3]::pin::Pin<&mut core[df12db4294e9bfd3]::pin::Pin<&mut dyn core[df12db4294e9bfd3]::future::future::Future<Output = ()>>>>::{closure#0}, core[df12db4294e9bfd3]::option::Option<()>>::{closure#0}, (alloc[2182bb758b4b3781]::boxed::Box<tokio[27b13291dd948630]::runtime::scheduler::current_thread::Core>, core[df12db4294e9bfd3]::option::Option<()>)>
[INFO] [stdout]                                at /opt/rustwide/cargo-home/registry/src/index.crates.io-1949cf8c6b5b557f/tokio-1.49.0/src/runtime/context/scoped.rs:40:9
[INFO] [stdout]   34:     0x5bedcac8e4c9 - tokio[27b13291dd948630]::runtime::context::set_scheduler::<(alloc[2182bb758b4b3781]::boxed::Box<tokio[27b13291dd948630]::runtime::scheduler::current_thread::Core>, core[df12db4294e9bfd3]::option::Option<()>), <tokio[27b13291dd948630]::runtime::scheduler::current_thread::CoreGuard>::enter<<tokio[27b13291dd948630]::runtime::scheduler::current_thread::CoreGuard>::block_on<core[df12db4294e9bfd3]::pin::Pin<&mut core[df12db4294e9bfd3]::pin::Pin<&mut dyn core[df12db4294e9bfd3]::future::future::Future<Output = ()>>>>::{closure#0}, core[df12db4294e9bfd3]::option::Option<()>>::{closure#0}>::{closure#0}
[INFO] [stdout]                                at /opt/rustwide/cargo-home/registry/src/index.crates.io-1949cf8c6b5b557f/tokio-1.49.0/src/runtime/context.rs:176:38
[INFO] [stdout]   35:     0x5bedcabe6c8f - <std[70759c8f55707aa4]::thread::local::LocalKey<tokio[27b13291dd948630]::runtime::context::Context>>::try_with::<tokio[27b13291dd948630]::runtime::context::set_scheduler<(alloc[2182bb758b4b3781]::boxed::Box<tokio[27b13291dd948630]::runtime::scheduler::current_thread::Core>, core[df12db4294e9bfd3]::option::Option<()>), <tokio[27b13291dd948630]::runtime::scheduler::current_thread::CoreGuard>::enter<<tokio[27b13291dd948630]::runtime::scheduler::current_thread::CoreGuard>::block_on<core[df12db4294e9bfd3]::pin::Pin<&mut core[df12db4294e9bfd3]::pin::Pin<&mut dyn core[df12db4294e9bfd3]::future::future::Future<Output = ()>>>>::{closure#0}, core[df12db4294e9bfd3]::option::Option<()>>::{closure#0}>::{closure#0}, (alloc[2182bb758b4b3781]::boxed::Box<tokio[27b13291dd948630]::runtime::scheduler::current_thread::Core>, core[df12db4294e9bfd3]::option::Option<()>)>
[INFO] [stdout]                                at /rustc/dfb0accb7f508ae8be965d8629557221c889dd98/library/std/src/thread/local.rs:463:12
[INFO] [stdout]   36:     0x5bedcabe59ce - <std[70759c8f55707aa4]::thread::local::LocalKey<tokio[27b13291dd948630]::runtime::context::Context>>::with::<tokio[27b13291dd948630]::runtime::context::set_scheduler<(alloc[2182bb758b4b3781]::boxed::Box<tokio[27b13291dd948630]::runtime::scheduler::current_thread::Core>, core[df12db4294e9bfd3]::option::Option<()>), <tokio[27b13291dd948630]::runtime::scheduler::current_thread::CoreGuard>::enter<<tokio[27b13291dd948630]::runtime::scheduler::current_thread::CoreGuard>::block_on<core[df12db4294e9bfd3]::pin::Pin<&mut core[df12db4294e9bfd3]::pin::Pin<&mut dyn core[df12db4294e9bfd3]::future::future::Future<Output = ()>>>>::{closure#0}, core[df12db4294e9bfd3]::option::Option<()>>::{closure#0}>::{closure#0}, (alloc[2182bb758b4b3781]::boxed::Box<tokio[27b13291dd948630]::runtime::scheduler::current_thread::Core>, core[df12db4294e9bfd3]::option::Option<()>)>
[INFO] [stdout]                                at /rustc/dfb0accb7f508ae8be965d8629557221c889dd98/library/std/src/thread/local.rs:427:20
[INFO] [stdout]   37:     0x5bedcac74e4d - tokio[27b13291dd948630]::runtime::context::set_scheduler::<(alloc[2182bb758b4b3781]::boxed::Box<tokio[27b13291dd948630]::runtime::scheduler::current_thread::Core>, core[df12db4294e9bfd3]::option::Option<()>), <tokio[27b13291dd948630]::runtime::scheduler::current_thread::CoreGuard>::enter<<tokio[27b13291dd948630]::runtime::scheduler::current_thread::CoreGuard>::block_on<core[df12db4294e9bfd3]::pin::Pin<&mut core[df12db4294e9bfd3]::pin::Pin<&mut dyn core[df12db4294e9bfd3]::future::future::Future<Output = ()>>>>::{closure#0}, core[df12db4294e9bfd3]::option::Option<()>>::{closure#0}>
[INFO] [stdout]                                at /opt/rustwide/cargo-home/registry/src/index.crates.io-1949cf8c6b5b557f/tokio-1.49.0/src/runtime/context.rs:176:17
[INFO] [stdout]   38:     0x5bedcacbaf20 - <tokio[27b13291dd948630]::runtime::scheduler::current_thread::CoreGuard>::enter::<<tokio[27b13291dd948630]::runtime::scheduler::current_thread::CoreGuard>::block_on<core[df12db4294e9bfd3]::pin::Pin<&mut core[df12db4294e9bfd3]::pin::Pin<&mut dyn core[df12db4294e9bfd3]::future::future::Future<Output = ()>>>>::{closure#0}, core[df12db4294e9bfd3]::option::Option<()>>
[INFO] [stdout]                                at /opt/rustwide/cargo-home/registry/src/index.crates.io-1949cf8c6b5b557f/tokio-1.49.0/src/runtime/scheduler/current_thread/mod.rs:840:27
[INFO] [stdout]   39:     0x5bedcacbc136 - <tokio[27b13291dd948630]::runtime::scheduler::current_thread::CoreGuard>::block_on::<core[df12db4294e9bfd3]::pin::Pin<&mut core[df12db4294e9bfd3]::pin::Pin<&mut dyn core[df12db4294e9bfd3]::future::future::Future<Output = ()>>>>
[INFO] [stdout]                                at /opt/rustwide/cargo-home/registry/src/index.crates.io-1949cf8c6b5b557f/tokio-1.49.0/src/runtime/scheduler/current_thread/mod.rs:740:24
[INFO] [stdout]   40:     0x5bedcacc1830 - <tokio[27b13291dd948630]::runtime::scheduler::current_thread::CurrentThread>::block_on::<core[df12db4294e9bfd3]::pin::Pin<&mut dyn core[df12db4294e9bfd3]::future::future::Future<Output = ()>>>::{closure#0}
[INFO] [stdout]                                at /opt/rustwide/cargo-home/registry/src/index.crates.io-1949cf8c6b5b557f/tokio-1.49.0/src/runtime/scheduler/current_thread/mod.rs:200:33
[INFO] [stdout]   41:     0x5bedcaae4288 - tokio[27b13291dd948630]::runtime::context::runtime::enter_runtime::<<tokio[27b13291dd948630]::runtime::scheduler::current_thread::CurrentThread>::block_on<core[df12db4294e9bfd3]::pin::Pin<&mut dyn core[df12db4294e9bfd3]::future::future::Future<Output = ()>>>::{closure#0}, ()>
[INFO] [stdout]                                at /opt/rustwide/cargo-home/registry/src/index.crates.io-1949cf8c6b5b557f/tokio-1.49.0/src/runtime/context/runtime.rs:65:16
[INFO] [stdout]   42:     0x5bedcacafd44 - <tokio[27b13291dd948630]::runtime::scheduler::current_thread::CurrentThread>::block_on::<core[df12db4294e9bfd3]::pin::Pin<&mut dyn core[df12db4294e9bfd3]::future::future::Future<Output = ()>>>
[INFO] [stdout]                                at /opt/rustwide/cargo-home/registry/src/index.crates.io-1949cf8c6b5b557f/tokio-1.49.0/src/runtime/scheduler/current_thread/mod.rs:188:9
[INFO] [stdout]   43:     0x5bedcabc0f4f - <tokio[27b13291dd948630]::runtime::runtime::Runtime>::block_on_inner::<core[df12db4294e9bfd3]::pin::Pin<&mut dyn core[df12db4294e9bfd3]::future::future::Future<Output = ()>>>
[INFO] [stdout]                                at /opt/rustwide/cargo-home/registry/src/index.crates.io-1949cf8c6b5b557f/tokio-1.49.0/src/runtime/runtime.rs:368:52
[INFO] [stdout]   44:     0x5bedcabc159b - <tokio[27b13291dd948630]::runtime::runtime::Runtime>::block_on::<core[df12db4294e9bfd3]::pin::Pin<&mut dyn core[df12db4294e9bfd3]::future::future::Future<Output = ()>>>
[INFO] [stdout]                                at /opt/rustwide/cargo-home/registry/src/index.crates.io-1949cf8c6b5b557f/tokio-1.49.0/src/runtime/runtime.rs:342:18
[INFO] [stdout]   45:     0x5bedcacf3be3 - vw_provider_resolver[227b900399218696]::models::models_tests::get_loads_and_stores_data_when_process_cache_is_empty
[INFO] [stdout]                                at /opt/rustwide/workdir/src/models_tests.rs:297:20
[INFO] [stdout]   46:     0x5bedcacee0a7 - vw_provider_resolver[227b900399218696]::models::models_tests::get_loads_and_stores_data_when_process_cache_is_empty::{closure#0}
[INFO] [stdout]                                at /opt/rustwide/workdir/src/models_tests.rs:279:65
[INFO] [stdout]   47:     0x5bedcac706a6 - <vw_provider_resolver[227b900399218696]::models::models_tests::get_loads_and_stores_data_when_process_cache_is_empty::{closure#0} as core[df12db4294e9bfd3]::ops::function::FnOnce<()>>::call_once
[INFO] [stdout]                                at /rustc/dfb0accb7f508ae8be965d8629557221c889dd98/library/core/src/ops/function.rs:250:5
[INFO] [stdout]   48:     0x5bedcacf87eb - <fn() -> core[df12db4294e9bfd3]::result::Result<(), alloc[2182bb758b4b3781]::string::String> as core[df12db4294e9bfd3]::ops::function::FnOnce<()>>::call_once
[INFO] [stdout]                                at /rustc/dfb0accb7f508ae8be965d8629557221c889dd98/library/core/src/ops/function.rs:250:5
[INFO] [stdout]   49:     0x5bedcacf87eb - test[9d35eded1c95d3be]::__rust_begin_short_backtrace::<core[df12db4294e9bfd3]::result::Result<(), alloc[2182bb758b4b3781]::string::String>, fn() -> core[df12db4294e9bfd3]::result::Result<(), alloc[2182bb758b4b3781]::string::String>>
[INFO] [stdout]                                at /rustc/dfb0accb7f508ae8be965d8629557221c889dd98/library/test/src/lib.rs:733:18
[INFO] [stdout]   50:     0x5bedcad05e55 - test[9d35eded1c95d3be]::run_test_in_process::{closure#0}
[INFO] [stdout]                                at /rustc/dfb0accb7f508ae8be965d8629557221c889dd98/library/test/src/lib.rs:756:74
[INFO] [stdout]   51:     0x5bedcad05e55 - <core[df12db4294e9bfd3]::panic::unwind_safe::AssertUnwindSafe<test[9d35eded1c95d3be]::run_test_in_process::{closure#0}> as core[df12db4294e9bfd3]::ops::function::FnOnce<()>>::call_once
[INFO] [stdout]                                at /rustc/dfb0accb7f508ae8be965d8629557221c889dd98/library/core/src/panic/unwind_safe.rs:275:9
[INFO] [stdout]   52:     0x5bedcad05e55 - std[70759c8f55707aa4]::panicking::catch_unwind::do_call::<core[df12db4294e9bfd3]::panic::unwind_safe::AssertUnwindSafe<test[9d35eded1c95d3be]::run_test_in_process::{closure#0}>, core[df12db4294e9bfd3]::result::Result<(), alloc[2182bb758b4b3781]::string::String>>
[INFO] [stdout]                                at /rustc/dfb0accb7f508ae8be965d8629557221c889dd98/library/std/src/panicking.rs:576:43
[INFO] [stdout]   53:     0x5bedcad05e55 - std[70759c8f55707aa4]::panicking::catch_unwind::<core[df12db4294e9bfd3]::result::Result<(), alloc[2182bb758b4b3781]::string::String>, core[df12db4294e9bfd3]::panic::unwind_safe::AssertUnwindSafe<test[9d35eded1c95d3be]::run_test_in_process::{closure#0}>>
[INFO] [stdout]                                at /rustc/dfb0accb7f508ae8be965d8629557221c889dd98/library/std/src/panicking.rs:544:19
[INFO] [stdout]   54:     0x5bedcad05e55 - std[70759c8f55707aa4]::panic::catch_unwind::<core[df12db4294e9bfd3]::panic::unwind_safe::AssertUnwindSafe<test[9d35eded1c95d3be]::run_test_in_process::{closure#0}>, core[df12db4294e9bfd3]::result::Result<(), alloc[2182bb758b4b3781]::string::String>>
[INFO] [stdout]                                at /rustc/dfb0accb7f508ae8be965d8629557221c889dd98/library/std/src/panic.rs:359:14
[INFO] [stdout]   55:     0x5bedcad05e55 - test[9d35eded1c95d3be]::run_test_in_process
[INFO] [stdout]                                at /rustc/dfb0accb7f508ae8be965d8629557221c889dd98/library/test/src/lib.rs:756:27
[INFO] [stdout]   56:     0x5bedcad05e55 - test[9d35eded1c95d3be]::run_test::{closure#0}
[INFO] [stdout]                                at /rustc/dfb0accb7f508ae8be965d8629557221c889dd98/library/test/src/lib.rs:677:43
[INFO] [stdout]   57:     0x5bedcacff714 - test[9d35eded1c95d3be]::run_test::{closure#1}
[INFO] [stdout]                                at /rustc/dfb0accb7f508ae8be965d8629557221c889dd98/library/test/src/lib.rs:707:41
[INFO] [stdout]   58:     0x5bedcacff714 - std[70759c8f55707aa4]::sys::backtrace::__rust_begin_short_backtrace::<test[9d35eded1c95d3be]::run_test::{closure#1}, ()>
[INFO] [stdout]                                at /rustc/dfb0accb7f508ae8be965d8629557221c889dd98/library/std/src/sys/backtrace.rs:166:18
[INFO] [stdout]   59:     0x5bedcad08fb2 - std[70759c8f55707aa4]::thread::lifecycle::spawn_unchecked::<test[9d35eded1c95d3be]::run_test::{closure#1}, ()>::{closure#1}::{closure#0}
[INFO] [stdout]                                at /rustc/dfb0accb7f508ae8be965d8629557221c889dd98/library/std/src/thread/lifecycle.rs:70:13
[INFO] [stdout]   60:     0x5bedcad08fb2 - <core[df12db4294e9bfd3]::panic::unwind_safe::AssertUnwindSafe<std[70759c8f55707aa4]::thread::lifecycle::spawn_unchecked<test[9d35eded1c95d3be]::run_test::{closure#1}, ()>::{closure#1}::{closure#0}> as core[df12db4294e9bfd3]::ops::function::FnOnce<()>>::call_once
[INFO] [stdout]                                at /rustc/dfb0accb7f508ae8be965d8629557221c889dd98/library/core/src/panic/unwind_safe.rs:275:9
[INFO] [stdout]   61:     0x5bedcad08fb2 - std[70759c8f55707aa4]::panicking::catch_unwind::do_call::<core[df12db4294e9bfd3]::panic::unwind_safe::AssertUnwindSafe<std[70759c8f55707aa4]::thread::lifecycle::spawn_unchecked<test[9d35eded1c95d3be]::run_test::{closure#1}, ()>::{closure#1}::{closure#0}>, ()>
[INFO] [stdout]                                at /rustc/dfb0accb7f508ae8be965d8629557221c889dd98/library/std/src/panicking.rs:576:43
[INFO] [stdout]   62:     0x5bedcad08fb2 - std[70759c8f55707aa4]::panicking::catch_unwind::<(), core[df12db4294e9bfd3]::panic::unwind_safe::AssertUnwindSafe<std[70759c8f55707aa4]::thread::lifecycle::spawn_unchecked<test[9d35eded1c95d3be]::run_test::{closure#1}, ()>::{closure#1}::{closure#0}>>
[INFO] [stdout]                                at /rustc/dfb0accb7f508ae8be965d8629557221c889dd98/library/std/src/panicking.rs:544:19
[INFO] [stdout]   63:     0x5bedcad08fb2 - std[70759c8f55707aa4]::panic::catch_unwind::<core[df12db4294e9bfd3]::panic::unwind_safe::AssertUnwindSafe<std[70759c8f55707aa4]::thread::lifecycle::spawn_unchecked<test[9d35eded1c95d3be]::run_test::{closure#1}, ()>::{closure#1}::{closure#0}>, ()>
[INFO] [stdout]                                at /rustc/dfb0accb7f508ae8be965d8629557221c889dd98/library/std/src/panic.rs:359:14
[INFO] [stdout]   64:     0x5bedcad08fb2 - std[70759c8f55707aa4]::thread::lifecycle::spawn_unchecked::<test[9d35eded1c95d3be]::run_test::{closure#1}, ()>::{closure#1}
[INFO] [stdout]                                at /rustc/dfb0accb7f508ae8be965d8629557221c889dd98/library/std/src/thread/lifecycle.rs:68:26
[INFO] [stdout]   65:     0x5bedcad08fb2 - <std[70759c8f55707aa4]::thread::lifecycle::spawn_unchecked<test[9d35eded1c95d3be]::run_test::{closure#1}, ()>::{closure#1} as core[df12db4294e9bfd3]::ops::function::FnOnce<()>>::call_once::{shim:vtable#0}
[INFO] [stdout]                                at /rustc/dfb0accb7f508ae8be965d8629557221c889dd98/library/core/src/ops/function.rs:250:5
[INFO] [stdout]   66:     0x5bedcb2b2359 - <alloc[2182bb758b4b3781]::boxed::Box<dyn core[df12db4294e9bfd3]::ops::function::FnOnce<(), Output = ()> + core[df12db4294e9bfd3]::marker::Send> as core[df12db4294e9bfd3]::ops::function::FnOnce<()>>::call_once
[INFO] [stdout]                                at /rustc/dfb0accb7f508ae8be965d8629557221c889dd98/library/alloc/src/boxed.rs:2320:9
[INFO] [stdout]   67:     0x5bedcb2b2359 - <std[70759c8f55707aa4]::sys::thread::unix::Thread>::new::thread_start
[INFO] [stdout]                                at /rustc/dfb0accb7f508ae8be965d8629557221c889dd98/library/std/src/sys/thread/unix.rs:123:17
[INFO] [stdout]   68:     0x7bcab29e7dfa - <unknown>
[INFO] [stdout]   69:     0x7bcab2a7b3d4 - clone
[INFO] [stdout]   70:                0x0 - <unknown>
[INFO] [stdout] 
[INFO] [stdout] 
[INFO] [stdout] failures:
[INFO] [stdout]     models::models_tests::get_loads_and_stores_data_when_process_cache_is_empty
[INFO] [stdout]     models::models_tests::load_reads_non_empty_cache_before_bundled_fallback
[INFO] [stdout] 
[INFO] [stdout] test result: FAILED. 91 passed; 2 failed; 0 ignored; 0 measured; 0 filtered out; finished in 1.30s
[INFO] [stdout] 
[INFO] [stderr] error: test failed, to rerun pass `--lib`
[INFO] running `Command { std: "docker" "inspect" "5837313b3ec4a214fff9b1789404d1652bfb50b9b91492cc60da4de6511a5a2c", kill_on_drop: false }`
[INFO] running `Command { std: "docker" "rm" "-f" "5837313b3ec4a214fff9b1789404d1652bfb50b9b91492cc60da4de6511a5a2c", kill_on_drop: false }`
[INFO] [stdout] 5837313b3ec4a214fff9b1789404d1652bfb50b9b91492cc60da4de6511a5a2c
