[INFO] fetching crate txdecode 0.1.0...
[INFO] testing txdecode-0.1.0 against 1.99.0-beta.8 for beta-1.100-3
[INFO] extracting crate txdecode 0.1.0 into /workspace/builds/worker-2-tc1/source
[INFO] started tweaking crates.io crate txdecode 0.1.0
[INFO] finished tweaking crates.io crate txdecode 0.1.0
[INFO] tweaked toml for crates.io crate txdecode 0.1.0 written to /workspace/builds/worker-2-tc1/source/Cargo.toml
[INFO] validating manifest of crates.io crate txdecode 0.1.0 on toolchain 1.99.0-beta.8
[INFO] running `Command { std: CARGO_HOME="/workspace/cargo-home" RUSTUP_HOME="/workspace/rustup-home" "/workspace/cargo-home/bin/cargo" "+1.99.0-beta.8" "metadata" "--manifest-path" "Cargo.toml" "--no-deps", kill_on_drop: false }`
[INFO] crate crates.io crate txdecode 0.1.0 already has a lockfile, it will not be regenerated
[INFO] running `Command { std: CARGO_HOME="/workspace/cargo-home" RUSTUP_HOME="/workspace/rustup-home" "/workspace/cargo-home/bin/cargo" "+1.99.0-beta.8" "fetch" "--manifest-path" "Cargo.toml", kill_on_drop: false }`
[INFO] [stderr]     Updating crates.io index
[INFO] [stderr]  Downloading crates ...
[INFO] [stderr]   Downloaded tokio-macros v2.6.0
[INFO] [stderr]   Downloaded socket2 v0.6.1
[INFO] [stderr]   Downloaded wasm-bindgen-macro v0.2.105
[INFO] [stderr]   Downloaded idna_adapter v1.2.1
[INFO] [stderr]   Downloaded wasm-bindgen-shared v0.2.105
[INFO] [stderr]   Downloaded zerofrom-derive v0.1.6
[INFO] [stderr]   Downloaded yoke-derive v0.8.1
[INFO] [stderr]   Downloaded zerofrom v0.1.6
[INFO] [stderr]   Downloaded http-body v1.0.1
[INFO] [stderr]   Downloaded security-framework-sys v2.15.0
[INFO] [stderr]   Downloaded windows-registry v0.6.1
[INFO] [stderr]   Downloaded color-spantrace v0.3.0
[INFO] [stderr]   Downloaded zerovec-derive v0.11.2
[INFO] [stderr]   Downloaded potential_utf v0.1.4
[INFO] [stderr]   Downloaded rustc-hash v2.1.1
[INFO] [stderr]   Downloaded indenter v0.3.4
[INFO] [stderr]   Downloaded signal-hook-registry v1.4.6
[INFO] [stderr]   Downloaded wasm-bindgen-futures v0.4.55
[INFO] [stderr]   Downloaded native-tls v0.2.14
[INFO] [stderr]   Downloaded system-configuration v0.6.1
[INFO] [stderr]   Downloaded system-configuration-sys v0.6.0
[INFO] [stderr]   Downloaded hyper-tls v0.6.0
[INFO] [stderr]   Downloaded http-body-util v0.1.3
[INFO] [stderr]   Downloaded thread_local v1.1.9
[INFO] [stderr]   Downloaded clap_lex v0.7.6
[INFO] [stderr]   Downloaded yoke v0.8.1
[INFO] [stderr]   Downloaded writeable v0.6.2
[INFO] [stderr]   Downloaded slab v0.4.11
[INFO] [stderr]   Downloaded hyper-rustls v0.27.7
[INFO] [stderr]   Downloaded doctest-file v1.0.0
[INFO] [stderr]   Downloaded clap v4.5.52
[INFO] [stderr]   Downloaded clap_derive v4.5.49
[INFO] [stderr]   Downloaded gimli v0.32.3
[INFO] [stderr]   Downloaded clap_builder v4.5.52
[INFO] [stderr]   Downloaded anstream v0.6.21
[INFO] [stderr]   Downloaded colorchoice v1.0.4
[INFO] [stderr]   Downloaded rlp v0.5.2
[INFO] [stderr]   Downloaded toml_parser v1.0.4
[INFO] [stderr]   Downloaded educe v0.6.0
[INFO] [stderr]   Downloaded ark-ff v0.4.2
[INFO] [stderr]   Downloaded primitive-types v0.12.2
[INFO] [stderr]   Downloaded impl-codec v0.6.0
[INFO] [stderr]   Downloaded const_format_proc_macros v0.2.34
[INFO] [stderr]   Downloaded fastrlp v0.4.0
[INFO] [stderr]   Downloaded fastrlp v0.3.1
[INFO] [stderr]   Downloaded tinystr v0.8.2
[INFO] [stderr]   Downloaded tracing-attributes v0.1.30
[INFO] [stderr]   Downloaded rand_core v0.9.3
[INFO] [stderr]   Downloaded eyre v0.6.12
[INFO] [stderr]   Downloaded tracing-error v0.2.1
[INFO] [stderr]   Downloaded rustc-demangle v0.1.26
[INFO] [stderr]   Downloaded addr2line v0.25.1
[INFO] [stderr]   Downloaded parity-scale-codec-derive v3.7.5
[INFO] [stderr]   Downloaded ark-std v0.5.0
[INFO] [stderr]   Downloaded ark-ff-macros v0.4.2
[INFO] [stderr]   Downloaded der v0.7.10
[INFO] [stderr]   Downloaded nybbles v0.4.6
[INFO] [stderr]   Downloaded darling_macro v0.21.3
[INFO] [stderr]   Downloaded rustls-pki-types v1.13.0
[INFO] [stderr]   Downloaded wasm-bindgen v0.2.105
[INFO] [stderr]   Downloaded wasm-bindgen-macro-support v0.2.105
[INFO] [stderr]   Downloaded icu_properties v2.1.1
[INFO] [stderr]   Downloaded zerotrie v0.2.3
[INFO] [stderr]   Downloaded litemap v0.8.1
[INFO] [stderr]   Downloaded icu_normalizer_data v2.1.1
[INFO] [stderr]   Downloaded tokio-rustls v0.26.4
[INFO] [stderr]   Downloaded getrandom v0.2.16
[INFO] [stderr]   Downloaded find-msvc-tools v0.1.5
[INFO] [stderr]   Downloaded tempfile v3.23.0
[INFO] [stderr]   Downloaded wit-bindgen v0.46.0
[INFO] [stderr]   Downloaded schannel v0.1.28
[INFO] [stderr]   Downloaded log v0.4.28
[INFO] [stderr]   Downloaded tracing-core v0.1.34
[INFO] [stderr]   Downloaded quinn-udp v0.5.14
[INFO] [stderr]   Downloaded tinyvec v1.10.0
[INFO] [stderr]   Downloaded comfy-table v7.2.1
[INFO] [stderr]   Downloaded owo-colors v4.2.3
[INFO] [stderr]   Downloaded anstyle-parse v0.2.7
[INFO] [stderr]   Downloaded alloy-sol-type-parser v1.4.1
[INFO] [stderr]   Downloaded alloy-primitives v1.4.1
[INFO] [stderr]   Downloaded ruint v1.17.0
[INFO] [stderr]   Downloaded ruint-macro v1.2.1
[INFO] [stderr]   Downloaded rustc-hex v2.1.0
[INFO] [stderr]   Downloaded parity-scale-codec v3.7.5
[INFO] [stderr]   Downloaded toml_edit v0.23.7
[INFO] [stderr]   Downloaded fixed-hash v0.8.0
[INFO] [stderr]   Downloaded ark-ff-asm v0.4.2
[INFO] [stderr]   Downloaded rustc_version v0.3.3
[INFO] [stderr]   Downloaded semver-parser v0.10.3
[INFO] [stderr]   Downloaded ark-std v0.3.0
[INFO] [stderr]   Downloaded ark-serialize v0.3.0
[INFO] [stderr]   Downloaded ark-ff-asm v0.3.0
[INFO] [stderr]   Downloaded alloy-rlp v0.3.12
[INFO] [stderr]   Downloaded keccak-asm v0.1.4
[INFO] [stderr]   Downloaded serdect v0.2.0
[INFO] [stderr]   Downloaded send_wrapper v0.6.0
[INFO] [stderr]   Downloaded futures-utils-wasm v0.1.0
[INFO] [stderr]   Downloaded alloy-sol-macro-input v1.4.1
[INFO] [stderr]   Downloaded dunce v1.0.5
[INFO] [stderr]   Downloaded alloy-pubsub v1.1.1
[INFO] [stderr]   Downloaded pin-project-internal v1.1.10
[INFO] [stderr]   Downloaded alloy-transport-http v1.1.1
[INFO] [stderr]   Downloaded darling v0.21.3
[INFO] [stderr]   Downloaded mio v1.1.0
[INFO] [stderr]   Downloaded bytes v1.11.0
[INFO] [stderr]   Downloaded bumpalo v3.19.0
[INFO] [stderr]   Downloaded js-sys v0.3.82
[INFO] [stderr]   Downloaded url v2.5.7
[INFO] [stderr]   Downloaded icu_provider v2.1.1
[INFO] [stderr]   Downloaded icu_locale_core v2.1.1
[INFO] [stderr]   Downloaded icu_collections v2.1.1
[INFO] [stderr]   Downloaded icu_normalizer v2.1.1
[INFO] [stderr]   Downloaded rustls-webpki v0.103.8
[INFO] [stderr]   Downloaded cc v1.2.46
[INFO] [stderr]   Downloaded openssl-sys v0.9.111
[INFO] [stderr]   Downloaded quinn v0.11.9
[INFO] [stderr]   Downloaded zerocopy-derive v0.8.27
[INFO] [stderr]   Downloaded indexmap v2.12.0
[INFO] [stderr]   Downloaded backtrace v0.3.76
[INFO] [stderr]   Downloaded alloy-json-abi v1.4.1
[INFO] [stderr]   Downloaded proc-macro-crate v3.4.0
[INFO] [stderr]   Downloaded impl-trait-for-tuples v0.2.3
[INFO] [stderr]   Downloaded byte-slice-cast v1.2.3
[INFO] [stderr]   Downloaded auto_impl v1.3.0
[INFO] [stderr]   Downloaded enum-ordinalize v4.3.2
[INFO] [stderr]   Downloaded enum-ordinalize-derive v4.3.2
[INFO] [stderr]   Downloaded ark-serialize v0.5.0
[INFO] [stderr]   Downloaded ark-ff-macros v0.5.0
[INFO] [stderr]   Downloaded ark-ff-asm v0.5.0
[INFO] [stderr]   Downloaded ark-serialize v0.4.2
[INFO] [stderr]   Downloaded semver v0.11.0
[INFO] [stderr]   Downloaded ucd-trie v0.1.7
[INFO] [stderr]   Downloaded ark-ff-macros v0.3.0
[INFO] [stderr]   Downloaded alloy-rlp-derive v0.3.12
[INFO] [stderr]   Downloaded base64ct v1.8.0
[INFO] [stderr]   Downloaded ff v0.13.1
[INFO] [stderr]   Downloaded alloy v1.1.1
[INFO] [stderr]   Downloaded alloy-transport-ws v1.1.1
[INFO] [stderr]   Downloaded ws_stream_wasm v0.7.5
[INFO] [stderr]   Downloaded pharos v0.5.3
[INFO] [stderr]   Downloaded async_io_stream v0.3.3
[INFO] [stderr]   Downloaded tokio-tungstenite v0.26.2
[INFO] [stderr]   Downloaded alloy-transport v1.1.1
[INFO] [stderr]   Downloaded alloy-json-rpc v1.1.1
[INFO] [stderr]   Downloaded macro-string v0.1.4
[INFO] [stderr]   Downloaded tokio-stream v0.1.17
[INFO] [stderr]   Downloaded alloy-transport-ipc v1.1.1
[INFO] [stderr]   Downloaded recvmsg v1.0.0
[INFO] [stderr]   Downloaded async-trait v0.1.89
[INFO] [stderr]   Downloaded darling_core v0.21.3
[INFO] [stderr]   Downloaded zerovec v0.11.5
[INFO] [stderr]   Downloaded tower-http v0.6.6
[INFO] [stderr]   Downloaded tower v0.5.2
[INFO] [stderr]   Downloaded iri-string v0.7.9
[INFO] [stderr]   Downloaded http v1.3.1
[INFO] [stderr]   Downloaded rand v0.9.2
[INFO] [stderr]   Downloaded hyper-util v0.1.18
[INFO] [stderr]   Downloaded tokio-util v0.7.17
[INFO] [stderr]   Downloaded crossterm v0.29.0
[INFO] [stderr]   Downloaded toml_datetime v0.7.3
[INFO] [stderr]   Downloaded const_format v0.2.35
[INFO] [stderr]   Downloaded ark-ff v0.5.0
[INFO] [stderr]   Downloaded ark-std v0.4.0
[INFO] [stderr]   Downloaded ark-ff v0.3.0
[INFO] [stderr]   Downloaded derive_more-impl v2.0.1
[INFO] [stderr]   Downloaded const-hex v1.17.0
[INFO] [stderr]   Downloaded alloy-trie v0.9.1
[INFO] [stderr]   Downloaded tungstenite v0.26.2
[INFO] [stderr]   Downloaded data-encoding v2.9.0
[INFO] [stderr]   Downloaded wasmtimer v0.4.3
[INFO] [stderr]   Downloaded alloy-sol-types v1.4.1
[INFO] [stderr]   Downloaded alloy-sol-macro v1.4.1
[INFO] [stderr]   Downloaded alloy-sol-macro-expander v1.4.1
[INFO] [stderr]   Downloaded bimap v0.6.3
[INFO] [stderr]   Downloaded pin-project v1.1.10
[INFO] [stderr]   Downloaded alloy-signer v1.1.1
[INFO] [stderr]   Downloaded time-core v0.1.6
[INFO] [stderr]   Downloaded num_cpus v1.17.0
[INFO] [stderr]   Downloaded crc v3.3.0
[INFO] [stderr]   Downloaded crc-catalog v2.4.0
[INFO] [stderr]   Downloaded alloy-tx-macros v1.1.1
[INFO] [stderr]   Downloaded alloy-rpc-types-any v1.1.1
[INFO] [stderr]   Downloaded strum v0.27.2
[INFO] [stderr]   Downloaded serde_json v1.0.145
[INFO] [stderr]   Downloaded reqwest v0.12.24
[INFO] [stderr]   Downloaded icu_properties_data v2.1.1
[INFO] [stderr]   Downloaded wasip2 v1.0.1+wasi-0.2.4
[INFO] [stderr]   Downloaded hyper v1.8.1
[INFO] [stderr]   Downloaded hashbrown v0.16.0
[INFO] [stderr]   Downloaded libm v0.2.15
[INFO] [stderr]   Downloaded pest v2.8.3
[INFO] [stderr]   Downloaded derive_more v2.0.1
[INFO] [stderr]   Downloaded syn-solidity v1.4.1
[INFO] [stderr]   Downloaded interprocess v2.2.3
[INFO] [stderr]   Downloaded widestring v1.2.1
[INFO] [stderr]   Downloaded alloy-serde v1.1.1
[INFO] [stderr]   Downloaded time v0.3.44
[INFO] [stderr]   Downloaded time-macros v0.2.24
[INFO] [stderr]   Downloaded deranged v0.5.5
[INFO] [stderr]   Downloaded schemars v1.1.0
[INFO] [stderr]   Downloaded alloy-rpc-types v1.1.1
[INFO] [stderr]   Downloaded alloy-rpc-types-txpool v1.1.1
[INFO] [stderr]   Downloaded strum_macros v0.27.2
[INFO] [stderr]   Downloaded h2 v0.4.12
[INFO] [stderr]   Downloaded winnow v0.7.13
[INFO] [stderr]   Downloaded proptest v1.9.0
[INFO] [stderr]   Downloaded regex-syntax v0.8.8
[INFO] [stderr]   Downloaded alloy-signer-local v1.1.1
[INFO] [stderr]   Downloaded alloy-network v1.1.1
[INFO] [stderr]   Downloaded serde_with_macros v3.16.0
[INFO] [stderr]   Downloaded alloy-consensus-any v1.1.1
[INFO] [stderr]   Downloaded alloy-rpc-types-engine v1.1.1
[INFO] [stderr]   Downloaded alloy-rpc-types-debug v1.1.1
[INFO] [stderr]   Downloaded tracing-subscriber v0.3.20
[INFO] [stderr]   Downloaded sha3-asm v0.1.4
[INFO] [stderr]   Downloaded serde_with v3.16.0
[INFO] [stderr]   Downloaded ref-cast v1.0.25
[INFO] [stderr]   Downloaded ref-cast-impl v1.0.25
[INFO] [stderr]   Downloaded dyn-clone v1.0.20
[INFO] [stderr]   Downloaded borsh-derive v1.5.7
[INFO] [stderr]   Downloaded alloy-eip7702 v0.6.3
[INFO] [stderr]   Downloaded alloy-eip2124 v0.2.0
[INFO] [stderr]   Downloaded secp256k1 v0.30.0
[INFO] [stderr]   Downloaded alloy-rpc-types-trace v1.1.1
[INFO] [stderr]   Downloaded syn v2.0.110
[INFO] [stderr]   Downloaded webpki-roots v1.0.4
[INFO] [stderr]   Downloaded quinn-proto v0.11.13
[INFO] [stderr]   Downloaded zerocopy v0.8.27
[INFO] [stderr]   Downloaded alloy-rpc-types-eth v1.1.1
[INFO] [stderr]   Downloaded schemars v0.9.0
[INFO] [stderr]   Downloaded alloy-eip2930 v0.2.3
[INFO] [stderr]   Downloaded alloy-consensus v1.1.1
[INFO] [stderr]   Downloaded alloy-rpc-types-anvil v1.1.1
[INFO] [stderr]   Downloaded openssl v0.10.75
[INFO] [stderr]   Downloaded object v0.37.3
[INFO] [stderr]   Downloaded chrono v0.4.42
[INFO] [stderr]   Downloaded alloy-rpc-client v1.1.1
[INFO] [stderr]   Downloaded lru v0.13.0
[INFO] [stderr]   Downloaded dashmap v6.1.0
[INFO] [stderr]   Downloaded async-stream v0.3.6
[INFO] [stderr]   Downloaded rustls v0.23.35
[INFO] [stderr]   Downloaded blst v0.3.16
[INFO] [stderr]   Downloaded async-stream-impl v0.3.6
[INFO] [stderr]   Downloaded rustix v1.1.2
[INFO] [stderr]   Downloaded alloy-chains v0.2.20
[INFO] [stderr]   Downloaded web-sys v0.3.82
[INFO] [stderr]   Downloaded color-eyre v0.6.5
[INFO] [stderr]   Downloaded tokio v1.48.0
[INFO] [stderr]   Downloaded libc v0.2.177
[INFO] [stderr]   Downloaded hermit-abi v0.5.2
[INFO] [stderr]   Downloaded iana-time-zone v0.1.64
[INFO] [stderr]   Downloaded itertools v0.14.0
[INFO] [stderr]   Downloaded borsh v1.5.7
[INFO] [stderr]   Downloaded alloy-network-primitives v1.1.1
[INFO] [stderr]   Downloaded alloy-provider v1.1.1
[INFO] [stderr]   Downloaded alloy-eips v1.1.1
[INFO] [stderr]   Downloaded alloy-core v1.4.1
[INFO] [stderr]   Downloaded num_enum v0.7.5
[INFO] [stderr]   Downloaded num_enum_derive v0.7.5
[INFO] [stderr]   Downloaded alloy-dyn-abi v1.4.1
[INFO] [stderr]   Downloaded alloy-contract v1.1.1
[INFO] [stderr]   Downloaded alloy-genesis v1.1.1
[INFO] [stderr]   Downloaded linux-raw-sys v0.11.0
[INFO] [stderr]   Downloaded c-kzg v2.1.5
[INFO] running `Command { std: "docker" "create" "-v" "/var/lib/crater-agent-workspace/builds/worker-2-tc1/source:/opt/rustwide/workdir:ro,Z" "-v" "/var/lib/crater-agent-workspace/builds/worker-2-tc1/target:/opt/rustwide/target:rw,Z" "-v" "/var/lib/crater-agent-workspace/cargo-home:/opt/rustwide/cargo-home:ro,Z" "-v" "/var/lib/crater-agent-workspace/rustup-home:/opt/rustwide/rustup-home:ro,Z" "-m" "1610612736" "--network" "none" "ghcr.io/rust-lang/crates-build-env/linux@sha256:77db811e55d90add9212f6832c23229e3de5f1c1f9905e8cb07319ea15df73ac" "sleep" "infinity", kill_on_drop: false }`
[INFO] [stdout] 485f5ef1be88580fa4dbb106fa82a07e4143b07492c9d25d01aa5c116e56a339
[INFO] running `Command { std: "docker" "start" "485f5ef1be88580fa4dbb106fa82a07e4143b07492c9d25d01aa5c116e56a339", kill_on_drop: false }`
[INFO] running `Command { std: "docker" "inspect" "485f5ef1be88580fa4dbb106fa82a07e4143b07492c9d25d01aa5c116e56a339", kill_on_drop: false }`
[INFO] running `Command { std: "docker" "exec" "-e" "SOURCE_DIR=/opt/rustwide/workdir" "-e" "CARGO_HOME=/opt/rustwide/cargo-home" "-e" "RUSTUP_HOME=/opt/rustwide/rustup-home" "-e" "CARGO_TARGET_DIR=/opt/rustwide/target" "-w" "/opt/rustwide/workdir" "--user" "0:0" "485f5ef1be88580fa4dbb106fa82a07e4143b07492c9d25d01aa5c116e56a339" "/opt/rustwide/cargo-home/bin/cargo" "+1.99.0-beta.8" "metadata" "--no-deps" "--format-version=1", kill_on_drop: false }`
[INFO] running `Command { std: "docker" "inspect" "485f5ef1be88580fa4dbb106fa82a07e4143b07492c9d25d01aa5c116e56a339", kill_on_drop: false }`
[INFO] running `Command { std: "docker" "exec" "-e" "SOURCE_DIR=/opt/rustwide/workdir" "-e" "CARGO_HOME=/opt/rustwide/cargo-home" "-e" "RUSTUP_HOME=/opt/rustwide/rustup-home" "-e" "CARGO_TARGET_DIR=/opt/rustwide/target" "-e" "CARGO_INCREMENTAL=0" "-e" "RUST_BACKTRACE=full" "-e" "RUSTFLAGS=--cap-lints=warn" "-e" "RUSTDOCFLAGS=--cap-lints=warn" "-w" "/opt/rustwide/workdir" "--user" "0:0" "485f5ef1be88580fa4dbb106fa82a07e4143b07492c9d25d01aa5c116e56a339" "/opt/rustwide/cargo-home/bin/cargo" "+1.99.0-beta.8" "build" "--frozen" "--message-format=json", kill_on_drop: false }`
[INFO] [stderr]    Compiling proc-macro2 v1.0.103
[INFO] [stderr]    Compiling unicode-ident v1.0.22
[INFO] [stderr]    Compiling quote v1.0.42
[INFO] [stderr]    Compiling cfg-if v1.0.4
[INFO] [stderr]    Compiling libc v0.2.177
[INFO] [stderr]    Compiling serde_core v1.0.228
[INFO] [stderr]    Compiling serde v1.0.228
[INFO] [stderr]    Compiling subtle v2.6.1
[INFO] [stderr]    Compiling generic-array v0.14.9
[INFO] [stderr]    Compiling find-msvc-tools v0.1.5
[INFO] [stderr]    Compiling foldhash v0.2.0
[INFO] [stderr]    Compiling unicode-xid v0.2.6
[INFO] [stderr]    Compiling ruint-macro v1.2.1
[INFO] [stderr]    Compiling tiny-keccak v2.0.2
[INFO] [stderr]    Compiling base16ct v0.2.0
[INFO] [stderr]    Compiling tracing-core v0.1.34
[INFO] [stderr]    Compiling thiserror v2.0.17
[INFO] [stderr]    Compiling cc v1.2.46
[INFO] [stderr]    Compiling serde_json v1.0.145
[INFO] [stderr]    Compiling winnow v0.7.13
[INFO] [stderr]    Compiling memchr v2.7.6
[INFO] [stderr]    Compiling dunce v1.0.5
[INFO] [stderr]    Compiling hashbrown v0.16.0
[INFO] [stderr]    Compiling writeable v0.6.2
[INFO] [stderr]    Compiling litemap v0.8.1
[INFO] [stderr]    Compiling crc v3.3.0
[INFO] [stderr]    Compiling hex v0.4.3
[INFO] [stderr]    Compiling icu_normalizer_data v2.1.1
[INFO] [stderr]    Compiling icu_properties_data v2.1.1
[INFO] [stderr]    Compiling bitflags v2.10.0
[INFO] [stderr]    Compiling rustls v0.23.35
[INFO] [stderr]    Compiling sync_wrapper v1.0.2
[INFO] [stderr]    Compiling getrandom v0.3.4
[INFO] [stderr]    Compiling log v0.4.28
[INFO] [stderr]    Compiling futures-utils-wasm v0.1.0
[INFO] [stderr]    Compiling openssl v0.10.75
[INFO] [stderr]    Compiling bimap v0.6.3
[INFO] [stderr]    Compiling iri-string v0.7.9
[INFO] [stderr]    Compiling rustversion v1.0.22
[INFO] [stderr]    Compiling encoding_rs v0.8.35
[INFO] [stderr]    Compiling crossbeam-utils v0.8.21
[INFO] [stderr]    Compiling doctest-file v1.0.0
[INFO] [stderr]    Compiling foldhash v0.1.5
[INFO] [stderr]    Compiling sharded-slab v0.1.7
[INFO] [stderr]    Compiling hashbrown v0.15.5
[INFO] [stderr]    Compiling syn v2.0.110
[INFO] [stderr]    Compiling thread_local v1.1.9
[INFO] [stderr]    Compiling proc-macro-error-attr2 v2.0.0
[INFO] [stderr]    Compiling owo-colors v4.2.3
[INFO] [stderr]    Compiling object v0.37.3
[INFO] [stderr]    Compiling hashbrown v0.14.5
[INFO] [stderr]    Compiling const-hex v1.17.0
[INFO] [stderr]    Compiling rustix v1.1.2
[INFO] [stderr]    Compiling lru v0.13.0
[INFO] [stderr]    Compiling tracing-subscriber v0.3.20
[INFO] [stderr]    Compiling getrandom v0.2.16
[INFO] [stderr]    Compiling socket2 v0.6.1
[INFO] [stderr]    Compiling signal-hook-registry v1.4.6
[INFO] [stderr]    Compiling rand_core v0.6.4
[INFO] [stderr]    Compiling mio v1.1.0
[INFO] [stderr]    Compiling indexmap v2.12.0
[INFO] [stderr]    Compiling ff v0.13.1
[INFO] [stderr]    Compiling num_cpus v1.17.0
[INFO] [stderr]    Compiling group v0.13.0
[INFO] [stderr]    Compiling ruint v1.17.0
[INFO] [stderr]    Compiling threadpool v1.8.1
[INFO] [stderr]    Compiling rand_chacha v0.3.1
[INFO] [stderr]    Compiling anstyle-parse v0.2.7
[INFO] [stderr]    Compiling color-spantrace v0.3.0
[INFO] [stderr]    Compiling rand_core v0.9.3
[INFO] [stderr]    Compiling gimli v0.32.3
[INFO] [stderr]    Compiling is_terminal_polyfill v1.70.2
[INFO] [stderr]    Compiling blst v0.3.16
[INFO] [stderr]    Compiling c-kzg v2.1.5
[INFO] [stderr]    Compiling ring v0.17.14
[INFO] [stderr]    Compiling openssl-sys v0.9.111
[INFO] [stderr]    Compiling colorchoice v1.0.4
[INFO] [stderr]    Compiling eyre v0.6.12
[INFO] [stderr]    Compiling anstyle v1.0.13
[INFO] [stderr]    Compiling litrs v1.0.0
[INFO] [stderr]    Compiling anstyle-query v1.1.5
[INFO] [stderr]    Compiling linux-raw-sys v0.11.0
[INFO] [stderr]    Compiling rand_chacha v0.9.0
[INFO] [stderr]    Compiling miniz_oxide v0.8.9
[INFO] [stderr]    Compiling rand v0.8.5
[INFO] [stderr]    Compiling anstream v0.6.21
[INFO] [stderr]    Compiling rand v0.9.2
[INFO] [stderr]    Compiling clap_lex v0.7.6
[INFO] [stderr]    Compiling document-features v0.2.12
[INFO] [stderr]    Compiling native-tls v0.2.14
[INFO] [stderr]    Compiling rustc-demangle v0.1.26
[INFO] [stderr]    Compiling indenter v0.3.4
[INFO] [stderr]    Compiling clap_builder v4.5.52
[INFO] [stderr]    Compiling unicode-width v0.2.2
[INFO] [stderr]    Compiling unicode-segmentation v1.12.0
[INFO] [stderr]    Compiling synstructure v0.13.2
[INFO] [stderr]    Compiling syn-solidity v1.4.1
[INFO] [stderr]    Compiling macro-string v0.1.4
[INFO] [stderr]    Compiling proc-macro-error2 v2.0.1
[INFO] [stderr]    Compiling addr2line v0.25.1
[INFO] [stderr]    Compiling serde_derive v1.0.228
[INFO] [stderr]    Compiling zeroize_derive v1.4.2
[INFO] [stderr]    Compiling derive_more-impl v2.0.1
[INFO] [stderr]    Compiling alloy-rlp-derive v0.3.12
[INFO] [stderr]    Compiling tracing-attributes v0.1.30
[INFO] [stderr]    Compiling thiserror-impl v2.0.17
[INFO] [stderr]    Compiling tokio-macros v2.6.0
[INFO] [stderr]    Compiling zerofrom-derive v0.1.6
[INFO] [stderr]    Compiling yoke-derive v0.8.1
[INFO] [stderr]    Compiling auto_impl v1.3.0
[INFO] [stderr]    Compiling zeroize v1.8.2
[INFO] [stderr]    Compiling zerovec-derive v0.11.2
[INFO] [stderr]    Compiling displaydoc v0.2.5
[INFO] [stderr]    Compiling der v0.7.10
[INFO] [stderr]    Compiling futures-macro v0.3.31
[INFO] [stderr]    Compiling rustls-pki-types v1.13.0
[INFO] [stderr]    Compiling openssl-macros v0.1.1
[INFO] [stderr]    Compiling zerofrom v0.1.6
[INFO] [stderr]    Compiling tracing v0.1.41
[INFO] [stderr]    Compiling webpki-roots v1.0.4
[INFO] [stderr]    Compiling pin-project-internal v1.1.10
[INFO] [stderr]    Compiling webpki-roots v0.26.11
[INFO] [stderr]    Compiling async-trait v0.1.89
[INFO] [stderr]    Compiling strum_macros v0.27.2
[INFO] [stderr]    Compiling yoke v0.8.1
[INFO] [stderr]    Compiling num_enum_derive v0.7.5
[INFO] [stderr]    Compiling async-stream-impl v0.3.6
[INFO] [stderr]    Compiling spki v0.7.3
[INFO] [stderr]    Compiling zerovec v0.11.5
[INFO] [stderr]    Compiling pkcs8 v0.10.2
[INFO] [stderr]    Compiling futures-util v0.3.31
[INFO] [stderr]    Compiling zerotrie v0.2.3
[INFO] [stderr]    Compiling rustls-webpki v0.103.8
[INFO] [stderr]    Compiling async-stream v0.3.6
[INFO] [stderr]    Compiling tracing-error v0.2.1
[INFO] [stderr]    Compiling backtrace v0.3.76
[INFO] [stderr]    Compiling block-buffer v0.10.4
[INFO] [stderr]    Compiling crypto-common v0.1.6
[INFO] [stderr]    Compiling digest v0.10.7
[INFO] [stderr]    Compiling crypto-bigint v0.5.5
[INFO] [stderr]    Compiling pin-project v1.1.10
[INFO] [stderr]    Compiling num_enum v0.7.5
[INFO] [stderr]    Compiling clap_derive v4.5.49
[INFO] [stderr]    Compiling color-eyre v0.6.5
[INFO] [stderr]    Compiling hmac v0.12.1
[INFO] [stderr]    Compiling rfc6979 v0.4.0
[INFO] [stderr]    Compiling signature v2.2.0
[INFO] [stderr]    Compiling sha2 v0.10.9
[INFO] [stderr]    Compiling sha1 v0.10.6
[INFO] [stderr]    Compiling strum v0.27.2
[INFO] [stderr]    Compiling tinystr v0.8.2
[INFO] [stderr]    Compiling potential_utf v0.1.4
[INFO] [stderr]    Compiling clap v4.5.52
[INFO] [stderr]    Compiling icu_collections v2.1.1
[INFO] [stderr]    Compiling icu_locale_core v2.1.1
[INFO] [stderr]    Compiling derive_more v2.0.1
[INFO] [stderr]    Compiling icu_provider v2.1.1
[INFO] [stderr]    Compiling icu_properties v2.1.1
[INFO] [stderr]    Compiling bytes v1.11.0
[INFO] [stderr]    Compiling alloy-sol-type-parser v1.4.1
[INFO] [stderr]    Compiling darling_core v0.21.3
[INFO] [stderr]    Compiling smallvec v1.15.1
[INFO] [stderr]    Compiling serdect v0.2.0
[INFO] [stderr]    Compiling arrayvec v0.7.6
[INFO] [stderr]    Compiling either v1.15.0
[INFO] [stderr]    Compiling sec1 v0.7.3
[INFO] [stderr]    Compiling elliptic-curve v0.13.8
[INFO] [stderr]    Compiling parking_lot_core v0.9.12
[INFO] [stderr]    Compiling icu_normalizer v2.1.1
[INFO] [stderr]    Compiling futures-executor v0.3.31
[INFO] [stderr]    Compiling serde_urlencoded v0.7.1
[INFO] [stderr]    Compiling futures v0.3.31
[INFO] [stderr]    Compiling ecdsa v0.16.9
[INFO] [stderr]    Compiling itertools v0.14.0
[INFO] [stderr]    Compiling alloy-primitives v1.4.1
[INFO] [stderr]    Compiling k256 v0.13.4
[INFO] [stderr]    Compiling parking_lot v0.12.5
[INFO] [stderr]    Compiling dashmap v6.1.0
[INFO] [stderr]    Compiling alloy-rlp v0.3.12
[INFO] [stderr]    Compiling http v1.3.1
[INFO] [stderr]    Compiling tokio v1.48.0
[INFO] [stderr]    Compiling crossterm v0.29.0
[INFO] [stderr]    Compiling idna_adapter v1.2.1
[INFO] [stderr]    Compiling idna v1.1.0
[INFO] [stderr]    Compiling comfy-table v7.2.1
[INFO] [stderr]    Compiling http-body v1.0.1
[INFO] [stderr]    Compiling tungstenite v0.26.2
[INFO] [stderr]    Compiling http-body-util v0.1.3
[INFO] [stderr]    Compiling alloy-json-abi v1.4.1
[INFO] [stderr]    Compiling url v2.5.7
[INFO] [stderr]    Compiling darling_macro v0.21.3
[INFO] [stderr]    Compiling darling v0.21.3
[INFO] [stderr]    Compiling serde_with_macros v3.16.0
[INFO] [stderr]    Compiling alloy-tx-macros v1.1.1
[INFO] [stderr]    Compiling nybbles v0.4.6
[INFO] [stderr]    Compiling serde_with v3.16.0
[INFO] [stderr]    Compiling alloy-sol-macro-input v1.4.1
[INFO] [stderr]    Compiling alloy-sol-macro-expander v1.4.1
[INFO] [stderr]    Compiling alloy-eip7702 v0.6.3
[INFO] [stderr]    Compiling alloy-serde v1.1.1
[INFO] [stderr]    Compiling alloy-eip2124 v0.2.0
[INFO] [stderr]    Compiling alloy-eip2930 v0.2.3
[INFO] [stderr]    Compiling alloy-trie v0.9.1
[INFO] [stderr]    Compiling alloy-signer v1.1.1
[INFO] [stderr]    Compiling alloy-chains v0.2.20
[INFO] [stderr]    Compiling alloy-rpc-types-debug v1.1.1
[INFO] [stderr]    Compiling alloy-eips v1.1.1
[INFO] [stderr]    Compiling tokio-util v0.7.17
[INFO] [stderr]    Compiling tower v0.5.2
[INFO] [stderr]    Compiling tokio-rustls v0.26.4
[INFO] [stderr]    Compiling tokio-native-tls v0.3.1
[INFO] [stderr]    Compiling interprocess v2.2.3
[INFO] [stderr]    Compiling tokio-tungstenite v0.26.2
[INFO] [stderr]    Compiling tower-http v0.6.6
[INFO] [stderr]    Compiling alloy-sol-macro v1.4.1
[INFO] [stderr]    Compiling alloy-sol-types v1.4.1
[INFO] [stderr]    Compiling h2 v0.4.12
[INFO] [stderr]    Compiling tokio-stream v0.1.17
[INFO] [stderr]    Compiling alloy-consensus v1.1.1
[INFO] [stderr]    Compiling alloy-json-rpc v1.1.1
[INFO] [stderr]    Compiling alloy-dyn-abi v1.4.1
[INFO] [stderr]    Compiling alloy-core v1.4.1
[INFO] [stderr]    Compiling alloy-transport v1.1.1
[INFO] [stderr]    Compiling hyper v1.8.1
[INFO] [stderr]    Compiling alloy-pubsub v1.1.1
[INFO] [stderr]    Compiling alloy-consensus-any v1.1.1
[INFO] [stderr]    Compiling alloy-network-primitives v1.1.1
[INFO] [stderr]    Compiling alloy-transport-ws v1.1.1
[INFO] [stderr]    Compiling alloy-transport-ipc v1.1.1
[INFO] [stderr]    Compiling hyper-util v0.1.18
[INFO] [stderr]    Compiling alloy-rpc-types-eth v1.1.1
[INFO] [stderr]    Compiling hyper-tls v0.6.0
[INFO] [stderr]    Compiling hyper-rustls v0.27.7
[INFO] [stderr]    Compiling reqwest v0.12.24
[INFO] [stderr]    Compiling alloy-rpc-types-any v1.1.1
[INFO] [stderr]    Compiling alloy-rpc-types-anvil v1.1.1
[INFO] [stderr]    Compiling alloy-rpc-types-trace v1.1.1
[INFO] [stderr]    Compiling alloy-rpc-types-txpool v1.1.1
[INFO] [stderr]    Compiling alloy-network v1.1.1
[INFO] [stderr]    Compiling alloy-signer-local v1.1.1
[INFO] [stderr]    Compiling alloy-transport-http v1.1.1
[INFO] [stderr]    Compiling alloy-rpc-client v1.1.1
[INFO] [stderr]    Compiling alloy-provider v1.1.1
[INFO] [stderr]    Compiling alloy-rpc-types v1.1.1
[INFO] [stderr]    Compiling alloy-contract v1.1.1
[INFO] [stderr]    Compiling alloy v1.1.1
[INFO] [stderr]    Compiling txdecode v0.1.0 (/opt/rustwide/workdir)
[INFO] [stdout] warning: trailing semicolon in macro used in expression position
[INFO] [stdout]   --> src/decode.rs:77:5
[INFO] [stdout]    |
[INFO] [stdout] 77 | /     bail!(
[INFO] [stdout] 78 | |         "all {} signatures failed to decode calldata",
[INFO] [stdout] 79 | |         signatures.len()
[INFO] [stdout] 80 | |     )
[INFO] [stdout]    | |_____^
[INFO] [stdout]    |
[INFO] [stdout]    = note: macro invocations at the end of a block are treated as expressions
[INFO] [stdout]    = note: to ignore the value produced by the macro, add a semicolon after the invocation of `bail`
[INFO] [stdout]    = warning: this was previously accepted by the compiler but is being phased out; it will become a hard error in a future release!
[INFO] [stdout]    = note: for more information, see issue #79813 <https://github.com/rust-lang/rust/issues/79813>
[INFO] [stdout]    = note: `#[warn(semicolon_in_expressions_from_non_local_macros)]` (part of `#[warn(future_incompatible)]`) on by default
[INFO] [stdout]    = note: this warning originates in the macro `bail` (in Nightly builds, run with -Z macro-backtrace for more info)
[INFO] [stdout] 
[INFO] [stdout] 
[INFO] [stderr]     Finished `dev` profile [unoptimized + debuginfo] target(s) in 1m 43s
[INFO] [stderr] warning: the following packages contain code that will be rejected by a future version of Rust: proc-macro-error2 v2.0.1
[INFO] [stderr] note: to see what the problems were, use the option `--future-incompat-report`, or run `cargo report future-incompatibilities --id 11`
[INFO] running `Command { std: "docker" "inspect" "485f5ef1be88580fa4dbb106fa82a07e4143b07492c9d25d01aa5c116e56a339", kill_on_drop: false }`
[INFO] running `Command { std: "docker" "exec" "-e" "SOURCE_DIR=/opt/rustwide/workdir" "-e" "CARGO_HOME=/opt/rustwide/cargo-home" "-e" "RUSTUP_HOME=/opt/rustwide/rustup-home" "-e" "CARGO_TARGET_DIR=/opt/rustwide/target" "-e" "CARGO_INCREMENTAL=0" "-e" "RUST_BACKTRACE=full" "-e" "RUSTFLAGS=--cap-lints=warn" "-e" "RUSTDOCFLAGS=--cap-lints=warn" "-w" "/opt/rustwide/workdir" "--user" "0:0" "485f5ef1be88580fa4dbb106fa82a07e4143b07492c9d25d01aa5c116e56a339" "/opt/rustwide/cargo-home/bin/cargo" "+1.99.0-beta.8" "test" "--frozen" "--no-run" "--message-format=json", kill_on_drop: false }`
[INFO] [stderr]    Compiling txdecode v0.1.0 (/opt/rustwide/workdir)
[INFO] [stdout] warning: trailing semicolon in macro used in expression position
[INFO] [stdout]   --> src/decode.rs:77:5
[INFO] [stdout]    |
[INFO] [stdout] 77 | /     bail!(
[INFO] [stdout] 78 | |         "all {} signatures failed to decode calldata",
[INFO] [stdout] 79 | |         signatures.len()
[INFO] [stdout] 80 | |     )
[INFO] [stdout]    | |_____^
[INFO] [stdout]    |
[INFO] [stdout]    = note: macro invocations at the end of a block are treated as expressions
[INFO] [stdout]    = note: to ignore the value produced by the macro, add a semicolon after the invocation of `bail`
[INFO] [stdout]    = warning: this was previously accepted by the compiler but is being phased out; it will become a hard error in a future release!
[INFO] [stdout]    = note: for more information, see issue #79813 <https://github.com/rust-lang/rust/issues/79813>
[INFO] [stdout]    = note: `#[warn(semicolon_in_expressions_from_non_local_macros)]` (part of `#[warn(future_incompatible)]`) on by default
[INFO] [stdout]    = note: this warning originates in the macro `bail` (in Nightly builds, run with -Z macro-backtrace for more info)
[INFO] [stdout] 
[INFO] [stdout] 
[INFO] [stderr]     Finished `test` profile [unoptimized + debuginfo] target(s) in 2.51s
[INFO] [stderr] warning: the following packages contain code that will be rejected by a future version of Rust: proc-macro-error2 v2.0.1
[INFO] [stderr] note: to see what the problems were, use the option `--future-incompat-report`, or run `cargo report future-incompatibilities --id 11`
[INFO] running `Command { std: "docker" "inspect" "485f5ef1be88580fa4dbb106fa82a07e4143b07492c9d25d01aa5c116e56a339", kill_on_drop: false }`
[INFO] running `Command { std: "docker" "exec" "-e" "SOURCE_DIR=/opt/rustwide/workdir" "-e" "CARGO_HOME=/opt/rustwide/cargo-home" "-e" "RUSTUP_HOME=/opt/rustwide/rustup-home" "-e" "CARGO_TARGET_DIR=/opt/rustwide/target" "-e" "CARGO_INCREMENTAL=0" "-e" "RUST_BACKTRACE=full" "-e" "RUSTFLAGS=--cap-lints=warn" "-e" "RUSTDOCFLAGS=--cap-lints=warn" "-w" "/opt/rustwide/workdir" "--user" "0:0" "485f5ef1be88580fa4dbb106fa82a07e4143b07492c9d25d01aa5c116e56a339" "/opt/rustwide/cargo-home/bin/cargo" "+1.99.0-beta.8" "test" "--frozen", kill_on_drop: false }`
[INFO] [stderr] warning: trailing semicolon in macro used in expression position
[INFO] [stderr]   --> src/decode.rs:77:5
[INFO] [stderr]    |
[INFO] [stderr] 77 | /     bail!(
[INFO] [stderr] 78 | |         "all {} signatures failed to decode calldata",
[INFO] [stderr] 79 | |         signatures.len()
[INFO] [stderr] 80 | |     )
[INFO] [stderr]    | |_____^
[INFO] [stderr]    |
[INFO] [stderr]    = note: macro invocations at the end of a block are treated as expressions
[INFO] [stderr]    = note: to ignore the value produced by the macro, add a semicolon after the invocation of `bail`
[INFO] [stderr]    = warning: this was previously accepted by the compiler but is being phased out; it will become a hard error in a future release!
[INFO] [stderr]    = note: for more information, see issue #79813 <https://github.com/rust-lang/rust/issues/79813>
[INFO] [stderr]    = note: `#[warn(semicolon_in_expressions_from_non_local_macros)]` (part of `#[warn(future_incompatible)]`) on by default
[INFO] [stderr]    = note: this warning originates in the macro `bail` (in Nightly builds, run with -Z macro-backtrace for more info)
[INFO] [stderr] 
[INFO] [stderr] warning: `txdecode` (bin "txdecode" test) generated 1 warning
[INFO] [stderr]     Finished `test` profile [unoptimized + debuginfo] target(s) in 0.45s
[INFO] [stderr] warning: the following packages contain code that will be rejected by a future version of Rust: proc-macro-error2 v2.0.1
[INFO] [stderr] note: to see what the problems were, use the option `--future-incompat-report`, or run `cargo report future-incompatibilities --id 11`
[INFO] [stderr]      Running unittests src/main.rs (/opt/rustwide/target/debug/deps/txdecode-7a5cb75ae0e13bf1)
[INFO] [stdout] 
[INFO] [stdout] running 11 tests
[INFO] [stdout] test etherscan::tests::test_fetch_etherscan_abi ... ignored
[INFO] [stdout] test display::tests::test_format_address ... ok
[INFO] [stdout] test decode::tests::test_try_decode_transfer ... ok
[INFO] [stdout] test signatures::tests::test_selector_extraction ... ok
[INFO] [stdout] test signatures::tests::test_selector_too_short ... ok
[INFO] [stdout] test signatures::tests::test_parse_signature ... ok
[INFO] [stdout] test display::tests::test_format_uint ... ok
[INFO] [stdout] test cache::tests::test_cache_path_normalization ... ok
[INFO] [stdout] test cache::tests::test_cache_dir_creation ... ok
[INFO] [stdout] test signatures::tests::test_lookup_selector ... FAILED
[INFO] [stdout] test decode::tests::test_decode_calldata ... FAILED
[INFO] [stdout] 
[INFO] [stdout] failures:
[INFO] [stdout] 
[INFO] [stdout] ---- signatures::tests::test_lookup_selector stdout ----
[INFO] [stdout] 
[INFO] [stdout] thread 'signatures::tests::test_lookup_selector' (4164) panicked at src/signatures.rs:96:47:
[INFO] [stdout] called `Result::unwrap()` on an `Err` value: error sending request for url (https://www.4byte.directory/api/v1/signatures/?hex_signature=0xa9059cbb)
[INFO] [stdout] 
[INFO] [stdout] Caused by:
[INFO] [stdout]    0: client error (Connect)
[INFO] [stdout]    1: dns error
[INFO] [stdout]    2: failed to lookup address information: Temporary failure in name resolution
[INFO] [stdout] 
[INFO] [stdout] Location:
[INFO] [stdout]     src/signatures.rs:48:38
[INFO] [stdout] stack backtrace:
[INFO] [stdout]    0:     0x58dd5d4413b1 - std[70759c8f55707aa4]::backtrace_rs::backtrace::libunwind::trace
[INFO] [stdout]                                at /rustc/dfb0accb7f508ae8be965d8629557221c889dd98/library/std/src/../../backtrace/src/backtrace/libunwind.rs:117:9
[INFO] [stdout]    1:     0x58dd5d4413b1 - std[70759c8f55707aa4]::backtrace_rs::backtrace::trace_unsynchronized::<std[70759c8f55707aa4]::sys::backtrace::_print_fmt::{closure#1}>
[INFO] [stdout]                                at /rustc/dfb0accb7f508ae8be965d8629557221c889dd98/library/std/src/../../backtrace/src/backtrace/mod.rs:66:14
[INFO] [stdout]    2:     0x58dd5d4413b1 - std[70759c8f55707aa4]::sys::backtrace::_print_fmt
[INFO] [stdout]                                at /rustc/dfb0accb7f508ae8be965d8629557221c889dd98/library/std/src/sys/backtrace.rs:74:9
[INFO] [stdout]    3:     0x58dd5d4413b1 - <<std[70759c8f55707aa4]::sys::backtrace::BacktraceLock>::print::DisplayBacktrace as core[df12db4294e9bfd3]::fmt::Display>::fmt
[INFO] [stdout]                                at /rustc/dfb0accb7f508ae8be965d8629557221c889dd98/library/std/src/sys/backtrace.rs:44:26
[INFO] [stdout]    4:     0x58dd5d458afa - <core[df12db4294e9bfd3]::fmt::rt::Argument>::fmt
[INFO] [stdout]                                at /rustc/dfb0accb7f508ae8be965d8629557221c889dd98/library/core/src/fmt/rt.rs:152:76
[INFO] [stdout]    5:     0x58dd5d458afa - core[df12db4294e9bfd3]::fmt::write
[INFO] [stdout]    6:     0x58dd5d445ffc - core[df12db4294e9bfd3]::io::write::default_write_fmt::<alloc[2182bb758b4b3781]::vec::Vec<u8>>
[INFO] [stdout]                                at /rustc/dfb0accb7f508ae8be965d8629557221c889dd98/library/core/src/io/write.rs:402:11
[INFO] [stdout]    7:     0x58dd5d445ffc - <alloc[2182bb758b4b3781]::vec::Vec<u8> as core[df12db4294e9bfd3]::io::write::Write>::write_fmt
[INFO] [stdout]                                at /rustc/dfb0accb7f508ae8be965d8629557221c889dd98/library/core/src/io/write.rs:335:13
[INFO] [stdout]    8:     0x58dd5d41b516 - <std[70759c8f55707aa4]::sys::backtrace::BacktraceLock>::print
[INFO] [stdout]                                at /rustc/dfb0accb7f508ae8be965d8629557221c889dd98/library/std/src/sys/backtrace.rs:47:9
[INFO] [stdout]    9:     0x58dd5d41b516 - std[70759c8f55707aa4]::panicking::default_hook::{closure#0}
[INFO] [stdout]                                at /rustc/dfb0accb7f508ae8be965d8629557221c889dd98/library/std/src/panicking.rs:292:27
[INFO] [stdout]   10:     0x58dd5d438d59 - std[70759c8f55707aa4]::panicking::default_hook
[INFO] [stdout]                                at /rustc/dfb0accb7f508ae8be965d8629557221c889dd98/library/std/src/panicking.rs:316:9
[INFO] [stdout]   11:     0x58dd5cd4bcf0 - <alloc[2182bb758b4b3781]::boxed::Box<dyn for<'a, 'b> core[df12db4294e9bfd3]::ops::function::Fn<(&'a std[70759c8f55707aa4]::panic::PanicHookInfo<'b>,), Output = ()> + core[df12db4294e9bfd3]::marker::Send + core[df12db4294e9bfd3]::marker::Sync> as core[df12db4294e9bfd3]::ops::function::Fn<(&std[70759c8f55707aa4]::panic::PanicHookInfo,)>>::call
[INFO] [stdout]                                at /rustc/dfb0accb7f508ae8be965d8629557221c889dd98/library/alloc/src/boxed.rs:2334:9
[INFO] [stdout]   12:     0x58dd5cd4bcf0 - test[9d35eded1c95d3be]::test_main_inner::<test[9d35eded1c95d3be]::test_main_static::{closure#0}>::{closure#0}
[INFO] [stdout]                                at /rustc/dfb0accb7f508ae8be965d8629557221c889dd98/library/test/src/lib.rs:155:21
[INFO] [stdout]   13:     0x58dd5d439082 - <alloc[2182bb758b4b3781]::boxed::Box<dyn for<'a, 'b> core[df12db4294e9bfd3]::ops::function::Fn<(&'a std[70759c8f55707aa4]::panic::PanicHookInfo<'b>,), Output = ()> + core[df12db4294e9bfd3]::marker::Send + core[df12db4294e9bfd3]::marker::Sync> as core[df12db4294e9bfd3]::ops::function::Fn<(&std[70759c8f55707aa4]::panic::PanicHookInfo,)>>::call
[INFO] [stdout]                                at /rustc/dfb0accb7f508ae8be965d8629557221c889dd98/library/alloc/src/boxed.rs:2334:9
[INFO] [stdout]   14:     0x58dd5d439082 - std[70759c8f55707aa4]::panicking::panic_with_hook
[INFO] [stdout]                                at /rustc/dfb0accb7f508ae8be965d8629557221c889dd98/library/std/src/panicking.rs:823:13
[INFO] [stdout]   15:     0x58dd5d41b5c2 - std[70759c8f55707aa4]::panicking::panic_handler::{closure#0}
[INFO] [stdout]                                at /rustc/dfb0accb7f508ae8be965d8629557221c889dd98/library/std/src/panicking.rs:688:13
[INFO] [stdout]   16:     0x58dd5d413fb9 - std[70759c8f55707aa4]::sys::backtrace::__rust_end_short_backtrace::<std[70759c8f55707aa4]::panicking::panic_handler::{closure#0}, !>
[INFO] [stdout]                                at /rustc/dfb0accb7f508ae8be965d8629557221c889dd98/library/std/src/sys/backtrace.rs:182:18
[INFO] [stdout]   17:     0x58dd5d41c3ad - __rustc[8fa7c3cbc660c2b3]::rust_begin_unwind
[INFO] [stdout]                                at /rustc/dfb0accb7f508ae8be965d8629557221c889dd98/library/std/src/panicking.rs:679:5
[INFO] [stdout]   18:     0x58dd5d45931c - core[df12db4294e9bfd3]::panicking::panic_fmt
[INFO] [stdout]                                at /rustc/dfb0accb7f508ae8be965d8629557221c889dd98/library/core/src/panicking.rs:80:14
[INFO] [stdout]   19:     0x58dd5d459072 - core[df12db4294e9bfd3]::result::unwrap_failed
[INFO] [stdout]                                at /rustc/dfb0accb7f508ae8be965d8629557221c889dd98/library/core/src/result.rs:1871:5
[INFO] [stdout]   20:     0x58dd5cd39353 - <core[df12db4294e9bfd3]::result::Result<alloc[2182bb758b4b3781]::vec::Vec<alloc[2182bb758b4b3781]::string::String>, eyre[a7fdfeb06223ab3e]::Report>>::unwrap
[INFO] [stdout]                                at /rustc/dfb0accb7f508ae8be965d8629557221c889dd98/library/core/src/result.rs:1232:23
[INFO] [stdout]   21:     0x58dd5cd39353 - txdecode[2c6bf265c4675c96]::signatures::tests::test_lookup_selector::{closure#0}
[INFO] [stdout]                                at /opt/rustwide/workdir/src/signatures.rs:96:47
[INFO] [stdout]   22:     0x58dd5cd21522 - <core[df12db4294e9bfd3]::pin::Pin<&mut dyn core[df12db4294e9bfd3]::future::future::Future<Output = ()>> as core[df12db4294e9bfd3]::future::future::Future>::poll
[INFO] [stdout]                                at /rustc/dfb0accb7f508ae8be965d8629557221c889dd98/library/core/src/future/future.rs:133:9
[INFO] [stdout]   23:     0x58dd5cd2159d - <core[df12db4294e9bfd3]::pin::Pin<&mut core[df12db4294e9bfd3]::pin::Pin<&mut dyn core[df12db4294e9bfd3]::future::future::Future<Output = ()>>> as core[df12db4294e9bfd3]::future::future::Future>::poll
[INFO] [stdout]                                at /rustc/dfb0accb7f508ae8be965d8629557221c889dd98/library/core/src/future/future.rs:133:9
[INFO] [stdout]   24:     0x58dd5cd1f05d - <tokio[48b872ab78c953cd]::runtime::scheduler::current_thread::CoreGuard>::block_on::<core[df12db4294e9bfd3]::pin::Pin<&mut core[df12db4294e9bfd3]::pin::Pin<&mut dyn core[df12db4294e9bfd3]::future::future::Future<Output = ()>>>>::{closure#0}::{closure#0}::{closure#0}
[INFO] [stdout]                                at /opt/rustwide/cargo-home/registry/src/index.crates.io-1949cf8c6b5b557f/tokio-1.48.0/src/runtime/scheduler/current_thread/mod.rs:742:70
[INFO] [stdout]   25:     0x58dd5cd1ef85 - tokio[48b872ab78c953cd]::task::coop::with_budget::<core[df12db4294e9bfd3]::task::poll::Poll<()>, <tokio[48b872ab78c953cd]::runtime::scheduler::current_thread::CoreGuard>::block_on<core[df12db4294e9bfd3]::pin::Pin<&mut core[df12db4294e9bfd3]::pin::Pin<&mut dyn core[df12db4294e9bfd3]::future::future::Future<Output = ()>>>>::{closure#0}::{closure#0}::{closure#0}>
[INFO] [stdout]                                at /opt/rustwide/cargo-home/registry/src/index.crates.io-1949cf8c6b5b557f/tokio-1.48.0/src/task/coop/mod.rs:167:5
[INFO] [stdout]   26:     0x58dd5cd1ef85 - tokio[48b872ab78c953cd]::task::coop::budget::<core[df12db4294e9bfd3]::task::poll::Poll<()>, <tokio[48b872ab78c953cd]::runtime::scheduler::current_thread::CoreGuard>::block_on<core[df12db4294e9bfd3]::pin::Pin<&mut core[df12db4294e9bfd3]::pin::Pin<&mut dyn core[df12db4294e9bfd3]::future::future::Future<Output = ()>>>>::{closure#0}::{closure#0}::{closure#0}>
[INFO] [stdout]                                at /opt/rustwide/cargo-home/registry/src/index.crates.io-1949cf8c6b5b557f/tokio-1.48.0/src/task/coop/mod.rs:133:5
[INFO] [stdout]   27:     0x58dd5cd1ef85 - <tokio[48b872ab78c953cd]::runtime::scheduler::current_thread::CoreGuard>::block_on::<core[df12db4294e9bfd3]::pin::Pin<&mut core[df12db4294e9bfd3]::pin::Pin<&mut dyn core[df12db4294e9bfd3]::future::future::Future<Output = ()>>>>::{closure#0}::{closure#0}
[INFO] [stdout]                                at /opt/rustwide/cargo-home/registry/src/index.crates.io-1949cf8c6b5b557f/tokio-1.48.0/src/runtime/scheduler/current_thread/mod.rs:742:25
[INFO] [stdout]   28:     0x58dd5cd19612 - <tokio[48b872ab78c953cd]::runtime::scheduler::current_thread::Context>::enter::<core[df12db4294e9bfd3]::task::poll::Poll<()>, <tokio[48b872ab78c953cd]::runtime::scheduler::current_thread::CoreGuard>::block_on<core[df12db4294e9bfd3]::pin::Pin<&mut core[df12db4294e9bfd3]::pin::Pin<&mut dyn core[df12db4294e9bfd3]::future::future::Future<Output = ()>>>>::{closure#0}::{closure#0}>
[INFO] [stdout]                                at /opt/rustwide/cargo-home/registry/src/index.crates.io-1949cf8c6b5b557f/tokio-1.48.0/src/runtime/scheduler/current_thread/mod.rs:432:19
[INFO] [stdout]   29:     0x58dd5cd1e2bd - <tokio[48b872ab78c953cd]::runtime::scheduler::current_thread::CoreGuard>::block_on::<core[df12db4294e9bfd3]::pin::Pin<&mut core[df12db4294e9bfd3]::pin::Pin<&mut dyn core[df12db4294e9bfd3]::future::future::Future<Output = ()>>>>::{closure#0}
[INFO] [stdout]                                at /opt/rustwide/cargo-home/registry/src/index.crates.io-1949cf8c6b5b557f/tokio-1.48.0/src/runtime/scheduler/current_thread/mod.rs:741:44
[INFO] [stdout]   30:     0x58dd5cd1d5b4 - <tokio[48b872ab78c953cd]::runtime::scheduler::current_thread::CoreGuard>::enter::<<tokio[48b872ab78c953cd]::runtime::scheduler::current_thread::CoreGuard>::block_on<core[df12db4294e9bfd3]::pin::Pin<&mut core[df12db4294e9bfd3]::pin::Pin<&mut dyn core[df12db4294e9bfd3]::future::future::Future<Output = ()>>>>::{closure#0}, core[df12db4294e9bfd3]::option::Option<()>>::{closure#0}
[INFO] [stdout]                                at /opt/rustwide/cargo-home/registry/src/index.crates.io-1949cf8c6b5b557f/tokio-1.48.0/src/runtime/scheduler/current_thread/mod.rs:829:68
[INFO] [stdout]   31:     0x58dd5cd27cab - <tokio[48b872ab78c953cd]::runtime::context::scoped::Scoped<tokio[48b872ab78c953cd]::runtime::scheduler::Context>>::set::<<tokio[48b872ab78c953cd]::runtime::scheduler::current_thread::CoreGuard>::enter<<tokio[48b872ab78c953cd]::runtime::scheduler::current_thread::CoreGuard>::block_on<core[df12db4294e9bfd3]::pin::Pin<&mut core[df12db4294e9bfd3]::pin::Pin<&mut dyn core[df12db4294e9bfd3]::future::future::Future<Output = ()>>>>::{closure#0}, core[df12db4294e9bfd3]::option::Option<()>>::{closure#0}, (alloc[2182bb758b4b3781]::boxed::Box<tokio[48b872ab78c953cd]::runtime::scheduler::current_thread::Core>, core[df12db4294e9bfd3]::option::Option<()>)>
[INFO] [stdout]                                at /opt/rustwide/cargo-home/registry/src/index.crates.io-1949cf8c6b5b557f/tokio-1.48.0/src/runtime/context/scoped.rs:40:9
[INFO] [stdout]   32:     0x58dd5cd25729 - tokio[48b872ab78c953cd]::runtime::context::set_scheduler::<(alloc[2182bb758b4b3781]::boxed::Box<tokio[48b872ab78c953cd]::runtime::scheduler::current_thread::Core>, core[df12db4294e9bfd3]::option::Option<()>), <tokio[48b872ab78c953cd]::runtime::scheduler::current_thread::CoreGuard>::enter<<tokio[48b872ab78c953cd]::runtime::scheduler::current_thread::CoreGuard>::block_on<core[df12db4294e9bfd3]::pin::Pin<&mut core[df12db4294e9bfd3]::pin::Pin<&mut dyn core[df12db4294e9bfd3]::future::future::Future<Output = ()>>>>::{closure#0}, core[df12db4294e9bfd3]::option::Option<()>>::{closure#0}>::{closure#0}
[INFO] [stdout]                                at /opt/rustwide/cargo-home/registry/src/index.crates.io-1949cf8c6b5b557f/tokio-1.48.0/src/runtime/context.rs:176:38
[INFO] [stdout]   33:     0x58dd5cd2266f - <std[70759c8f55707aa4]::thread::local::LocalKey<tokio[48b872ab78c953cd]::runtime::context::Context>>::try_with::<tokio[48b872ab78c953cd]::runtime::context::set_scheduler<(alloc[2182bb758b4b3781]::boxed::Box<tokio[48b872ab78c953cd]::runtime::scheduler::current_thread::Core>, core[df12db4294e9bfd3]::option::Option<()>), <tokio[48b872ab78c953cd]::runtime::scheduler::current_thread::CoreGuard>::enter<<tokio[48b872ab78c953cd]::runtime::scheduler::current_thread::CoreGuard>::block_on<core[df12db4294e9bfd3]::pin::Pin<&mut core[df12db4294e9bfd3]::pin::Pin<&mut dyn core[df12db4294e9bfd3]::future::future::Future<Output = ()>>>>::{closure#0}, core[df12db4294e9bfd3]::option::Option<()>>::{closure#0}>::{closure#0}, (alloc[2182bb758b4b3781]::boxed::Box<tokio[48b872ab78c953cd]::runtime::scheduler::current_thread::Core>, core[df12db4294e9bfd3]::option::Option<()>)>
[INFO] [stdout]                                at /rustc/dfb0accb7f508ae8be965d8629557221c889dd98/library/std/src/thread/local.rs:463:12
[INFO] [stdout]   34:     0x58dd5cd2221e - <std[70759c8f55707aa4]::thread::local::LocalKey<tokio[48b872ab78c953cd]::runtime::context::Context>>::with::<tokio[48b872ab78c953cd]::runtime::context::set_scheduler<(alloc[2182bb758b4b3781]::boxed::Box<tokio[48b872ab78c953cd]::runtime::scheduler::current_thread::Core>, core[df12db4294e9bfd3]::option::Option<()>), <tokio[48b872ab78c953cd]::runtime::scheduler::current_thread::CoreGuard>::enter<<tokio[48b872ab78c953cd]::runtime::scheduler::current_thread::CoreGuard>::block_on<core[df12db4294e9bfd3]::pin::Pin<&mut core[df12db4294e9bfd3]::pin::Pin<&mut dyn core[df12db4294e9bfd3]::future::future::Future<Output = ()>>>>::{closure#0}, core[df12db4294e9bfd3]::option::Option<()>>::{closure#0}>::{closure#0}, (alloc[2182bb758b4b3781]::boxed::Box<tokio[48b872ab78c953cd]::runtime::scheduler::current_thread::Core>, core[df12db4294e9bfd3]::option::Option<()>)>
[INFO] [stdout]                                at /rustc/dfb0accb7f508ae8be965d8629557221c889dd98/library/std/src/thread/local.rs:427:20
[INFO] [stdout]   35:     0x58dd5cd23c3d - tokio[48b872ab78c953cd]::runtime::context::set_scheduler::<(alloc[2182bb758b4b3781]::boxed::Box<tokio[48b872ab78c953cd]::runtime::scheduler::current_thread::Core>, core[df12db4294e9bfd3]::option::Option<()>), <tokio[48b872ab78c953cd]::runtime::scheduler::current_thread::CoreGuard>::enter<<tokio[48b872ab78c953cd]::runtime::scheduler::current_thread::CoreGuard>::block_on<core[df12db4294e9bfd3]::pin::Pin<&mut core[df12db4294e9bfd3]::pin::Pin<&mut dyn core[df12db4294e9bfd3]::future::future::Future<Output = ()>>>>::{closure#0}, core[df12db4294e9bfd3]::option::Option<()>>::{closure#0}>
[INFO] [stdout]                                at /opt/rustwide/cargo-home/registry/src/index.crates.io-1949cf8c6b5b557f/tokio-1.48.0/src/runtime/context.rs:176:17
[INFO] [stdout]   36:     0x58dd5cd1a680 - <tokio[48b872ab78c953cd]::runtime::scheduler::current_thread::CoreGuard>::enter::<<tokio[48b872ab78c953cd]::runtime::scheduler::current_thread::CoreGuard>::block_on<core[df12db4294e9bfd3]::pin::Pin<&mut core[df12db4294e9bfd3]::pin::Pin<&mut dyn core[df12db4294e9bfd3]::future::future::Future<Output = ()>>>>::{closure#0}, core[df12db4294e9bfd3]::option::Option<()>>
[INFO] [stdout]                                at /opt/rustwide/cargo-home/registry/src/index.crates.io-1949cf8c6b5b557f/tokio-1.48.0/src/runtime/scheduler/current_thread/mod.rs:829:27
[INFO] [stdout]   37:     0x58dd5cd1a976 - <tokio[48b872ab78c953cd]::runtime::scheduler::current_thread::CoreGuard>::block_on::<core[df12db4294e9bfd3]::pin::Pin<&mut core[df12db4294e9bfd3]::pin::Pin<&mut dyn core[df12db4294e9bfd3]::future::future::Future<Output = ()>>>>
[INFO] [stdout]                                at /opt/rustwide/cargo-home/registry/src/index.crates.io-1949cf8c6b5b557f/tokio-1.48.0/src/runtime/scheduler/current_thread/mod.rs:729:24
[INFO] [stdout]   38:     0x58dd5cd1d1c0 - <tokio[48b872ab78c953cd]::runtime::scheduler::current_thread::CurrentThread>::block_on::<core[df12db4294e9bfd3]::pin::Pin<&mut dyn core[df12db4294e9bfd3]::future::future::Future<Output = ()>>>::{closure#0}
[INFO] [stdout]                                at /opt/rustwide/cargo-home/registry/src/index.crates.io-1949cf8c6b5b557f/tokio-1.48.0/src/runtime/scheduler/current_thread/mod.rs:200:33
[INFO] [stdout]   39:     0x58dd5cd2f048 - tokio[48b872ab78c953cd]::runtime::context::runtime::enter_runtime::<<tokio[48b872ab78c953cd]::runtime::scheduler::current_thread::CurrentThread>::block_on<core[df12db4294e9bfd3]::pin::Pin<&mut dyn core[df12db4294e9bfd3]::future::future::Future<Output = ()>>>::{closure#0}, ()>
[INFO] [stdout]                                at /opt/rustwide/cargo-home/registry/src/index.crates.io-1949cf8c6b5b557f/tokio-1.48.0/src/runtime/context/runtime.rs:65:16
[INFO] [stdout]   40:     0x58dd5cd191d4 - <tokio[48b872ab78c953cd]::runtime::scheduler::current_thread::CurrentThread>::block_on::<core[df12db4294e9bfd3]::pin::Pin<&mut dyn core[df12db4294e9bfd3]::future::future::Future<Output = ()>>>
[INFO] [stdout]                                at /opt/rustwide/cargo-home/registry/src/index.crates.io-1949cf8c6b5b557f/tokio-1.48.0/src/runtime/scheduler/current_thread/mod.rs:188:9
[INFO] [stdout]   41:     0x58dd5cd2d79f - <tokio[48b872ab78c953cd]::runtime::runtime::Runtime>::block_on_inner::<core[df12db4294e9bfd3]::pin::Pin<&mut dyn core[df12db4294e9bfd3]::future::future::Future<Output = ()>>>
[INFO] [stdout]                                at /opt/rustwide/cargo-home/registry/src/index.crates.io-1949cf8c6b5b557f/tokio-1.48.0/src/runtime/runtime.rs:368:52
[INFO] [stdout]   42:     0x58dd5cd2d8eb - <tokio[48b872ab78c953cd]::runtime::runtime::Runtime>::block_on::<core[df12db4294e9bfd3]::pin::Pin<&mut dyn core[df12db4294e9bfd3]::future::future::Future<Output = ()>>>
[INFO] [stdout]                                at /opt/rustwide/cargo-home/registry/src/index.crates.io-1949cf8c6b5b557f/tokio-1.48.0/src/runtime/runtime.rs:342:18
[INFO] [stdout]   43:     0x58dd5cd3a9c3 - txdecode[2c6bf265c4675c96]::signatures::tests::test_lookup_selector
[INFO] [stdout]                                at /opt/rustwide/workdir/src/signatures.rs:98:61
[INFO] [stdout]   44:     0x58dd5cd39037 - txdecode[2c6bf265c4675c96]::signatures::tests::test_lookup_selector::{closure#0}
[INFO] [stdout]                                at /opt/rustwide/workdir/src/signatures.rs:94:36
[INFO] [stdout]   45:     0x58dd5cd3c546 - <txdecode[2c6bf265c4675c96]::signatures::tests::test_lookup_selector::{closure#0} as core[df12db4294e9bfd3]::ops::function::FnOnce<()>>::call_once
[INFO] [stdout]                                at /rustc/dfb0accb7f508ae8be965d8629557221c889dd98/library/core/src/ops/function.rs:250:5
[INFO] [stdout]   46:     0x58dd5cd3efdb - <fn() -> core[df12db4294e9bfd3]::result::Result<(), alloc[2182bb758b4b3781]::string::String> as core[df12db4294e9bfd3]::ops::function::FnOnce<()>>::call_once
[INFO] [stdout]                                at /rustc/dfb0accb7f508ae8be965d8629557221c889dd98/library/core/src/ops/function.rs:250:5
[INFO] [stdout]   47:     0x58dd5cd3efdb - test[9d35eded1c95d3be]::__rust_begin_short_backtrace::<core[df12db4294e9bfd3]::result::Result<(), alloc[2182bb758b4b3781]::string::String>, fn() -> core[df12db4294e9bfd3]::result::Result<(), alloc[2182bb758b4b3781]::string::String>>
[INFO] [stdout]                                at /rustc/dfb0accb7f508ae8be965d8629557221c889dd98/library/test/src/lib.rs:733:18
[INFO] [stdout]   48:     0x58dd5cd4c645 - test[9d35eded1c95d3be]::run_test_in_process::{closure#0}
[INFO] [stdout]                                at /rustc/dfb0accb7f508ae8be965d8629557221c889dd98/library/test/src/lib.rs:756:74
[INFO] [stdout]   49:     0x58dd5cd4c645 - <core[df12db4294e9bfd3]::panic::unwind_safe::AssertUnwindSafe<test[9d35eded1c95d3be]::run_test_in_process::{closure#0}> as core[df12db4294e9bfd3]::ops::function::FnOnce<()>>::call_once
[INFO] [stdout]                                at /rustc/dfb0accb7f508ae8be965d8629557221c889dd98/library/core/src/panic/unwind_safe.rs:275:9
[INFO] [stdout]   50:     0x58dd5cd4c645 - std[70759c8f55707aa4]::panicking::catch_unwind::do_call::<core[df12db4294e9bfd3]::panic::unwind_safe::AssertUnwindSafe<test[9d35eded1c95d3be]::run_test_in_process::{closure#0}>, core[df12db4294e9bfd3]::result::Result<(), alloc[2182bb758b4b3781]::string::String>>
[INFO] [stdout]                                at /rustc/dfb0accb7f508ae8be965d8629557221c889dd98/library/std/src/panicking.rs:576:43
[INFO] [stdout]   51:     0x58dd5cd4c645 - std[70759c8f55707aa4]::panicking::catch_unwind::<core[df12db4294e9bfd3]::result::Result<(), alloc[2182bb758b4b3781]::string::String>, core[df12db4294e9bfd3]::panic::unwind_safe::AssertUnwindSafe<test[9d35eded1c95d3be]::run_test_in_process::{closure#0}>>
[INFO] [stdout]                                at /rustc/dfb0accb7f508ae8be965d8629557221c889dd98/library/std/src/panicking.rs:544:19
[INFO] [stdout]   52:     0x58dd5cd4c645 - std[70759c8f55707aa4]::panic::catch_unwind::<core[df12db4294e9bfd3]::panic::unwind_safe::AssertUnwindSafe<test[9d35eded1c95d3be]::run_test_in_process::{closure#0}>, core[df12db4294e9bfd3]::result::Result<(), alloc[2182bb758b4b3781]::string::String>>
[INFO] [stdout]                                at /rustc/dfb0accb7f508ae8be965d8629557221c889dd98/library/std/src/panic.rs:359:14
[INFO] [stdout]   53:     0x58dd5cd4c645 - test[9d35eded1c95d3be]::run_test_in_process
[INFO] [stdout]                                at /rustc/dfb0accb7f508ae8be965d8629557221c889dd98/library/test/src/lib.rs:756:27
[INFO] [stdout]   54:     0x58dd5cd4c645 - test[9d35eded1c95d3be]::run_test::{closure#0}
[INFO] [stdout]                                at /rustc/dfb0accb7f508ae8be965d8629557221c889dd98/library/test/src/lib.rs:677:43
[INFO] [stdout]   55:     0x58dd5cd45f04 - test[9d35eded1c95d3be]::run_test::{closure#1}
[INFO] [stdout]                                at /rustc/dfb0accb7f508ae8be965d8629557221c889dd98/library/test/src/lib.rs:707:41
[INFO] [stdout]   56:     0x58dd5cd45f04 - std[70759c8f55707aa4]::sys::backtrace::__rust_begin_short_backtrace::<test[9d35eded1c95d3be]::run_test::{closure#1}, ()>
[INFO] [stdout]                                at /rustc/dfb0accb7f508ae8be965d8629557221c889dd98/library/std/src/sys/backtrace.rs:166:18
[INFO] [stdout]   57:     0x58dd5cd4f7a2 - std[70759c8f55707aa4]::thread::lifecycle::spawn_unchecked::<test[9d35eded1c95d3be]::run_test::{closure#1}, ()>::{closure#1}::{closure#0}
[INFO] [stdout]                                at /rustc/dfb0accb7f508ae8be965d8629557221c889dd98/library/std/src/thread/lifecycle.rs:70:13
[INFO] [stdout]   58:     0x58dd5cd4f7a2 - <core[df12db4294e9bfd3]::panic::unwind_safe::AssertUnwindSafe<std[70759c8f55707aa4]::thread::lifecycle::spawn_unchecked<test[9d35eded1c95d3be]::run_test::{closure#1}, ()>::{closure#1}::{closure#0}> as core[df12db4294e9bfd3]::ops::function::FnOnce<()>>::call_once
[INFO] [stdout]                                at /rustc/dfb0accb7f508ae8be965d8629557221c889dd98/library/core/src/panic/unwind_safe.rs:275:9
[INFO] [stdout]   59:     0x58dd5cd4f7a2 - std[70759c8f55707aa4]::panicking::catch_unwind::do_call::<core[df12db4294e9bfd3]::panic::unwind_safe::AssertUnwindSafe<std[70759c8f55707aa4]::thread::lifecycle::spawn_unchecked<test[9d35eded1c95d3be]::run_test::{closure#1}, ()>::{closure#1}::{closure#0}>, ()>
[INFO] [stdout]                                at /rustc/dfb0accb7f508ae8be965d8629557221c889dd98/library/std/src/panicking.rs:576:43
[INFO] [stdout]   60:     0x58dd5cd4f7a2 - std[70759c8f55707aa4]::panicking::catch_unwind::<(), core[df12db4294e9bfd3]::panic::unwind_safe::AssertUnwindSafe<std[70759c8f55707aa4]::thread::lifecycle::spawn_unchecked<test[9d35eded1c95d3be]::run_test::{closure#1}, ()>::{closure#1}::{closure#0}>>
[INFO] [stdout]                                at /rustc/dfb0accb7f508ae8be965d8629557221c889dd98/library/std/src/panicking.rs:544:19
[INFO] [stdout]   61:     0x58dd5cd4f7a2 - std[70759c8f55707aa4]::panic::catch_unwind::<core[df12db4294e9bfd3]::panic::unwind_safe::AssertUnwindSafe<std[70759c8f55707aa4]::thread::lifecycle::spawn_unchecked<test[9d35eded1c95d3be]::run_test::{closure#1}, ()>::{closure#1}::{closure#0}>, ()>
[INFO] [stdout]                                at /rustc/dfb0accb7f508ae8be965d8629557221c889dd98/library/std/src/panic.rs:359:14
[INFO] [stdout]   62:     0x58dd5cd4f7a2 - std[70759c8f55707aa4]::thread::lifecycle::spawn_unchecked::<test[9d35eded1c95d3be]::run_test::{closure#1}, ()>::{closure#1}
[INFO] [stdout]                                at /rustc/dfb0accb7f508ae8be965d8629557221c889dd98/library/std/src/thread/lifecycle.rs:68:26
[INFO] [stdout]   63:     0x58dd5cd4f7a2 - <std[70759c8f55707aa4]::thread::lifecycle::spawn_unchecked<test[9d35eded1c95d3be]::run_test::{closure#1}, ()>::{closure#1} as core[df12db4294e9bfd3]::ops::function::FnOnce<()>>::call_once::{shim:vtable#0}
[INFO] [stdout]                                at /rustc/dfb0accb7f508ae8be965d8629557221c889dd98/library/core/src/ops/function.rs:250:5
[INFO] [stdout]   64:     0x58dd5d440379 - <alloc[2182bb758b4b3781]::boxed::Box<dyn core[df12db4294e9bfd3]::ops::function::FnOnce<(), Output = ()> + core[df12db4294e9bfd3]::marker::Send> as core[df12db4294e9bfd3]::ops::function::FnOnce<()>>::call_once
[INFO] [stdout]                                at /rustc/dfb0accb7f508ae8be965d8629557221c889dd98/library/alloc/src/boxed.rs:2320:9
[INFO] [stdout]   65:     0x58dd5d440379 - <std[70759c8f55707aa4]::sys::thread::unix::Thread>::new::thread_start
[INFO] [stdout]                                at /rustc/dfb0accb7f508ae8be965d8629557221c889dd98/library/std/src/sys/thread/unix.rs:123:17
[INFO] [stdout]   66:     0x7bdd1a1b2dfa - <unknown>
[INFO] [stdout]   67:     0x7bdd1a2463d4 - clone
[INFO] [stdout]   68:                0x0 - <unknown>
[INFO] [stdout] 
[INFO] [stdout] ---- decode::tests::test_decode_calldata stdout ----
[INFO] [stdout] 
[INFO] [stdout] thread 'decode::tests::test_decode_calldata' (4160) panicked at src/decode.rs:106:81:
[INFO] [stdout] called `Result::unwrap()` on an `Err` value: error sending request for url (https://www.4byte.directory/api/v1/signatures/?hex_signature=0xa9059cbb)
[INFO] [stdout] 
[INFO] [stdout] Caused by:
[INFO] [stdout]    0: client error (Connect)
[INFO] [stdout]    1: dns error
[INFO] [stdout]    2: failed to lookup address information: Temporary failure in name resolution
[INFO] [stdout] 
[INFO] [stdout] Location:
[INFO] [stdout]     src/signatures.rs:48:38
[INFO] [stdout] stack backtrace:
[INFO] [stdout]    0:     0x58dd5d4413b1 - std[70759c8f55707aa4]::backtrace_rs::backtrace::libunwind::trace
[INFO] [stdout]                                at /rustc/dfb0accb7f508ae8be965d8629557221c889dd98/library/std/src/../../backtrace/src/backtrace/libunwind.rs:117:9
[INFO] [stdout]    1:     0x58dd5d4413b1 - std[70759c8f55707aa4]::backtrace_rs::backtrace::trace_unsynchronized::<std[70759c8f55707aa4]::sys::backtrace::_print_fmt::{closure#1}>
[INFO] [stdout]                                at /rustc/dfb0accb7f508ae8be965d8629557221c889dd98/library/std/src/../../backtrace/src/backtrace/mod.rs:66:14
[INFO] [stdout]    2:     0x58dd5d4413b1 - std[70759c8f55707aa4]::sys::backtrace::_print_fmt
[INFO] [stdout]                                at /rustc/dfb0accb7f508ae8be965d8629557221c889dd98/library/std/src/sys/backtrace.rs:74:9
[INFO] [stdout]    3:     0x58dd5d4413b1 - <<std[70759c8f55707aa4]::sys::backtrace::BacktraceLock>::print::DisplayBacktrace as core[df12db4294e9bfd3]::fmt::Display>::fmt
[INFO] [stdout]                                at /rustc/dfb0accb7f508ae8be965d8629557221c889dd98/library/std/src/sys/backtrace.rs:44:26
[INFO] [stdout]    4:     0x58dd5d458afa - <core[df12db4294e9bfd3]::fmt::rt::Argument>::fmt
[INFO] [stdout]                                at /rustc/dfb0accb7f508ae8be965d8629557221c889dd98/library/core/src/fmt/rt.rs:152:76
[INFO] [stdout]    5:     0x58dd5d458afa - core[df12db4294e9bfd3]::fmt::write
[INFO] [stdout]    6:     0x58dd5d445ffc - core[df12db4294e9bfd3]::io::write::default_write_fmt::<alloc[2182bb758b4b3781]::vec::Vec<u8>>
[INFO] [stdout]                                at /rustc/dfb0accb7f508ae8be965d8629557221c889dd98/library/core/src/io/write.rs:402:11
[INFO] [stdout]    7:     0x58dd5d445ffc - <alloc[2182bb758b4b3781]::vec::Vec<u8> as core[df12db4294e9bfd3]::io::write::Write>::write_fmt
[INFO] [stdout]                                at /rustc/dfb0accb7f508ae8be965d8629557221c889dd98/library/core/src/io/write.rs:335:13
[INFO] [stdout]    8:     0x58dd5d41b516 - <std[70759c8f55707aa4]::sys::backtrace::BacktraceLock>::print
[INFO] [stdout]                                at /rustc/dfb0accb7f508ae8be965d8629557221c889dd98/library/std/src/sys/backtrace.rs:47:9
[INFO] [stdout]    9:     0x58dd5d41b516 - std[70759c8f55707aa4]::panicking::default_hook::{closure#0}
[INFO] [stdout]                                at /rustc/dfb0accb7f508ae8be965d8629557221c889dd98/library/std/src/panicking.rs:292:27
[INFO] [stdout]   10:     0x58dd5d438d59 - std[70759c8f55707aa4]::panicking::default_hook
[INFO] [stdout]                                at /rustc/dfb0accb7f508ae8be965d8629557221c889dd98/library/std/src/panicking.rs:316:9
[INFO] [stdout]   11:     0x58dd5cd4bcf0 - <alloc[2182bb758b4b3781]::boxed::Box<dyn for<'a, 'b> core[df12db4294e9bfd3]::ops::function::Fn<(&'a std[70759c8f55707aa4]::panic::PanicHookInfo<'b>,), Output = ()> + core[df12db4294e9bfd3]::marker::Send + core[df12db4294e9bfd3]::marker::Sync> as core[df12db4294e9bfd3]::ops::function::Fn<(&std[70759c8f55707aa4]::panic::PanicHookInfo,)>>::call
[INFO] [stdout]                                at /rustc/dfb0accb7f508ae8be965d8629557221c889dd98/library/alloc/src/boxed.rs:2334:9
[INFO] [stdout]   12:     0x58dd5cd4bcf0 - test[9d35eded1c95d3be]::test_main_inner::<test[9d35eded1c95d3be]::test_main_static::{closure#0}>::{closure#0}
[INFO] [stdout]                                at /rustc/dfb0accb7f508ae8be965d8629557221c889dd98/library/test/src/lib.rs:155:21
[INFO] [stdout]   13:     0x58dd5d439082 - <alloc[2182bb758b4b3781]::boxed::Box<dyn for<'a, 'b> core[df12db4294e9bfd3]::ops::function::Fn<(&'a std[70759c8f55707aa4]::panic::PanicHookInfo<'b>,), Output = ()> + core[df12db4294e9bfd3]::marker::Send + core[df12db4294e9bfd3]::marker::Sync> as core[df12db4294e9bfd3]::ops::function::Fn<(&std[70759c8f55707aa4]::panic::PanicHookInfo,)>>::call
[INFO] [stdout]                                at /rustc/dfb0accb7f508ae8be965d8629557221c889dd98/library/alloc/src/boxed.rs:2334:9
[INFO] [stdout]   14:     0x58dd5d439082 - std[70759c8f55707aa4]::panicking::panic_with_hook
[INFO] [stdout]                                at /rustc/dfb0accb7f508ae8be965d8629557221c889dd98/library/std/src/panicking.rs:823:13
[INFO] [stdout]   15:     0x58dd5d41b5c2 - std[70759c8f55707aa4]::panicking::panic_handler::{closure#0}
[INFO] [stdout]                                at /rustc/dfb0accb7f508ae8be965d8629557221c889dd98/library/std/src/panicking.rs:688:13
[INFO] [stdout]   16:     0x58dd5d413fb9 - std[70759c8f55707aa4]::sys::backtrace::__rust_end_short_backtrace::<std[70759c8f55707aa4]::panicking::panic_handler::{closure#0}, !>
[INFO] [stdout]                                at /rustc/dfb0accb7f508ae8be965d8629557221c889dd98/library/std/src/sys/backtrace.rs:182:18
[INFO] [stdout]   17:     0x58dd5d41c3ad - __rustc[8fa7c3cbc660c2b3]::rust_begin_unwind
[INFO] [stdout]                                at /rustc/dfb0accb7f508ae8be965d8629557221c889dd98/library/std/src/panicking.rs:679:5
[INFO] [stdout]   18:     0x58dd5d45931c - core[df12db4294e9bfd3]::panicking::panic_fmt
[INFO] [stdout]                                at /rustc/dfb0accb7f508ae8be965d8629557221c889dd98/library/core/src/panicking.rs:80:14
[INFO] [stdout]   19:     0x58dd5d459072 - core[df12db4294e9bfd3]::result::unwrap_failed
[INFO] [stdout]                                at /rustc/dfb0accb7f508ae8be965d8629557221c889dd98/library/core/src/result.rs:1871:5
[INFO] [stdout]   20:     0x58dd5cd2b155 - <core[df12db4294e9bfd3]::result::Result<(alloy_json_abi[ae6219e552ae7b09]::item::Function, alloc[2182bb758b4b3781]::vec::Vec<alloy_dyn_abi[5a42b38fe87551bb]::dynamic::value::DynSolValue>), eyre[a7fdfeb06223ab3e]::Report>>::unwrap
[INFO] [stdout]                                at /rustc/dfb0accb7f508ae8be965d8629557221c889dd98/library/core/src/result.rs:1232:23
[INFO] [stdout]   21:     0x58dd5cd2b155 - txdecode[2c6bf265c4675c96]::decode::tests::test_decode_calldata::{closure#0}
[INFO] [stdout]                                at /opt/rustwide/workdir/src/decode.rs:106:81
[INFO] [stdout]   22:     0x58dd5cd21522 - <core[df12db4294e9bfd3]::pin::Pin<&mut dyn core[df12db4294e9bfd3]::future::future::Future<Output = ()>> as core[df12db4294e9bfd3]::future::future::Future>::poll
[INFO] [stdout]                                at /rustc/dfb0accb7f508ae8be965d8629557221c889dd98/library/core/src/future/future.rs:133:9
[INFO] [stdout]   23:     0x58dd5cd2159d - <core[df12db4294e9bfd3]::pin::Pin<&mut core[df12db4294e9bfd3]::pin::Pin<&mut dyn core[df12db4294e9bfd3]::future::future::Future<Output = ()>>> as core[df12db4294e9bfd3]::future::future::Future>::poll
[INFO] [stdout]                                at /rustc/dfb0accb7f508ae8be965d8629557221c889dd98/library/core/src/future/future.rs:133:9
[INFO] [stdout]   24:     0x58dd5cd1f05d - <tokio[48b872ab78c953cd]::runtime::scheduler::current_thread::CoreGuard>::block_on::<core[df12db4294e9bfd3]::pin::Pin<&mut core[df12db4294e9bfd3]::pin::Pin<&mut dyn core[df12db4294e9bfd3]::future::future::Future<Output = ()>>>>::{closure#0}::{closure#0}::{closure#0}
[INFO] [stdout]                                at /opt/rustwide/cargo-home/registry/src/index.crates.io-1949cf8c6b5b557f/tokio-1.48.0/src/runtime/scheduler/current_thread/mod.rs:742:70
[INFO] [stdout]   25:     0x58dd5cd1ef85 - tokio[48b872ab78c953cd]::task::coop::with_budget::<core[df12db4294e9bfd3]::task::poll::Poll<()>, <tokio[48b872ab78c953cd]::runtime::scheduler::current_thread::CoreGuard>::block_on<core[df12db4294e9bfd3]::pin::Pin<&mut core[df12db4294e9bfd3]::pin::Pin<&mut dyn core[df12db4294e9bfd3]::future::future::Future<Output = ()>>>>::{closure#0}::{closure#0}::{closure#0}>
[INFO] [stdout]                                at /opt/rustwide/cargo-home/registry/src/index.crates.io-1949cf8c6b5b557f/tokio-1.48.0/src/task/coop/mod.rs:167:5
[INFO] [stdout]   26:     0x58dd5cd1ef85 - tokio[48b872ab78c953cd]::task::coop::budget::<core[df12db4294e9bfd3]::task::poll::Poll<()>, <tokio[48b872ab78c953cd]::runtime::scheduler::current_thread::CoreGuard>::block_on<core[df12db4294e9bfd3]::pin::Pin<&mut core[df12db4294e9bfd3]::pin::Pin<&mut dyn core[df12db4294e9bfd3]::future::future::Future<Output = ()>>>>::{closure#0}::{closure#0}::{closure#0}>
[INFO] [stdout]                                at /opt/rustwide/cargo-home/registry/src/index.crates.io-1949cf8c6b5b557f/tokio-1.48.0/src/task/coop/mod.rs:133:5
[INFO] [stdout]   27:     0x58dd5cd1ef85 - <tokio[48b872ab78c953cd]::runtime::scheduler::current_thread::CoreGuard>::block_on::<core[df12db4294e9bfd3]::pin::Pin<&mut core[df12db4294e9bfd3]::pin::Pin<&mut dyn core[df12db4294e9bfd3]::future::future::Future<Output = ()>>>>::{closure#0}::{closure#0}
[INFO] [stdout]                                at /opt/rustwide/cargo-home/registry/src/index.crates.io-1949cf8c6b5b557f/tokio-1.48.0/src/runtime/scheduler/current_thread/mod.rs:742:25
[INFO] [stdout]   28:     0x58dd5cd19612 - <tokio[48b872ab78c953cd]::runtime::scheduler::current_thread::Context>::enter::<core[df12db4294e9bfd3]::task::poll::Poll<()>, <tokio[48b872ab78c953cd]::runtime::scheduler::current_thread::CoreGuard>::block_on<core[df12db4294e9bfd3]::pin::Pin<&mut core[df12db4294e9bfd3]::pin::Pin<&mut dyn core[df12db4294e9bfd3]::future::future::Future<Output = ()>>>>::{closure#0}::{closure#0}>
[INFO] [stdout]                                at /opt/rustwide/cargo-home/registry/src/index.crates.io-1949cf8c6b5b557f/tokio-1.48.0/src/runtime/scheduler/current_thread/mod.rs:432:19
[INFO] [stdout]   29:     0x58dd5cd1e2bd - <tokio[48b872ab78c953cd]::runtime::scheduler::current_thread::CoreGuard>::block_on::<core[df12db4294e9bfd3]::pin::Pin<&mut core[df12db4294e9bfd3]::pin::Pin<&mut dyn core[df12db4294e9bfd3]::future::future::Future<Output = ()>>>>::{closure#0}
[INFO] [stdout]                                at /opt/rustwide/cargo-home/registry/src/index.crates.io-1949cf8c6b5b557f/tokio-1.48.0/src/runtime/scheduler/current_thread/mod.rs:741:44
[INFO] [stdout]   30:     0x58dd5cd1d5b4 - <tokio[48b872ab78c953cd]::runtime::scheduler::current_thread::CoreGuard>::enter::<<tokio[48b872ab78c953cd]::runtime::scheduler::current_thread::CoreGuard>::block_on<core[df12db4294e9bfd3]::pin::Pin<&mut core[df12db4294e9bfd3]::pin::Pin<&mut dyn core[df12db4294e9bfd3]::future::future::Future<Output = ()>>>>::{closure#0}, core[df12db4294e9bfd3]::option::Option<()>>::{closure#0}
[INFO] [stdout]                                at /opt/rustwide/cargo-home/registry/src/index.crates.io-1949cf8c6b5b557f/tokio-1.48.0/src/runtime/scheduler/current_thread/mod.rs:829:68
[INFO] [stdout]   31:     0x58dd5cd27cab - <tokio[48b872ab78c953cd]::runtime::context::scoped::Scoped<tokio[48b872ab78c953cd]::runtime::scheduler::Context>>::set::<<tokio[48b872ab78c953cd]::runtime::scheduler::current_thread::CoreGuard>::enter<<tokio[48b872ab78c953cd]::runtime::scheduler::current_thread::CoreGuard>::block_on<core[df12db4294e9bfd3]::pin::Pin<&mut core[df12db4294e9bfd3]::pin::Pin<&mut dyn core[df12db4294e9bfd3]::future::future::Future<Output = ()>>>>::{closure#0}, core[df12db4294e9bfd3]::option::Option<()>>::{closure#0}, (alloc[2182bb758b4b3781]::boxed::Box<tokio[48b872ab78c953cd]::runtime::scheduler::current_thread::Core>, core[df12db4294e9bfd3]::option::Option<()>)>
[INFO] [stdout]                                at /opt/rustwide/cargo-home/registry/src/index.crates.io-1949cf8c6b5b557f/tokio-1.48.0/src/runtime/context/scoped.rs:40:9
[INFO] [stdout]   32:     0x58dd5cd25729 - tokio[48b872ab78c953cd]::runtime::context::set_scheduler::<(alloc[2182bb758b4b3781]::boxed::Box<tokio[48b872ab78c953cd]::runtime::scheduler::current_thread::Core>, core[df12db4294e9bfd3]::option::Option<()>), <tokio[48b872ab78c953cd]::runtime::scheduler::current_thread::CoreGuard>::enter<<tokio[48b872ab78c953cd]::runtime::scheduler::current_thread::CoreGuard>::block_on<core[df12db4294e9bfd3]::pin::Pin<&mut core[df12db4294e9bfd3]::pin::Pin<&mut dyn core[df12db4294e9bfd3]::future::future::Future<Output = ()>>>>::{closure#0}, core[df12db4294e9bfd3]::option::Option<()>>::{closure#0}>::{closure#0}
[INFO] [stdout]                                at /opt/rustwide/cargo-home/registry/src/index.crates.io-1949cf8c6b5b557f/tokio-1.48.0/src/runtime/context.rs:176:38
[INFO] [stdout]   33:     0x58dd5cd2266f - <std[70759c8f55707aa4]::thread::local::LocalKey<tokio[48b872ab78c953cd]::runtime::context::Context>>::try_with::<tokio[48b872ab78c953cd]::runtime::context::set_scheduler<(alloc[2182bb758b4b3781]::boxed::Box<tokio[48b872ab78c953cd]::runtime::scheduler::current_thread::Core>, core[df12db4294e9bfd3]::option::Option<()>), <tokio[48b872ab78c953cd]::runtime::scheduler::current_thread::CoreGuard>::enter<<tokio[48b872ab78c953cd]::runtime::scheduler::current_thread::CoreGuard>::block_on<core[df12db4294e9bfd3]::pin::Pin<&mut core[df12db4294e9bfd3]::pin::Pin<&mut dyn core[df12db4294e9bfd3]::future::future::Future<Output = ()>>>>::{closure#0}, core[df12db4294e9bfd3]::option::Option<()>>::{closure#0}>::{closure#0}, (alloc[2182bb758b4b3781]::boxed::Box<tokio[48b872ab78c953cd]::runtime::scheduler::current_thread::Core>, core[df12db4294e9bfd3]::option::Option<()>)>
[INFO] [stdout]                                at /rustc/dfb0accb7f508ae8be965d8629557221c889dd98/library/std/src/thread/local.rs:463:12
[INFO] [stdout]   34:     0x58dd5cd2221e - <std[70759c8f55707aa4]::thread::local::LocalKey<tokio[48b872ab78c953cd]::runtime::context::Context>>::with::<tokio[48b872ab78c953cd]::runtime::context::set_scheduler<(alloc[2182bb758b4b3781]::boxed::Box<tokio[48b872ab78c953cd]::runtime::scheduler::current_thread::Core>, core[df12db4294e9bfd3]::option::Option<()>), <tokio[48b872ab78c953cd]::runtime::scheduler::current_thread::CoreGuard>::enter<<tokio[48b872ab78c953cd]::runtime::scheduler::current_thread::CoreGuard>::block_on<core[df12db4294e9bfd3]::pin::Pin<&mut core[df12db4294e9bfd3]::pin::Pin<&mut dyn core[df12db4294e9bfd3]::future::future::Future<Output = ()>>>>::{closure#0}, core[df12db4294e9bfd3]::option::Option<()>>::{closure#0}>::{closure#0}, (alloc[2182bb758b4b3781]::boxed::Box<tokio[48b872ab78c953cd]::runtime::scheduler::current_thread::Core>, core[df12db4294e9bfd3]::option::Option<()>)>
[INFO] [stdout]                                at /rustc/dfb0accb7f508ae8be965d8629557221c889dd98/library/std/src/thread/local.rs:427:20
[INFO] [stdout]   35:     0x58dd5cd23c3d - tokio[48b872ab78c953cd]::runtime::context::set_scheduler::<(alloc[2182bb758b4b3781]::boxed::Box<tokio[48b872ab78c953cd]::runtime::scheduler::current_thread::Core>, core[df12db4294e9bfd3]::option::Option<()>), <tokio[48b872ab78c953cd]::runtime::scheduler::current_thread::CoreGuard>::enter<<tokio[48b872ab78c953cd]::runtime::scheduler::current_thread::CoreGuard>::block_on<core[df12db4294e9bfd3]::pin::Pin<&mut core[df12db4294e9bfd3]::pin::Pin<&mut dyn core[df12db4294e9bfd3]::future::future::Future<Output = ()>>>>::{closure#0}, core[df12db4294e9bfd3]::option::Option<()>>::{closure#0}>
[INFO] [stdout]                                at /opt/rustwide/cargo-home/registry/src/index.crates.io-1949cf8c6b5b557f/tokio-1.48.0/src/runtime/context.rs:176:17
[INFO] [stdout]   36:     0x58dd5cd1a680 - <tokio[48b872ab78c953cd]::runtime::scheduler::current_thread::CoreGuard>::enter::<<tokio[48b872ab78c953cd]::runtime::scheduler::current_thread::CoreGuard>::block_on<core[df12db4294e9bfd3]::pin::Pin<&mut core[df12db4294e9bfd3]::pin::Pin<&mut dyn core[df12db4294e9bfd3]::future::future::Future<Output = ()>>>>::{closure#0}, core[df12db4294e9bfd3]::option::Option<()>>
[INFO] [stdout]                                at /opt/rustwide/cargo-home/registry/src/index.crates.io-1949cf8c6b5b557f/tokio-1.48.0/src/runtime/scheduler/current_thread/mod.rs:829:27
[INFO] [stdout]   37:     0x58dd5cd1a976 - <tokio[48b872ab78c953cd]::runtime::scheduler::current_thread::CoreGuard>::block_on::<core[df12db4294e9bfd3]::pin::Pin<&mut core[df12db4294e9bfd3]::pin::Pin<&mut dyn core[df12db4294e9bfd3]::future::future::Future<Output = ()>>>>
[INFO] [stdout]                                at /opt/rustwide/cargo-home/registry/src/index.crates.io-1949cf8c6b5b557f/tokio-1.48.0/src/runtime/scheduler/current_thread/mod.rs:729:24
[INFO] [stdout]   38:     0x58dd5cd1d1c0 - <tokio[48b872ab78c953cd]::runtime::scheduler::current_thread::CurrentThread>::block_on::<core[df12db4294e9bfd3]::pin::Pin<&mut dyn core[df12db4294e9bfd3]::future::future::Future<Output = ()>>>::{closure#0}
[INFO] [stdout]                                at /opt/rustwide/cargo-home/registry/src/index.crates.io-1949cf8c6b5b557f/tokio-1.48.0/src/runtime/scheduler/current_thread/mod.rs:200:33
[INFO] [stdout]   39:     0x58dd5cd2f048 - tokio[48b872ab78c953cd]::runtime::context::runtime::enter_runtime::<<tokio[48b872ab78c953cd]::runtime::scheduler::current_thread::CurrentThread>::block_on<core[df12db4294e9bfd3]::pin::Pin<&mut dyn core[df12db4294e9bfd3]::future::future::Future<Output = ()>>>::{closure#0}, ()>
[INFO] [stdout]                                at /opt/rustwide/cargo-home/registry/src/index.crates.io-1949cf8c6b5b557f/tokio-1.48.0/src/runtime/context/runtime.rs:65:16
[INFO] [stdout]   40:     0x58dd5cd191d4 - <tokio[48b872ab78c953cd]::runtime::scheduler::current_thread::CurrentThread>::block_on::<core[df12db4294e9bfd3]::pin::Pin<&mut dyn core[df12db4294e9bfd3]::future::future::Future<Output = ()>>>
[INFO] [stdout]                                at /opt/rustwide/cargo-home/registry/src/index.crates.io-1949cf8c6b5b557f/tokio-1.48.0/src/runtime/scheduler/current_thread/mod.rs:188:9
[INFO] [stdout]   41:     0x58dd5cd2d79f - <tokio[48b872ab78c953cd]::runtime::runtime::Runtime>::block_on_inner::<core[df12db4294e9bfd3]::pin::Pin<&mut dyn core[df12db4294e9bfd3]::future::future::Future<Output = ()>>>
[INFO] [stdout]                                at /opt/rustwide/cargo-home/registry/src/index.crates.io-1949cf8c6b5b557f/tokio-1.48.0/src/runtime/runtime.rs:368:52
[INFO] [stdout]   42:     0x58dd5cd2d8eb - <tokio[48b872ab78c953cd]::runtime::runtime::Runtime>::block_on::<core[df12db4294e9bfd3]::pin::Pin<&mut dyn core[df12db4294e9bfd3]::future::future::Future<Output = ()>>>
[INFO] [stdout]                                at /opt/rustwide/cargo-home/registry/src/index.crates.io-1949cf8c6b5b557f/tokio-1.48.0/src/runtime/runtime.rs:342:18
[INFO] [stdout]   43:     0x58dd5cd2c0b3 - txdecode[2c6bf265c4675c96]::decode::tests::test_decode_calldata
[INFO] [stdout]                                at /opt/rustwide/workdir/src/decode.rs:108:36
[INFO] [stdout]   44:     0x58dd5cd2ad87 - txdecode[2c6bf265c4675c96]::decode::tests::test_decode_calldata::{closure#0}
[INFO] [stdout]                                at /opt/rustwide/workdir/src/decode.rs:101:36
[INFO] [stdout]   45:     0x58dd5cd3c606 - <txdecode[2c6bf265c4675c96]::decode::tests::test_decode_calldata::{closure#0} as core[df12db4294e9bfd3]::ops::function::FnOnce<()>>::call_once
[INFO] [stdout]                                at /rustc/dfb0accb7f508ae8be965d8629557221c889dd98/library/core/src/ops/function.rs:250:5
[INFO] [stdout]   46:     0x58dd5cd3efdb - <fn() -> core[df12db4294e9bfd3]::result::Result<(), alloc[2182bb758b4b3781]::string::String> as core[df12db4294e9bfd3]::ops::function::FnOnce<()>>::call_once
[INFO] [stdout]                                at /rustc/dfb0accb7f508ae8be965d8629557221c889dd98/library/core/src/ops/function.rs:250:5
[INFO] [stdout]   47:     0x58dd5cd3efdb - test[9d35eded1c95d3be]::__rust_begin_short_backtrace::<core[df12db4294e9bfd3]::result::Result<(), alloc[2182bb758b4b3781]::string::String>, fn() -> core[df12db4294e9bfd3]::result::Result<(), alloc[2182bb758b4b3781]::string::String>>
[INFO] [stdout]                                at /rustc/dfb0accb7f508ae8be965d8629557221c889dd98/library/test/src/lib.rs:733:18
[INFO] [stdout]   48:     0x58dd5cd4c645 - test[9d35eded1c95d3be]::run_test_in_process::{closure#0}
[INFO] [stdout]                                at /rustc/dfb0accb7f508ae8be965d8629557221c889dd98/library/test/src/lib.rs:756:74
[INFO] [stdout]   49:     0x58dd5cd4c645 - <core[df12db4294e9bfd3]::panic::unwind_safe::AssertUnwindSafe<test[9d35eded1c95d3be]::run_test_in_process::{closure#0}> as core[df12db4294e9bfd3]::ops::function::FnOnce<()>>::call_once
[INFO] [stdout]                                at /rustc/dfb0accb7f508ae8be965d8629557221c889dd98/library/core/src/panic/unwind_safe.rs:275:9
[INFO] [stdout]   50:     0x58dd5cd4c645 - std[70759c8f55707aa4]::panicking::catch_unwind::do_call::<core[df12db4294e9bfd3]::panic::unwind_safe::AssertUnwindSafe<test[9d35eded1c95d3be]::run_test_in_process::{closure#0}>, core[df12db4294e9bfd3]::result::Result<(), alloc[2182bb758b4b3781]::string::String>>
[INFO] [stdout]                                at /rustc/dfb0accb7f508ae8be965d8629557221c889dd98/library/std/src/panicking.rs:576:43
[INFO] [stdout]   51:     0x58dd5cd4c645 - std[70759c8f55707aa4]::panicking::catch_unwind::<core[df12db4294e9bfd3]::result::Result<(), alloc[2182bb758b4b3781]::string::String>, core[df12db4294e9bfd3]::panic::unwind_safe::AssertUnwindSafe<test[9d35eded1c95d3be]::run_test_in_process::{closure#0}>>
[INFO] [stdout]                                at /rustc/dfb0accb7f508ae8be965d8629557221c889dd98/library/std/src/panicking.rs:544:19
[INFO] [stdout]   52:     0x58dd5cd4c645 - std[70759c8f55707aa4]::panic::catch_unwind::<core[df12db4294e9bfd3]::panic::unwind_safe::AssertUnwindSafe<test[9d35eded1c95d3be]::run_test_in_process::{closure#0}>, core[df12db4294e9bfd3]::result::Result<(), alloc[2182bb758b4b3781]::string::String>>
[INFO] [stdout]                                at /rustc/dfb0accb7f508ae8be965d8629557221c889dd98/library/std/src/panic.rs:359:14
[INFO] [stdout]   53:     0x58dd5cd4c645 - test[9d35eded1c95d3be]::run_test_in_process
[INFO] [stdout]                                at /rustc/dfb0accb7f508ae8be965d8629557221c889dd98/library/test/src/lib.rs:756:27
[INFO] [stdout]   54:     0x58dd5cd4c645 - test[9d35eded1c95d3be]::run_test::{closure#0}
[INFO] [stdout]                                at /rustc/dfb0accb7f508ae8be965d8629557221c889dd98/library/test/src/lib.rs:677:43
[INFO] [stdout]   55:     0x58dd5cd45f04 - test[9d35eded1c95d3be]::run_test::{closure#1}
[INFO] [stdout]                                at /rustc/dfb0accb7f508ae8be965d8629557221c889dd98/library/test/src/lib.rs:707:41
[INFO] [stdout]   56:     0x58dd5cd45f04 - std[70759c8f55707aa4]::sys::backtrace::__rust_begin_short_backtrace::<test[9d35eded1c95d3be]::run_test::{closure#1}, ()>
[INFO] [stdout]                                at /rustc/dfb0accb7f508ae8be965d8629557221c889dd98/library/std/src/sys/backtrace.rs:166:18
[INFO] [stdout]   57:     0x58dd5cd4f7a2 - std[70759c8f55707aa4]::thread::lifecycle::spawn_unchecked::<test[9d35eded1c95d3be]::run_test::{closure#1}, ()>::{closure#1}::{closure#0}
[INFO] [stdout]                                at /rustc/dfb0accb7f508ae8be965d8629557221c889dd98/library/std/src/thread/lifecycle.rs:70:13
[INFO] [stdout]   58:     0x58dd5cd4f7a2 - <core[df12db4294e9bfd3]::panic::unwind_safe::AssertUnwindSafe<std[70759c8f55707aa4]::thread::lifecycle::spawn_unchecked<test[9d35eded1c95d3be]::run_test::{closure#1}, ()>::{closure#1}::{closure#0}> as core[df12db4294e9bfd3]::ops::function::FnOnce<()>>::call_once
[INFO] [stdout]                                at /rustc/dfb0accb7f508ae8be965d8629557221c889dd98/library/core/src/panic/unwind_safe.rs:275:9
[INFO] [stdout]   59:     0x58dd5cd4f7a2 - std[70759c8f55707aa4]::panicking::catch_unwind::do_call::<core[df12db4294e9bfd3]::panic::unwind_safe::AssertUnwindSafe<std[70759c8f55707aa4]::thread::lifecycle::spawn_unchecked<test[9d35eded1c95d3be]::run_test::{closure#1}, ()>::{closure#1}::{closure#0}>, ()>
[INFO] [stdout]                                at /rustc/dfb0accb7f508ae8be965d8629557221c889dd98/library/std/src/panicking.rs:576:43
[INFO] [stdout]   60:     0x58dd5cd4f7a2 - std[70759c8f55707aa4]::panicking::catch_unwind::<(), core[df12db4294e9bfd3]::panic::unwind_safe::AssertUnwindSafe<std[70759c8f55707aa4]::thread::lifecycle::spawn_unchecked<test[9d35eded1c95d3be]::run_test::{closure#1}, ()>::{closure#1}::{closure#0}>>
[INFO] [stdout]                                at /rustc/dfb0accb7f508ae8be965d8629557221c889dd98/library/std/src/panicking.rs:544:19
[INFO] [stdout]   61:     0x58dd5cd4f7a2 - std[70759c8f55707aa4]::panic::catch_unwind::<core[df12db4294e9bfd3]::panic::unwind_safe::AssertUnwindSafe<std[70759c8f55707aa4]::thread::lifecycle::spawn_unchecked<test[9d35eded1c95d3be]::run_test::{closure#1}, ()>::{closure#1}::{closure#0}>, ()>
[INFO] [stdout]                                at /rustc/dfb0accb7f508ae8be965d8629557221c889dd98/library/std/src/panic.rs:359:14
[INFO] [stdout]   62:     0x58dd5cd4f7a2 - std[70759c8f55707aa4]::thread::lifecycle::spawn_unchecked::<test[9d35eded1c95d3be]::run_test::{closure#1}, ()>::{closure#1}
[INFO] [stdout]                                at /rustc/dfb0accb7f508ae8be965d8629557221c889dd98/library/std/src/thread/lifecycle.rs:68:26
[INFO] [stdout]   63:     0x58dd5cd4f7a2 - <std[70759c8f55707aa4]::thread::lifecycle::spawn_unchecked<test[9d35eded1c95d3be]::run_test::{closure#1}, ()>::{closure#1} as core[df12db4294e9bfd3]::ops::function::FnOnce<()>>::call_once::{shim:vtable#0}
[INFO] [stdout]                                at /rustc/dfb0accb7f508ae8be965d8629557221c889dd98/library/core/src/ops/function.rs:250:5
[INFO] [stdout]   64:     0x58dd5d440379 - <alloc[2182bb758b4b3781]::boxed::Box<dyn core[df12db4294e9bfd3]::ops::function::FnOnce<(), Output = ()> + core[df12db4294e9bfd3]::marker::Send> as core[df12db4294e9bfd3]::ops::function::FnOnce<()>>::call_once
[INFO] [stdout]                                at /rustc/dfb0accb7f508ae8be965d8629557221c889dd98/library/alloc/src/boxed.rs:2320:9
[INFO] [stdout]   65:     0x58dd5d440379 - <std[70759c8f55707aa4]::sys::thread::unix::Thread>::new::thread_start
[INFO] [stdout]                                at /rustc/dfb0accb7f508ae8be965d8629557221c889dd98/library/std/src/sys/thread/unix.rs:123:17
[INFO] [stdout]   66:     0x7bdd1a1b2dfa - <unknown>
[INFO] [stdout]   67:     0x7bdd1a2463d4 - clone
[INFO] [stdout]   68:                0x0 - <unknown>
[INFO] [stdout] 
[INFO] [stdout] 
[INFO] [stdout] failures:
[INFO] [stdout]     decode::tests::test_decode_calldata
[INFO] [stdout]     signatures::tests::test_lookup_selector
[INFO] [stdout] 
[INFO] [stdout] test result: FAILED. 8 passed; 2 failed; 1 ignored; 0 measured; 0 filtered out; finished in 0.20s
[INFO] [stdout] 
[INFO] [stderr] error: test failed, to rerun pass `--bin txdecode`
[INFO] running `Command { std: "docker" "inspect" "485f5ef1be88580fa4dbb106fa82a07e4143b07492c9d25d01aa5c116e56a339", kill_on_drop: false }`
[INFO] running `Command { std: "docker" "rm" "-f" "485f5ef1be88580fa4dbb106fa82a07e4143b07492c9d25d01aa5c116e56a339", kill_on_drop: false }`
[INFO] [stdout] 485f5ef1be88580fa4dbb106fa82a07e4143b07492c9d25d01aa5c116e56a339
