[INFO] fetching crate tayvo_authifier 1.0.15...
[INFO] testing tayvo_authifier-1.0.15 against 1.100.0-beta.1 for beta-1.100-3
[INFO] extracting crate tayvo_authifier 1.0.15 into /workspace/builds/worker-4-tc2/source
[INFO] started tweaking crates.io crate tayvo_authifier 1.0.15
[INFO] finished tweaking crates.io crate tayvo_authifier 1.0.15
[INFO] tweaked toml for crates.io crate tayvo_authifier 1.0.15 written to /workspace/builds/worker-4-tc2/source/Cargo.toml
[INFO] validating manifest of crates.io crate tayvo_authifier 1.0.15 on toolchain 1.100.0-beta.1
[INFO] running `Command { std: CARGO_HOME="/workspace/cargo-home" RUSTUP_HOME="/workspace/rustup-home" "/workspace/cargo-home/bin/cargo" "+1.100.0-beta.1" "metadata" "--manifest-path" "Cargo.toml" "--no-deps", kill_on_drop: false }`
[INFO] crate crates.io crate tayvo_authifier 1.0.15 already has a lockfile, it will not be regenerated
[INFO] running `Command { std: CARGO_HOME="/workspace/cargo-home" RUSTUP_HOME="/workspace/rustup-home" "/workspace/cargo-home/bin/cargo" "+1.100.0-beta.1" "fetch" "--manifest-path" "Cargo.toml", kill_on_drop: false }`
[INFO] running `Command { std: "docker" "create" "-v" "/var/lib/crater-agent-workspace/builds/worker-4-tc2/source:/opt/rustwide/workdir:ro,Z" "-v" "/var/lib/crater-agent-workspace/builds/worker-4-tc2/target:/opt/rustwide/target:rw,Z" "-v" "/var/lib/crater-agent-workspace/cargo-home:/opt/rustwide/cargo-home:ro,Z" "-v" "/var/lib/crater-agent-workspace/rustup-home:/opt/rustwide/rustup-home:ro,Z" "-m" "1610612736" "--network" "none" "ghcr.io/rust-lang/crates-build-env/linux@sha256:77db811e55d90add9212f6832c23229e3de5f1c1f9905e8cb07319ea15df73ac" "sleep" "infinity", kill_on_drop: false }`
[INFO] [stdout] f3b35d7b8461f7dc36edd5c0ea0beac1f1eda4174bc53672280b964f27d750b8
[INFO] running `Command { std: "docker" "start" "f3b35d7b8461f7dc36edd5c0ea0beac1f1eda4174bc53672280b964f27d750b8", kill_on_drop: false }`
[INFO] running `Command { std: "docker" "inspect" "f3b35d7b8461f7dc36edd5c0ea0beac1f1eda4174bc53672280b964f27d750b8", kill_on_drop: false }`
[INFO] running `Command { std: "docker" "exec" "-e" "SOURCE_DIR=/opt/rustwide/workdir" "-e" "CARGO_HOME=/opt/rustwide/cargo-home" "-e" "RUSTUP_HOME=/opt/rustwide/rustup-home" "-e" "CARGO_TARGET_DIR=/opt/rustwide/target" "-w" "/opt/rustwide/workdir" "--user" "0:0" "f3b35d7b8461f7dc36edd5c0ea0beac1f1eda4174bc53672280b964f27d750b8" "/opt/rustwide/cargo-home/bin/cargo" "+1.100.0-beta.1" "metadata" "--no-deps" "--format-version=1", kill_on_drop: false }`
[INFO] running `Command { std: "docker" "inspect" "f3b35d7b8461f7dc36edd5c0ea0beac1f1eda4174bc53672280b964f27d750b8", kill_on_drop: false }`
[INFO] running `Command { std: "docker" "exec" "-e" "SOURCE_DIR=/opt/rustwide/workdir" "-e" "CARGO_HOME=/opt/rustwide/cargo-home" "-e" "RUSTUP_HOME=/opt/rustwide/rustup-home" "-e" "CARGO_TARGET_DIR=/opt/rustwide/target" "-e" "CARGO_INCREMENTAL=0" "-e" "RUST_BACKTRACE=full" "-e" "RUSTFLAGS=--cap-lints=warn" "-e" "RUSTDOCFLAGS=--cap-lints=warn" "-w" "/opt/rustwide/workdir" "--user" "0:0" "f3b35d7b8461f7dc36edd5c0ea0beac1f1eda4174bc53672280b964f27d750b8" "/opt/rustwide/cargo-home/bin/cargo" "+1.100.0-beta.1" "build" "--frozen" "--message-format=json", kill_on_drop: false }`
[INFO] [stderr]    Compiling proc-macro2 v1.0.101
[INFO] [stderr]    Compiling libc v0.2.175
[INFO] [stderr]    Compiling cfg-if v1.0.3
[INFO] [stderr]    Compiling memchr v2.7.5
[INFO] [stderr]    Compiling find-msvc-tools v0.1.0
[INFO] [stderr]    Compiling futures-core v0.3.31
[INFO] [stderr]    Compiling futures-io v0.3.31
[INFO] [stderr]    Compiling stable_deref_trait v1.2.0
[INFO] [stderr]    Compiling serde v1.0.219
[INFO] [stderr]    Compiling bytes v1.10.1
[INFO] [stderr]    Compiling typenum v1.18.0
[INFO] [stderr]    Compiling cc v1.2.35
[INFO] [stderr]    Compiling zerocopy v0.8.26
[INFO] [stderr]    Compiling futures-sink v0.3.31
[INFO] [stderr]    Compiling writeable v0.6.1
[INFO] [stderr]    Compiling litemap v0.8.0
[INFO] [stderr]    Compiling value-bag v1.11.1
[INFO] [stderr]    Compiling futures-channel v0.3.31
[INFO] [stderr]    Compiling icu_properties_data v2.0.1
[INFO] [stderr]    Compiling icu_normalizer_data v2.0.0
[INFO] [stderr]    Compiling quote v1.0.40
[INFO] [stderr]    Compiling getrandom v0.2.16
[INFO] [stderr]    Compiling socket2 v0.6.0
[INFO] [stderr]    Compiling mio v1.0.4
[INFO] [stderr]    Compiling signal-hook-registry v1.4.6
[INFO] [stderr]    Compiling syn v2.0.106
[INFO] [stderr]    Compiling log v0.4.27
[INFO] [stderr]    Compiling bitflags v2.9.4
[INFO] [stderr]    Compiling generic-array v0.14.7
[INFO] [stderr]    Compiling concurrent-queue v2.5.0
[INFO] [stderr]    Compiling hashbrown v0.15.5
[INFO] [stderr]    Compiling openssl-sys v0.9.109
[INFO] [stderr]    Compiling parking v2.2.1
[INFO] [stderr]    Compiling getrandom v0.3.3
[INFO] [stderr]    Compiling ring v0.17.14
[INFO] [stderr]    Compiling block-buffer v0.10.4
[INFO] [stderr]    Compiling crypto-common v0.1.6
[INFO] [stderr]    Compiling tracing-core v0.1.34
[INFO] [stderr]    Compiling digest v0.10.7
[INFO] [stderr]    Compiling indexmap v2.11.0
[INFO] [stderr]    Compiling event-listener v5.4.1
[INFO] [stderr]    Compiling rand_core v0.6.4
[INFO] [stderr]    Compiling openssl v0.10.73
[INFO] [stderr]    Compiling ppv-lite86 v0.2.21
[INFO] [stderr]    Compiling thiserror v2.0.16
[INFO] [stderr]    Compiling semver v1.0.26
[INFO] [stderr]    Compiling serde_json v1.0.143
[INFO] [stderr]    Compiling event-listener-strategy v0.5.4
[INFO] [stderr]    Compiling const-random-macro v0.1.16
[INFO] [stderr]    Compiling rand_chacha v0.3.1
[INFO] [stderr]    Compiling unicode-normalization v0.1.24
[INFO] [stderr]    Compiling native-tls v0.2.14
[INFO] [stderr]    Compiling syn v1.0.109
[INFO] [stderr]    Compiling rustix v1.0.8
[INFO] [stderr]    Compiling const-random v0.1.18
[INFO] [stderr]    Compiling futures-lite v2.6.1
[INFO] [stderr]    Compiling lock_api v0.4.13
[INFO] [stderr]    Compiling rand v0.8.5
[INFO] [stderr]    Compiling http v0.2.12
[INFO] [stderr]    Compiling radium v0.7.0
[INFO] [stderr]    Compiling parking_lot_core v0.9.11
[INFO] [stderr]    Compiling linux-raw-sys v0.9.4
[INFO] [stderr]    Compiling time-core v0.1.5
[INFO] [stderr]    Compiling openssl-probe v0.1.6
[INFO] [stderr]    Compiling time-macros v0.2.23
[INFO] [stderr]    Compiling deranged v0.5.3
[INFO] [stderr]    Compiling rustc_version v0.4.1
[INFO] [stderr]    Compiling rand_core v0.9.3
[INFO] [stderr]    Compiling socket2 v0.5.10
[INFO] [stderr]    Compiling rustls v0.21.12
[INFO] [stderr]    Compiling async-task v4.7.1
[INFO] [stderr]    Compiling tap v1.0.1
[INFO] [stderr]    Compiling wyz v0.5.1
[INFO] [stderr]    Compiling piper v0.2.4
[INFO] [stderr]    Compiling rand_chacha v0.9.0
[INFO] [stderr]    Compiling http-body v0.4.6
[INFO] [stderr]    Compiling rustc_version_runtime v0.3.0
[INFO] [stderr]    Compiling async-channel v2.5.0
[INFO] [stderr]    Compiling async-lock v3.4.1
[INFO] [stderr]    Compiling aho-corasick v1.1.3
[INFO] [stderr]    Compiling time v0.3.42
[INFO] [stderr]    Compiling linked-hash-map v0.5.6
[INFO] [stderr]    Compiling data-encoding v2.9.0
[INFO] [stderr]    Compiling synstructure v0.13.2
[INFO] [stderr]    Compiling darling_core v0.20.11
[INFO] [stderr]    Compiling rustls-webpki v0.101.7
[INFO] [stderr]    Compiling sct v0.7.1
[INFO] [stderr]    Compiling iana-time-zone v0.1.63
[INFO] [stderr]    Compiling regex-syntax v0.8.6
[INFO] [stderr]    Compiling bytes v0.5.6
[INFO] [stderr]    Compiling funty v2.0.0
[INFO] [stderr]    Compiling pin-project-lite v0.1.12
[INFO] [stderr]    Compiling tokio v0.2.25
[INFO] [stderr]    Compiling polling v3.10.0
[INFO] [stderr]    Compiling async-io v2.5.0
[INFO] [stderr]    Compiling bitvec v1.0.1
[INFO] [stderr]    Compiling chrono v0.4.41
[INFO] [stderr]    Compiling zerofrom-derive v0.1.6
[INFO] [stderr]    Compiling yoke-derive v0.8.0
[INFO] [stderr]    Compiling zerovec-derive v0.11.1
[INFO] [stderr]    Compiling serde_derive v1.0.219
[INFO] [stderr]    Compiling displaydoc v0.2.5
[INFO] [stderr]    Compiling tokio-macros v2.5.0
[INFO] [stderr]    Compiling futures-macro v0.3.31
[INFO] [stderr]    Compiling tracing-attributes v0.1.30
[INFO] [stderr]    Compiling tokio v1.47.1
[INFO] [stderr]    Compiling zerofrom v0.1.6
[INFO] [stderr]    Compiling yoke v0.8.0
[INFO] [stderr]    Compiling openssl-macros v0.1.1
[INFO] [stderr]    Compiling zerovec v0.11.4
[INFO] [stderr]    Compiling zerotrie v0.2.2
[INFO] [stderr]    Compiling futures-util v0.3.31
[INFO] [stderr]    Compiling thiserror-impl v2.0.16
[INFO] [stderr]    Compiling macro_magic_core_macros v0.5.1
[INFO] [stderr]    Compiling tinystr v0.8.1
[INFO] [stderr]    Compiling potential_utf v0.1.3
[INFO] [stderr]    Compiling tracing v0.1.41
[INFO] [stderr]    Compiling icu_locale_core v2.0.0
[INFO] [stderr]    Compiling icu_collections v2.0.0
[INFO] [stderr]    Compiling derive-syn-parse v0.2.0
[INFO] [stderr]    Compiling icu_provider v2.0.0
[INFO] [stderr]    Compiling thiserror-impl v1.0.69
[INFO] [stderr]    Compiling icu_properties v2.0.1
[INFO] [stderr]    Compiling icu_normalizer v2.0.0
[INFO] [stderr]    Compiling macro_magic_core v0.5.1
[INFO] [stderr]    Compiling pest v2.8.1
[INFO] [stderr]    Compiling darling_macro v0.20.11
[INFO] [stderr]    Compiling idna_adapter v1.2.1
[INFO] [stderr]    Compiling idna v1.1.0
[INFO] [stderr]    Compiling thiserror v1.0.69
[INFO] [stderr]    Compiling darling v0.20.11
[INFO] [stderr]    Compiling macro_magic_macros v0.5.1
[INFO] [stderr]    Compiling enum-as-inner v0.6.1
[INFO] [stderr]    Compiling async-trait v0.1.89
[INFO] [stderr]    Compiling pest_meta v2.8.1
[INFO] [stderr]    Compiling macro_magic v0.5.1
[INFO] [stderr]    Compiling serde_with_macros v3.14.0
[INFO] [stderr]    Compiling futures-executor v0.3.31
[INFO] [stderr]    Compiling regex-automata v0.4.10
[INFO] [stderr]    Compiling lru-cache v0.1.2
[INFO] [stderr]    Compiling tokio-util v0.7.16
[INFO] [stderr]    Compiling h2 v0.3.27
[INFO] [stderr]    Compiling tokio-native-tls v0.3.1
[INFO] [stderr]    Compiling pest_generator v2.8.1
[INFO] [stderr]    Compiling blocking v1.6.2
[INFO] [stderr]    Compiling url v2.5.7
[INFO] [stderr]    Compiling uuid v1.18.1
[INFO] [stderr]    Compiling hickory-proto v0.24.4
[INFO] [stderr]    Compiling serde_bytes v0.11.17
[INFO] [stderr]    Compiling parking_lot v0.12.4
[INFO] [stderr]    Compiling rand v0.9.2
[INFO] [stderr]    Compiling ahash v0.8.12
[INFO] [stderr]    Compiling async-executor v1.13.3
[INFO] [stderr]    Compiling sha2 v0.10.9
[INFO] [stderr]    Compiling sha1 v0.10.6
[INFO] [stderr]    Compiling hmac v0.12.1
[INFO] [stderr]    Compiling convert_case v0.4.0
[INFO] [stderr]    Compiling match_cfg v0.1.0
[INFO] [stderr]    Compiling unicode-properties v0.1.3
[INFO] [stderr]    Compiling arrayvec v0.7.6
[INFO] [stderr]    Compiling resolv-conf v0.7.4
[INFO] [stderr]    Compiling matches v0.1.10
[INFO] [stderr]    Compiling blake2b_simd v1.0.3
[INFO] [stderr]    Compiling idna v0.2.3
[INFO] [stderr]    Compiling derive_more v0.99.20
[INFO] [stderr]    Compiling hyper v0.14.32
[INFO] [stderr]    Compiling hickory-resolver v0.24.4
[INFO] [stderr]    Compiling stringprep v0.1.5
[INFO] [stderr]    Compiling async-channel v1.9.0
[INFO] [stderr]    Compiling bson v2.15.0
[INFO] [stderr]    Compiling nom v7.1.3
[INFO] [stderr]    Compiling hostname v0.3.1
[INFO] [stderr]    Compiling async-global-executor v2.4.1
[INFO] [stderr]    Compiling tokio-rustls v0.24.1
[INFO] [stderr]    Compiling pest_derive v2.8.1
[INFO] [stderr]    Compiling regex v1.11.2
[INFO] [stderr]    Compiling serde_with v3.14.0
[INFO] [stderr]    Compiling serde_urlencoded v0.7.1
[INFO] [stderr]    Compiling hyper-tls v0.5.0
[INFO] [stderr]    Compiling mongodb-internal-macros v3.2.5
[INFO] [stderr]    Compiling typed-builder v0.10.0
[INFO] [stderr]    Compiling async-attributes v1.1.2
[INFO] [stderr]    Compiling derive-where v1.6.0
[INFO] [stderr]    Compiling email-encoding v0.2.1
[INFO] [stderr]    Compiling idna v0.3.0
[INFO] [stderr]    Compiling pbkdf2 v0.11.0
[INFO] [stderr]    Compiling md-5 v0.10.6
[INFO] [stderr]    Compiling kv-log-macro v1.0.7
[INFO] [stderr]    Compiling generic-array v1.2.0
[INFO] [stderr]    Compiling socket2 v0.4.10
[INFO] [stderr]    Compiling encoding_rs v0.8.35
[INFO] [stderr]    Compiling quoted_printable v0.4.8
[INFO] [stderr]    Compiling webpki-roots v0.25.4
[INFO] [stderr]    Compiling take_mut v0.2.2
[INFO] [stderr]    Compiling base64 v0.13.1
[INFO] [stderr]    Compiling email_address v0.2.9
[INFO] [stderr]    Compiling fastrand v1.9.0
[INFO] [stderr]    Compiling validator v0.15.0
[INFO] [stderr]    Compiling iso8601-timestamp v0.2.17
[INFO] [stderr]    Compiling async-std v1.13.2
[INFO] [stderr]    Compiling mongodb v3.2.5
[INFO] [stderr]    Compiling lettre v0.10.4
[INFO] [stderr]    Compiling handlebars v4.5.0
[INFO] [stderr]    Compiling rust-argon2 v1.0.1
[INFO] [stderr]    Compiling totp-lite v2.0.1
[INFO] [stderr]    Compiling reqwest v0.11.27
[INFO] [stderr]    Compiling ulid v0.5.0
[INFO] [stderr]    Compiling futures v0.3.31
[INFO] [stderr]    Compiling nanoid v0.4.0
[INFO] [stderr]    Compiling base32 v0.4.0
[INFO] [stderr]    Compiling tayvo_authifier v1.0.15 (/opt/rustwide/workdir)
[INFO] [stderr]     Finished `dev` profile [unoptimized + debuginfo] target(s) in 1m 12s
[INFO] running `Command { std: "docker" "inspect" "f3b35d7b8461f7dc36edd5c0ea0beac1f1eda4174bc53672280b964f27d750b8", kill_on_drop: false }`
[INFO] running `Command { std: "docker" "exec" "-e" "SOURCE_DIR=/opt/rustwide/workdir" "-e" "CARGO_HOME=/opt/rustwide/cargo-home" "-e" "RUSTUP_HOME=/opt/rustwide/rustup-home" "-e" "CARGO_TARGET_DIR=/opt/rustwide/target" "-e" "CARGO_INCREMENTAL=0" "-e" "RUST_BACKTRACE=full" "-e" "RUSTFLAGS=--cap-lints=warn" "-e" "RUSTDOCFLAGS=--cap-lints=warn" "-w" "/opt/rustwide/workdir" "--user" "0:0" "f3b35d7b8461f7dc36edd5c0ea0beac1f1eda4174bc53672280b964f27d750b8" "/opt/rustwide/cargo-home/bin/cargo" "+1.100.0-beta.1" "test" "--frozen" "--no-run" "--message-format=json", kill_on_drop: false }`
[INFO] [stderr]    Compiling tayvo_authifier v1.0.15 (/opt/rustwide/workdir)
[INFO] [stderr]     Finished `test` profile [unoptimized + debuginfo] target(s) in 5.20s
[INFO] running `Command { std: "docker" "inspect" "f3b35d7b8461f7dc36edd5c0ea0beac1f1eda4174bc53672280b964f27d750b8", kill_on_drop: false }`
[INFO] running `Command { std: "docker" "exec" "-e" "SOURCE_DIR=/opt/rustwide/workdir" "-e" "CARGO_HOME=/opt/rustwide/cargo-home" "-e" "RUSTUP_HOME=/opt/rustwide/rustup-home" "-e" "CARGO_TARGET_DIR=/opt/rustwide/target" "-e" "CARGO_INCREMENTAL=0" "-e" "RUST_BACKTRACE=full" "-e" "RUSTFLAGS=--cap-lints=warn" "-e" "RUSTDOCFLAGS=--cap-lints=warn" "-w" "/opt/rustwide/workdir" "--user" "0:0" "f3b35d7b8461f7dc36edd5c0ea0beac1f1eda4174bc53672280b964f27d750b8" "/opt/rustwide/cargo-home/bin/cargo" "+1.100.0-beta.1" "test" "--frozen", kill_on_drop: false }`
[INFO] [stderr]     Finished `test` profile [unoptimized + debuginfo] target(s) in 0.27s
[INFO] [stderr]      Running unittests src/lib.rs (/opt/rustwide/target/debug/build/tayvo_authifier/ff1d2ddeb3e51387/out/tayvo_authifier-ff1d2ddeb3e51387)
[INFO] [stdout] 
[INFO] [stdout] running 11 tests
[INFO] [stdout] test config::captcha::tests::it_rejects_if_no_token ... ok
[INFO] [stdout] test config::passwords::tests::it_accepts_some_passwords ... ok
[INFO] [stdout] test config::passwords::tests::it_accepts_any_passwords ... ok
[INFO] [stdout] test config::blocklists::tests::it_rejects_invalid_emails ... ok
[INFO] [stdout] test config::blocklists::tests::it_rejects_blocked_emails ... ok
[INFO] [stdout] test config::captcha::tests::it_accepts_if_no_captcha_service ... ok
[INFO] [stdout] test config::passwords::tests::it_rejects_some_passwords ... ok
[INFO] [stdout] test config::shield::tests::it_accepts_if_no_shield_service ... ok
[INFO] [stdout] test config::blocklists::tests::it_accepts_valid_emails ... ok
[INFO] [stdout] test config::captcha::tests::it_rejects_if_hcaptcha_response_is_invalid ... ok
[INFO] [stdout] test config::captcha::tests::it_accepts_if_hcaptcha ... FAILED
[INFO] [stdout] 
[INFO] [stdout] failures:
[INFO] [stdout] 
[INFO] [stdout] ---- config::captcha::tests::it_accepts_if_hcaptcha stdout ----
[INFO] [stdout] 
[INFO] [stdout] thread 'config::captcha::tests::it_accepts_if_hcaptcha' (3098) panicked at src/config/captcha.rs:75:9:
[INFO] [stdout] assertion `left == right` failed
[INFO] [stdout]   left: Err(CaptchaFailed)
[INFO] [stdout]  right: Ok(())
[INFO] [stdout] stack backtrace:
[INFO] [stdout]    0:     0x56a69fb49c61 - std[617be2ca0a6fd877]::backtrace_rs::backtrace::libunwind::trace
[INFO] [stdout]                                at /rustc/e3feeb59cd1bdd011a2bfcc0747b55125d9b8527/library/std/src/../../backtrace/src/backtrace/libunwind.rs:117:9
[INFO] [stdout]    1:     0x56a69fb49c61 - std[617be2ca0a6fd877]::backtrace_rs::backtrace::trace_unsynchronized::<std[617be2ca0a6fd877]::sys::backtrace::_print_fmt::{closure#1}>
[INFO] [stdout]                                at /rustc/e3feeb59cd1bdd011a2bfcc0747b55125d9b8527/library/std/src/../../backtrace/src/backtrace/mod.rs:66:14
[INFO] [stdout]    2:     0x56a69fb49c61 - std[617be2ca0a6fd877]::sys::backtrace::_print_fmt
[INFO] [stdout]                                at /rustc/e3feeb59cd1bdd011a2bfcc0747b55125d9b8527/library/std/src/sys/backtrace.rs:74:9
[INFO] [stdout]    3:     0x56a69fb49c61 - <<std[617be2ca0a6fd877]::sys::backtrace::BacktraceLock>::print::DisplayBacktrace as core[a373ad73a504971]::fmt::Display>::fmt
[INFO] [stdout]                                at /rustc/e3feeb59cd1bdd011a2bfcc0747b55125d9b8527/library/std/src/sys/backtrace.rs:44:26
[INFO] [stdout]    4:     0x56a69fb6029a - <core[a373ad73a504971]::fmt::rt::Argument>::fmt
[INFO] [stdout]                                at /rustc/e3feeb59cd1bdd011a2bfcc0747b55125d9b8527/library/core/src/fmt/rt.rs:152:76
[INFO] [stdout]    5:     0x56a69fb6029a - core[a373ad73a504971]::fmt::write
[INFO] [stdout]    6:     0x56a69fb4e4fc - core[a373ad73a504971]::io::write::default_write_fmt::<alloc[2e1b2a31b91974c5]::vec::Vec<u8>>
[INFO] [stdout]                                at /rustc/e3feeb59cd1bdd011a2bfcc0747b55125d9b8527/library/core/src/io/write.rs:402:11
[INFO] [stdout]    7:     0x56a69fb4e4fc - <alloc[2e1b2a31b91974c5]::vec::Vec<u8> as core[a373ad73a504971]::io::write::Write>::write_fmt
[INFO] [stdout]                                at /rustc/e3feeb59cd1bdd011a2bfcc0747b55125d9b8527/library/core/src/io/write.rs:335:13
[INFO] [stdout]    8:     0x56a69fb24c86 - <std[617be2ca0a6fd877]::sys::backtrace::BacktraceLock>::print
[INFO] [stdout]                                at /rustc/e3feeb59cd1bdd011a2bfcc0747b55125d9b8527/library/std/src/sys/backtrace.rs:47:9
[INFO] [stdout]    9:     0x56a69fb24c86 - std[617be2ca0a6fd877]::panicking::default_hook::{closure#0}
[INFO] [stdout]                                at /rustc/e3feeb59cd1bdd011a2bfcc0747b55125d9b8527/library/std/src/panicking.rs:289:27
[INFO] [stdout]   10:     0x56a69fb41c59 - std[617be2ca0a6fd877]::panicking::default_hook
[INFO] [stdout]                                at /rustc/e3feeb59cd1bdd011a2bfcc0747b55125d9b8527/library/std/src/panicking.rs:313:9
[INFO] [stdout]   11:     0x56a69f6af4c0 - <alloc[2e1b2a31b91974c5]::boxed::Box<dyn for<'a, 'b> core[a373ad73a504971]::ops::function::Fn<(&'a std[617be2ca0a6fd877]::panic::PanicHookInfo<'b>,), Output = ()> + core[a373ad73a504971]::marker::Sync + core[a373ad73a504971]::marker::Send> as core[a373ad73a504971]::ops::function::Fn<(&std[617be2ca0a6fd877]::panic::PanicHookInfo,)>>::call
[INFO] [stdout]                                at /rustc/e3feeb59cd1bdd011a2bfcc0747b55125d9b8527/library/alloc/src/boxed.rs:2328:9
[INFO] [stdout]   12:     0x56a69f6af4c0 - test[aada8e7e76ba119b]::test_main_inner::{closure#0}
[INFO] [stdout]                                at /rustc/e3feeb59cd1bdd011a2bfcc0747b55125d9b8527/library/test/src/lib.rs:137:21
[INFO] [stdout]   13:     0x56a69fb41f82 - <alloc[2e1b2a31b91974c5]::boxed::Box<dyn for<'a, 'b> core[a373ad73a504971]::ops::function::Fn<(&'a std[617be2ca0a6fd877]::panic::PanicHookInfo<'b>,), Output = ()> + core[a373ad73a504971]::marker::Sync + core[a373ad73a504971]::marker::Send> as core[a373ad73a504971]::ops::function::Fn<(&std[617be2ca0a6fd877]::panic::PanicHookInfo,)>>::call
[INFO] [stdout]                                at /rustc/e3feeb59cd1bdd011a2bfcc0747b55125d9b8527/library/alloc/src/boxed.rs:2328:9
[INFO] [stdout]   14:     0x56a69fb41f82 - std[617be2ca0a6fd877]::panicking::panic_with_hook
[INFO] [stdout]                                at /rustc/e3feeb59cd1bdd011a2bfcc0747b55125d9b8527/library/std/src/panicking.rs:819:13
[INFO] [stdout]   15:     0x56a69fb24d32 - std[617be2ca0a6fd877]::panicking::panic_handler::{closure#0}
[INFO] [stdout]                                at /rustc/e3feeb59cd1bdd011a2bfcc0747b55125d9b8527/library/std/src/panicking.rs:685:13
[INFO] [stdout]   16:     0x56a69fb1d969 - std[617be2ca0a6fd877]::sys::backtrace::__rust_end_short_backtrace::<std[617be2ca0a6fd877]::panicking::panic_handler::{closure#0}, !>
[INFO] [stdout]                                at /rustc/e3feeb59cd1bdd011a2bfcc0747b55125d9b8527/library/std/src/sys/backtrace.rs:182:18
[INFO] [stdout]   17:     0x56a69fb25b2d - __rustc[ea4f61d10b84890b]::rust_begin_unwind
[INFO] [stdout]                                at /rustc/e3feeb59cd1bdd011a2bfcc0747b55125d9b8527/library/std/src/panicking.rs:676:5
[INFO] [stdout]   18:     0x56a69fb60b6c - core[a373ad73a504971]::panicking::panic_fmt
[INFO] [stdout]                                at /rustc/e3feeb59cd1bdd011a2bfcc0747b55125d9b8527/library/core/src/panicking.rs:80:14
[INFO] [stdout]   19:     0x56a69fb609d3 - core[a373ad73a504971]::panicking::assert_failed_inner
[INFO] [stdout]                                at /rustc/e3feeb59cd1bdd011a2bfcc0747b55125d9b8527/library/core/src/panicking.rs:452:17
[INFO] [stdout]   20:     0x56a69f3fdafb - core[a373ad73a504971]::panicking::assert_failed::<core[a373ad73a504971]::result::Result<(), tayvo_authifier[24b9a3d4c40e08a6]::result::Error>, core[a373ad73a504971]::result::Result<(), tayvo_authifier[24b9a3d4c40e08a6]::result::Error>>
[INFO] [stdout]                                at /rustc/e3feeb59cd1bdd011a2bfcc0747b55125d9b8527/library/core/src/panicking.rs:407:5
[INFO] [stdout]   21:     0x56a69f400802 - tayvo_authifier[24b9a3d4c40e08a6]::config::captcha::tests::it_accepts_if_hcaptcha::{closure#0}
[INFO] [stdout]                                at /opt/rustwide/workdir/src/config/captcha.rs:75:9
[INFO] [stdout]   22:     0x56a69f3ee6a0 - <async_std[7be800fe62013ea1]::task::builder::SupportTaskLocals<tayvo_authifier[24b9a3d4c40e08a6]::config::captcha::tests::it_accepts_if_hcaptcha::{closure#0}> as core[a373ad73a504971]::future::future::Future>::poll::{closure#0}
[INFO] [stdout]                                at /opt/rustwide/cargo-home/registry/src/index.crates.io-1949cf8c6b5b557f/async-std-1.13.2/src/task/builder.rs:199:29
[INFO] [stdout]   23:     0x56a69f3ff809 - <async_std[7be800fe62013ea1]::task::task_locals_wrapper::TaskLocalsWrapper>::set_current::<<async_std[7be800fe62013ea1]::task::builder::SupportTaskLocals<tayvo_authifier[24b9a3d4c40e08a6]::config::captcha::tests::it_accepts_if_hcaptcha::{closure#0}> as core[a373ad73a504971]::future::future::Future>::poll::{closure#0}, core[a373ad73a504971]::task::poll::Poll<()>>::{closure#0}
[INFO] [stdout]                                at /opt/rustwide/cargo-home/registry/src/index.crates.io-1949cf8c6b5b557f/async-std-1.13.2/src/task/task_locals_wrapper.rs:60:13
[INFO] [stdout]   24:     0x56a69f3d3e87 - <std[617be2ca0a6fd877]::thread::local::LocalKey<core[a373ad73a504971]::cell::Cell<*const async_std[7be800fe62013ea1]::task::task_locals_wrapper::TaskLocalsWrapper>>>::try_with::<<async_std[7be800fe62013ea1]::task::task_locals_wrapper::TaskLocalsWrapper>::set_current<<async_std[7be800fe62013ea1]::task::builder::SupportTaskLocals<tayvo_authifier[24b9a3d4c40e08a6]::config::captcha::tests::it_accepts_if_hcaptcha::{closure#0}> as core[a373ad73a504971]::future::future::Future>::poll::{closure#0}, core[a373ad73a504971]::task::poll::Poll<()>>::{closure#0}, core[a373ad73a504971]::task::poll::Poll<()>>
[INFO] [stdout]                                at /rustc/e3feeb59cd1bdd011a2bfcc0747b55125d9b8527/library/std/src/thread/local.rs:463:12
[INFO] [stdout]   25:     0x56a69f3d2afe - <std[617be2ca0a6fd877]::thread::local::LocalKey<core[a373ad73a504971]::cell::Cell<*const async_std[7be800fe62013ea1]::task::task_locals_wrapper::TaskLocalsWrapper>>>::with::<<async_std[7be800fe62013ea1]::task::task_locals_wrapper::TaskLocalsWrapper>::set_current<<async_std[7be800fe62013ea1]::task::builder::SupportTaskLocals<tayvo_authifier[24b9a3d4c40e08a6]::config::captcha::tests::it_accepts_if_hcaptcha::{closure#0}> as core[a373ad73a504971]::future::future::Future>::poll::{closure#0}, core[a373ad73a504971]::task::poll::Poll<()>>::{closure#0}, core[a373ad73a504971]::task::poll::Poll<()>>
[INFO] [stdout]                                at /rustc/e3feeb59cd1bdd011a2bfcc0747b55125d9b8527/library/std/src/thread/local.rs:427:20
[INFO] [stdout]   26:     0x56a69f3fc618 - <async_std[7be800fe62013ea1]::task::task_locals_wrapper::TaskLocalsWrapper>::set_current::<<async_std[7be800fe62013ea1]::task::builder::SupportTaskLocals<tayvo_authifier[24b9a3d4c40e08a6]::config::captcha::tests::it_accepts_if_hcaptcha::{closure#0}> as core[a373ad73a504971]::future::future::Future>::poll::{closure#0}, core[a373ad73a504971]::task::poll::Poll<()>>
[INFO] [stdout]                                at /opt/rustwide/cargo-home/registry/src/index.crates.io-1949cf8c6b5b557f/async-std-1.13.2/src/task/task_locals_wrapper.rs:55:17
[INFO] [stdout]   27:     0x56a69f3ef851 - <async_std[7be800fe62013ea1]::task::builder::SupportTaskLocals<tayvo_authifier[24b9a3d4c40e08a6]::config::captcha::tests::it_accepts_if_hcaptcha::{closure#0}> as core[a373ad73a504971]::future::future::Future>::poll
[INFO] [stdout]                                at /opt/rustwide/cargo-home/registry/src/index.crates.io-1949cf8c6b5b557f/async-std-1.13.2/src/task/builder.rs:197:13
[INFO] [stdout]   28:     0x56a69f4096a4 - <futures_lite[cca9bf81b36851b6]::future::Or<async_std[7be800fe62013ea1]::task::builder::SupportTaskLocals<tayvo_authifier[24b9a3d4c40e08a6]::config::captcha::tests::it_accepts_if_hcaptcha::{closure#0}>, <async_executor[c717effe187f0608]::State>::run<(), async_std[7be800fe62013ea1]::task::builder::SupportTaskLocals<tayvo_authifier[24b9a3d4c40e08a6]::config::captcha::tests::it_accepts_if_hcaptcha::{closure#0}>>::{closure#0}::{closure#0}> as core[a373ad73a504971]::future::future::Future>::poll
[INFO] [stdout]                                at /opt/rustwide/cargo-home/registry/src/index.crates.io-1949cf8c6b5b557f/futures-lite-2.6.1/src/future.rs:451:46
[INFO] [stdout]   29:     0x56a69f3ced66 - <async_executor[c717effe187f0608]::State>::run::<(), async_std[7be800fe62013ea1]::task::builder::SupportTaskLocals<tayvo_authifier[24b9a3d4c40e08a6]::config::captcha::tests::it_accepts_if_hcaptcha::{closure#0}>>::{closure#0}
[INFO] [stdout]                                at /opt/rustwide/cargo-home/registry/src/index.crates.io-1949cf8c6b5b557f/async-executor-1.13.3/src/lib.rs:758:32
[INFO] [stdout]   30:     0x56a69f3cc0ab - <async_executor[c717effe187f0608]::Executor>::run::<(), async_std[7be800fe62013ea1]::task::builder::SupportTaskLocals<tayvo_authifier[24b9a3d4c40e08a6]::config::captcha::tests::it_accepts_if_hcaptcha::{closure#0}>>::{closure#0}
[INFO] [stdout]                                at /opt/rustwide/cargo-home/registry/src/index.crates.io-1949cf8c6b5b557f/async-executor-1.13.3/src/lib.rs:344:34
[INFO] [stdout]   31:     0x56a69f3cd580 - <async_executor[c717effe187f0608]::LocalExecutor>::run::<(), async_std[7be800fe62013ea1]::task::builder::SupportTaskLocals<tayvo_authifier[24b9a3d4c40e08a6]::config::captcha::tests::it_accepts_if_hcaptcha::{closure#0}>>::{closure#0}
[INFO] [stdout]                                at /opt/rustwide/cargo-home/registry/src/index.crates.io-1949cf8c6b5b557f/async-executor-1.13.3/src/lib.rs:649:34
[INFO] [stdout]   32:     0x56a69f3e3734 - async_io[4482bd99a615f31d]::driver::block_on::<(), <async_executor[c717effe187f0608]::LocalExecutor>::run<(), async_std[7be800fe62013ea1]::task::builder::SupportTaskLocals<tayvo_authifier[24b9a3d4c40e08a6]::config::captcha::tests::it_accepts_if_hcaptcha::{closure#0}>>::{closure#0}>::{closure#1}
[INFO] [stdout]                                at /opt/rustwide/cargo-home/registry/src/index.crates.io-1949cf8c6b5b557f/async-io-2.5.0/src/driver.rs:206:53
[INFO] [stdout]   33:     0x56a69f3d8349 - <std[617be2ca0a6fd877]::thread::local::LocalKey<core[a373ad73a504971]::cell::RefCell<(parking[e731e5fecaf03ca4]::Parker, core[a373ad73a504971]::task::wake::Waker, alloc[2e1b2a31b91974c5]::sync::Arc<core[a373ad73a504971]::sync::atomic::Atomic<bool>>)>>>::try_with::<async_io[4482bd99a615f31d]::driver::block_on<(), <async_executor[c717effe187f0608]::LocalExecutor>::run<(), async_std[7be800fe62013ea1]::task::builder::SupportTaskLocals<tayvo_authifier[24b9a3d4c40e08a6]::config::captcha::tests::it_accepts_if_hcaptcha::{closure#0}>>::{closure#0}>::{closure#1}, ()>
[INFO] [stdout]                                at /rustc/e3feeb59cd1bdd011a2bfcc0747b55125d9b8527/library/std/src/thread/local.rs:463:12
[INFO] [stdout]   34:     0x56a69f3d7f6e - <std[617be2ca0a6fd877]::thread::local::LocalKey<core[a373ad73a504971]::cell::RefCell<(parking[e731e5fecaf03ca4]::Parker, core[a373ad73a504971]::task::wake::Waker, alloc[2e1b2a31b91974c5]::sync::Arc<core[a373ad73a504971]::sync::atomic::Atomic<bool>>)>>>::with::<async_io[4482bd99a615f31d]::driver::block_on<(), <async_executor[c717effe187f0608]::LocalExecutor>::run<(), async_std[7be800fe62013ea1]::task::builder::SupportTaskLocals<tayvo_authifier[24b9a3d4c40e08a6]::config::captcha::tests::it_accepts_if_hcaptcha::{closure#0}>>::{closure#0}>::{closure#1}, ()>
[INFO] [stdout]                                at /rustc/e3feeb59cd1bdd011a2bfcc0747b55125d9b8527/library/std/src/thread/local.rs:427:20
[INFO] [stdout]   35:     0x56a69f3e2202 - async_io[4482bd99a615f31d]::driver::block_on::<(), <async_executor[c717effe187f0608]::LocalExecutor>::run<(), async_std[7be800fe62013ea1]::task::builder::SupportTaskLocals<tayvo_authifier[24b9a3d4c40e08a6]::config::captcha::tests::it_accepts_if_hcaptcha::{closure#0}>>::{closure#0}>
[INFO] [stdout]                                at /opt/rustwide/cargo-home/registry/src/index.crates.io-1949cf8c6b5b557f/async-io-2.5.0/src/driver.rs:182:11
[INFO] [stdout]   36:     0x56a69f3ffdf2 - async_global_executor[b1fc6c310a8d3b95]::reactor::block_on::<<async_executor[c717effe187f0608]::LocalExecutor>::run<(), async_std[7be800fe62013ea1]::task::builder::SupportTaskLocals<tayvo_authifier[24b9a3d4c40e08a6]::config::captcha::tests::it_accepts_if_hcaptcha::{closure#0}>>::{closure#0}, ()>::{closure#0}
[INFO] [stdout]                                at /opt/rustwide/cargo-home/registry/src/index.crates.io-1949cf8c6b5b557f/async-global-executor-2.4.1/src/reactor.rs:3:18
[INFO] [stdout]   37:     0x56a69f403d4d - tokio[fce98617e4b72a1f]::runtime::context::enter::<async_global_executor[b1fc6c310a8d3b95]::reactor::block_on<<async_executor[c717effe187f0608]::LocalExecutor>::run<(), async_std[7be800fe62013ea1]::task::builder::SupportTaskLocals<tayvo_authifier[24b9a3d4c40e08a6]::config::captcha::tests::it_accepts_if_hcaptcha::{closure#0}>>::{closure#0}, ()>::{closure#0}, ()>
[INFO] [stdout]                                at /opt/rustwide/cargo-home/registry/src/index.crates.io-1949cf8c6b5b557f/tokio-0.2.25/src/runtime/context.rs:72:5
[INFO] [stdout]   38:     0x56a69f3efc73 - <tokio[fce98617e4b72a1f]::runtime::handle::Handle>::enter::<async_global_executor[b1fc6c310a8d3b95]::reactor::block_on<<async_executor[c717effe187f0608]::LocalExecutor>::run<(), async_std[7be800fe62013ea1]::task::builder::SupportTaskLocals<tayvo_authifier[24b9a3d4c40e08a6]::config::captcha::tests::it_accepts_if_hcaptcha::{closure#0}>>::{closure#0}, ()>::{closure#0}, ()>
[INFO] [stdout]                                at /opt/rustwide/cargo-home/registry/src/index.crates.io-1949cf8c6b5b557f/tokio-0.2.25/src/runtime/handle.rs:76:9
[INFO] [stdout]   39:     0x56a69f403188 - async_global_executor[b1fc6c310a8d3b95]::tokio02::enter::<async_global_executor[b1fc6c310a8d3b95]::reactor::block_on<<async_executor[c717effe187f0608]::LocalExecutor>::run<(), async_std[7be800fe62013ea1]::task::builder::SupportTaskLocals<tayvo_authifier[24b9a3d4c40e08a6]::config::captcha::tests::it_accepts_if_hcaptcha::{closure#0}>>::{closure#0}, ()>::{closure#0}, ()>
[INFO] [stdout]                                at /opt/rustwide/cargo-home/registry/src/index.crates.io-1949cf8c6b5b557f/async-global-executor-2.4.1/src/tokio02.rs:5:13
[INFO] [stdout]   40:     0x56a69f3ffe32 - async_global_executor[b1fc6c310a8d3b95]::reactor::block_on::<<async_executor[c717effe187f0608]::LocalExecutor>::run<(), async_std[7be800fe62013ea1]::task::builder::SupportTaskLocals<tayvo_authifier[24b9a3d4c40e08a6]::config::captcha::tests::it_accepts_if_hcaptcha::{closure#0}>>::{closure#0}, ()>::{closure#1}
[INFO] [stdout]                                at /opt/rustwide/cargo-home/registry/src/index.crates.io-1949cf8c6b5b557f/async-global-executor-2.4.1/src/reactor.rs:9:18
[INFO] [stdout]   41:     0x56a69f3fdd50 - async_global_executor[b1fc6c310a8d3b95]::reactor::block_on::<<async_executor[c717effe187f0608]::LocalExecutor>::run<(), async_std[7be800fe62013ea1]::task::builder::SupportTaskLocals<tayvo_authifier[24b9a3d4c40e08a6]::config::captcha::tests::it_accepts_if_hcaptcha::{closure#0}>>::{closure#0}, ()>
[INFO] [stdout]                                at /opt/rustwide/cargo-home/registry/src/index.crates.io-1949cf8c6b5b557f/async-global-executor-2.4.1/src/reactor.rs:12:5
[INFO] [stdout]   42:     0x56a69f3f3ada - async_global_executor[b1fc6c310a8d3b95]::executor::block_on::<async_std[7be800fe62013ea1]::task::builder::SupportTaskLocals<tayvo_authifier[24b9a3d4c40e08a6]::config::captcha::tests::it_accepts_if_hcaptcha::{closure#0}>, ()>::{closure#0}
[INFO] [stdout]                                at /opt/rustwide/cargo-home/registry/src/index.crates.io-1949cf8c6b5b557f/async-global-executor-2.4.1/src/executor.rs:26:36
[INFO] [stdout]   43:     0x56a69f3d8f3c - <std[617be2ca0a6fd877]::thread::local::LocalKey<async_executor[c717effe187f0608]::LocalExecutor>>::try_with::<async_global_executor[b1fc6c310a8d3b95]::executor::block_on<async_std[7be800fe62013ea1]::task::builder::SupportTaskLocals<tayvo_authifier[24b9a3d4c40e08a6]::config::captcha::tests::it_accepts_if_hcaptcha::{closure#0}>, ()>::{closure#0}, ()>
[INFO] [stdout]                                at /rustc/e3feeb59cd1bdd011a2bfcc0747b55125d9b8527/library/std/src/thread/local.rs:463:12
[INFO] [stdout]   44:     0x56a69f3d8b6e - <std[617be2ca0a6fd877]::thread::local::LocalKey<async_executor[c717effe187f0608]::LocalExecutor>>::with::<async_global_executor[b1fc6c310a8d3b95]::executor::block_on<async_std[7be800fe62013ea1]::task::builder::SupportTaskLocals<tayvo_authifier[24b9a3d4c40e08a6]::config::captcha::tests::it_accepts_if_hcaptcha::{closure#0}>, ()>::{closure#0}, ()>
[INFO] [stdout]                                at /rustc/e3feeb59cd1bdd011a2bfcc0747b55125d9b8527/library/std/src/thread/local.rs:427:20
[INFO] [stdout]   45:     0x56a69f3f0a76 - async_global_executor[b1fc6c310a8d3b95]::executor::block_on::<async_std[7be800fe62013ea1]::task::builder::SupportTaskLocals<tayvo_authifier[24b9a3d4c40e08a6]::config::captcha::tests::it_accepts_if_hcaptcha::{closure#0}>, ()>
[INFO] [stdout]                                at /opt/rustwide/cargo-home/registry/src/index.crates.io-1949cf8c6b5b557f/async-global-executor-2.4.1/src/executor.rs:26:20
[INFO] [stdout]   46:     0x56a69f3edb30 - <async_std[7be800fe62013ea1]::task::builder::Builder>::blocking::<tayvo_authifier[24b9a3d4c40e08a6]::config::captcha::tests::it_accepts_if_hcaptcha::{closure#0}, ()>::{closure#0}::{closure#0}
[INFO] [stdout]                                at /opt/rustwide/cargo-home/registry/src/index.crates.io-1949cf8c6b5b557f/async-std-1.13.2/src/task/builder.rs:171:25
[INFO] [stdout]   47:     0x56a69f3fefd4 - <async_std[7be800fe62013ea1]::task::task_locals_wrapper::TaskLocalsWrapper>::set_current::<<async_std[7be800fe62013ea1]::task::builder::Builder>::blocking<tayvo_authifier[24b9a3d4c40e08a6]::config::captcha::tests::it_accepts_if_hcaptcha::{closure#0}, ()>::{closure#0}::{closure#0}, ()>::{closure#0}
[INFO] [stdout]                                at /opt/rustwide/cargo-home/registry/src/index.crates.io-1949cf8c6b5b557f/async-std-1.13.2/src/task/task_locals_wrapper.rs:60:13
[INFO] [stdout]   48:     0x56a69f3d353a - <std[617be2ca0a6fd877]::thread::local::LocalKey<core[a373ad73a504971]::cell::Cell<*const async_std[7be800fe62013ea1]::task::task_locals_wrapper::TaskLocalsWrapper>>>::try_with::<<async_std[7be800fe62013ea1]::task::task_locals_wrapper::TaskLocalsWrapper>::set_current<<async_std[7be800fe62013ea1]::task::builder::Builder>::blocking<tayvo_authifier[24b9a3d4c40e08a6]::config::captcha::tests::it_accepts_if_hcaptcha::{closure#0}, ()>::{closure#0}::{closure#0}, ()>::{closure#0}, ()>
[INFO] [stdout]                                at /rustc/e3feeb59cd1bdd011a2bfcc0747b55125d9b8527/library/std/src/thread/local.rs:463:12
[INFO] [stdout]   49:     0x56a69f3d28ee - <std[617be2ca0a6fd877]::thread::local::LocalKey<core[a373ad73a504971]::cell::Cell<*const async_std[7be800fe62013ea1]::task::task_locals_wrapper::TaskLocalsWrapper>>>::with::<<async_std[7be800fe62013ea1]::task::task_locals_wrapper::TaskLocalsWrapper>::set_current<<async_std[7be800fe62013ea1]::task::builder::Builder>::blocking<tayvo_authifier[24b9a3d4c40e08a6]::config::captcha::tests::it_accepts_if_hcaptcha::{closure#0}, ()>::{closure#0}::{closure#0}, ()>::{closure#0}, ()>
[INFO] [stdout]                                at /rustc/e3feeb59cd1bdd011a2bfcc0747b55125d9b8527/library/std/src/thread/local.rs:427:20
[INFO] [stdout]   50:     0x56a69f3fc417 - <async_std[7be800fe62013ea1]::task::task_locals_wrapper::TaskLocalsWrapper>::set_current::<<async_std[7be800fe62013ea1]::task::builder::Builder>::blocking<tayvo_authifier[24b9a3d4c40e08a6]::config::captcha::tests::it_accepts_if_hcaptcha::{closure#0}, ()>::{closure#0}::{closure#0}, ()>
[INFO] [stdout]                                at /opt/rustwide/cargo-home/registry/src/index.crates.io-1949cf8c6b5b557f/async-std-1.13.2/src/task/task_locals_wrapper.rs:55:17
[INFO] [stdout]   51:     0x56a69f3ec6be - <async_std[7be800fe62013ea1]::task::builder::Builder>::blocking::<tayvo_authifier[24b9a3d4c40e08a6]::config::captcha::tests::it_accepts_if_hcaptcha::{closure#0}, ()>::{closure#0}
[INFO] [stdout]                                at /opt/rustwide/cargo-home/registry/src/index.crates.io-1949cf8c6b5b557f/async-std-1.13.2/src/task/builder.rs:168:17
[INFO] [stdout]   52:     0x56a69f3d63bc - <std[617be2ca0a6fd877]::thread::local::LocalKey<core[a373ad73a504971]::cell::Cell<usize>>>::try_with::<<async_std[7be800fe62013ea1]::task::builder::Builder>::blocking<tayvo_authifier[24b9a3d4c40e08a6]::config::captcha::tests::it_accepts_if_hcaptcha::{closure#0}, ()>::{closure#0}, ()>
[INFO] [stdout]                                at /rustc/e3feeb59cd1bdd011a2bfcc0747b55125d9b8527/library/std/src/thread/local.rs:463:12
[INFO] [stdout]   53:     0x56a69f3d5fee - <std[617be2ca0a6fd877]::thread::local::LocalKey<core[a373ad73a504971]::cell::Cell<usize>>>::with::<<async_std[7be800fe62013ea1]::task::builder::Builder>::blocking<tayvo_authifier[24b9a3d4c40e08a6]::config::captcha::tests::it_accepts_if_hcaptcha::{closure#0}, ()>::{closure#0}, ()>
[INFO] [stdout]                                at /rustc/e3feeb59cd1bdd011a2bfcc0747b55125d9b8527/library/std/src/thread/local.rs:427:20
[INFO] [stdout]   54:     0x56a69f3eab15 - <async_std[7be800fe62013ea1]::task::builder::Builder>::blocking::<tayvo_authifier[24b9a3d4c40e08a6]::config::captcha::tests::it_accepts_if_hcaptcha::{closure#0}, ()>
[INFO] [stdout]                                at /opt/rustwide/cargo-home/registry/src/index.crates.io-1949cf8c6b5b557f/async-std-1.13.2/src/task/builder.rs:161:29
[INFO] [stdout]   55:     0x56a69f3f0cce - async_std[7be800fe62013ea1]::task::block_on::block_on::<tayvo_authifier[24b9a3d4c40e08a6]::config::captcha::tests::it_accepts_if_hcaptcha::{closure#0}, ()>
[INFO] [stdout]                                at /opt/rustwide/cargo-home/registry/src/index.crates.io-1949cf8c6b5b557f/async-std-1.13.2/src/task/block_on.rs:31:20
[INFO] [stdout]   56:     0x56a69f402009 - tayvo_authifier[24b9a3d4c40e08a6]::config::captcha::tests::it_accepts_if_hcaptcha
[INFO] [stdout]                                at /opt/rustwide/workdir/src/config/captcha.rs:69:5
[INFO] [stdout]   57:     0x56a69f400467 - tayvo_authifier[24b9a3d4c40e08a6]::config::captcha::tests::it_accepts_if_hcaptcha::{closure#0}
[INFO] [stdout]                                at /opt/rustwide/workdir/src/config/captcha.rs:69:23
[INFO] [stdout]   58:     0x56a69f3d2706 - <tayvo_authifier[24b9a3d4c40e08a6]::config::captcha::tests::it_accepts_if_hcaptcha::{closure#0} as core[a373ad73a504971]::ops::function::FnOnce<()>>::call_once
[INFO] [stdout]                                at /rustc/e3feeb59cd1bdd011a2bfcc0747b55125d9b8527/library/core/src/ops/function.rs:250:5
[INFO] [stdout]   59:     0x56a69f6a290b - <fn() -> core[a373ad73a504971]::result::Result<(), alloc[2e1b2a31b91974c5]::string::String> as core[a373ad73a504971]::ops::function::FnOnce<()>>::call_once
[INFO] [stdout]                                at /rustc/e3feeb59cd1bdd011a2bfcc0747b55125d9b8527/library/core/src/ops/function.rs:250:5
[INFO] [stdout]   60:     0x56a69f6a290b - test[aada8e7e76ba119b]::__rust_begin_short_backtrace::<core[a373ad73a504971]::result::Result<(), alloc[2e1b2a31b91974c5]::string::String>, fn() -> core[a373ad73a504971]::result::Result<(), alloc[2e1b2a31b91974c5]::string::String>>
[INFO] [stdout]                                at /rustc/e3feeb59cd1bdd011a2bfcc0747b55125d9b8527/library/test/src/lib.rs:701:18
[INFO] [stdout]   61:     0x56a69f6afae5 - test[aada8e7e76ba119b]::run_test_in_process::{closure#0}
[INFO] [stdout]                                at /rustc/e3feeb59cd1bdd011a2bfcc0747b55125d9b8527/library/test/src/lib.rs:724:74
[INFO] [stdout]   62:     0x56a69f6afae5 - <core[a373ad73a504971]::panic::unwind_safe::AssertUnwindSafe<test[aada8e7e76ba119b]::run_test_in_process::{closure#0}> as core[a373ad73a504971]::ops::function::FnOnce<()>>::call_once
[INFO] [stdout]                                at /rustc/e3feeb59cd1bdd011a2bfcc0747b55125d9b8527/library/core/src/panic/unwind_safe.rs:275:9
[INFO] [stdout]   63:     0x56a69f6afae5 - std[617be2ca0a6fd877]::panicking::catch_unwind::do_call::<core[a373ad73a504971]::panic::unwind_safe::AssertUnwindSafe<test[aada8e7e76ba119b]::run_test_in_process::{closure#0}>, core[a373ad73a504971]::result::Result<(), alloc[2e1b2a31b91974c5]::string::String>>
[INFO] [stdout]                                at /rustc/e3feeb59cd1bdd011a2bfcc0747b55125d9b8527/library/std/src/panicking.rs:573:43
[INFO] [stdout]   64:     0x56a69f6afae5 - std[617be2ca0a6fd877]::panicking::catch_unwind::<core[a373ad73a504971]::result::Result<(), alloc[2e1b2a31b91974c5]::string::String>, core[a373ad73a504971]::panic::unwind_safe::AssertUnwindSafe<test[aada8e7e76ba119b]::run_test_in_process::{closure#0}>>
[INFO] [stdout]                                at /rustc/e3feeb59cd1bdd011a2bfcc0747b55125d9b8527/library/std/src/panicking.rs:541:19
[INFO] [stdout]   65:     0x56a69f6afae5 - std[617be2ca0a6fd877]::panic::catch_unwind::<core[a373ad73a504971]::panic::unwind_safe::AssertUnwindSafe<test[aada8e7e76ba119b]::run_test_in_process::{closure#0}>, core[a373ad73a504971]::result::Result<(), alloc[2e1b2a31b91974c5]::string::String>>
[INFO] [stdout]                                at /rustc/e3feeb59cd1bdd011a2bfcc0747b55125d9b8527/library/std/src/panic.rs:359:14
[INFO] [stdout]   66:     0x56a69f6afae5 - test[aada8e7e76ba119b]::run_test_in_process
[INFO] [stdout]                                at /rustc/e3feeb59cd1bdd011a2bfcc0747b55125d9b8527/library/test/src/lib.rs:724:27
[INFO] [stdout]   67:     0x56a69f6afae5 - test[aada8e7e76ba119b]::run_test::{closure#0}
[INFO] [stdout]                                at /rustc/e3feeb59cd1bdd011a2bfcc0747b55125d9b8527/library/test/src/lib.rs:645:43
[INFO] [stdout]   68:     0x56a69f6a93d4 - test[aada8e7e76ba119b]::run_test::{closure#1}
[INFO] [stdout]                                at /rustc/e3feeb59cd1bdd011a2bfcc0747b55125d9b8527/library/test/src/lib.rs:675:41
[INFO] [stdout]   69:     0x56a69f6a93d4 - std[617be2ca0a6fd877]::sys::backtrace::__rust_begin_short_backtrace::<test[aada8e7e76ba119b]::run_test::{closure#1}, ()>
[INFO] [stdout]                                at /rustc/e3feeb59cd1bdd011a2bfcc0747b55125d9b8527/library/std/src/sys/backtrace.rs:166:18
[INFO] [stdout]   70:     0x56a69f6b2b72 - std[617be2ca0a6fd877]::thread::lifecycle::spawn_unchecked::<test[aada8e7e76ba119b]::run_test::{closure#1}, ()>::{closure#1}::{closure#0}
[INFO] [stdout]                                at /rustc/e3feeb59cd1bdd011a2bfcc0747b55125d9b8527/library/std/src/thread/lifecycle.rs:70:13
[INFO] [stdout]   71:     0x56a69f6b2b72 - <core[a373ad73a504971]::panic::unwind_safe::AssertUnwindSafe<std[617be2ca0a6fd877]::thread::lifecycle::spawn_unchecked<test[aada8e7e76ba119b]::run_test::{closure#1}, ()>::{closure#1}::{closure#0}> as core[a373ad73a504971]::ops::function::FnOnce<()>>::call_once
[INFO] [stdout]                                at /rustc/e3feeb59cd1bdd011a2bfcc0747b55125d9b8527/library/core/src/panic/unwind_safe.rs:275:9
[INFO] [stdout]   72:     0x56a69f6b2b72 - std[617be2ca0a6fd877]::panicking::catch_unwind::do_call::<core[a373ad73a504971]::panic::unwind_safe::AssertUnwindSafe<std[617be2ca0a6fd877]::thread::lifecycle::spawn_unchecked<test[aada8e7e76ba119b]::run_test::{closure#1}, ()>::{closure#1}::{closure#0}>, ()>
[INFO] [stdout]                                at /rustc/e3feeb59cd1bdd011a2bfcc0747b55125d9b8527/library/std/src/panicking.rs:573:43
[INFO] [stdout]   73:     0x56a69f6b2b72 - std[617be2ca0a6fd877]::panicking::catch_unwind::<(), core[a373ad73a504971]::panic::unwind_safe::AssertUnwindSafe<std[617be2ca0a6fd877]::thread::lifecycle::spawn_unchecked<test[aada8e7e76ba119b]::run_test::{closure#1}, ()>::{closure#1}::{closure#0}>>
[INFO] [stdout]                                at /rustc/e3feeb59cd1bdd011a2bfcc0747b55125d9b8527/library/std/src/panicking.rs:541:19
[INFO] [stdout]   74:     0x56a69f6b2b72 - std[617be2ca0a6fd877]::panic::catch_unwind::<core[a373ad73a504971]::panic::unwind_safe::AssertUnwindSafe<std[617be2ca0a6fd877]::thread::lifecycle::spawn_unchecked<test[aada8e7e76ba119b]::run_test::{closure#1}, ()>::{closure#1}::{closure#0}>, ()>
[INFO] [stdout]                                at /rustc/e3feeb59cd1bdd011a2bfcc0747b55125d9b8527/library/std/src/panic.rs:359:14
[INFO] [stdout]   75:     0x56a69f6b2b72 - std[617be2ca0a6fd877]::thread::lifecycle::spawn_unchecked::<test[aada8e7e76ba119b]::run_test::{closure#1}, ()>::{closure#1}
[INFO] [stdout]                                at /rustc/e3feeb59cd1bdd011a2bfcc0747b55125d9b8527/library/std/src/thread/lifecycle.rs:68:26
[INFO] [stdout]   76:     0x56a69f6b2b72 - <std[617be2ca0a6fd877]::thread::lifecycle::spawn_unchecked<test[aada8e7e76ba119b]::run_test::{closure#1}, ()>::{closure#1} as core[a373ad73a504971]::ops::function::FnOnce<()>>::call_once::{shim:vtable#0}
[INFO] [stdout]                                at /rustc/e3feeb59cd1bdd011a2bfcc0747b55125d9b8527/library/core/src/ops/function.rs:250:5
[INFO] [stdout]   77:     0x56a69fb4910f - <alloc[2e1b2a31b91974c5]::boxed::Box<dyn core[a373ad73a504971]::ops::function::FnOnce<(), Output = ()> + core[a373ad73a504971]::marker::Send> as core[a373ad73a504971]::ops::function::FnOnce<()>>::call_once
[INFO] [stdout]                                at /rustc/e3feeb59cd1bdd011a2bfcc0747b55125d9b8527/library/alloc/src/boxed.rs:2314:9
[INFO] [stdout]   78:     0x56a69fb4910f - <std[617be2ca0a6fd877]::sys::thread::unix::Thread>::new::thread_start
[INFO] [stdout]                                at /rustc/e3feeb59cd1bdd011a2bfcc0747b55125d9b8527/library/std/src/sys/thread/unix.rs:127:17
[INFO] [stdout]   79:     0x7f6350252dfa - <unknown>
[INFO] [stdout]   80:     0x7f63502e63d4 - clone
[INFO] [stdout]   81:                0x0 - <unknown>
[INFO] [stdout] 
[INFO] [stdout] 
[INFO] [stdout] failures:
[INFO] [stdout]     config::captcha::tests::it_accepts_if_hcaptcha
[INFO] [stdout] 
[INFO] [stdout] test result: FAILED. 10 passed; 1 failed; 0 ignored; 0 measured; 0 filtered out; finished in 0.22s
[INFO] [stdout] 
[INFO] [stderr] error: test failed, to rerun pass `--lib`
[INFO] running `Command { std: "docker" "inspect" "f3b35d7b8461f7dc36edd5c0ea0beac1f1eda4174bc53672280b964f27d750b8", kill_on_drop: false }`
[INFO] running `Command { std: "docker" "rm" "-f" "f3b35d7b8461f7dc36edd5c0ea0beac1f1eda4174bc53672280b964f27d750b8", kill_on_drop: false }`
[INFO] [stdout] f3b35d7b8461f7dc36edd5c0ea0beac1f1eda4174bc53672280b964f27d750b8
