[INFO] fetching crate rusty_vault 0.2.1...
[INFO] testing rusty_vault-0.2.1 against 1.100.0-beta.1 for beta-1.100-3
[INFO] extracting crate rusty_vault 0.2.1 into /workspace/builds/worker-6-tc2/source
[INFO] removed /workspace/builds/worker-6-tc2/source/rust-toolchain.toml
[INFO] started tweaking crates.io crate rusty_vault 0.2.1
[INFO] removed 0 missing tests
[INFO] finished tweaking crates.io crate rusty_vault 0.2.1
[INFO] tweaked toml for crates.io crate rusty_vault 0.2.1 written to /workspace/builds/worker-6-tc2/source/Cargo.toml
[INFO] validating manifest of crates.io crate rusty_vault 0.2.1 on toolchain 1.100.0-beta.1
[INFO] running `Command { std: CARGO_HOME="/workspace/cargo-home" RUSTUP_HOME="/workspace/rustup-home" "/workspace/cargo-home/bin/cargo" "+1.100.0-beta.1" "metadata" "--manifest-path" "Cargo.toml" "--no-deps", kill_on_drop: false }`
[INFO] crate crates.io crate rusty_vault 0.2.1 already has a lockfile, it will not be regenerated
[INFO] running `Command { std: CARGO_HOME="/workspace/cargo-home" RUSTUP_HOME="/workspace/rustup-home" "/workspace/cargo-home/bin/cargo" "+1.100.0-beta.1" "fetch" "--manifest-path" "Cargo.toml", kill_on_drop: false }`
[INFO] running `Command { std: "docker" "create" "-v" "/var/lib/crater-agent-workspace/builds/worker-6-tc2/source:/opt/rustwide/workdir:ro,Z" "-v" "/var/lib/crater-agent-workspace/builds/worker-6-tc2/target:/opt/rustwide/target:rw,Z" "-v" "/var/lib/crater-agent-workspace/cargo-home:/opt/rustwide/cargo-home:ro,Z" "-v" "/var/lib/crater-agent-workspace/rustup-home:/opt/rustwide/rustup-home:ro,Z" "-m" "1610612736" "--network" "none" "ghcr.io/rust-lang/crates-build-env/linux@sha256:77db811e55d90add9212f6832c23229e3de5f1c1f9905e8cb07319ea15df73ac" "sleep" "infinity", kill_on_drop: false }`
[INFO] [stdout] 3fe59e59a5418a2ef42fa3b2f892f4596627cd71c4527e2c89b51b996fb8b14c
[INFO] running `Command { std: "docker" "start" "3fe59e59a5418a2ef42fa3b2f892f4596627cd71c4527e2c89b51b996fb8b14c", kill_on_drop: false }`
[INFO] running `Command { std: "docker" "inspect" "3fe59e59a5418a2ef42fa3b2f892f4596627cd71c4527e2c89b51b996fb8b14c", kill_on_drop: false }`
[INFO] running `Command { std: "docker" "exec" "-e" "SOURCE_DIR=/opt/rustwide/workdir" "-e" "CARGO_HOME=/opt/rustwide/cargo-home" "-e" "RUSTUP_HOME=/opt/rustwide/rustup-home" "-e" "CARGO_TARGET_DIR=/opt/rustwide/target" "-w" "/opt/rustwide/workdir" "--user" "0:0" "3fe59e59a5418a2ef42fa3b2f892f4596627cd71c4527e2c89b51b996fb8b14c" "/opt/rustwide/cargo-home/bin/cargo" "+1.100.0-beta.1" "metadata" "--no-deps" "--format-version=1", kill_on_drop: false }`
[INFO] running `Command { std: "docker" "inspect" "3fe59e59a5418a2ef42fa3b2f892f4596627cd71c4527e2c89b51b996fb8b14c", kill_on_drop: false }`
[INFO] running `Command { std: "docker" "exec" "-e" "SOURCE_DIR=/opt/rustwide/workdir" "-e" "CARGO_HOME=/opt/rustwide/cargo-home" "-e" "RUSTUP_HOME=/opt/rustwide/rustup-home" "-e" "CARGO_TARGET_DIR=/opt/rustwide/target" "-e" "CARGO_INCREMENTAL=0" "-e" "RUST_BACKTRACE=full" "-e" "RUSTFLAGS=--cap-lints=warn" "-e" "RUSTDOCFLAGS=--cap-lints=warn" "-w" "/opt/rustwide/workdir" "--user" "0:0" "3fe59e59a5418a2ef42fa3b2f892f4596627cd71c4527e2c89b51b996fb8b14c" "/opt/rustwide/cargo-home/bin/cargo" "+1.100.0-beta.1" "build" "--frozen" "--message-format=json", kill_on_drop: false }`
[INFO] [stderr]    Compiling proc-macro2 v1.0.89
[INFO] [stderr]    Compiling unicode-ident v1.0.13
[INFO] [stderr]    Compiling libc v0.2.161
[INFO] [stderr]    Compiling pin-project-lite v0.2.15
[INFO] [stderr]    Compiling futures-core v0.3.31
[INFO] [stderr]    Compiling log v0.4.22
[INFO] [stderr]    Compiling crossbeam-utils v0.8.20
[INFO] [stderr]    Compiling once_cell v1.20.2
[INFO] [stderr]    Compiling serde v1.0.214
[INFO] [stderr]    Compiling pkg-config v0.3.31
[INFO] [stderr]    Compiling itoa v1.0.11
[INFO] [stderr]    Compiling smallvec v1.13.2
[INFO] [stderr]    Compiling lock_api v0.4.12
[INFO] [stderr]    Compiling bitflags v2.6.0
[INFO] [stderr]    Compiling parking_lot_core v0.9.10
[INFO] [stderr]    Compiling tracing-core v0.1.32
[INFO] [stderr]    Compiling equivalent v1.0.1
[INFO] [stderr]    Compiling bytes v1.8.0
[INFO] [stderr]    Compiling typenum v1.17.0
[INFO] [stderr]    Compiling futures-sink v0.3.31
[INFO] [stderr]    Compiling rustix v0.38.38
[INFO] [stderr]    Compiling quote v1.0.37
[INFO] [stderr]    Compiling concurrent-queue v2.5.0
[INFO] [stderr]    Compiling jobserver v0.1.32
[INFO] [stderr]    Compiling signal-hook-registry v1.4.2
[INFO] [stderr]    Compiling event-listener v5.3.0
[INFO] [stderr]    Compiling syn v2.0.85
[INFO] [stderr]    Compiling mio v1.0.2
[INFO] [stderr]    Compiling getrandom v0.2.15
[INFO] [stderr]    Compiling cc v1.1.31
[INFO] [stderr]    Compiling parking_lot v0.12.3
[INFO] [stderr]    Compiling socket2 v0.5.7
[INFO] [stderr]    Compiling event-listener-strategy v0.5.2
[INFO] [stderr]    Compiling ryu v1.0.18
[INFO] [stderr]    Compiling linux-raw-sys v0.4.14
[INFO] [stderr]    Compiling futures-lite v2.4.0
[INFO] [stderr]    Compiling allocator-api2 v0.2.18
[INFO] [stderr]    Compiling generic-array v0.14.7
[INFO] [stderr]    Compiling byteorder v1.5.0
[INFO] [stderr]    Compiling dunce v1.0.5
[INFO] [stderr]    Compiling foldhash v0.1.3
[INFO] [stderr]    Compiling fs_extra v1.3.0
[INFO] [stderr]    Compiling cmake v0.1.51
[INFO] [stderr]    Compiling hashbrown v0.15.0
[INFO] [stderr]    Compiling futures-channel v0.3.31
[INFO] [stderr]    Compiling io-lifetimes v1.0.11
[INFO] [stderr]    Compiling crypto-common v0.1.6
[INFO] [stderr]    Compiling polling v2.8.0
[INFO] [stderr]    Compiling num-traits v0.2.19
[INFO] [stderr]    Compiling fastrand v2.1.1
[INFO] [stderr]    Compiling waker-fn v1.2.0
[INFO] [stderr]    Compiling percent-encoding v2.3.1
[INFO] [stderr]    Compiling fastrand v1.9.0
[INFO] [stderr]    Compiling rustix v0.37.27
[INFO] [stderr]    Compiling openssl-sys v0.9.104
[INFO] [stderr]    Compiling aws-lc-sys v0.22.0
[INFO] [stderr]    Compiling zstd-sys v2.0.13+zstd.1.5.6
[INFO] [stderr]    Compiling futures-lite v1.13.0
[INFO] [stderr]    Compiling ring v0.17.8
[INFO] [stderr]    Compiling async-lock v2.8.0
[INFO] [stderr]    Compiling async-io v1.13.0
[INFO] [stderr]    Compiling linux-raw-sys v0.3.8
[INFO] [stderr]    Compiling openssl v0.10.68
[INFO] [stderr]    Compiling local-waker v0.1.4
[INFO] [stderr]    Compiling aws-lc-rs v1.10.0
[INFO] [stderr]    Compiling winnow v0.6.20
[INFO] [stderr]    Compiling tinyvec v1.8.0
[INFO] [stderr]    Compiling piper v0.2.4
[INFO] [stderr]    Compiling async-lock v3.4.0
[INFO] [stderr]    Compiling async-channel v2.3.1
[INFO] [stderr]    Compiling socket2 v0.4.10
[INFO] [stderr]    Compiling serde_derive v1.0.214
[INFO] [stderr]    Compiling tracing-attributes v0.1.27
[INFO] [stderr]    Compiling tokio-macros v2.4.0
[INFO] [stderr]    Compiling futures-macro v0.3.31
[INFO] [stderr]    Compiling tokio v1.41.0
[INFO] [stderr]    Compiling futures-util v0.3.31
[INFO] [stderr]    Compiling zerocopy-derive v0.7.35
[INFO] [stderr]    Compiling tracing v0.1.40
[INFO] [stderr]    Compiling zeroize_derive v1.4.2
[INFO] [stderr]    Compiling zerocopy v0.7.35
[INFO] [stderr]    Compiling zeroize v1.8.1
[INFO] [stderr]    Compiling polling v3.7.3
[INFO] [stderr]    Compiling actix-macros v0.2.4
[INFO] [stderr]    Compiling openssl-macros v0.1.1
[INFO] [stderr]    Compiling aho-corasick v1.1.3
[INFO] [stderr]    Compiling iana-time-zone v0.1.61
[INFO] [stderr]    Compiling zstd-safe v7.2.1
[INFO] [stderr]    Compiling regex-syntax v0.8.5
[INFO] [stderr]    Compiling tokio-openssl v0.6.5
[INFO] [stderr]    Compiling base64 v0.22.1
[INFO] [stderr]    Compiling semver-parser v0.7.0
[INFO] [stderr]    Compiling alloc-no-stdlib v2.0.4
[INFO] [stderr]    Compiling rustls-pki-types v1.10.0
[INFO] [stderr]    Compiling alloc-stdlib v0.2.2
[INFO] [stderr]    Compiling semver v0.9.0
[INFO] [stderr]    Compiling indexmap v2.6.0
[INFO] [stderr]    Compiling miniz_oxide v0.8.0
[INFO] [stderr]    Compiling ppv-lite86 v0.2.20
[INFO] [stderr]    Compiling async-io v2.3.4
[INFO] [stderr]    Compiling tokio-util v0.7.12
[INFO] [stderr]    Compiling regex-automata v0.4.8
[INFO] [stderr]    Compiling actix-rt v2.10.0
[INFO] [stderr]    Compiling blocking v1.6.1
[INFO] [stderr]    Compiling unicode-normalization v0.1.24
[INFO] [stderr]    Compiling toml_datetime v0.6.8
[INFO] [stderr]    Compiling serde_spanned v0.6.8
[INFO] [stderr]    Compiling actix-utils v3.0.1
[INFO] [stderr]    Compiling http v0.2.12
[INFO] [stderr]    Compiling form_urlencoded v1.2.1
[INFO] [stderr]    Compiling block-buffer v0.10.4
[INFO] [stderr]    Compiling actix-service v2.0.2
[INFO] [stderr]    Compiling rand_core v0.6.4
[INFO] [stderr]    Compiling crossbeam-epoch v0.9.18
[INFO] [stderr]    Compiling ahash v0.8.11
[INFO] [stderr]    Compiling async-fs v1.6.0
[INFO] [stderr]    Compiling spin v0.9.8
[INFO] [stderr]    Compiling unicode-bidi v0.3.17
[INFO] [stderr]    Compiling mirai-annotations v1.12.0
[INFO] [stderr]    Compiling regex-lite v0.1.6
[INFO] [stderr]    Compiling rustversion v1.0.18
[INFO] [stderr]    Compiling httparse v1.9.5
[INFO] [stderr]    Compiling rayon-core v1.12.1
[INFO] [stderr]    Compiling time-core v0.1.2
[INFO] [stderr]    Compiling serde_json v1.0.132
[INFO] [stderr]    Compiling time-macros v0.2.18
[INFO] [stderr]    Compiling bytestring v1.3.1
[INFO] [stderr]    Compiling deranged v0.3.11
[INFO] [stderr]    Compiling idna v0.5.0
[INFO] [stderr]    Compiling flate2 v1.0.34
[INFO] [stderr]    Compiling crossbeam-deque v0.8.5
[INFO] [stderr]    Compiling regex v1.11.1
[INFO] [stderr]    Compiling rand_chacha v0.3.1
[INFO] [stderr]    Compiling digest v0.10.7
[INFO] [stderr]    Compiling toml_edit v0.22.22
[INFO] [stderr]    Compiling async-signal v0.2.10
[INFO] [stderr]    Compiling rustc_version v0.2.3
[INFO] [stderr]    Compiling brotli-decompressor v4.0.1
[INFO] [stderr]    Compiling inout v0.1.3
[INFO] [stderr]    Compiling event-listener v3.1.0
[INFO] [stderr]    Compiling dirs-sys-next v0.1.2
[INFO] [stderr]    Compiling cookie v0.16.2
[INFO] [stderr]    Compiling convert_case v0.4.0
[INFO] [stderr]    Compiling impl-more v0.1.8
[INFO] [stderr]    Compiling syn v1.0.109
[INFO] [stderr]    Compiling thiserror v1.0.65
[INFO] [stderr]    Compiling anyhow v1.0.91
[INFO] [stderr]    Compiling rustls v0.23.16
[INFO] [stderr]    Compiling cpufeatures v0.2.14
[INFO] [stderr]    Compiling anstyle v1.0.9
[INFO] [stderr]    Compiling sha1 v0.10.6
[INFO] [stderr]    Compiling anstream v0.6.17
[INFO] [stderr]    Compiling derive_more v0.99.18
[INFO] [stderr]    Compiling nom v7.1.3
[INFO] [stderr]    Compiling brotli v6.0.0
[INFO] [stderr]    Compiling actix-tls v3.4.0
[INFO] [stderr]    Compiling async-process v1.8.1
[INFO] [stderr]    Compiling dirs-next v2.0.0
[INFO] [stderr]    Compiling cipher v0.4.4
[INFO] [stderr]    Compiling toml v0.8.19
[INFO] [stderr]    Compiling delay_timer v0.11.6
[INFO] [stderr]    Compiling rand v0.8.5
[INFO] [stderr]    Compiling time v0.3.36
[INFO] [stderr]    Compiling url v2.5.2
[INFO] [stderr]    Compiling zstd v0.13.2
[INFO] [stderr]    Compiling actix-router v0.5.3
[INFO] [stderr]    Compiling h2 v0.3.26
[INFO] [stderr]    Compiling async-net v1.8.0
[INFO] [stderr]    Compiling vecmap-rs v0.2.2
[INFO] [stderr]    Compiling hcl-primitives v0.1.7
[INFO] [stderr]    Compiling actix-codec v0.5.2
[INFO] [stderr]    Compiling futures-executor v0.3.31
[INFO] [stderr]    Compiling chrono v0.4.38
[INFO] [stderr]    Compiling terminal_size v0.4.0
[INFO] [stderr]    Compiling thiserror-impl v1.0.65
[INFO] [stderr]    Compiling async-executor v1.13.1
[INFO] [stderr]    Compiling local-channel v0.1.5
[INFO] [stderr]    Compiling async-channel v1.9.0
[INFO] [stderr]    Compiling is-terminal v0.4.13
[INFO] [stderr]    Compiling encoding_rs v0.8.35
[INFO] [stderr]    Compiling csv-core v0.1.11
[INFO] [stderr]    Compiling clap_lex v0.7.2
[INFO] [stderr]    Compiling heck v0.4.1
[INFO] [stderr]    Compiling hashbrown v0.14.5
[INFO] [stderr]    Compiling language-tags v0.3.2
[INFO] [stderr]    Compiling either v1.13.0
[INFO] [stderr]    Compiling prometheus-client v0.22.3
[INFO] [stderr]    Compiling clap_derive v4.5.18
[INFO] [stderr]    Compiling cron_clock v0.8.0
[INFO] [stderr]    Compiling dashmap v5.5.3
[INFO] [stderr]    Compiling rayon v1.10.0
[INFO] [stderr]    Compiling strum_macros v0.25.3
[INFO] [stderr]    Compiling clap_builder v4.5.20
[INFO] [stderr]    Compiling csv v1.3.1
[INFO] [stderr]    Compiling smol v1.3.0
[INFO] [stderr]    Compiling futures v0.3.31
[INFO] [stderr]    Compiling hcl-edit v0.7.7
[INFO] [stderr]    Compiling actix-web-codegen v4.3.0
[INFO] [stderr]    Compiling rusty_vault v0.2.1 (/opt/rustwide/workdir)
[INFO] [stderr]    Compiling blowfish v0.9.1
[INFO] [stderr]    Compiling actix-http v3.9.0
[INFO] [stderr]    Compiling term v0.7.0
[INFO] [stderr]    Compiling actix-server v2.5.0
[INFO] [stderr]    Compiling serde_urlencoded v0.7.1
[INFO] [stderr]    Compiling webpki-roots v0.26.6
[INFO] [stderr]    Compiling concat-idents v1.1.5
[INFO] [stderr]    Compiling prometheus-client-derive-encode v0.4.2
[INFO] [stderr]    Compiling async-trait v0.1.83
[INFO] [stderr]    Compiling enum-map-derive v0.17.0
[INFO] [stderr]    Compiling lru v0.12.5
[INFO] [stderr]    Compiling rtoolbox v0.0.2
[INFO] [stderr]    Compiling nibble_vec v0.1.0
[INFO] [stderr]    Compiling termcolor v1.4.1
[INFO] [stderr]    Compiling unicode-width v0.1.14
[INFO] [stderr]    Compiling encode_unicode v1.0.0
[INFO] [stderr]    Compiling dtoa v1.0.9
[INFO] [stderr]    Compiling humantime v2.1.0
[INFO] [stderr]    Compiling rs-snowflake v0.6.0
[INFO] [stderr]    Compiling endian-type v0.1.2
[INFO] [stderr]    Compiling unsafe-libyaml v0.2.11
[INFO] [stderr]    Compiling radix_trie v0.2.1
[INFO] [stderr]    Compiling env_logger v0.10.2
[INFO] [stderr]    Compiling prettytable v0.10.0
[INFO] [stderr]    Compiling enum-map v2.7.3
[INFO] [stderr]    Compiling blake2b_simd v1.0.2
[INFO] [stderr]    Compiling rpassword v7.3.1
[INFO] [stderr]    Compiling serde_yaml v0.9.34+deprecated
[INFO] [stderr]    Compiling build-time v0.1.3
[INFO] [stderr]    Compiling derivative v2.2.0
[INFO] [stderr]    Compiling actix-web v4.9.0
[INFO] [stderr]    Compiling hcl-rs v0.16.9
[INFO] [stderr]    Compiling clap v4.5.20
[INFO] [stderr]    Compiling sysinfo v0.31.4
[INFO] [stderr]    Compiling bcrypt v0.15.1
[INFO] [stderr]    Compiling strum v0.25.0
[INFO] [stderr]    Compiling ipnetwork v0.20.0
[INFO] [stderr]    Compiling serde_bytes v0.11.15
[INFO] [stderr]    Compiling rustls-pemfile v2.2.0
[INFO] [stderr]    Compiling pem v3.0.4
[INFO] [stderr]    Compiling ctor v0.2.8
[INFO] [stderr]    Compiling better_default v1.0.5
[INFO] [stderr]    Compiling daemonize v0.5.0
[INFO] [stderr]    Compiling sysexits v0.7.14
[INFO] [stderr]    Compiling glob v0.3.1
[INFO] [stderr]    Compiling go-defer v0.1.0
[INFO] [stderr]    Compiling as-any v0.3.1
[INFO] [stderr]    Compiling rustls-webpki v0.102.8
[INFO] [stderr]    Compiling ureq v2.10.1
[INFO] [stdout] warning: struct `Asn1StringData` is never constructed
[INFO] [stdout]   --> src/modules/credential/cert/path_login.rs:42:8
[INFO] [stdout]    |
[INFO] [stdout] 42 | struct Asn1StringData {
[INFO] [stdout]    |        ^^^^^^^^^^^^^^
[INFO] [stdout]    |
[INFO] [stdout]    = note: `#[warn(dead_code)]` (part of `#[warn(unused)]`) on by default
[INFO] [stdout] 
[INFO] [stdout] 
[INFO] [stdout] warning: hiding a lifetime that's elided elsewhere is confusing
[INFO] [stdout]   --> src/api/sys.rs:63:16
[INFO] [stdout]    |
[INFO] [stdout] 63 |     pub fn sys(&self) -> Sys {
[INFO] [stdout]    |                ^^^^^     ^^^ the same lifetime is hidden here
[INFO] [stdout]    |                |
[INFO] [stdout]    |                the lifetime is elided here
[INFO] [stdout]    |
[INFO] [stdout]    = help: the same lifetime is referred to in inconsistent ways, making the signature confusing
[INFO] [stdout]    = note: `#[warn(mismatched_lifetime_syntaxes)]` on by default
[INFO] [stdout] help: use `'_` for type paths
[INFO] [stdout]    |
[INFO] [stdout] 63 |     pub fn sys(&self) -> Sys<'_> {
[INFO] [stdout]    |                             ++++
[INFO] [stdout] 
[INFO] [stdout] 
[INFO] [stdout] warning: hiding a lifetime that's elided elsewhere is confusing
[INFO] [stdout]   --> src/api/logical.rs:17:20
[INFO] [stdout]    |
[INFO] [stdout] 17 |     pub fn logical(&self) -> Logical {
[INFO] [stdout]    |                    ^^^^^     ^^^^^^^ the same lifetime is hidden here
[INFO] [stdout]    |                    |
[INFO] [stdout]    |                    the lifetime is elided here
[INFO] [stdout]    |
[INFO] [stdout]    = help: the same lifetime is referred to in inconsistent ways, making the signature confusing
[INFO] [stdout] help: use `'_` for type paths
[INFO] [stdout]    |
[INFO] [stdout] 17 |     pub fn logical(&self) -> Logical<'_> {
[INFO] [stdout]    |                                     ++++
[INFO] [stdout] 
[INFO] [stdout] 
[INFO] [stderr] warning: unused dependency `ctor`
[INFO] [stderr]   --> Cargo.toml:49:15
[INFO] [stderr]    |
[INFO] [stderr] 49 | [dependencies.ctor]
[INFO] [stderr]    |               ^^^^^
[INFO] [stderr]    |
[INFO] [stderr]    = note: `cargo::unused_dependencies` is set to `warn` by default
[INFO] [stderr] help: consider removing the dependency on `ctor`
[INFO] [stderr] warning: `rusty_vault` (manifest) generated 1 warning
[INFO] [stderr]     Finished `dev` profile [unoptimized + debuginfo] target(s) in 46.26s
[INFO] [stderr] warning: the following packages contain code that will be rejected by a future version of Rust: aws-lc-rs v1.10.0
[INFO] [stderr] note: to see what the problems were, use the option `--future-incompat-report`, or run `cargo report future-incompatibilities --id 1`
[INFO] running `Command { std: "docker" "inspect" "3fe59e59a5418a2ef42fa3b2f892f4596627cd71c4527e2c89b51b996fb8b14c", kill_on_drop: false }`
[INFO] running `Command { std: "docker" "exec" "-e" "SOURCE_DIR=/opt/rustwide/workdir" "-e" "CARGO_HOME=/opt/rustwide/cargo-home" "-e" "RUSTUP_HOME=/opt/rustwide/rustup-home" "-e" "CARGO_TARGET_DIR=/opt/rustwide/target" "-e" "CARGO_INCREMENTAL=0" "-e" "RUST_BACKTRACE=full" "-e" "RUSTFLAGS=--cap-lints=warn" "-e" "RUSTDOCFLAGS=--cap-lints=warn" "-w" "/opt/rustwide/workdir" "--user" "0:0" "3fe59e59a5418a2ef42fa3b2f892f4596627cd71c4527e2c89b51b996fb8b14c" "/opt/rustwide/cargo-home/bin/cargo" "+1.100.0-beta.1" "test" "--frozen" "--no-run" "--message-format=json", kill_on_drop: false }`
[INFO] [stdout] warning: struct `Asn1StringData` is never constructed
[INFO] [stdout]   --> src/modules/credential/cert/path_login.rs:42:8
[INFO] [stdout]    |
[INFO] [stdout] 42 | struct Asn1StringData {
[INFO] [stdout]    |        ^^^^^^^^^^^^^^
[INFO] [stdout]    |
[INFO] [stdout]    = note: `#[warn(dead_code)]` (part of `#[warn(unused)]`) on by default
[INFO] [stdout] 
[INFO] [stdout] 
[INFO] [stdout] warning: hiding a lifetime that's elided elsewhere is confusing
[INFO] [stdout]   --> src/api/sys.rs:63:16
[INFO] [stdout]    |
[INFO] [stdout] 63 |     pub fn sys(&self) -> Sys {
[INFO] [stdout]    |                ^^^^^     ^^^ the same lifetime is hidden here
[INFO] [stdout]    |                |
[INFO] [stdout]    |                the lifetime is elided here
[INFO] [stdout]    |
[INFO] [stdout]    = help: the same lifetime is referred to in inconsistent ways, making the signature confusing
[INFO] [stdout]    = note: `#[warn(mismatched_lifetime_syntaxes)]` on by default
[INFO] [stdout] help: use `'_` for type paths
[INFO] [stdout]    |
[INFO] [stdout] 63 |     pub fn sys(&self) -> Sys<'_> {
[INFO] [stdout]    |                             ++++
[INFO] [stdout] 
[INFO] [stdout] 
[INFO] [stdout] warning: hiding a lifetime that's elided elsewhere is confusing
[INFO] [stdout]   --> src/api/logical.rs:17:20
[INFO] [stdout]    |
[INFO] [stdout] 17 |     pub fn logical(&self) -> Logical {
[INFO] [stdout]    |                    ^^^^^     ^^^^^^^ the same lifetime is hidden here
[INFO] [stdout]    |                    |
[INFO] [stdout]    |                    the lifetime is elided here
[INFO] [stdout]    |
[INFO] [stdout]    = help: the same lifetime is referred to in inconsistent ways, making the signature confusing
[INFO] [stdout] help: use `'_` for type paths
[INFO] [stdout]    |
[INFO] [stdout] 17 |     pub fn logical(&self) -> Logical<'_> {
[INFO] [stdout]    |                                     ++++
[INFO] [stdout] 
[INFO] [stdout] 
[INFO] [stderr]    Compiling rusty_vault v0.2.1 (/opt/rustwide/workdir)
[INFO] [stdout] warning: unexpected `cfg` condition value: `used_linker`
[INFO] [stdout]    --> src/test_utils.rs:595:5
[INFO] [stdout]     |
[INFO] [stdout] 595 |     #[ctor::ctor]
[INFO] [stdout]     |     ^^^^^^^^^^^^^
[INFO] [stdout]     |
[INFO] [stdout]     = note: expected values for `feature` are: `crypto_adaptor_openssl`, `crypto_adaptor_tongsuo`, `default`, `diesel`, `r2d2`, `r2d2-diesel`, and `storage_mysql`
[INFO] [stdout]     = note: using a cfg inside a attribute macro will use the cfgs from the destination crate and not the ones from the defining crate
[INFO] [stdout]     = help: try referring to `ctor::ctor` crate for guidance on how handle this unexpected cfg
[INFO] [stdout]     = note: see <https://doc.rust-lang.org/nightly/rustc/check-cfg/cargo-specifics.html> for more information about checking conditional configuration
[INFO] [stdout]     = note: `#[warn(unexpected_cfgs)]` on by default
[INFO] [stdout]     = note: this warning originates in the attribute macro `ctor::ctor` (in Nightly builds, run with -Z macro-backtrace for more info)
[INFO] [stdout] 
[INFO] [stdout] 
[INFO] [stdout] warning: struct `Asn1StringData` is never constructed
[INFO] [stdout]   --> src/modules/credential/cert/path_login.rs:42:8
[INFO] [stdout]    |
[INFO] [stdout] 42 | struct Asn1StringData {
[INFO] [stdout]    |        ^^^^^^^^^^^^^^
[INFO] [stdout]    |
[INFO] [stdout]    = note: `#[warn(dead_code)]` (part of `#[warn(unused)]`) on by default
[INFO] [stdout] 
[INFO] [stdout] 
[INFO] [stdout] warning: hiding a lifetime that's elided elsewhere is confusing
[INFO] [stdout]   --> src/api/sys.rs:63:16
[INFO] [stdout]    |
[INFO] [stdout] 63 |     pub fn sys(&self) -> Sys {
[INFO] [stdout]    |                ^^^^^     ^^^ the same lifetime is hidden here
[INFO] [stdout]    |                |
[INFO] [stdout]    |                the lifetime is elided here
[INFO] [stdout]    |
[INFO] [stdout]    = help: the same lifetime is referred to in inconsistent ways, making the signature confusing
[INFO] [stdout]    = note: `#[warn(mismatched_lifetime_syntaxes)]` on by default
[INFO] [stdout] help: use `'_` for type paths
[INFO] [stdout]    |
[INFO] [stdout] 63 |     pub fn sys(&self) -> Sys<'_> {
[INFO] [stdout]    |                             ++++
[INFO] [stdout] 
[INFO] [stdout] 
[INFO] [stdout] warning: hiding a lifetime that's elided elsewhere is confusing
[INFO] [stdout]   --> src/api/logical.rs:17:20
[INFO] [stdout]    |
[INFO] [stdout] 17 |     pub fn logical(&self) -> Logical {
[INFO] [stdout]    |                    ^^^^^     ^^^^^^^ the same lifetime is hidden here
[INFO] [stdout]    |                    |
[INFO] [stdout]    |                    the lifetime is elided here
[INFO] [stdout]    |
[INFO] [stdout]    = help: the same lifetime is referred to in inconsistent ways, making the signature confusing
[INFO] [stdout] help: use `'_` for type paths
[INFO] [stdout]    |
[INFO] [stdout] 17 |     pub fn logical(&self) -> Logical<'_> {
[INFO] [stdout]    |                                     ++++
[INFO] [stdout] 
[INFO] [stdout] 
[INFO] [stderr] warning: unused dependency `ctor`
[INFO] [stderr]   --> Cargo.toml:49:15
[INFO] [stderr]    |
[INFO] [stderr] 49 | [dependencies.ctor]
[INFO] [stderr]    |               ^^^^^
[INFO] [stderr]    |
[INFO] [stderr]    = note: `cargo::unused_dependencies` is set to `warn` by default
[INFO] [stderr] help: consider removing the dependency on `ctor`
[INFO] [stderr] help: to still use for development builds, move to `dev-dependencies`
[INFO] [stderr] warning: `rusty_vault` (manifest) generated 1 warning
[INFO] [stderr]     Finished `test` profile [unoptimized + debuginfo] target(s) in 12.08s
[INFO] [stderr] warning: the following packages contain code that will be rejected by a future version of Rust: aws-lc-rs v1.10.0
[INFO] [stderr] note: to see what the problems were, use the option `--future-incompat-report`, or run `cargo report future-incompatibilities --id 1`
[INFO] running `Command { std: "docker" "inspect" "3fe59e59a5418a2ef42fa3b2f892f4596627cd71c4527e2c89b51b996fb8b14c", kill_on_drop: false }`
[INFO] running `Command { std: "docker" "exec" "-e" "SOURCE_DIR=/opt/rustwide/workdir" "-e" "CARGO_HOME=/opt/rustwide/cargo-home" "-e" "RUSTUP_HOME=/opt/rustwide/rustup-home" "-e" "CARGO_TARGET_DIR=/opt/rustwide/target" "-e" "CARGO_INCREMENTAL=0" "-e" "RUST_BACKTRACE=full" "-e" "RUSTFLAGS=--cap-lints=warn" "-e" "RUSTDOCFLAGS=--cap-lints=warn" "-w" "/opt/rustwide/workdir" "--user" "0:0" "3fe59e59a5418a2ef42fa3b2f892f4596627cd71c4527e2c89b51b996fb8b14c" "/opt/rustwide/cargo-home/bin/cargo" "+1.100.0-beta.1" "test" "--frozen", kill_on_drop: false }`
[INFO] [stderr] warning: struct `Asn1StringData` is never constructed
[INFO] [stderr]   --> src/modules/credential/cert/path_login.rs:42:8
[INFO] [stderr]    |
[INFO] [stderr] 42 | struct Asn1StringData {
[INFO] [stderr]    |        ^^^^^^^^^^^^^^
[INFO] [stderr]    |
[INFO] [stderr]    = note: `#[warn(dead_code)]` (part of `#[warn(unused)]`) on by default
[INFO] [stderr] 
[INFO] [stderr] warning: hiding a lifetime that's elided elsewhere is confusing
[INFO] [stderr]   --> src/api/sys.rs:63:16
[INFO] [stderr]    |
[INFO] [stderr] 63 |     pub fn sys(&self) -> Sys {
[INFO] [stderr]    |                ^^^^^     ^^^ the same lifetime is hidden here
[INFO] [stderr]    |                |
[INFO] [stderr]    |                the lifetime is elided here
[INFO] [stderr]    |
[INFO] [stderr]    = help: the same lifetime is referred to in inconsistent ways, making the signature confusing
[INFO] [stderr]    = note: `#[warn(mismatched_lifetime_syntaxes)]` on by default
[INFO] [stderr] help: use `'_` for type paths
[INFO] [stderr]    |
[INFO] [stderr] 63 |     pub fn sys(&self) -> Sys<'_> {
[INFO] [stderr]    |                             ++++
[INFO] [stderr] 
[INFO] [stderr] warning: hiding a lifetime that's elided elsewhere is confusing
[INFO] [stderr]   --> src/api/logical.rs:17:20
[INFO] [stderr]    |
[INFO] [stderr] 17 |     pub fn logical(&self) -> Logical {
[INFO] [stderr]    |                    ^^^^^     ^^^^^^^ the same lifetime is hidden here
[INFO] [stderr]    |                    |
[INFO] [stderr]    |                    the lifetime is elided here
[INFO] [stderr]    |
[INFO] [stderr]    = help: the same lifetime is referred to in inconsistent ways, making the signature confusing
[INFO] [stderr] help: use `'_` for type paths
[INFO] [stderr]    |
[INFO] [stderr] 17 |     pub fn logical(&self) -> Logical<'_> {
[INFO] [stderr]    |                                     ++++
[INFO] [stderr] 
[INFO] [stderr] warning: unexpected `cfg` condition value: `used_linker`
[INFO] [stderr]    --> src/test_utils.rs:595:5
[INFO] [stderr]     |
[INFO] [stderr] 595 |     #[ctor::ctor]
[INFO] [stderr]     |     ^^^^^^^^^^^^^
[INFO] [stderr]     |
[INFO] [stderr]     = note: expected values for `feature` are: `crypto_adaptor_openssl`, `crypto_adaptor_tongsuo`, `default`, `diesel`, `r2d2`, `r2d2-diesel`, and `storage_mysql`
[INFO] [stderr]     = note: using a cfg inside a attribute macro will use the cfgs from the destination crate and not the ones from the defining crate
[INFO] [stderr]     = help: try referring to `ctor::ctor` crate for guidance on how handle this unexpected cfg
[INFO] [stderr]     = note: see <https://doc.rust-lang.org/nightly/rustc/check-cfg/cargo-specifics.html> for more information about checking conditional configuration
[INFO] [stderr]     = note: `#[warn(unexpected_cfgs)]` on by default
[INFO] [stderr]     = note: this warning originates in the attribute macro `ctor::ctor` (in Nightly builds, run with -Z macro-backtrace for more info)
[INFO] [stderr] 
[INFO] [stderr] warning: `rusty_vault` (lib) generated 3 warnings (run `cargo fix --lib -p rusty_vault` to apply 2 suggestions)
[INFO] [stderr] warning: `rusty_vault` (lib test) generated 4 warnings (3 duplicates)
[INFO] [stderr] warning: unused dependency `ctor`
[INFO] [stderr]   --> Cargo.toml:49:15
[INFO] [stderr]    |
[INFO] [stderr] 49 | [dependencies.ctor]
[INFO] [stderr]    |               ^^^^^
[INFO] [stderr]    |
[INFO] [stderr]    = note: `cargo::unused_dependencies` is set to `warn` by default
[INFO] [stderr] help: consider removing the dependency on `ctor`
[INFO] [stderr] help: to still use for development builds, move to `dev-dependencies`
[INFO] [stderr] warning: `rusty_vault` (manifest) generated 1 warning
[INFO] [stderr]     Finished `test` profile [unoptimized + debuginfo] target(s) in 0.41s
[INFO] [stderr] warning: the following packages contain code that will be rejected by a future version of Rust: aws-lc-rs v1.10.0
[INFO] [stderr] note: to see what the problems were, use the option `--future-incompat-report`, or run `cargo report future-incompatibilities --id 1`
[INFO] [stderr]      Running unittests src/lib.rs (/opt/rustwide/target/debug/build/rusty_vault/f02c0c884095e585/out/rusty_vault-f02c0c884095e585)
[INFO] [stdout] 
[INFO] [stdout] running 115 tests
[INFO] [stdout] test cli::config::test::test_load_config_tls ... ok
[INFO] [stdout] test cli::config::test::test_load_config_dir ... ok
[INFO] [stdout] test cli::config::test::test_load_config ... ok
[INFO] [stdout] test logical::backend::test::test_logical_backend_match_path ... ok
[INFO] [stdout] test logical::backend::test::test_logical_backend_api ... ok
[INFO] [stdout] test logical::field::test::test_field_get_default ... ok
[INFO] [stdout] test logical::backend::test::test_logical_path_field ... ok
[INFO] [stdout] test logical::path::test::test_logical_path ... ok
[INFO] [stdout] test logical::secret::test::test_logical_secret ... ok
[INFO] [stdout] test logical::field::test::test_field_trait ... ok
[INFO] [stdout] test core::test::test_core_init ... ok
[INFO] [stdout] test metrics::middleware::tests::test_metrics_name_and_help_info ... ok
[INFO] [stdout] test metrics::http_metrics::tests::test_http_request ... ok
[INFO] [stdout] test cli::command::operator_unseal::test::test_cli_operator_unseal ... FAILED
[INFO] [stdout] test cli::command::operator_init::test::test_cli_operator_init ... FAILED
[INFO] [stdout] test cli::command::operator_seal::test::test_cli_operator_seal ... FAILED
[INFO] [stdout] test cli::command::test::test_cli_logical ... FAILED
[INFO] [stdout] test cli::command::login::test::test_cli_login ... FAILED
[INFO] [stdout] test modules::credential::approle::path_role::test::test_approle_list_role_secret_id ... ok
[INFO] [stdout] test modules::credential::approle::path_role::test::test_approle_list_role ... ok
[INFO] [stdout] test modules::credential::approle::path_role::test::test_approle_cidr_subset ... ok
[INFO] [stdout] test modules::credential::approle::path_role::test::test_approle_local_secret_id_immutablility ... ok
[INFO] [stdout] test modules::credential::approle::path_role::test::test_approle_lookup_and_destroy_role_secret_id_accessor ... ok
[INFO] [stdout] test modules::credential::approle::path_role::test::test_approle_lookup_and_destroy_role_secret_id ... ok
[INFO] [stdout] test modules::credential::approle::path_role::test::test_approle_local_non_secret_ids ... ok
[INFO] [stdout] test modules::credential::approle::path_role::test::test_approle_lookup_role_secret_id_accessor ... ok
[INFO] [stdout] test modules::credential::approle::path_role::test::test_approle_role_delete_secret_id ... ok
[INFO] [stdout] test modules::credential::approle::path_role::test::test_approle_read_local_secret_ids ... ok
[INFO] [stdout] test modules::credential::approle::path_role::test::test_approle_role_constraints ... ok
[INFO] [stdout] test modules::credential::approle::path_role::test::test_approle_role_crud ... ok
[INFO] [stdout] test modules::credential::approle::path_role::test::test_approle_role_id_uniqueness ... ok
[INFO] [stdout] test modules::credential::approle::path_role::test::test_approle_role_name_lower_casing ... ok
[INFO] [stdout] test modules::credential::approle::path_role::test::test_approle_role_secret_id_with_valid_fields ... ok
[INFO] [stdout] test modules::credential::approle::path_role::test::test_approle_role_read_set_index ... ok
[INFO] [stdout] test modules::credential::approle::path_role::test::test_approle_role_secret_id_accessor_cross_delete ... ok
[INFO] [stdout] test modules::credential::approle::path_role::test::test_approle_role_secret_id_with_invalid_fields ... ok
[INFO] [stdout] test modules::credential::approle::path_role::test::test_approle_role_secret_id_with_ttl ... ok
[INFO] [stdout] test modules::credential::approle::path_role::test::test_approle_role_token_bound_cidrs_crud ... ok
[INFO] [stdout] test modules::credential::approle::path_role::test::test_approle_role_secret_id_without_fields ... ok
[INFO] [stdout] test modules::credential::approle::path_role::test::test_approle_token_bound_cidr_subset_32_mask ... ok
[INFO] [stdout] test modules::credential::approle::path_role::test::test_approle_role_token_type_crud ... ok
[INFO] [stdout] test modules::credential::approle::path_role::test::test_approle_role_token_util_upgrade ... ok
[INFO] [stdout] test modules::credential::approle::path_role::test::test_approle_update_role_id ... ok
[INFO] [stdout] test modules::credential::approle::path_role::test::test_approle_upgrade_bound_cidr_list ... ok
[INFO] [stdout] test modules::credential::approle::path_role::test::test_approle_upgrade_secret_id_prefix ... ok
[INFO] [stdout] test modules::credential::approle::test::test_credential_approle_module ... ok
[INFO] [stdout] test modules::credential::cert::test::test_credential_cert_module_basic_ca ... ok
[INFO] [stdout] test modules::credential::approle::path_tidy_secret_id::test::test_approle_tidy_dangling_accessors_normal ... ok
[INFO] [stdout] test modules::credential::cert::test::test_credential_cert_module_cert_writes ... ok
[INFO] [stdout] test modules::credential::cert::test::test_credential_cert_module_basic_crls ... ok
[INFO] [stdout] test modules::credential::cert::test::test_credential_cert_module_basic_single_cert ... ok
[INFO] [stdout] test modules::credential::cert::test::test_credential_cert_module_email_single_cert ... ok
[INFO] [stdout] test modules::credential::cert::test::test_credential_cert_module_invalid_cidr ... ok
[INFO] [stdout] test modules::credential::cert::test::test_credential_cert_module_dns_single_cert ... ok
[INFO] [stdout] test modules::credential::cert::test::test_credential_cert_module_mixed_constraints ... ok
[INFO] [stdout] test modules::credential::cert::test::test_credential_cert_module_crls ... ok
[INFO] [stdout] test modules::credential::cert::test::test_credential_cert_module_ext_single_cert ... ok
[INFO] [stdout] test modules::credential::cert::test::test_credential_cert_module_ou_single_cert ... ok
[INFO] [stdout] test modules::credential::cert::test::test_credential_cert_module_permitted_dns_domains_intermediate_ca ... ok
[INFO] [stdout] test modules::credential::cert::test::test_credential_cert_module_registered_non_ca_crl ... ok
[INFO] [stdout] test modules::crypto::crypto_test::test_aes_aead_one_shot ... ok
[INFO] [stdout] test modules::crypto::crypto_test::test_aes_aead_stream ... ok
[INFO] [stdout] test modules::crypto::crypto_test::test_aes_keygen ... ok
[INFO] [stdout] test modules::crypto::crypto_test::test_aes_one_shot ... ok
[INFO] [stdout] test modules::crypto::crypto_test::test_aes_stream ... ok
[INFO] [stdout] test modules::credential::cert::test::test_credential_cert_module_untrusted ... ok
[INFO] [stdout] test modules::pki::test::test_pki_config_ca ... ok
[INFO] [stdout] test modules::pki::test::test_pki_config_role ... ok
[INFO] [stdout] test modules::credential::cert::test::test_credential_cert_module_uri_single_cert ... ok
[INFO] [stdout] test modules::credential::cert::test::test_credential_cert_module_valid_cidr ... ok
[INFO] [stdout] test modules::pki::test::test_pki_import_key ... ok
[INFO] [stdout] test shamir::tests::test_can_recover_a_generated_secret ... ok
[INFO] [stdout] test shamir::tests::test_can_recover_secret ... ok
[INFO] [stdout] test shamir::tests::test_generates_coefficients ... ok
[INFO] [stdout] test shamir::tests::test_issues_shares ... ok
[INFO] [stdout] test shamir::tests::test_rejects_share_id_under_1 ... ok
[INFO] [stdout] test shamir::tests::test_repeatedly_issues_shares ... ok
[INFO] [stdout] test shamir::tests::test_requires_enough_shares ... ok
[INFO] [stdout] test storage::barrier_aes_gcm::test::test_barrier_aes256_gcm ... ok
[INFO] [stdout] test storage::barrier_aes_gcm::test::test_barrier_decrypt ... ok
[INFO] [stdout] test storage::barrier_aes_gcm::test::test_barrier_encrypt_decrypt ... ok
[INFO] [stdout] test storage::barrier_aes_gcm::test::test_barrier_storage_api ... ok
[INFO] [stdout] test storage::barrier_view::test::test_new_barrier_view ... ok
[INFO] [stdout] test storage::physical::file::test::test_file_backend ... ok
[INFO] [stdout] test storage::test::test_new_backend ... ok
[INFO] [stdout] test utils::cert::test::test_create_ca ... ok
[INFO] [stdout] test utils::cert::test::test_create_certificate ... ok
[INFO] [stdout] test utils::cidr::test::test_cidr_ip_belongs_to_cidr ... ok
[INFO] [stdout] test utils::cidr::test::test_cidr_ip_belongs_to_cidrs ... ok
[INFO] [stdout] test utils::cidr::test::test_cidr_remote_addr_is_ok ... ok
[INFO] [stdout] test utils::cidr::test::test_cidr_subset ... ok
[INFO] [stdout] test utils::cidr::test::test_cidr_subset_blocks ... ok
[INFO] [stdout] test utils::cidr::test::test_cidr_validate_cidr_string ... ok
[INFO] [stdout] test utils::cidr::test::test_cidr_validate_cidrs ... ok
[INFO] [stdout] test utils::ip_sock_addr::test::test_ip_sock_addr ... ok
[INFO] [stdout] test utils::key::test::test_aes_key_operation ... ok
[INFO] [stdout] test utils::key::test::test_ec_key_operation ... ok
[INFO] [stdout] test modules::pki::test::test_pki_generate_key ... ok
[INFO] [stdout] test modules::pki::test::test_pki_generate_root ... ok
[INFO] [stdout] test modules::pki::test::test_pki_issue_cert ... ok
[INFO] [stdout] test utils::key::test::test_rsa_key_operation ... ok
[INFO] [stdout] test utils::locks::test::test_locks_reader_reader ... ok
[INFO] [stdout] test utils::policy::test::test_policy ... ok
[INFO] [stdout] test utils::salt::test::test_salt ... ok
[INFO] [stdout] test utils::sock_addr::test::test_sock_addr ... ok
[INFO] [stdout] test utils::string::test::test_string ... ok
[INFO] [stdout] test utils::token_util::test::test_token_util ... ok
[INFO] [stdout] test utils::unix_sock_addr::test::test_unix_sock_addr ... ok
[INFO] [stdout] test modules::credential::cert::test::test_credential_cert_module_non_ca_expiry ... ok
[INFO] [stdout] test utils::locks::test::test_locks_reader_writer ... ok
[INFO] [stdout] test utils::locks::test::test_locks_writer_reader ... ok
[INFO] [stdout] test utils::locks::test::test_locks_writer_writer ... ok
[INFO] [stderr] error: test failed, to rerun pass `--lib`
[INFO] [stderr] 
[INFO] [stderr] Caused by:
[INFO] [stderr]   process didn't exit successfully: `/opt/rustwide/target/debug/build/rusty_vault/f02c0c884095e585/out/rusty_vault-f02c0c884095e585` (signal: 9, SIGKILL: kill)
[INFO] running `Command { std: "docker" "inspect" "3fe59e59a5418a2ef42fa3b2f892f4596627cd71c4527e2c89b51b996fb8b14c", kill_on_drop: false }`
[INFO] running `Command { std: "docker" "rm" "-f" "3fe59e59a5418a2ef42fa3b2f892f4596627cd71c4527e2c89b51b996fb8b14c", kill_on_drop: false }`
[INFO] [stdout] 3fe59e59a5418a2ef42fa3b2f892f4596627cd71c4527e2c89b51b996fb8b14c
