[INFO] fetching crate hashkit 0.1.5...
[INFO] testing hashkit-0.1.5 against 1.99.0-beta.8 for beta-1.100-3
[INFO] extracting crate hashkit 0.1.5 into /workspace/builds/worker-3-tc1/source
[INFO] started tweaking crates.io crate hashkit 0.1.5
[INFO] removed 0 missing tests
[INFO] finished tweaking crates.io crate hashkit 0.1.5
[INFO] tweaked toml for crates.io crate hashkit 0.1.5 written to /workspace/builds/worker-3-tc1/source/Cargo.toml
[INFO] validating manifest of crates.io crate hashkit 0.1.5 on toolchain 1.99.0-beta.8
[INFO] running `Command { std: CARGO_HOME="/workspace/cargo-home" RUSTUP_HOME="/workspace/rustup-home" "/workspace/cargo-home/bin/cargo" "+1.99.0-beta.8" "metadata" "--manifest-path" "Cargo.toml" "--no-deps", kill_on_drop: false }`
[INFO] crate crates.io crate hashkit 0.1.5 already has a lockfile, it will not be regenerated
[INFO] running `Command { std: CARGO_HOME="/workspace/cargo-home" RUSTUP_HOME="/workspace/rustup-home" "/workspace/cargo-home/bin/cargo" "+1.99.0-beta.8" "fetch" "--manifest-path" "Cargo.toml", kill_on_drop: false }`
[INFO] [stderr]     Updating crates.io index
[INFO] [stderr]     Blocking waiting for file lock on package cache
[INFO] [stderr]  Downloading crates ...
[INFO] [stderr]   Downloaded generic-array v0.14.7
[INFO] [stderr]   Downloaded sha2 v0.10.9
[INFO] [stderr]   Downloaded crypto-common v0.1.7
[INFO] [stderr]   Downloaded digest v0.10.7
[INFO] [stderr]   Downloaded typenum v1.20.0
[INFO] [stderr]   Downloaded fnv v1.0.7
[INFO] [stderr]   Downloaded semver v1.0.28
[INFO] [stderr]   Downloaded heck v0.5.0
[INFO] [stderr]   Downloaded windows-link v0.2.1
[INFO] [stderr]   Downloaded wait-timeout v0.2.1
[INFO] [stderr]   Downloaded wit-bindgen-rust-macro v0.51.0
[INFO] [stderr]   Downloaded cpufeatures v0.3.0
[INFO] [stderr]   Downloaded wit-bindgen-rust v0.51.0
[INFO] [stderr]   Downloaded block-buffer v0.10.4
[INFO] [stderr]   Downloaded unarray v0.1.4
[INFO] [stderr]   Downloaded equivalent v1.0.2
[INFO] [stderr]   Downloaded version_check v0.9.5
[INFO] [stderr]   Downloaded bit-set v0.8.0
[INFO] [stderr]   Downloaded errno v0.3.14
[INFO] [stderr]   Downloaded itoa v1.0.18
[INFO] [stderr]   Downloaded constant_time_eq v0.3.1
[INFO] [stderr]   Downloaded cfg-if v1.0.4
[INFO] [stderr]   Downloaded rand_xorshift v0.4.0
[INFO] [stderr]   Downloaded id-arena v2.3.0
[INFO] [stderr]   Downloaded leb128fmt v0.1.0
[INFO] [stderr]   Downloaded arrayref v0.3.9
[INFO] [stderr]   Downloaded unicode-xid v0.2.6
[INFO] [stderr]   Downloaded quick-error v1.2.3
[INFO] [stderr]   Downloaded rand_chacha v0.9.0
[INFO] [stderr]   Downloaded cpufeatures v0.2.17
[INFO] [stderr]   Downloaded arrayvec v0.7.6
[INFO] [stderr]   Downloaded zmij v1.0.21
[INFO] [stderr]   Downloaded quote v1.0.45
[INFO] [stderr]   Downloaded shlex v1.3.0
[INFO] [stderr]   Downloaded wasm-metadata v0.244.0
[INFO] [stderr]   Downloaded bit-vec v0.8.0
[INFO] [stderr]   Downloaded rusty-fork v0.3.1
[INFO] [stderr]   Downloaded rand_core v0.9.5
[INFO] [stderr]   Downloaded find-msvc-tools v0.1.9
[INFO] [stderr]   Downloaded foldhash v0.1.5
[INFO] [stderr]   Downloaded fastrand v2.4.1
[INFO] [stderr]   Downloaded autocfg v1.5.1
[INFO] [stderr]   Downloaded once_cell v1.21.4
[INFO] [stderr]   Downloaded wit-bindgen-core v0.51.0
[INFO] [stderr]   Downloaded anyhow v1.0.102
[INFO] [stderr]   Downloaded constant_time_eq v0.4.2
[INFO] [stderr]   Downloaded ppv-lite86 v0.2.21
[INFO] [stderr]   Downloaded serde_core v1.0.228
[INFO] [stderr]   Downloaded getrandom v0.4.2
[INFO] [stderr]   Downloaded log v0.4.30
[INFO] [stderr]   Downloaded bitflags v2.11.1
[INFO] [stderr]   Downloaded r-efi v5.3.0
[INFO] [stderr]   Downloaded r-efi v6.0.0
[INFO] [stderr]   Downloaded tempfile v3.27.0
[INFO] [stderr]   Downloaded num-traits v0.2.19
[INFO] [stderr]   Downloaded getrandom v0.3.4
[INFO] [stderr]   Downloaded wit-bindgen v0.51.0
[INFO] [stderr]   Downloaded proc-macro2 v1.0.106
[INFO] [stderr]   Downloaded wit-bindgen v0.57.1
[INFO] [stderr]   Downloaded serde_derive v1.0.228
[INFO] [stderr]   Downloaded unicode-ident v1.0.24
[INFO] [stderr]   Downloaded prettyplease v0.2.37
[INFO] [stderr]   Downloaded serde v1.0.228
[INFO] [stderr]   Downloaded wasm-encoder v0.244.0
[INFO] [stderr]   Downloaded base64 v0.22.1
[INFO] [stderr]   Downloaded cc v1.2.62
[INFO] [stderr]   Downloaded memchr v2.8.1
[INFO] [stderr]   Downloaded wit-parser v0.244.0
[INFO] [stderr]   Downloaded zerocopy-derive v0.8.49
[INFO] [stderr]   Downloaded indexmap v2.14.0
[INFO] [stderr]   Downloaded rand v0.9.4
[INFO] [stderr]   Downloaded wasip2 v1.0.3+wasi-0.2.9
[INFO] [stderr]   Downloaded hashbrown v0.15.5
[INFO] [stderr]   Downloaded wasip3 v0.4.0+wasi-0.3.0-rc-2026-01-06
[INFO] [stderr]   Downloaded serde_json v1.0.150
[INFO] [stderr]   Downloaded hashbrown v0.17.1
[INFO] [stderr]   Downloaded wasmparser v0.244.0
[INFO] [stderr]   Downloaded wit-component v0.244.0
[INFO] [stderr]   Downloaded proptest v1.11.0
[INFO] [stderr]   Downloaded blake3 v1.8.5
[INFO] [stderr]   Downloaded zerocopy v0.8.49
[INFO] [stderr]   Downloaded syn v2.0.117
[INFO] [stderr]   Downloaded regex-syntax v0.8.10
[INFO] [stderr]   Downloaded rustix v1.1.4
[INFO] [stderr]   Downloaded libc v0.2.186
[INFO] [stderr]   Downloaded windows-sys v0.61.2
[INFO] [stderr]   Downloaded linux-raw-sys v0.12.1
[INFO] running `Command { std: "docker" "create" "-v" "/var/lib/crater-agent-workspace/builds/worker-3-tc1/source:/opt/rustwide/workdir:ro,Z" "-v" "/var/lib/crater-agent-workspace/builds/worker-3-tc1/target:/opt/rustwide/target:rw,Z" "-v" "/var/lib/crater-agent-workspace/cargo-home:/opt/rustwide/cargo-home:ro,Z" "-v" "/var/lib/crater-agent-workspace/rustup-home:/opt/rustwide/rustup-home:ro,Z" "-m" "1610612736" "--network" "none" "ghcr.io/rust-lang/crates-build-env/linux@sha256:77db811e55d90add9212f6832c23229e3de5f1c1f9905e8cb07319ea15df73ac" "sleep" "infinity", kill_on_drop: false }`
[INFO] [stdout] 0480cc17a6c3cd54e28f907cca10ce0cadc2ba63ea146eb859540dcdff31315f
[INFO] running `Command { std: "docker" "start" "0480cc17a6c3cd54e28f907cca10ce0cadc2ba63ea146eb859540dcdff31315f", kill_on_drop: false }`
[INFO] running `Command { std: "docker" "inspect" "0480cc17a6c3cd54e28f907cca10ce0cadc2ba63ea146eb859540dcdff31315f", kill_on_drop: false }`
[INFO] running `Command { std: "docker" "exec" "-e" "SOURCE_DIR=/opt/rustwide/workdir" "-e" "CARGO_HOME=/opt/rustwide/cargo-home" "-e" "RUSTUP_HOME=/opt/rustwide/rustup-home" "-e" "CARGO_TARGET_DIR=/opt/rustwide/target" "-w" "/opt/rustwide/workdir" "--user" "0:0" "0480cc17a6c3cd54e28f907cca10ce0cadc2ba63ea146eb859540dcdff31315f" "/opt/rustwide/cargo-home/bin/cargo" "+1.99.0-beta.8" "metadata" "--no-deps" "--format-version=1", kill_on_drop: false }`
[INFO] running `Command { std: "docker" "inspect" "0480cc17a6c3cd54e28f907cca10ce0cadc2ba63ea146eb859540dcdff31315f", kill_on_drop: false }`
[INFO] running `Command { std: "docker" "exec" "-e" "SOURCE_DIR=/opt/rustwide/workdir" "-e" "CARGO_HOME=/opt/rustwide/cargo-home" "-e" "RUSTUP_HOME=/opt/rustwide/rustup-home" "-e" "CARGO_TARGET_DIR=/opt/rustwide/target" "-e" "CARGO_INCREMENTAL=0" "-e" "RUST_BACKTRACE=full" "-e" "RUSTFLAGS=--cap-lints=warn" "-e" "RUSTDOCFLAGS=--cap-lints=warn" "-w" "/opt/rustwide/workdir" "--user" "0:0" "0480cc17a6c3cd54e28f907cca10ce0cadc2ba63ea146eb859540dcdff31315f" "/opt/rustwide/cargo-home/bin/cargo" "+1.99.0-beta.8" "build" "--frozen" "--message-format=json", kill_on_drop: false }`
[INFO] [stderr]    Compiling blake3 v1.8.5
[INFO] [stderr]    Compiling hashkit v0.1.5 (/opt/rustwide/workdir)
[INFO] [stderr]     Finished `dev` profile [unoptimized + debuginfo] target(s) in 0.72s
[INFO] running `Command { std: "docker" "inspect" "0480cc17a6c3cd54e28f907cca10ce0cadc2ba63ea146eb859540dcdff31315f", kill_on_drop: false }`
[INFO] running `Command { std: "docker" "exec" "-e" "SOURCE_DIR=/opt/rustwide/workdir" "-e" "CARGO_HOME=/opt/rustwide/cargo-home" "-e" "RUSTUP_HOME=/opt/rustwide/rustup-home" "-e" "CARGO_TARGET_DIR=/opt/rustwide/target" "-e" "CARGO_INCREMENTAL=0" "-e" "RUST_BACKTRACE=full" "-e" "RUSTFLAGS=--cap-lints=warn" "-e" "RUSTDOCFLAGS=--cap-lints=warn" "-w" "/opt/rustwide/workdir" "--user" "0:0" "0480cc17a6c3cd54e28f907cca10ce0cadc2ba63ea146eb859540dcdff31315f" "/opt/rustwide/cargo-home/bin/cargo" "+1.99.0-beta.8" "test" "--frozen" "--no-run" "--message-format=json", kill_on_drop: false }`
[INFO] [stderr]    Compiling zerocopy v0.8.49
[INFO] [stderr]    Compiling once_cell v1.21.4
[INFO] [stderr]    Compiling num-traits v0.2.19
[INFO] [stderr]    Compiling bit-vec v0.8.0
[INFO] [stderr]    Compiling getrandom v0.4.2
[INFO] [stderr]    Compiling wait-timeout v0.2.1
[INFO] [stderr]    Compiling unarray v0.1.4
[INFO] [stderr]    Compiling rand v0.9.4
[INFO] [stderr]    Compiling rand_xorshift v0.4.0
[INFO] [stderr]    Compiling tempfile v3.27.0
[INFO] [stderr]    Compiling bit-set v0.8.0
[INFO] [stderr]    Compiling rusty-fork v0.3.1
[INFO] [stderr]    Compiling ppv-lite86 v0.2.21
[INFO] [stderr]    Compiling rand_chacha v0.9.0
[INFO] [stderr]    Compiling proptest v1.11.0
[INFO] [stderr]    Compiling hashkit v0.1.5 (/opt/rustwide/workdir)
[INFO] [stderr]     Finished `test` profile [unoptimized + debuginfo] target(s) in 15.44s
[INFO] running `Command { std: "docker" "inspect" "0480cc17a6c3cd54e28f907cca10ce0cadc2ba63ea146eb859540dcdff31315f", kill_on_drop: false }`
[INFO] running `Command { std: "docker" "exec" "-e" "SOURCE_DIR=/opt/rustwide/workdir" "-e" "CARGO_HOME=/opt/rustwide/cargo-home" "-e" "RUSTUP_HOME=/opt/rustwide/rustup-home" "-e" "CARGO_TARGET_DIR=/opt/rustwide/target" "-e" "CARGO_INCREMENTAL=0" "-e" "RUST_BACKTRACE=full" "-e" "RUSTFLAGS=--cap-lints=warn" "-e" "RUSTDOCFLAGS=--cap-lints=warn" "-w" "/opt/rustwide/workdir" "--user" "0:0" "0480cc17a6c3cd54e28f907cca10ce0cadc2ba63ea146eb859540dcdff31315f" "/opt/rustwide/cargo-home/bin/cargo" "+1.99.0-beta.8" "test" "--frozen", kill_on_drop: false }`
[INFO] [stderr]     Finished `test` profile [unoptimized + debuginfo] target(s) in 0.09s
[INFO] [stderr]      Running unittests src/lib.rs (/opt/rustwide/target/debug/deps/hashkit-6ca99af5d3ee64d2)
[INFO] [stdout] 
[INFO] [stdout] running 70 tests
[INFO] [stdout] test blake3_hash::tests::finalize_hex_matches_one_shot_hex ... ok
[INFO] [stdout] test entropy::tests::empty_input_is_zero_entropy ... ok
[INFO] [stdout] test blake3_hash::tests::reset_resets_hasher_state ... ok
[INFO] [stdout] test entropy::tests::empty_counter_is_zero_and_empty ... ok
[INFO] [stdout] test blake3_hash::tests::secure_compare_detects_difference ... ok
[INFO] [stdout] test blake3_hash::tests::secure_compare_accepts_match ... ok
[INFO] [stdout] test blake3_hash::tests::streaming_matches_one_shot ... ok
[INFO] [stdout] test blake3_hash::tests::abc_input_matches_blake3_spec_vector ... ok
[INFO] [stdout] test blake3_hash::tests::fox_input_matches_blake3_spec_vector ... ok
[INFO] [stdout] test fnv::tests::empty_input_matches_offset_basis ... ok
[INFO] [stdout] test fnv::tests::known_vector_a_matches_reference ... ok
[INFO] [stdout] test fnv::tests::known_vector_foobar_matches_reference ... ok
[INFO] [stdout] test fnv::tests::pair_distinguishes_order ... ok
[INFO] [stdout] test fnv::tests::pair_matches_slice_hash ... ok
[INFO] [stdout] test fnv::tests::constants_match_flashsieve ... ok
[INFO] [stdout] test hex::tests::decode_rejects_non_ascii_multibyte ... ok
[INFO] [stdout] test hex::tests::decode_rejects_odd_length ... ok
[INFO] [stdout] test hex::tests::encode_decode_round_trip_all_bytes_together ... ok
[INFO] [stdout] test hex::tests::encode_decode_round_trip_all_byte_values ... ok
[INFO] [stdout] test entropy::tests::repeated_byte_has_zero_entropy ... ok
[INFO] [stdout] test sha256_hash::tests::nist_million_bits_input_produces_known_digest ... ok
[INFO] [stdout] test entropy::tests::repeated_byte_stream_has_zero_entropy ... ok
[INFO] [stdout] test entropy::tests::uniform_distribution_hits_max_bucket ... ok
[INFO] [stdout] test blake3_hash::tests::empty_input_matches_blake3_spec_vector ... ok
[INFO] [stdout] test sha256_hash::tests::parse_integrity_handles_whitespace_options_and_multitoken ... ok
[INFO] [stdout] test entropy::tests::streaming_matches_slice_across_inputs_and_chunkings ... ok
[INFO] [stdout] test entropy::saturating_frequency_counter_does_not_overflow ... ok
[INFO] [stdout] test entropy::tests::uniform_stream_reaches_max_entropy ... ok
[INFO] [stdout] test sha256_hash::tests::empty_input_produces_known_digest ... ok
[INFO] [stdout] test hex::tests::decode_rejects_invalid_characters ... ok
[INFO] [stdout] test entropy::tests::count_form_matches_naive_probability_form ... ok
[INFO] [stdout] test sha256_hash::tests::parse_rejects_bad_base64 ... ok
[INFO] [stdout] test entropy::tests::english_text_entropy_is_approx_four_and_a_half_bits ... ok
[INFO] [stdout] test sha256_hash::tests::parse_rejects_malformed_prefix ... ok
[INFO] [stdout] test sha256_hash::tests::parse_rejects_wrong_length ... ok
[INFO] [stdout] test sha256_hash::tests::sha256_hex_is_hex_of_hash ... ok
[INFO] [stdout] test hex::tests::encode_decode_round_trip_all_single_byte_hex_strings ... ok
[INFO] [stdout] test sha256_hash::tests::integrity_round_trip ... ok
[INFO] [stdout] test hex::tests::invalid_byte_error_reports_raw_byte_not_misleading_char ... ok
[INFO] [stdout] test sha256_hash::tests::abc_input_produces_known_digest ... ok
[INFO] [stdout] test splitmix::tests::finalize_has_strong_high_bit_avalanche ... ok
[INFO] [stdout] test splitmix::tests::gamma_seed_matches_reference ... ok
[INFO] [stdout] test sha256_hash::tests::verify_accepts_valid_integrity ... ok
[INFO] [stdout] test tests::bloom_hash_pair_matches_components ... ok
[INFO] [stdout] test sha256_hash::tests::sha256_hex_matches_nist_vectors ... ok
[INFO] [stdout] test tests::hash_to_index_handles_non_power_of_two ... ok
[INFO] [stdout] test splitmix::tests::pair_distinguishes_order ... ok
[INFO] [stdout] test sha256_hash::tests::verify_rejects_invalid_integrity ... ok
[INFO] [stdout] test splitmix::tests::pair_maps_to_seed_finalization ... ok
[INFO] [stdout] test sha256_hash::tests::verify_rejects_wrong_data ... ok
[INFO] [stdout] test splitmix::tests::zero_seed_matches_reference ... ok
[INFO] [stdout] test splitmix::tests::finalize_has_strong_single_bit_avalanche ... ok
[INFO] [stdout] test splitmix::tests::seed_one_matches_reference ... ok
[INFO] [stdout] test tests::bloom_hash_pair_is_non_zero_for_common_pair ... ok
[INFO] [stdout] test tests::bloom_probes_follow_kirsch_mitzenmacher_formula ... ok
[INFO] [stdout] test tests::bloom_probes_zero_k_yields_no_indices ... ok
[INFO] [stdout] test tests::bloom_probes_first_is_h1_reduced_and_all_in_bounds ... ok
[INFO] [stdout] test tests::hash_to_index_zero_hash_maps_to_zero ... ok
[INFO] [stdout] test entropy::tests::equal_four_symbol_distribution_has_two_bits ... ok
[INFO] [stdout] test tests::wyhash_changes_when_input_changes ... ok
[INFO] [stderr]      Running tests/adversarial/adversarial.rs (/opt/rustwide/target/debug/deps/adversarial_adversarial-d28f5bdb895911d5)
[INFO] [stdout] test tests::hash_to_index_masks_large_hashes ... ok
[INFO] [stdout] test tests::hash_to_index_stays_in_bounds ... ok
[INFO] [stdout] test tests::wyhash_changes_when_seed_changes ... ok
[INFO] [stdout] test wyhash::tests::docs_vector_stays_stable ... ok
[INFO] [stdout] test wyhash::tests::empty_input_matches_reference ... ok
[INFO] [stdout] test wyhash::tests::golden_vectors_match_reference_implementation ... ok
[INFO] [stdout] test wyhash::tests::long_input_matches_reference ... ok
[INFO] [stdout] test wyhash::tests::medium_input_matches_reference ... ok
[INFO] [stdout] test tests::hash_to_index_handles_zero ... ok
[INFO] [stdout] test wyhash::tests::short_input_matches_reference ... ok
[INFO] [stdout] 
[INFO] [stdout] test result: ok. 70 passed; 0 failed; 0 ignored; 0 measured; 0 filtered out; finished in 0.02s
[INFO] [stdout] 
[INFO] [stdout] 
[INFO] [stdout] running 50 tests
[INFO] [stdout] test all_hashes_handle_null_bytes ... ok
[INFO] [stdout] test alternating_patterns ... ok
[INFO] [stdout] test all_hashes_handle_all_ones_bytes ... ok
[INFO] [stdout] test exhaust::exhaustive_wyhash_alignments ... ok
[INFO] [stdout] test bloom_hash_pair_non_zero ... ok
[INFO] [stdout] test exhaust::extreme_hash_to_index_values ... ok
[INFO] [stdout] test bloom_hash_pair_distinguishes_order ... ok
[INFO] [stdout] test exhaust::max_wyhash_seeds ... ok
[INFO] [stdout] test fnv_different_inputs_different_hashes ... ok
[INFO] [stdout] test fnv_empty_input_returns_offset_basis ... ok
[INFO] [stdout] test fnv_known_test_vectors_match_reference ... ok
[INFO] [stdout] test exhaust::pathological_inputs ... ok
[INFO] [stdout] test fnv_different_data_different_hash ... ok
[INFO] [stdout] test fnv_single_byte_inputs_all_distinct ... ok
[INFO] [stdout] test fnv_roundtrip_stability ... ok
[INFO] [stdout] test fnv_pair_distinguishes_order ... ok
[INFO] [stdout] test fnv_same_input_same_hash_deterministic ... ok
[INFO] [stdout] test bloom_hash_pair_components_match ... ok
[INFO] [stdout] test fnv_pair_matches_slice_hash ... ok
[INFO] [stdout] test hash_to_index_distributes_across_slots ... ok
[INFO] [stdout] test fnv_large_input_performance ... ok
[INFO] [stdout] test fnv_two_byte_inputs_distinct ... ok
[INFO] [stdout] test fnv_prefix_collision_resistance ... ok
[INFO] [stdout] test fnv_distribution_10k_inputs ... ok
[INFO] [stdout] test hash_to_index_handles_zero ... ok
[INFO] [stdout] test hash_to_index_handles_non_power_of_two ... ok
[INFO] [stdout] test kats::massive_kat_fnv ... ok
[INFO] [stdout] test hash_to_index_in_bounds ... ok
[INFO] [stdout] test splitmix_deterministic ... ok
[INFO] [stdout] test splitmix_avalanche_effect ... ok
[INFO] [stdout] test unicode_edge_cases ... ok
[INFO] [stdout] test splitmix_zero_seed_reference_value ... ok
[INFO] [stdout] test kats::massive_kat_splitmix ... ok
[INFO] [stdout] test wyhash_all_lengths_distinct ... ok
[INFO] [stdout] test wyhash_prefix_collision_resistance ... ok
[INFO] [stdout] test wyhash_same_input_same_seed_deterministic ... ok
[INFO] [stdout] test wyhash_roundtrip_stability ... ok
[INFO] [stdout] test wyhash_different_seeds_different_hashes ... ok
[INFO] [stdout] test wyhash_all_byte_values ... ok
[INFO] [stdout] test splitmix_pair_mapping ... ok
[INFO] [stdout] test wyhash_different_data_different_hashes ... ok
[INFO] [stdout] test kats::massive_kat_bloom ... ok
[INFO] [stdout] test splitmix_distribution_10k_seeds ... ok
[INFO] [stdout] test wyhash_distribution_10k_inputs ... ok
[INFO] [stdout] test very_short_inputs_all_hashes ... ok
[INFO] [stdout] test kats::massive_kat_wyhash ... ok
[INFO] [stdout] test wyhash_empty_input_deterministic ... ok
[INFO] [stdout] test exhaust::adversarial_hash_to_index_with_massive_widths ... ok
[INFO] [stdout] test wyhash_large_input_performance ... FAILED
[INFO] [stdout] test exhaust::exhaustive_two_byte_bloom_hash_pairs ... ok
[INFO] [stdout] 
[INFO] [stdout] failures:
[INFO] [stdout] 
[INFO] [stdout] ---- wyhash_large_input_performance stdout ----
[INFO] [stdout] 
[INFO] [stdout] thread 'wyhash_large_input_performance' (859) panicked at tests/adversarial/adversarial.rs:409:5:
[INFO] [stdout] WyHash 1MB input took 21ms, expected < 10ms. Fix: optimize wyhash implementation.
[INFO] [stdout] stack backtrace:
[INFO] [stdout]    0:     0x563751061731 - std[70759c8f55707aa4]::backtrace_rs::backtrace::libunwind::trace
[INFO] [stdout]                                at /rustc/dfb0accb7f508ae8be965d8629557221c889dd98/library/std/src/../../backtrace/src/backtrace/libunwind.rs:117:9
[INFO] [stdout]    1:     0x563751061731 - std[70759c8f55707aa4]::backtrace_rs::backtrace::trace_unsynchronized::<std[70759c8f55707aa4]::sys::backtrace::_print_fmt::{closure#1}>
[INFO] [stdout]                                at /rustc/dfb0accb7f508ae8be965d8629557221c889dd98/library/std/src/../../backtrace/src/backtrace/mod.rs:66:14
[INFO] [stdout]    2:     0x563751061731 - std[70759c8f55707aa4]::sys::backtrace::_print_fmt
[INFO] [stdout]                                at /rustc/dfb0accb7f508ae8be965d8629557221c889dd98/library/std/src/sys/backtrace.rs:74:9
[INFO] [stdout]    3:     0x563751061731 - <<std[70759c8f55707aa4]::sys::backtrace::BacktraceLock>::print::DisplayBacktrace as core[df12db4294e9bfd3]::fmt::Display>::fmt
[INFO] [stdout]                                at /rustc/dfb0accb7f508ae8be965d8629557221c889dd98/library/std/src/sys/backtrace.rs:44:26
[INFO] [stdout]    4:     0x563751075ffa - <core[df12db4294e9bfd3]::fmt::rt::Argument>::fmt
[INFO] [stdout]                                at /rustc/dfb0accb7f508ae8be965d8629557221c889dd98/library/core/src/fmt/rt.rs:152:76
[INFO] [stdout]    5:     0x563751075ffa - core[df12db4294e9bfd3]::fmt::write
[INFO] [stdout]    6:     0x563751065bcc - core[df12db4294e9bfd3]::io::write::default_write_fmt::<alloc[2182bb758b4b3781]::vec::Vec<u8>>
[INFO] [stdout]                                at /rustc/dfb0accb7f508ae8be965d8629557221c889dd98/library/core/src/io/write.rs:402:11
[INFO] [stdout]    7:     0x563751065bcc - <alloc[2182bb758b4b3781]::vec::Vec<u8> as core[df12db4294e9bfd3]::io::write::Write>::write_fmt
[INFO] [stdout]                                at /rustc/dfb0accb7f508ae8be965d8629557221c889dd98/library/core/src/io/write.rs:335:13
[INFO] [stdout]    8:     0x56375103dd26 - <std[70759c8f55707aa4]::sys::backtrace::BacktraceLock>::print
[INFO] [stdout]                                at /rustc/dfb0accb7f508ae8be965d8629557221c889dd98/library/std/src/sys/backtrace.rs:47:9
[INFO] [stdout]    9:     0x56375103dd26 - std[70759c8f55707aa4]::panicking::default_hook::{closure#0}
[INFO] [stdout]                                at /rustc/dfb0accb7f508ae8be965d8629557221c889dd98/library/std/src/panicking.rs:292:27
[INFO] [stdout]   10:     0x563751059e99 - std[70759c8f55707aa4]::panicking::default_hook
[INFO] [stdout]                                at /rustc/dfb0accb7f508ae8be965d8629557221c889dd98/library/std/src/panicking.rs:316:9
[INFO] [stdout]   11:     0x563750ff5a80 - <alloc[2182bb758b4b3781]::boxed::Box<dyn for<'a, 'b> core[df12db4294e9bfd3]::ops::function::Fn<(&'a std[70759c8f55707aa4]::panic::PanicHookInfo<'b>,), Output = ()> + core[df12db4294e9bfd3]::marker::Send + core[df12db4294e9bfd3]::marker::Sync> as core[df12db4294e9bfd3]::ops::function::Fn<(&std[70759c8f55707aa4]::panic::PanicHookInfo,)>>::call
[INFO] [stdout]                                at /rustc/dfb0accb7f508ae8be965d8629557221c889dd98/library/alloc/src/boxed.rs:2334:9
[INFO] [stdout]   12:     0x563750ff5a80 - test[9d35eded1c95d3be]::test_main_inner::<test[9d35eded1c95d3be]::test_main_static::{closure#0}>::{closure#0}
[INFO] [stdout]                                at /rustc/dfb0accb7f508ae8be965d8629557221c889dd98/library/test/src/lib.rs:155:21
[INFO] [stdout]   13:     0x56375105a052 - <alloc[2182bb758b4b3781]::boxed::Box<dyn for<'a, 'b> core[df12db4294e9bfd3]::ops::function::Fn<(&'a std[70759c8f55707aa4]::panic::PanicHookInfo<'b>,), Output = ()> + core[df12db4294e9bfd3]::marker::Send + core[df12db4294e9bfd3]::marker::Sync> as core[df12db4294e9bfd3]::ops::function::Fn<(&std[70759c8f55707aa4]::panic::PanicHookInfo,)>>::call
[INFO] [stdout]                                at /rustc/dfb0accb7f508ae8be965d8629557221c889dd98/library/alloc/src/boxed.rs:2334:9
[INFO] [stdout]   14:     0x56375105a052 - std[70759c8f55707aa4]::panicking::panic_with_hook
[INFO] [stdout]                                at /rustc/dfb0accb7f508ae8be965d8629557221c889dd98/library/std/src/panicking.rs:823:13
[INFO] [stdout]   15:     0x56375103ddd2 - std[70759c8f55707aa4]::panicking::panic_handler::{closure#0}
[INFO] [stdout]                                at /rustc/dfb0accb7f508ae8be965d8629557221c889dd98/library/std/src/panicking.rs:688:13
[INFO] [stdout]   16:     0x563751036b59 - std[70759c8f55707aa4]::sys::backtrace::__rust_end_short_backtrace::<std[70759c8f55707aa4]::panicking::panic_handler::{closure#0}, !>
[INFO] [stdout]                                at /rustc/dfb0accb7f508ae8be965d8629557221c889dd98/library/std/src/sys/backtrace.rs:182:18
[INFO] [stdout]   17:     0x56375103e9cd - __rustc[8fa7c3cbc660c2b3]::rust_begin_unwind
[INFO] [stdout]                                at /rustc/dfb0accb7f508ae8be965d8629557221c889dd98/library/std/src/panicking.rs:679:5
[INFO] [stdout]   18:     0x56375107678c - core[df12db4294e9bfd3]::panicking::panic_fmt
[INFO] [stdout]                                at /rustc/dfb0accb7f508ae8be965d8629557221c889dd98/library/core/src/panicking.rs:80:14
[INFO] [stdout]   19:     0x563750fda4c6 - adversarial_adversarial[e84fac02d1cc932a]::wyhash_large_input_performance
[INFO] [stdout]                                at /opt/rustwide/workdir/tests/adversarial/adversarial.rs:409:5
[INFO] [stdout]   20:     0x563750fd5697 - adversarial_adversarial[e84fac02d1cc932a]::wyhash_large_input_performance::{closure#0}
[INFO] [stdout]                                at /opt/rustwide/workdir/tests/adversarial/adversarial.rs:397:36
[INFO] [stdout]   21:     0x563750fd4c46 - <adversarial_adversarial[e84fac02d1cc932a]::wyhash_large_input_performance::{closure#0} as core[df12db4294e9bfd3]::ops::function::FnOnce<()>>::call_once
[INFO] [stdout]                                at /rustc/dfb0accb7f508ae8be965d8629557221c889dd98/library/core/src/ops/function.rs:250:5
[INFO] [stdout]   22:     0x563750fe8d6b - <fn() -> core[df12db4294e9bfd3]::result::Result<(), alloc[2182bb758b4b3781]::string::String> as core[df12db4294e9bfd3]::ops::function::FnOnce<()>>::call_once
[INFO] [stdout]                                at /rustc/dfb0accb7f508ae8be965d8629557221c889dd98/library/core/src/ops/function.rs:250:5
[INFO] [stdout]   23:     0x563750fe8d6b - test[9d35eded1c95d3be]::__rust_begin_short_backtrace::<core[df12db4294e9bfd3]::result::Result<(), alloc[2182bb758b4b3781]::string::String>, fn() -> core[df12db4294e9bfd3]::result::Result<(), alloc[2182bb758b4b3781]::string::String>>
[INFO] [stdout]                                at /rustc/dfb0accb7f508ae8be965d8629557221c889dd98/library/test/src/lib.rs:733:18
[INFO] [stdout]   24:     0x563750ff63d5 - test[9d35eded1c95d3be]::run_test_in_process::{closure#0}
[INFO] [stdout]                                at /rustc/dfb0accb7f508ae8be965d8629557221c889dd98/library/test/src/lib.rs:756:74
[INFO] [stdout]   25:     0x563750ff63d5 - <core[df12db4294e9bfd3]::panic::unwind_safe::AssertUnwindSafe<test[9d35eded1c95d3be]::run_test_in_process::{closure#0}> as core[df12db4294e9bfd3]::ops::function::FnOnce<()>>::call_once
[INFO] [stdout]                                at /rustc/dfb0accb7f508ae8be965d8629557221c889dd98/library/core/src/panic/unwind_safe.rs:275:9
[INFO] [stdout]   26:     0x563750ff63d5 - std[70759c8f55707aa4]::panicking::catch_unwind::do_call::<core[df12db4294e9bfd3]::panic::unwind_safe::AssertUnwindSafe<test[9d35eded1c95d3be]::run_test_in_process::{closure#0}>, core[df12db4294e9bfd3]::result::Result<(), alloc[2182bb758b4b3781]::string::String>>
[INFO] [stdout]                                at /rustc/dfb0accb7f508ae8be965d8629557221c889dd98/library/std/src/panicking.rs:576:43
[INFO] [stdout]   27:     0x563750ff63d5 - std[70759c8f55707aa4]::panicking::catch_unwind::<core[df12db4294e9bfd3]::result::Result<(), alloc[2182bb758b4b3781]::string::String>, core[df12db4294e9bfd3]::panic::unwind_safe::AssertUnwindSafe<test[9d35eded1c95d3be]::run_test_in_process::{closure#0}>>
[INFO] [stdout]                                at /rustc/dfb0accb7f508ae8be965d8629557221c889dd98/library/std/src/panicking.rs:544:19
[INFO] [stdout]   28:     0x563750ff63d5 - std[70759c8f55707aa4]::panic::catch_unwind::<core[df12db4294e9bfd3]::panic::unwind_safe::AssertUnwindSafe<test[9d35eded1c95d3be]::run_test_in_process::{closure#0}>, core[df12db4294e9bfd3]::result::Result<(), alloc[2182bb758b4b3781]::string::String>>
[INFO] [stdout]                                at /rustc/dfb0accb7f508ae8be965d8629557221c889dd98/library/std/src/panic.rs:359:14
[INFO] [stdout]   29:     0x563750ff63d5 - test[9d35eded1c95d3be]::run_test_in_process
[INFO] [stdout]                                at /rustc/dfb0accb7f508ae8be965d8629557221c889dd98/library/test/src/lib.rs:756:27
[INFO] [stdout]   30:     0x563750ff63d5 - test[9d35eded1c95d3be]::run_test::{closure#0}
[INFO] [stdout]                                at /rustc/dfb0accb7f508ae8be965d8629557221c889dd98/library/test/src/lib.rs:677:43
[INFO] [stdout]   31:     0x563750fefc94 - test[9d35eded1c95d3be]::run_test::{closure#1}
[INFO] [stdout]                                at /rustc/dfb0accb7f508ae8be965d8629557221c889dd98/library/test/src/lib.rs:707:41
[INFO] [stdout]   32:     0x563750fefc94 - std[70759c8f55707aa4]::sys::backtrace::__rust_begin_short_backtrace::<test[9d35eded1c95d3be]::run_test::{closure#1}, ()>
[INFO] [stdout]                                at /rustc/dfb0accb7f508ae8be965d8629557221c889dd98/library/std/src/sys/backtrace.rs:166:18
[INFO] [stdout]   33:     0x563750ff9532 - std[70759c8f55707aa4]::thread::lifecycle::spawn_unchecked::<test[9d35eded1c95d3be]::run_test::{closure#1}, ()>::{closure#1}::{closure#0}
[INFO] [stdout]                                at /rustc/dfb0accb7f508ae8be965d8629557221c889dd98/library/std/src/thread/lifecycle.rs:70:13
[INFO] [stdout]   34:     0x563750ff9532 - <core[df12db4294e9bfd3]::panic::unwind_safe::AssertUnwindSafe<std[70759c8f55707aa4]::thread::lifecycle::spawn_unchecked<test[9d35eded1c95d3be]::run_test::{closure#1}, ()>::{closure#1}::{closure#0}> as core[df12db4294e9bfd3]::ops::function::FnOnce<()>>::call_once
[INFO] [stdout]                                at /rustc/dfb0accb7f508ae8be965d8629557221c889dd98/library/core/src/panic/unwind_safe.rs:275:9
[INFO] [stdout]   35:     0x563750ff9532 - std[70759c8f55707aa4]::panicking::catch_unwind::do_call::<core[df12db4294e9bfd3]::panic::unwind_safe::AssertUnwindSafe<std[70759c8f55707aa4]::thread::lifecycle::spawn_unchecked<test[9d35eded1c95d3be]::run_test::{closure#1}, ()>::{closure#1}::{closure#0}>, ()>
[INFO] [stdout]                                at /rustc/dfb0accb7f508ae8be965d8629557221c889dd98/library/std/src/panicking.rs:576:43
[INFO] [stdout]   36:     0x563750ff9532 - std[70759c8f55707aa4]::panicking::catch_unwind::<(), core[df12db4294e9bfd3]::panic::unwind_safe::AssertUnwindSafe<std[70759c8f55707aa4]::thread::lifecycle::spawn_unchecked<test[9d35eded1c95d3be]::run_test::{closure#1}, ()>::{closure#1}::{closure#0}>>
[INFO] [stdout]                                at /rustc/dfb0accb7f508ae8be965d8629557221c889dd98/library/std/src/panicking.rs:544:19
[INFO] [stdout]   37:     0x563750ff9532 - std[70759c8f55707aa4]::panic::catch_unwind::<core[df12db4294e9bfd3]::panic::unwind_safe::AssertUnwindSafe<std[70759c8f55707aa4]::thread::lifecycle::spawn_unchecked<test[9d35eded1c95d3be]::run_test::{closure#1}, ()>::{closure#1}::{closure#0}>, ()>
[INFO] [stdout]                                at /rustc/dfb0accb7f508ae8be965d8629557221c889dd98/library/std/src/panic.rs:359:14
[INFO] [stdout]   38:     0x563750ff9532 - std[70759c8f55707aa4]::thread::lifecycle::spawn_unchecked::<test[9d35eded1c95d3be]::run_test::{closure#1}, ()>::{closure#1}
[INFO] [stdout]                                at /rustc/dfb0accb7f508ae8be965d8629557221c889dd98/library/std/src/thread/lifecycle.rs:68:26
[INFO] [stdout]   39:     0x563750ff9532 - <std[70759c8f55707aa4]::thread::lifecycle::spawn_unchecked<test[9d35eded1c95d3be]::run_test::{closure#1}, ()>::{closure#1} as core[df12db4294e9bfd3]::ops::function::FnOnce<()>>::call_once::{shim:vtable#0}
[INFO] [stdout]                                at /rustc/dfb0accb7f508ae8be965d8629557221c889dd98/library/core/src/ops/function.rs:250:5
[INFO] [stdout]   40:     0x563751061009 - <alloc[2182bb758b4b3781]::boxed::Box<dyn core[df12db4294e9bfd3]::ops::function::FnOnce<(), Output = ()> + core[df12db4294e9bfd3]::marker::Send> as core[df12db4294e9bfd3]::ops::function::FnOnce<()>>::call_once
[INFO] [stdout]                                at /rustc/dfb0accb7f508ae8be965d8629557221c889dd98/library/alloc/src/boxed.rs:2320:9
[INFO] [stdout]   41:     0x563751061009 - <std[70759c8f55707aa4]::sys::thread::unix::Thread>::new::thread_start
[INFO] [stdout]                                at /rustc/dfb0accb7f508ae8be965d8629557221c889dd98/library/std/src/sys/thread/unix.rs:123:17
[INFO] [stdout]   42:     0x7d7784138dfa - <unknown>
[INFO] [stdout]   43:     0x7d77841cc3d4 - clone
[INFO] [stdout]   44:                0x0 - <unknown>
[INFO] [stdout] 
[INFO] [stdout] 
[INFO] [stdout] failures:
[INFO] [stdout]     wyhash_large_input_performance
[INFO] [stdout] 
[INFO] [stdout] test result: FAILED. 49 passed; 1 failed; 0 ignored; 0 measured; 0 filtered out; finished in 0.21s
[INFO] [stdout] 
[INFO] [stderr] error: test failed, to rerun pass `--test adversarial_adversarial`
[INFO] running `Command { std: "docker" "inspect" "0480cc17a6c3cd54e28f907cca10ce0cadc2ba63ea146eb859540dcdff31315f", kill_on_drop: false }`
[INFO] running `Command { std: "docker" "rm" "-f" "0480cc17a6c3cd54e28f907cca10ce0cadc2ba63ea146eb859540dcdff31315f", kill_on_drop: false }`
[INFO] [stdout] 0480cc17a6c3cd54e28f907cca10ce0cadc2ba63ea146eb859540dcdff31315f
