[INFO] fetching crate eden_logger 0.1.2...
[INFO] testing eden_logger-0.1.2 against 1.99.0-beta.8 for beta-1.100-3
[INFO] extracting crate eden_logger 0.1.2 into /workspace/builds/worker-0-tc1/source
[INFO] started tweaking crates.io crate eden_logger 0.1.2
[INFO] removed 0 missing examples
[INFO] finished tweaking crates.io crate eden_logger 0.1.2
[INFO] tweaked toml for crates.io crate eden_logger 0.1.2 written to /workspace/builds/worker-0-tc1/source/Cargo.toml
[INFO] validating manifest of crates.io crate eden_logger 0.1.2 on toolchain 1.99.0-beta.8
[INFO] running `Command { std: CARGO_HOME="/workspace/cargo-home" RUSTUP_HOME="/workspace/rustup-home" "/workspace/cargo-home/bin/cargo" "+1.99.0-beta.8" "metadata" "--manifest-path" "Cargo.toml" "--no-deps", kill_on_drop: false }`
[INFO] crate crates.io crate eden_logger 0.1.2 already has a lockfile, it will not be regenerated
[INFO] running `Command { std: CARGO_HOME="/workspace/cargo-home" RUSTUP_HOME="/workspace/rustup-home" "/workspace/cargo-home/bin/cargo" "+1.99.0-beta.8" "fetch" "--manifest-path" "Cargo.toml", kill_on_drop: false }`
[INFO] [stderr]     Updating crates.io index
[INFO] [stderr]  Downloading crates ...
[INFO] [stderr]   Downloaded ufmt-write v0.1.0
[INFO] [stderr]   Downloaded quote v1.0.46
[INFO] [stderr]   Downloaded spdlog-internal v0.1.0
[INFO] [stderr]   Downloaded ufmt-macros v0.3.0
[INFO] [stderr]   Downloaded spdlog-rs v0.4.3
[INFO] [stderr]   Downloaded spdlog-macros v0.2.0
[INFO] [stderr]   Downloaded if_chain v1.0.3
[INFO] [stderr]   Downloaded function_name v0.3.0
[INFO] [stderr]   Downloaded function_name-proc-macro v0.3.0
[INFO] [stderr]   Downloaded smol_str v0.3.6
[INFO] [stderr]   Downloaded fast_log v1.7.8
[INFO] [stderr]   Downloaded fastdate v0.3.36
[INFO] [stderr]   Downloaded ufmt v0.2.0
[INFO] [stderr]   Downloaded crossbeam v0.8.4
[INFO] [stderr]   Downloaded dark-std v0.2.16
[INFO] [stderr]   Downloaded eden_logger_macros v0.1.0
[INFO] [stderr]   Downloaded ciborium-ll v0.2.2
[INFO] [stderr]   Downloaded plotters-backend v0.3.7
[INFO] [stderr]   Downloaded arc-swap v1.9.2
[INFO] [stderr]   Downloaded plotters-svg v0.3.7
[INFO] [stderr]   Downloaded ciborium-io v0.2.2
[INFO] [stderr]   Downloaded oorandom v11.1.5
[INFO] [stderr]   Downloaded time-macros v0.2.31
[INFO] [stderr]   Downloaded borsh v1.7.0
[INFO] [stderr]   Downloaded ciborium v0.2.2
[INFO] [stderr]   Downloaded uuid v1.23.4
[INFO] [stderr]   Downloaded opentelemetry v0.30.0
[INFO] [stderr]   Downloaded futures v0.3.32
[INFO] [stderr]   Downloaded criterion v0.5.1
[INFO] [stderr]   Downloaded fast-telemetry v0.9.0
[INFO] [stderr]   Downloaded plotters v0.3.7
[INFO] [stderr]   Downloaded regex v1.12.4
[INFO] [stderr]   Downloaded rayon v1.12.0
[INFO] [stderr]   Downloaded time v0.3.53
[INFO] running `Command { std: "docker" "create" "-v" "/var/lib/crater-agent-workspace/builds/worker-0-tc1/source:/opt/rustwide/workdir:ro,Z" "-v" "/var/lib/crater-agent-workspace/builds/worker-0-tc1/target:/opt/rustwide/target:rw,Z" "-v" "/var/lib/crater-agent-workspace/cargo-home:/opt/rustwide/cargo-home:ro,Z" "-v" "/var/lib/crater-agent-workspace/rustup-home:/opt/rustwide/rustup-home:ro,Z" "-m" "1610612736" "--network" "none" "ghcr.io/rust-lang/crates-build-env/linux@sha256:77db811e55d90add9212f6832c23229e3de5f1c1f9905e8cb07319ea15df73ac" "sleep" "infinity", kill_on_drop: false }`
[INFO] [stdout] 8baa494397962ded52acb2c612e571f2cef6e876b11279ce330091683140e4b4
[INFO] running `Command { std: "docker" "start" "8baa494397962ded52acb2c612e571f2cef6e876b11279ce330091683140e4b4", kill_on_drop: false }`
[INFO] running `Command { std: "docker" "inspect" "8baa494397962ded52acb2c612e571f2cef6e876b11279ce330091683140e4b4", kill_on_drop: false }`
[INFO] running `Command { std: "docker" "exec" "-e" "SOURCE_DIR=/opt/rustwide/workdir" "-e" "CARGO_HOME=/opt/rustwide/cargo-home" "-e" "RUSTUP_HOME=/opt/rustwide/rustup-home" "-e" "CARGO_TARGET_DIR=/opt/rustwide/target" "-w" "/opt/rustwide/workdir" "--user" "0:0" "8baa494397962ded52acb2c612e571f2cef6e876b11279ce330091683140e4b4" "/opt/rustwide/cargo-home/bin/cargo" "+1.99.0-beta.8" "metadata" "--no-deps" "--format-version=1", kill_on_drop: false }`
[INFO] running `Command { std: "docker" "inspect" "8baa494397962ded52acb2c612e571f2cef6e876b11279ce330091683140e4b4", kill_on_drop: false }`
[INFO] running `Command { std: "docker" "exec" "-e" "SOURCE_DIR=/opt/rustwide/workdir" "-e" "CARGO_HOME=/opt/rustwide/cargo-home" "-e" "RUSTUP_HOME=/opt/rustwide/rustup-home" "-e" "CARGO_TARGET_DIR=/opt/rustwide/target" "-e" "CARGO_INCREMENTAL=0" "-e" "RUST_BACKTRACE=full" "-e" "RUSTFLAGS=--cap-lints=warn" "-e" "RUSTDOCFLAGS=--cap-lints=warn" "-w" "/opt/rustwide/workdir" "--user" "0:0" "8baa494397962ded52acb2c612e571f2cef6e876b11279ce330091683140e4b4" "/opt/rustwide/cargo-home/bin/cargo" "+1.99.0-beta.8" "build" "--frozen" "--message-format=json", kill_on_drop: false }`
[INFO] [stderr]    Compiling quote v1.0.46
[INFO] [stderr]    Compiling serde v1.0.228
[INFO] [stderr]    Compiling ufmt-write v0.1.0
[INFO] [stderr]    Compiling log v0.4.33
[INFO] [stderr]    Compiling serde_core v1.0.228
[INFO] [stderr]    Compiling num-traits v0.2.19
[INFO] [stderr]    Compiling syn v1.0.109
[INFO] [stderr]    Compiling syn v2.0.118
[INFO] [stderr]    Compiling smol_str v0.3.6
[INFO] [stderr]    Compiling chrono v0.4.45
[INFO] [stderr]    Compiling ufmt-macros v0.3.0
[INFO] [stderr]    Compiling ufmt v0.2.0
[INFO] [stderr]    Compiling eden_logger_macros v0.1.0
[INFO] [stderr]    Compiling eden_logger v0.1.2 (/opt/rustwide/workdir)
[INFO] [stderr]     Finished `dev` profile [unoptimized + debuginfo] target(s) in 9.78s
[INFO] running `Command { std: "docker" "inspect" "8baa494397962ded52acb2c612e571f2cef6e876b11279ce330091683140e4b4", kill_on_drop: false }`
[INFO] running `Command { std: "docker" "exec" "-e" "SOURCE_DIR=/opt/rustwide/workdir" "-e" "CARGO_HOME=/opt/rustwide/cargo-home" "-e" "RUSTUP_HOME=/opt/rustwide/rustup-home" "-e" "CARGO_TARGET_DIR=/opt/rustwide/target" "-e" "CARGO_INCREMENTAL=0" "-e" "RUST_BACKTRACE=full" "-e" "RUSTFLAGS=--cap-lints=warn" "-e" "RUSTDOCFLAGS=--cap-lints=warn" "-w" "/opt/rustwide/workdir" "--user" "0:0" "8baa494397962ded52acb2c612e571f2cef6e876b11279ce330091683140e4b4" "/opt/rustwide/cargo-home/bin/cargo" "+1.99.0-beta.8" "test" "--frozen" "--no-run" "--message-format=json", kill_on_drop: false }`
[INFO] [stderr]    Compiling libc v0.2.186
[INFO] [stderr]    Compiling serde v1.0.228
[INFO] [stderr]    Compiling memchr v2.8.2
[INFO] [stderr]    Compiling syn v1.0.109
[INFO] [stderr]    Compiling futures-sink v0.3.32
[INFO] [stderr]    Compiling futures-core v0.3.32
[INFO] [stderr]    Compiling zerocopy v0.8.52
[INFO] [stderr]    Compiling num-traits v0.2.19
[INFO] [stderr]    Compiling zmij v1.0.21
[INFO] [stderr]    Compiling smallvec v1.15.2
[INFO] [stderr]    Compiling spin v0.9.8
[INFO] [stderr]    Compiling serde_derive v1.0.228
[INFO] [stderr]    Compiling zerocopy-derive v0.8.52
[INFO] [stderr]    Compiling thiserror-impl v1.0.69
[INFO] [stderr]    Compiling semver v1.0.28
[INFO] [stderr]    Compiling serde_json v1.0.150
[INFO] [stderr]    Compiling getrandom v0.4.3
[INFO] [stderr]    Compiling rayon-core v1.13.0
[INFO] [stderr]    Compiling either v1.16.0
[INFO] [stderr]    Compiling deranged v0.5.8
[INFO] [stderr]    Compiling plotters-backend v0.3.7
[INFO] [stderr]    Compiling anstyle v1.0.14
[INFO] [stderr]    Compiling clap_lex v1.1.0
[INFO] [stderr]    Compiling rustc_version v0.4.1
[INFO] [stderr]    Compiling futures-task v0.3.32
[INFO] [stderr]    Compiling log v0.4.33
[INFO] [stderr]    Compiling ciborium-io v0.2.2
[INFO] [stderr]    Compiling clap_builder v4.6.0
[INFO] [stderr]    Compiling itertools v0.10.5
[INFO] [stderr]    Compiling indexmap v2.14.0
[INFO] [stderr]    Compiling plotters-svg v0.3.7
[INFO] [stderr]    Compiling futures-util v0.3.32
[INFO] [stderr]    Compiling flume v0.11.1
[INFO] [stderr]    Compiling spdlog-rs v0.4.3
[INFO] [stderr]    Compiling futures-channel v0.3.32
[INFO] [stderr]    Compiling crossbeam-channel v0.5.15
[INFO] [stderr]    Compiling crossbeam-queue v0.3.12
[INFO] [stderr]    Compiling aho-corasick v1.1.4
[INFO] [stderr]    Compiling nom v7.1.3
[INFO] [stderr]    Compiling parking_lot_core v0.9.12
[INFO] [stderr]    Compiling thiserror v1.0.69
[INFO] [stderr]    Compiling is-terminal v0.4.17
[INFO] [stderr]    Compiling same-file v1.0.6
[INFO] [stderr]    Compiling cast v0.3.0
[INFO] [stderr]    Compiling parking_lot v0.12.5
[INFO] [stderr]    Compiling futures-io v0.3.32
[INFO] [stderr]    Compiling crossbeam v0.8.4
[INFO] [stderr]    Compiling uuid v1.23.4
[INFO] [stderr]    Compiling walkdir v2.5.0
[INFO] [stderr]    Compiling rayon v1.12.0
[INFO] [stderr]    Compiling criterion-plot v0.5.0
[INFO] [stderr]    Compiling plotters v0.3.7
[INFO] [stderr]    Compiling time v0.3.53
[INFO] [stderr]    Compiling tokio v1.52.3
[INFO] [stderr]    Compiling arc-swap v1.9.2
[INFO] [stderr]    Compiling smol_str v0.3.6
[INFO] [stderr]    Compiling oorandom v11.1.5
[INFO] [stderr]    Compiling if_chain v1.0.3
[INFO] [stderr]    Compiling humantime v2.3.0
[INFO] [stderr]    Compiling atomic v0.5.3
[INFO] [stderr]    Compiling anes v0.1.6
[INFO] [stderr]    Compiling fast-telemetry v0.9.0
[INFO] [stderr]    Compiling futures v0.3.32
[INFO] [stderr]    Compiling regex-automata v0.4.14
[INFO] [stderr]    Compiling clap v4.6.1
[INFO] [stderr]    Compiling chrono v0.4.45
[INFO] [stderr]    Compiling dark-std v0.2.16
[INFO] [stderr]    Compiling tinytemplate v1.2.1
[INFO] [stderr]    Compiling fastdate v0.3.36
[INFO] [stderr]    Compiling fast_log v1.7.8
[INFO] [stderr]    Compiling strum_macros v0.24.3
[INFO] [stderr]    Compiling ufmt-macros v0.3.0
[INFO] [stderr]    Compiling regex v1.12.4
[INFO] [stderr]    Compiling ufmt v0.2.0
[INFO] [stderr]    Compiling env_logger v0.10.2
[INFO] [stderr]    Compiling eden_logger v0.1.2 (/opt/rustwide/workdir)
[INFO] [stderr]    Compiling strum v0.24.1
[INFO] [stderr]    Compiling spdlog-internal v0.1.0
[INFO] [stderr]    Compiling spdlog-macros v0.2.0
[INFO] [stderr]    Compiling half v2.7.1
[INFO] [stderr]    Compiling ciborium-ll v0.2.2
[INFO] [stderr]    Compiling ciborium v0.2.2
[INFO] [stderr]    Compiling criterion v0.5.1
[INFO] [stderr]     Finished `test` profile [unoptimized + debuginfo] target(s) in 46.24s
[INFO] running `Command { std: "docker" "inspect" "8baa494397962ded52acb2c612e571f2cef6e876b11279ce330091683140e4b4", kill_on_drop: false }`
[INFO] running `Command { std: "docker" "exec" "-e" "SOURCE_DIR=/opt/rustwide/workdir" "-e" "CARGO_HOME=/opt/rustwide/cargo-home" "-e" "RUSTUP_HOME=/opt/rustwide/rustup-home" "-e" "CARGO_TARGET_DIR=/opt/rustwide/target" "-e" "CARGO_INCREMENTAL=0" "-e" "RUST_BACKTRACE=full" "-e" "RUSTFLAGS=--cap-lints=warn" "-e" "RUSTDOCFLAGS=--cap-lints=warn" "-w" "/opt/rustwide/workdir" "--user" "0:0" "8baa494397962ded52acb2c612e571f2cef6e876b11279ce330091683140e4b4" "/opt/rustwide/cargo-home/bin/cargo" "+1.99.0-beta.8" "test" "--frozen", kill_on_drop: false }`
[INFO] [stderr]     Finished `test` profile [unoptimized + debuginfo] target(s) in 0.58s
[INFO] [stderr]      Running unittests src/lib.rs (/opt/rustwide/target/debug/deps/eden_logger-e1ca0c32ecb52d0f)
[INFO] [stdout] 
[INFO] [stdout] running 25 tests
[INFO] [stdout] test context::tests::test_context_builder ... ok
[INFO] [stdout] test context::tests::test_with_fresh_span ... ok
[INFO] [stdout] test context::tests::test_context_merge_override ... ok
[INFO] [stdout] test filter::tests::test_enable_then_disable ... ok
[INFO] [stdout] test filter::tests::test_default_allows_all ... ok
[INFO] [stdout] test schema::tests::test_json_escape_quotes ... ok
[INFO] [stdout] test filter::tests::test_error_only ... ok
[INFO] [stdout] test filter::tests::test_explicit_disable_all ... ok
[INFO] [stdout] test schema::tests::test_log_creation ... ok
[INFO] [stdout] test schema::tests::test_json_escape_backslash ... ok
[INFO] [stdout] test context::tests::test_audience_display ... ok
[INFO] [stdout] test schema::tests::test_json_escape_newlines ... ok
[INFO] [stdout] test context::tests::test_context_merge ... ok
[INFO] [stdout] test schema::tests::test_should_send_to_client ... ok
[INFO] [stdout] test trace::tests::test_extract_trace_context_no_span ... ok
[INFO] [stdout] test trace::tests::test_trace_context_ext ... ok
[INFO] [stdout] test schema::tests::test_json_escape_no_special_chars ... ok
[INFO] [stdout] test trace::tests::test_trace_source_default_and_set ... ok
[INFO] [stdout] test filter::tests::test_enable_specific_levels ... ok
[INFO] [stdout] test schema::tests::test_json_escape_tabs ... ok
[INFO] [stdout] test schema::tests::test_log_level_display ... ok
[INFO] [stdout] test schema::tests::test_log_with_additional ... ok
[INFO] [stdout] test trace::tests::test_trace_context_builder ... ok
[INFO] [stdout] test schema::tests::test_json_escape_control_chars ... ok
[INFO] [stdout] test schema::tests::test_json_escape_mixed ... ok
[INFO] [stdout] 
[INFO] [stdout] test result: ok. 25 passed; 0 failed; 0 ignored; 0 measured; 0 filtered out; finished in 0.01s
[INFO] [stdout] 
[INFO] [stderr]    Doc-tests eden_logger
[INFO] [stdout] 
[INFO] [stdout] running 10 tests
[INFO] [stdout] test src/context.rs - context::LogContext<R>::with_fresh_span (line 154) ... ignored
[INFO] [stdout] test src/lib.rs - (line 10) ... FAILED
[INFO] [stdout] test src/lib.rs - (line 98) ... FAILED
[INFO] [stdout] test src/lib.rs - (line 119) ... FAILED
[INFO] [stdout] test src/filter.rs - filter::enable_levels (line 107) ... ok
[INFO] [stdout] test src/lib.rs - (line 212) ... ok
[INFO] [stdout] test src/filter.rs - filter::disable_levels (line 125) ... ok
[INFO] [stdout] test src/lib.rs - (line 257) ... FAILED
[INFO] [stdout] test src/lib.rs - (line 64) ... ok
[INFO] [stdout] test src/lib.rs - (line 159) ... ok
[INFO] [stdout] 
[INFO] [stdout] failures:
[INFO] [stdout] 
[INFO] [stdout] ---- src/lib.rs - (line 10) stdout ----
[INFO] [stdout] error[E0432]: unresolved import `function_name`
[INFO] [stdout]   --> src/lib.rs:13:5
[INFO] [stdout]    |
[INFO] [stdout] 13 | use function_name::named;
[INFO] [stdout]    |     ^^^^^^^^^^^^^ use of unresolved module or unlinked crate `function_name`
[INFO] [stdout]    |
[INFO] [stdout]    = help: if you wanted to use a crate named `function_name`, use `cargo add function_name` to add it to your `Cargo.toml`
[INFO] [stdout] 
[INFO] [stdout] error: aborting due to 1 previous error
[INFO] [stdout] 
[INFO] [stdout] For more information about this error, try `rustc --explain E0432`.
[INFO] [stdout] Couldn't compile the test.
[INFO] [stdout] ---- src/lib.rs - (line 98) stdout ----
[INFO] [stdout] error[E0432]: unresolved import `function_name`
[INFO] [stdout]    --> src/lib.rs:101:5
[INFO] [stdout]     |
[INFO] [stdout] 101 | use function_name::named;
[INFO] [stdout]     |     ^^^^^^^^^^^^^ use of unresolved module or unlinked crate `function_name`
[INFO] [stdout]     |
[INFO] [stdout]     = help: if you wanted to use a crate named `function_name`, use `cargo add function_name` to add it to your `Cargo.toml`
[INFO] [stdout] 
[INFO] [stdout] error: aborting due to 1 previous error
[INFO] [stdout] 
[INFO] [stdout] For more information about this error, try `rustc --explain E0432`.
[INFO] [stdout] Couldn't compile the test.
[INFO] [stdout] ---- src/lib.rs - (line 119) stdout ----
[INFO] [stdout] error[E0432]: unresolved import `function_name`
[INFO] [stdout]    --> src/lib.rs:122:5
[INFO] [stdout]     |
[INFO] [stdout] 122 | use function_name::named;
[INFO] [stdout]     |     ^^^^^^^^^^^^^ use of unresolved module or unlinked crate `function_name`
[INFO] [stdout]     |
[INFO] [stdout]     = help: if you wanted to use a crate named `function_name`, use `cargo add function_name` to add it to your `Cargo.toml`
[INFO] [stdout] 
[INFO] [stdout] error: aborting due to 1 previous error
[INFO] [stdout] 
[INFO] [stdout] For more information about this error, try `rustc --explain E0432`.
[INFO] [stdout] Couldn't compile the test.
[INFO] [stdout] ---- src/lib.rs - (line 257) stdout ----
[INFO] [stdout] error[E0432]: unresolved import `function_name`
[INFO] [stdout]    --> src/lib.rs:260:5
[INFO] [stdout]     |
[INFO] [stdout] 260 | use function_name::named;
[INFO] [stdout]     |     ^^^^^^^^^^^^^ use of unresolved module or unlinked crate `function_name`
[INFO] [stdout]     |
[INFO] [stdout]     = help: if you wanted to use a crate named `function_name`, use `cargo add function_name` to add it to your `Cargo.toml`
[INFO] [stdout] 
[INFO] [stdout] error: aborting due to 1 previous error
[INFO] [stdout] 
[INFO] [stdout] For more information about this error, try `rustc --explain E0432`.
[INFO] [stdout] Couldn't compile the test.
[INFO] [stdout] 
[INFO] [stdout] failures:
[INFO] [stdout]     src/lib.rs - (line 10)
[INFO] [stdout]     src/lib.rs - (line 119)
[INFO] [stdout]     src/lib.rs - (line 257)
[INFO] [stdout]     src/lib.rs - (line 98)
[INFO] [stdout] 
[INFO] [stdout] test result: FAILED. 5 passed; 4 failed; 1 ignored; 0 measured; 0 filtered out; finished in 0.52s
[INFO] [stdout] 
[INFO] [stdout] all doctests ran in 0.62s; merged doctests compilation took 0.10s
[INFO] [stderr] error: doctest failed, to rerun pass `--doc`
[INFO] running `Command { std: "docker" "inspect" "8baa494397962ded52acb2c612e571f2cef6e876b11279ce330091683140e4b4", kill_on_drop: false }`
[INFO] running `Command { std: "docker" "rm" "-f" "8baa494397962ded52acb2c612e571f2cef6e876b11279ce330091683140e4b4", kill_on_drop: false }`
[INFO] [stdout] 8baa494397962ded52acb2c612e571f2cef6e876b11279ce330091683140e4b4
