[INFO] cloning repository https://github.com/cybrium-ai/cyscan
[INFO] running `Command { std: "git" "-c" "credential.helper=" "-c" "credential.helper=/workspace/cargo-home/bin/git-credential-null" "clone" "--bare" "https://github.com/cybrium-ai/cyscan" "/workspace/cache/git-repos/https%3A%2F%2Fgithub.com%2Fcybrium-ai%2Fcyscan", kill_on_drop: false }`
[INFO] [stderr] Cloning into bare repository '/workspace/cache/git-repos/https%3A%2F%2Fgithub.com%2Fcybrium-ai%2Fcyscan'...
[INFO] running `Command { std: "git" "rev-parse" "HEAD", kill_on_drop: false }`
[INFO] [stdout] 5b6ab35a063f71733267e18349764d74bbc1847a
[INFO] testing cybrium-ai/cyscan against 1.99.0-beta.8 for beta-1.100-3
[INFO] running `Command { std: "git" "clone" "/workspace/cache/git-repos/https%3A%2F%2Fgithub.com%2Fcybrium-ai%2Fcyscan" "/workspace/builds/worker-0-tc1/source", kill_on_drop: false }`
[INFO] [stderr] Cloning into '/workspace/builds/worker-0-tc1/source'...
[INFO] [stderr] done.
[INFO] started tweaking git repo https://github.com/cybrium-ai/cyscan
[INFO] finished tweaking git repo https://github.com/cybrium-ai/cyscan
[INFO] tweaked toml for git repo https://github.com/cybrium-ai/cyscan written to /workspace/builds/worker-0-tc1/source/Cargo.toml
[INFO] validating manifest of git repo https://github.com/cybrium-ai/cyscan on toolchain 1.99.0-beta.8
[INFO] running `Command { std: CARGO_HOME="/workspace/cargo-home" RUSTUP_HOME="/workspace/rustup-home" "/workspace/cargo-home/bin/cargo" "+1.99.0-beta.8" "metadata" "--manifest-path" "Cargo.toml" "--no-deps", kill_on_drop: false }`
[INFO] crate git repo https://github.com/cybrium-ai/cyscan already has a lockfile, it will not be regenerated
[INFO] running `Command { std: CARGO_HOME="/workspace/cargo-home" RUSTUP_HOME="/workspace/rustup-home" "/workspace/cargo-home/bin/cargo" "+1.99.0-beta.8" "fetch" "--manifest-path" "Cargo.toml", kill_on_drop: false }`
[INFO] [stderr]     Updating crates.io index
[INFO] [stderr]  Downloading crates ...
[INFO] [stderr]   Downloaded wasm-bindgen-macro v0.2.120
[INFO] [stderr]   Downloaded wasm-bindgen-futures v0.4.70
[INFO] [stderr]   Downloaded wasm-bindgen-shared v0.2.120
[INFO] [stderr]   Downloaded filetime v0.2.27
[INFO] [stderr]   Downloaded redox_syscall v0.7.4
[INFO] [stderr]   Downloaded env_filter v1.0.1
[INFO] [stderr]   Downloaded env_logger v0.11.10
[INFO] [stderr]   Downloaded wasm-bindgen-macro-support v0.2.120
[INFO] [stderr]   Downloaded openssl-sys v0.9.114
[INFO] [stderr]   Downloaded tree-sitter-javascript v0.21.4
[INFO] [stderr]   Downloaded tree-sitter-python v0.21.0
[INFO] [stderr]   Downloaded tar v0.4.45
[INFO] [stderr]   Downloaded wasm-bindgen v0.2.120
[INFO] [stderr]   Downloaded jiff-static v0.2.24
[INFO] [stderr]   Downloaded axmldecoder v0.5.0
[INFO] [stderr]   Downloaded tree-sitter-go v0.21.2
[INFO] [stderr]   Downloaded tree-sitter v0.22.6
[INFO] [stderr]   Downloaded js-sys v0.3.97
[INFO] [stderr]   Downloaded deku_derive v0.16.0
[INFO] [stderr]   Downloaded deku v0.16.0
[INFO] [stderr]   Downloaded openssl v0.10.78
[INFO] [stderr]   Downloaded assert_cmd v2.2.1
[INFO] [stderr]   Downloaded bitvec v1.1.1
[INFO] [stderr]   Downloaded web-sys v0.3.97
[INFO] [stderr]   Downloaded jiff v0.2.24
[INFO] [stderr]   Downloaded openssl-src v300.6.0+3.6.2
[INFO] running `Command { std: "docker" "create" "-v" "/var/lib/crater-agent-workspace/builds/worker-0-tc1/source:/opt/rustwide/workdir:ro,Z" "-v" "/var/lib/crater-agent-workspace/builds/worker-0-tc1/target:/opt/rustwide/target:rw,Z" "-v" "/var/lib/crater-agent-workspace/cargo-home:/opt/rustwide/cargo-home:ro,Z" "-v" "/var/lib/crater-agent-workspace/rustup-home:/opt/rustwide/rustup-home:ro,Z" "-m" "1610612736" "--network" "none" "ghcr.io/rust-lang/crates-build-env/linux@sha256:77db811e55d90add9212f6832c23229e3de5f1c1f9905e8cb07319ea15df73ac" "sleep" "infinity", kill_on_drop: false }`
[INFO] [stdout] 4b2e4fc85b87af0013310d8c3b7db2ee91635fd63124b756f959a37252bd2e2a
[INFO] running `Command { std: "docker" "start" "4b2e4fc85b87af0013310d8c3b7db2ee91635fd63124b756f959a37252bd2e2a", kill_on_drop: false }`
[INFO] running `Command { std: "docker" "inspect" "4b2e4fc85b87af0013310d8c3b7db2ee91635fd63124b756f959a37252bd2e2a", kill_on_drop: false }`
[INFO] running `Command { std: "docker" "exec" "-e" "SOURCE_DIR=/opt/rustwide/workdir" "-e" "CARGO_HOME=/opt/rustwide/cargo-home" "-e" "RUSTUP_HOME=/opt/rustwide/rustup-home" "-e" "CARGO_TARGET_DIR=/opt/rustwide/target" "-w" "/opt/rustwide/workdir" "--user" "0:0" "4b2e4fc85b87af0013310d8c3b7db2ee91635fd63124b756f959a37252bd2e2a" "/opt/rustwide/cargo-home/bin/cargo" "+1.99.0-beta.8" "metadata" "--no-deps" "--format-version=1", kill_on_drop: false }`
[INFO] running `Command { std: "docker" "inspect" "4b2e4fc85b87af0013310d8c3b7db2ee91635fd63124b756f959a37252bd2e2a", kill_on_drop: false }`
[INFO] running `Command { std: "docker" "exec" "-e" "SOURCE_DIR=/opt/rustwide/workdir" "-e" "CARGO_HOME=/opt/rustwide/cargo-home" "-e" "RUSTUP_HOME=/opt/rustwide/rustup-home" "-e" "CARGO_TARGET_DIR=/opt/rustwide/target" "-e" "CARGO_INCREMENTAL=0" "-e" "RUST_BACKTRACE=full" "-e" "RUSTFLAGS=--cap-lints=warn" "-e" "RUSTDOCFLAGS=--cap-lints=warn" "-w" "/opt/rustwide/workdir" "--user" "0:0" "4b2e4fc85b87af0013310d8c3b7db2ee91635fd63124b756f959a37252bd2e2a" "/opt/rustwide/cargo-home/bin/cargo" "+1.99.0-beta.8" "build" "--frozen" "--message-format=json", kill_on_drop: false }`
[INFO] [stderr]    Compiling proc-macro2 v1.0.106
[INFO] [stderr]    Compiling quote v1.0.45
[INFO] [stderr]    Compiling unicode-ident v1.0.24
[INFO] [stderr]    Compiling cc v1.0.106
[INFO] [stderr]    Compiling memchr v2.8.0
[INFO] [stderr]    Compiling libc v0.2.186
[INFO] [stderr]    Compiling itoa v1.0.18
[INFO] [stderr]    Compiling once_cell v1.21.4
[INFO] [stderr]    Compiling bytes v1.11.1
[INFO] [stderr]    Compiling stable_deref_trait v1.2.1
[INFO] [stderr]    Compiling pin-project-lite v0.2.17
[INFO] [stderr]    Compiling serde_core v1.0.228
[INFO] [stderr]    Compiling futures-core v0.3.32
[INFO] [stderr]    Compiling cfg-if v1.0.4
[INFO] [stderr]    Compiling bitflags v2.11.1
[INFO] [stderr]    Compiling serde v1.0.228
[INFO] [stderr]    Compiling regex-syntax v0.8.10
[INFO] [stderr]    Compiling futures-sink v0.3.32
[INFO] [stderr]    Compiling pkg-config v0.3.33
[INFO] [stderr]    Compiling smallvec v1.15.1
[INFO] [stderr]    Compiling hashbrown v0.17.0
[INFO] [stderr]    Compiling equivalent v1.0.2
[INFO] [stderr]    Compiling litemap v0.8.2
[INFO] [stderr]    Compiling syn v1.0.109
[INFO] [stderr]    Compiling futures-task v0.3.32
[INFO] [stderr]    Compiling slab v0.4.12
[INFO] [stderr]    Compiling log v0.4.29
[INFO] [stderr]    Compiling tower-service v0.3.3
[INFO] [stderr]    Compiling futures-io v0.3.32
[INFO] [stderr]    Compiling writeable v0.6.3
[INFO] [stderr]    Compiling icu_normalizer_data v2.2.0
[INFO] [stderr]    Compiling icu_properties_data v2.2.0
[INFO] [stderr]    Compiling utf8_iter v1.0.4
[INFO] [stderr]    Compiling crossbeam-utils v0.8.21
[INFO] [stderr]    Compiling percent-encoding v2.3.2
[INFO] [stderr]    Compiling httparse v1.10.1
[INFO] [stderr]    Compiling tower-layer v0.3.3
[INFO] [stderr]    Compiling ident_case v1.0.1
[INFO] [stderr]    Compiling try-lock v0.2.5
[INFO] [stderr]    Compiling aho-corasick v1.1.4
[INFO] [stderr]    Compiling futures-util v0.3.32
[INFO] [stderr]    Compiling openssl v0.10.78
[INFO] [stderr]    Compiling strsim v0.10.0
[INFO] [stderr]    Compiling indexmap v2.14.0
[INFO] [stderr]    Compiling http v1.4.0
[INFO] [stderr]    Compiling fnv v1.0.7
[INFO] [stderr]    Compiling openssl-src v300.6.0+3.6.2
[INFO] [stderr]    Compiling syn v2.0.117
[INFO] [stderr]    Compiling want v0.3.1
[INFO] [stderr]    Compiling tracing-core v0.1.36
[INFO] [stderr]    Compiling futures-channel v0.3.32
[INFO] [stderr]    Compiling sync_wrapper v1.0.2
[INFO] [stderr]    Compiling native-tls v0.2.18
[INFO] [stderr]    Compiling httpdate v1.0.3
[INFO] [stderr]    Compiling winnow v0.5.40
[INFO] [stderr]    Compiling utf8parse v0.2.2
[INFO] [stderr]    Compiling zmij v1.0.21
[INFO] [stderr]    Compiling radium v0.7.0
[INFO] [stderr]    Compiling openssl-sys v0.9.114
[INFO] [stderr]    Compiling tree-sitter v0.22.6
[INFO] [stderr]    Compiling mio v1.2.0
[INFO] [stderr]    Compiling socket2 v0.6.3
[INFO] [stderr]    Compiling http-body v1.0.1
[INFO] [stderr]    Compiling toml_datetime v0.6.11
[INFO] [stderr]    Compiling rustix v1.1.4
[INFO] [stderr]    Compiling http-body-util v0.1.3
[INFO] [stderr]    Compiling atomic-waker v1.1.2
[INFO] [stderr]    Compiling regex-automata v0.4.14
[INFO] [stderr]    Compiling tracing v0.1.44
[INFO] [stderr]    Compiling anstyle-parse v1.0.0
[INFO] [stderr]    Compiling crossbeam-epoch v0.9.18
[INFO] [stderr]    Compiling form_urlencoded v1.2.2
[INFO] [stderr]    Compiling colorchoice v1.0.5
[INFO] [stderr]    Compiling linux-raw-sys v0.12.1
[INFO] [stderr]    Compiling serde_json v1.0.149
[INFO] [stderr]    Compiling openssl-probe v0.2.1
[INFO] [stderr]    Compiling anstyle v1.0.14
[INFO] [stderr]    Compiling autocfg v1.5.0
[INFO] [stderr]    Compiling anstyle-query v1.1.5
[INFO] [stderr]    Compiling ipnet v2.12.0
[INFO] [stderr]    Compiling base64 v0.22.1
[INFO] [stderr]    Compiling ryu v1.0.23
[INFO] [stderr]    Compiling rustversion v1.0.22
[INFO] [stderr]    Compiling is_terminal_polyfill v1.70.2
[INFO] [stderr]    Compiling anstream v1.0.0
[INFO] [stderr]    Compiling indexmap v1.9.3
[INFO] [stderr]    Compiling wyz v0.5.1
[INFO] [stderr]    Compiling crossbeam-deque v0.8.6
[INFO] [stderr]    Compiling toml_edit v0.19.15
[INFO] [stderr]    Compiling getrandom v0.4.2
[INFO] [stderr]    Compiling thiserror v1.0.69
[INFO] [stderr]    Compiling crc32fast v1.5.0
[INFO] [stderr]    Compiling rayon-core v1.13.0
[INFO] [stderr]    Compiling funty v2.0.0
[INFO] [stderr]    Compiling tree-sitter-javascript v0.21.4
[INFO] [stderr]    Compiling tree-sitter-python v0.21.0
[INFO] [stderr]    Compiling tree-sitter-go v0.21.2
[INFO] [stderr]    Compiling bstr v1.12.1
[INFO] [stderr]    Compiling clap_lex v1.1.0
[INFO] [stderr]    Compiling simd-adler32 v0.3.9
[INFO] [stderr]    Compiling anyhow v1.0.102
[INFO] [stderr]    Compiling heck v0.5.0
[INFO] [stderr]    Compiling iri-string v0.7.12
[INFO] [stderr]    Compiling same-file v1.0.6
[INFO] [stderr]    Compiling strsim v0.11.1
[INFO] [stderr]    Compiling adler2 v2.0.1
[INFO] [stderr]    Compiling winnow v0.7.15
[INFO] [stderr]    Compiling zeroize v1.8.2
[INFO] [stderr]    Compiling mime v0.3.17
[INFO] [stderr]    Compiling rustls-pki-types v1.14.1
[INFO] [stderr]    Compiling clap_builder v4.6.0
[INFO] [stderr]    Compiling miniz_oxide v0.8.9
[INFO] [stderr]    Compiling walkdir v2.5.0
[INFO] [stderr]    Compiling bitvec v1.1.1
[INFO] [stderr]    Compiling regex v1.12.3
[INFO] [stderr]    Compiling globset v0.4.18
[INFO] [stderr]    Compiling darling_core v0.14.4
[INFO] [stderr]    Compiling synstructure v0.13.2
[INFO] [stderr]    Compiling proc-macro-crate v1.3.1
[INFO] [stderr]    Compiling env_filter v1.0.1
[INFO] [stderr]    Compiling xattr v1.6.1
[INFO] [stderr]    Compiling serde_path_to_error v0.1.20
[INFO] [stderr]    Compiling filetime v0.2.27
[INFO] [stderr]    Compiling matchit v0.7.3
[INFO] [stderr]    Compiling unsafe-libyaml v0.2.11
[INFO] [stderr]    Compiling byteorder v1.5.0
[INFO] [stderr]    Compiling lazy_static v1.5.0
[INFO] [stderr]    Compiling jiff v0.2.24
[INFO] [stderr]    Compiling fastrand v2.4.1
[INFO] [stderr]    Compiling either v1.15.0
[INFO] [stderr]    Compiling colored v2.2.0
[INFO] [stderr]    Compiling tar v0.4.45
[INFO] [stderr]    Compiling flate2 v1.1.9
[INFO] [stderr]    Compiling rayon v1.12.0
[INFO] [stderr]    Compiling tempfile v3.27.0
[INFO] [stderr]    Compiling ignore v0.4.25
[INFO] [stderr]    Compiling tower-http v0.5.2
[INFO] [stderr]    Compiling semver v1.0.28
[INFO] [stderr]    Compiling urlencoding v2.1.3
[INFO] [stderr]    Compiling zerofrom-derive v0.1.7
[INFO] [stderr]    Compiling yoke-derive v0.8.2
[INFO] [stderr]    Compiling zerovec-derive v0.11.3
[INFO] [stderr]    Compiling displaydoc v0.2.5
[INFO] [stderr]    Compiling tokio-macros v2.7.0
[INFO] [stderr]    Compiling serde_derive v1.0.228
[INFO] [stderr]    Compiling openssl-macros v0.1.1
[INFO] [stderr]    Compiling async-trait v0.1.89
[INFO] [stderr]    Compiling thiserror-impl v1.0.69
[INFO] [stderr]    Compiling clap_derive v4.6.1
[INFO] [stderr]    Compiling darling_macro v0.14.4
[INFO] [stderr]    Compiling darling v0.14.4
[INFO] [stderr]    Compiling tokio v1.52.1
[INFO] [stderr]    Compiling deku_derive v0.16.0
[INFO] [stderr]    Compiling axum-core v0.4.5
[INFO] [stderr]    Compiling zerofrom v0.1.7
[INFO] [stderr]    Compiling yoke v0.8.2
[INFO] [stderr]    Compiling zerovec v0.11.6
[INFO] [stderr]    Compiling zerotrie v0.2.4
[INFO] [stderr]    Compiling clap v4.6.1
[INFO] [stderr]    Compiling deku v0.16.0
[INFO] [stderr]    Compiling tinystr v0.8.3
[INFO] [stderr]    Compiling potential_utf v0.1.5
[INFO] [stderr]    Compiling icu_collections v2.2.0
[INFO] [stderr]    Compiling icu_locale_core v2.2.0
[INFO] [stderr]    Compiling env_logger v0.11.10
[INFO] [stderr]    Compiling axmldecoder v0.5.0
[INFO] [stderr]    Compiling icu_provider v2.2.0
[INFO] [stderr]    Compiling icu_normalizer v2.2.0
[INFO] [stderr]    Compiling icu_properties v2.2.0
[INFO] [stderr]    Compiling serde_spanned v0.6.9
[INFO] [stderr]    Compiling serde_urlencoded v0.7.1
[INFO] [stderr]    Compiling serde_yaml v0.9.34+deprecated
[INFO] [stderr]    Compiling toml_edit v0.22.27
[INFO] [stderr]    Compiling idna_adapter v1.2.2
[INFO] [stderr]    Compiling idna v1.1.0
[INFO] [stderr]    Compiling hyper v1.9.0
[INFO] [stderr]    Compiling tower v0.5.3
[INFO] [stderr]    Compiling url v2.5.8
[INFO] [stderr]    Compiling tower-http v0.6.8
[INFO] [stderr]    Compiling toml v0.8.23
[INFO] [stderr]    Compiling hyper-util v0.1.20
[INFO] [stderr]    Compiling axum v0.7.9
[INFO] [stderr]    Compiling tokio-native-tls v0.3.1
[INFO] [stderr]    Compiling hyper-tls v0.6.0
[INFO] [stderr]    Compiling reqwest v0.12.28
[INFO] [stderr]    Compiling cyscan v1.2.0 (/opt/rustwide/workdir)
[INFO] [stdout] warning: unused import: `cmd_contains`
[INFO] [stdout]  --> src/endpoint/linux.rs:3:40
[INFO] [stdout]   |
[INFO] [stdout] 3 | use super::{EndpointCheck, cmd_output, cmd_contains};
[INFO] [stdout]   |                                        ^^^^^^^^^^^^
[INFO] [stdout]   |
[INFO] [stdout]   = note: `#[warn(unused_imports)]` (part of `#[warn(unused)]`) on by default
[INFO] [stdout] 
[INFO] [stdout] 
[INFO] [stderr]     Finished `dev` profile [unoptimized + debuginfo] target(s) in 3m 32s
[INFO] running `Command { std: "docker" "inspect" "4b2e4fc85b87af0013310d8c3b7db2ee91635fd63124b756f959a37252bd2e2a", kill_on_drop: false }`
[INFO] running `Command { std: "docker" "exec" "-e" "SOURCE_DIR=/opt/rustwide/workdir" "-e" "CARGO_HOME=/opt/rustwide/cargo-home" "-e" "RUSTUP_HOME=/opt/rustwide/rustup-home" "-e" "CARGO_TARGET_DIR=/opt/rustwide/target" "-e" "CARGO_INCREMENTAL=0" "-e" "RUST_BACKTRACE=full" "-e" "RUSTFLAGS=--cap-lints=warn" "-e" "RUSTDOCFLAGS=--cap-lints=warn" "-w" "/opt/rustwide/workdir" "--user" "0:0" "4b2e4fc85b87af0013310d8c3b7db2ee91635fd63124b756f959a37252bd2e2a" "/opt/rustwide/cargo-home/bin/cargo" "+1.99.0-beta.8" "test" "--frozen" "--no-run" "--message-format=json", kill_on_drop: false }`
[INFO] [stderr]    Compiling regex-automata v0.4.14
[INFO] [stderr]    Compiling num-traits v0.2.19
[INFO] [stderr]    Compiling predicates-core v1.0.10
[INFO] [stderr]    Compiling normalize-line-endings v0.3.0
[INFO] [stderr]    Compiling assert_cmd v2.2.1
[INFO] [stderr]    Compiling difflib v0.4.0
[INFO] [stderr]    Compiling termtree v0.5.1
[INFO] [stderr]    Compiling wait-timeout v0.2.1
[INFO] [stderr]    Compiling predicates-tree v1.0.13
[INFO] [stderr]    Compiling float-cmp v0.10.0
[INFO] [stderr]    Compiling regex v1.12.3
[INFO] [stderr]    Compiling bstr v1.12.1
[INFO] [stderr]    Compiling tree-sitter v0.22.6
[INFO] [stderr]    Compiling env_filter v1.0.1
[INFO] [stderr]    Compiling predicates v3.1.4
[INFO] [stderr]    Compiling env_logger v0.11.10
[INFO] [stderr]    Compiling globset v0.4.18
[INFO] [stderr]    Compiling tree-sitter-python v0.21.0
[INFO] [stderr]    Compiling tree-sitter-go v0.21.2
[INFO] [stderr]    Compiling tree-sitter-javascript v0.21.4
[INFO] [stderr]    Compiling ignore v0.4.25
[INFO] [stderr]    Compiling cyscan v1.2.0 (/opt/rustwide/workdir)
[INFO] [stdout] warning: unused import: `cmd_contains`
[INFO] [stdout]  --> src/endpoint/linux.rs:3:40
[INFO] [stdout]   |
[INFO] [stdout] 3 | use super::{EndpointCheck, cmd_output, cmd_contains};
[INFO] [stdout]   |                                        ^^^^^^^^^^^^
[INFO] [stdout]   |
[INFO] [stdout]   = note: `#[warn(unused_imports)]` (part of `#[warn(unused)]`) on by default
[INFO] [stdout] 
[INFO] [stdout] 
[INFO] [stdout] warning: unused import: `cmd_contains`
[INFO] [stdout]  --> src/endpoint/linux.rs:3:40
[INFO] [stdout]   |
[INFO] [stdout] 3 | use super::{EndpointCheck, cmd_output, cmd_contains};
[INFO] [stdout]   |                                        ^^^^^^^^^^^^
[INFO] [stdout]   |
[INFO] [stdout]   = note: `#[warn(unused_imports)]` (part of `#[warn(unused)]`) on by default
[INFO] [stdout] 
[INFO] [stdout] 
[INFO] [stderr]     Finished `test` profile [unoptimized + debuginfo] target(s) in 26.93s
[INFO] running `Command { std: "docker" "inspect" "4b2e4fc85b87af0013310d8c3b7db2ee91635fd63124b756f959a37252bd2e2a", kill_on_drop: false }`
[INFO] running `Command { std: "docker" "exec" "-e" "SOURCE_DIR=/opt/rustwide/workdir" "-e" "CARGO_HOME=/opt/rustwide/cargo-home" "-e" "RUSTUP_HOME=/opt/rustwide/rustup-home" "-e" "CARGO_TARGET_DIR=/opt/rustwide/target" "-e" "CARGO_INCREMENTAL=0" "-e" "RUST_BACKTRACE=full" "-e" "RUSTFLAGS=--cap-lints=warn" "-e" "RUSTDOCFLAGS=--cap-lints=warn" "-w" "/opt/rustwide/workdir" "--user" "0:0" "4b2e4fc85b87af0013310d8c3b7db2ee91635fd63124b756f959a37252bd2e2a" "/opt/rustwide/cargo-home/bin/cargo" "+1.99.0-beta.8" "test" "--frozen", kill_on_drop: false }`
[INFO] [stderr] warning: unused import: `cmd_contains`
[INFO] [stderr]  --> src/endpoint/linux.rs:3:40
[INFO] [stderr]   |
[INFO] [stderr] 3 | use super::{EndpointCheck, cmd_output, cmd_contains};
[INFO] [stderr]   |                                        ^^^^^^^^^^^^
[INFO] [stderr]   |
[INFO] [stderr]   = note: `#[warn(unused_imports)]` (part of `#[warn(unused)]`) on by default
[INFO] [stderr] 
[INFO] [stderr] warning: `cyscan` (lib) generated 1 warning (run `cargo fix --lib -p cyscan` to apply 1 suggestion)
[INFO] [stderr] warning: `cyscan` (lib test) generated 1 warning (1 duplicate)
[INFO] [stderr]     Finished `test` profile [unoptimized + debuginfo] target(s) in 0.35s
[INFO] [stderr]      Running unittests src/lib.rs (/opt/rustwide/target/debug/deps/cyscan-db5623c1daf9aa2e)
[INFO] [stdout] 
[INFO] [stdout] running 89 tests
[INFO] [stdout] test lang::tests::ansible_playbook_stays_yaml ... ok
[INFO] [stdout] test lang::tests::k8s_manifest_detected ... ok
[INFO] [stdout] test lang::tests::github_actions_workflow_stays_yaml ... ok
[INFO] [stdout] test hardware_rot::tests::detect_does_not_panic ... ok
[INFO] [stdout] test lang::tests::non_yaml_lang_is_not_refined ... ok
[INFO] [stdout] test matcher::dsl::analyzer_tests::redos_skips_safe_patterns ... ok
[INFO] [stdout] test matcher::dsl::analyzer_tests::entropy_flags_high_entropy_token ... ok
[INFO] [stdout] test matcher::dsl::analyzer_tests::entropy_skips_low_entropy_strings ... ok
[INFO] [stdout] test matcher::entropy::tests::actual_secret_not_false_positive ... ok
[INFO] [stdout] test matcher::entropy::tests::git_sha_is_false_positive ... ok
[INFO] [stdout] test matcher::entropy::tests::scan_file_handles_unicode_entropy_candidates ... ok
[INFO] [stdout] test matcher::dsl::tests::metavariable_types_use_kind_and_text ... ok
[INFO] [stdout] test matcher::entropy::tests::truncation_handles_unicode_without_panicking ... ok
[INFO] [stdout] test matcher::entropy::tests::url_is_false_positive ... ok
[INFO] [stdout] test matcher::dsl::tests::plural_comparisons_all_must_match ... ok
[INFO] [stdout] test matcher::entropy::tests::low_entropy_safe ... ok
[INFO] [stdout] test matcher::entropy::tests::uuid_is_false_positive ... ok
[INFO] [stdout] test matcher::path_filter_tests::empty_filter_matches_everything ... ok
[INFO] [stdout] test hardware_rot::tests::kind_str_round_trip ... ok
[INFO] [stdout] test matcher::dsl::tests::len_based_comparison_matches ... ok
[INFO] [stdout] test matcher::dsl::analyzer_tests::redos_detects_nested_unbounded_quantifier ... ok
[INFO] [stdout] test matcher::dsl::analyzer_tests::redos_detects_overlapping_alternation_in_quantifier ... ok
[INFO] [stdout] test matcher::entropy::tests::high_entropy_detected ... ok
[INFO] [stdout] test matcher::path_filter_tests::no_filter_matches_everything ... ok
[INFO] [stdout] test matcher::path_filter_tests::include_only_matches_when_pattern_hits ... ok
[INFO] [stdout] test lang::tests::helm_chart_values_stays_yaml ... ok
[INFO] [stdout] test matcher::path_filter_tests::exclude_overrides_include ... ok
[INFO] [stdout] test lang::tests::multi_doc_k8s_stream_detected_from_first_doc ... ok
[INFO] [stdout] test matcher::dsl::tests::string_functions_and_capture_to_capture_work ... ok
[INFO] [stdout] test matcher::semantics::tests::c_argv_sources_are_extracted ... ok
[INFO] [stdout] test matcher::semantics::tests::csharp_interface_method_resolves_through_implementation_hierarchy ... ok
[INFO] [stdout] test matcher::semantics::tests::bash_positional_sources_are_extracted ... ok
[INFO] [stdout] test matcher::semantics::tests::java_inherited_method_resolves_through_base_type ... ok
[INFO] [stdout] test matcher::semantics::tests::js_module_function_identities_and_tainted_calls_are_resolved ... ok
[INFO] [stdout] test matcher::semantics::tests::python_taint_is_propagated ... ok
[INFO] [stdout] test matcher::semantics::tests::php_request_sources_are_extracted ... ok
[INFO] [stdout] test matcher::semantics::tests::csharp_using_aliases_are_extracted ... ok
[INFO] [stdout] test matcher::semantics::tests::ruby_module_function_identities_and_tainted_calls_are_resolved ... ok
[INFO] [stdout] test matcher::semantics::tests::csharp_unresolved_typed_receiver_does_not_create_speculative_target ... ok
[INFO] [stdout] test matcher::semantics::tests::go_module_function_identities_and_tainted_calls_are_resolved ... ok
[INFO] [stdout] test matcher::semantics::tests::csharp_db_command_types_are_extracted ... ok
[INFO] [stdout] test matcher::semantics::tests::python_import_aliases_are_extracted ... ok
[INFO] [stdout] test matcher::semantics::tests::go_imports_frameworks_and_sources_are_extracted ... ok
[INFO] [stdout] test supply::tampering::tests::conflicting_integrity_fires_when_same_pkg_has_two_hashes ... ok
[INFO] [stdout] test matcher::semantics::tests::csharp_known_library_method_is_bound_by_receiver_type ... ok
[INFO] [stdout] test supply::tampering::tests::missing_integrity_fires_for_npm_but_not_pypi ... ok
[INFO] [stdout] test supply::tampering::tests::malformed_integrity_fires_on_wrong_length ... ok
[INFO] [stdout] test supply::tampering::tests::weak_hash_fires_for_sha1 ... ok
[INFO] [stdout] test supply::tampering::tests::well_formed_sha512_passes_clean ... ok
[INFO] [stdout] test matcher::semantics::tests::java_module_function_identities_and_tainted_calls_are_resolved ... ok
[INFO] [stdout] test supply::tampering_online::tests::b64_padding_normalised_for_equality ... ok
[INFO] [stdout] test supply::tampering_online::tests::hex_compare_case_insensitive ... ok
[INFO] [stdout] test supply::tampering_online::tests::mismatching_checksums_emit_005_critical ... ok
[INFO] [stdout] test supply::tampering_online::tests::private_registry_silent ... ok
[INFO] [stdout] test matcher::semantics::tests::csharp_module_function_identities_and_tainted_calls_are_resolved ... ok
[INFO] [stdout] test supply::tampering_online::tests::unreachable_emits_006_info ... ok
[INFO] [stdout] test matcher::semantics::tests::rust_use_groups_and_frameworks_are_extracted ... ok
[INFO] [stdout] test supply::tampering_online::tests::matching_checksums_emit_no_finding ... ok
[INFO] [stdout] test matcher::semantics::tests::rust_module_function_identities_and_tainted_calls_are_resolved ... ok
[INFO] [stdout] test symbols::tests::from_import_unpacks_names ... ok
[INFO] [stdout] test matcher::semantics::tests::swift_imports_are_extracted ... ok
[INFO] [stdout] test supply::tampering::tests::conflicting_integrity_does_not_fire_on_consistent_dupes ... ok
[INFO] [stdout] test matcher::semantics::tests::js_taint_is_propagated ... ok
[INFO] [stdout] test symbols::tests::c_function_scope_local_decl ... ok
[INFO] [stdout] test matcher::semantics::tests::ruby_taint_is_propagated ... ok
[INFO] [stdout] test matcher::semantics::tests::ruby_requires_are_extracted ... ok
[INFO] [stdout] test symbols::tests::function_scope_shadows_module_binding ... ok
[INFO] [stdout] test symbols::tests::resolves_module_level_binding ... ok
[INFO] [stdout] test symbols::tests::bash_function_scope_local_var ... ok
[INFO] [stdout] test matcher::semantics::tests::scala_request_sources_are_extracted ... ok
[INFO] [stdout] test symbols::tests::ruby_method_scope_shadows_module_local ... ok
[INFO] [stdout] test symbols::tests::go_short_decl_resolves_import_alias ... ok
[INFO] [stdout] test xservice::k8s::tests::extract_host_handles_protocol_and_port ... ok
[INFO] [stdout] test xservice::tests::normalise_collapses_param_styles ... ok
[INFO] [stdout] test symbols::tests::rust_block_scope_shadows_outer_let ... ok
[INFO] [stdout] test symbols::tests::js_function_scope_shadows_module_const ... ok
[INFO] [stdout] test symbols::tests::swift_typed_decl_resolves_imported_module ... ok
[INFO] [stdout] test matcher::semantics::tests::java_imports_are_extracted ... ok
[INFO] [stdout] test symbols::tests::rust_let_binding_resolves_use_alias ... ok
[INFO] [stdout] test matcher::semantics::tests::js_import_aliases_are_extracted ... ok
[INFO] [stdout] test symbols::tests::csharp_resolves_using_namespace_then_typed_local ... ok
[INFO] [stdout] test symbols::tests::js_named_import_with_alias ... ok
[INFO] [stdout] test symbols::tests::php_use_import_and_new_assign ... ok
[INFO] [stdout] test symbols::tests::scala_val_with_new_resolves_class_name ... ok
[INFO] [stdout] test matcher::semantics::tests::java_unresolved_typed_receiver_does_not_create_speculative_target ... ok
[INFO] [stdout] test symbols::tests::js_resolves_import_default ... ok
[INFO] [stdout] test symbols::tests::java_resolves_imported_type_assignment ... ok
[INFO] [stdout] test symbols::tests::java_block_scope_shadows_method_local ... ok
[INFO] [stdout] test symbols::tests::js_require_destructure ... ok
[INFO] [stdout] 
[INFO] [stdout] test result: ok. 89 passed; 0 failed; 0 ignored; 0 measured; 0 filtered out; finished in 0.55s
[INFO] [stdout] 
[INFO] [stderr]      Running unittests src/main.rs (/opt/rustwide/target/debug/deps/cyscan-b1ac1c373023842b)
[INFO] [stdout] 
[INFO] [stdout] running 0 tests
[INFO] [stdout] 
[INFO] [stdout] test result: ok. 0 passed; 0 failed; 0 ignored; 0 measured; 0 filtered out; finished in 0.00s
[INFO] [stdout] 
[INFO] [stderr]      Running tests/integration.rs (/opt/rustwide/target/debug/deps/integration-6d32f644ed165484)
[INFO] [stdout] 
[INFO] [stdout] running 44 tests
[INFO] [stdout] test k8s_rule_fires_on_manifest_but_not_on_github_workflow ... ok
[INFO] [stdout] test dsl_metavariable_regex_filters_capture ... ok
[INFO] [stdout] test metaprogrammed_class_surfaces_in_evidence ... ok
[INFO] [stdout] test callable_alias_extracted_for_eval ... ok
[INFO] [stdout] test dataflow_path_carries_source_kind_when_caller_chain_unavailable ... ok
[INFO] [stdout] test metavariable_pattern_ast_cross_language_re_parses_capture ... ok
[INFO] [stdout] test dsl_metavariable_comparisons_filter_capture ... ok
[INFO] [stdout] test decorator_implies_framework_for_handler ... ok
[INFO] [stdout] test metavariable_analysis_entropy_filters_low_entropy_strings ... ok
[INFO] [stdout] test metavariable_analysis_redos_filters_safe_patterns ... ok
[INFO] [stdout] test dsl_pattern_not_inside_excludes_enclosing_context ... ok
[INFO] [stdout] test paths_include_filter_scopes_rule_to_glob ... ok
[INFO] [stdout] test metavariable_pattern_ast_filters_capture_with_inner_pattern ... ok
[INFO] [stdout] test receiver_type_filter_is_skipped_when_unset ... ok
[INFO] [stdout] test dsl_pattern_not_regex_suppresses_matched_span ... ok
[INFO] [stdout] test receiver_type_rejects_unrelated_local_class_with_same_method_name ... ok
[INFO] [stdout] test receiver_type_substring_match_works_in_either_direction ... ok
[INFO] [stdout] test scan_findings_in_handler_carry_cross_service_callers_evidence ... ok
[INFO] [stdout] test receiver_type_respects_ruby_method_shadowing ... ok
[INFO] [stdout] test receiver_type_respects_php_method_shadowing ... ok
[INFO] [stdout] test semantics_extracts_imports_for_python ... ok
[INFO] [stdout] test receiver_type_accepts_call_on_imported_module ... ok
[INFO] [stdout] test pattern_where_evaluates_compound_boolean_expression ... ok
[INFO] [stdout] test receiver_type_resolves_cross_file_class_hierarchy ... ok
[INFO] [stdout] test semantics_framework_filter_only_fires_in_matching_files ... ok
[INFO] [stdout] test triage_init_set_list_and_history_work ... ok
[INFO] [stdout] test pattern_where_supports_not_and_or_with_grouping ... ok
[INFO] [stdout] test dsl_pattern_either_groups_match_complete_branch ... ok
[INFO] [stdout] test dataflow_require_reachable_suppresses_when_no_source_reaches_sink ... ok
[INFO] [stdout] test receiver_type_respects_in_method_shadowing ... ok
[INFO] [stdout] test xservice_normalises_path_param_styles ... ok
[INFO] [stdout] test xservice_path_prefix_composes_for_spring_class_level_mapping ... ok
[INFO] [stdout] test xservice_pairs_csharp_client_to_java_to_python ... ok
[INFO] [stdout] test xservice_dot_and_mermaid_render_for_polyglot_graph ... ok
[INFO] [stdout] test supply_offline_tampering_fires_on_synthetic_lockfiles ... ok
[INFO] [stdout] test supply_offline_tampering_silent_on_clean_lockfile ... ok
[INFO] [stdout] test supply_no_advisories_flag_skips_osv ... ok
[INFO] [stdout] test fix_dry_run_writes_nothing has been running for over 60 seconds
[INFO] [stdout] test fix_patches_files_and_writes_backups has been running for over 60 seconds
[INFO] [stdout] test fixture_scan_reports_expected_rule_ids has been running for over 60 seconds
[INFO] [stdout] test scan_applies_triage_status_and_hide_triaged has been running for over 60 seconds
[INFO] [stdout] test supply_detects_advisories_typosquat_and_policy has been running for over 60 seconds
[INFO] [stdout] test supply_reachability_emits_dependency_path_and_callsite_evidence has been running for over 60 seconds
[INFO] [stdout] test triaged_findings_do_not_trigger_fail_on has been running for over 60 seconds
[INFO] [stdout] test supply_reachability_emits_dependency_path_and_callsite_evidence ... FAILED
[INFO] [stdout] test supply_detects_advisories_typosquat_and_policy ... ok
[INFO] [stdout] test fix_dry_run_writes_nothing ... ok
[INFO] [stdout] test fixture_scan_reports_expected_rule_ids ... ok
[INFO] [stdout] test scan_applies_triage_status_and_hide_triaged ... ok
[INFO] [stdout] test fix_patches_files_and_writes_backups ... ok
[INFO] [stdout] test triaged_findings_do_not_trigger_fail_on ... ok
[INFO] [stdout] 
[INFO] [stdout] failures:
[INFO] [stdout] 
[INFO] [stdout] ---- supply_reachability_emits_dependency_path_and_callsite_evidence stdout ----
[INFO] [stdout] 
[INFO] [stdout] thread 'supply_reachability_emits_dependency_path_and_callsite_evidence' (14693) panicked at /rustc/dfb0accb7f508ae8be965d8629557221c889dd98/library/core/src/ops/function.rs:250:5:
[INFO] [stdout] Unexpected failure.
[INFO] [stdout] code=<interrupted>
[INFO] [stdout] stderr=``````
[INFO] [stdout] \x1b[33m
[INFO] [stdout]    ██████╗██╗   ██╗███████╗ ██████╗ █████╗ ███╗   ██╗
[INFO] [stdout]   ██╔════╝╚██╗ ██╔╝██╔════╝██╔════╝██╔══██╗████╗  ██║
[INFO] [stdout]   ██║      ╚████╔╝ ███████╗██║     ███████║██╔██╗ ██║
[INFO] [stdout]   ██║       ╚██╔╝  ╚════██║██║     ██╔══██║██║╚██╗██║
[INFO] [stdout]   ╚██████╗   ██║   ███████║╚██████╗██║  ██║██║ ╚████║
[INFO] [stdout]    ╚═════╝   ╚═╝   ╚══════╝ ╚═════╝╚═╝  ╚═╝╚═╝  ╚═══╝
[INFO] [stdout] \x1b[0m
[INFO] [stdout]   \x1b[33m\x1b[1mcyscan\x1b[0m v1.2.0 — \x1b[2mCybrium AI SAST Engine\x1b[0m
[INFO] [stdout]   \x1b[2mhttps://github.com/cybrium-ai/cyscan\x1b[0m
[INFO] [stdout] 
[INFO] [stdout] [INFO  cyscan::rule] loaded 1810 rule(s) from /opt/rustwide/workdir/rules
[INFO] [stdout] [WARN  cyscan::supply::advisory] /opt/rustwide/workdir/rules/advisories/npm.jsonl.gz:1: bad advisory: missing field `package` at line 1 column 6170
[INFO] [stdout] ```
[INFO] [stdout] ```
[INFO] [stdout] command=`"/opt/rustwide/target/debug/cyscan" "supply" "/opt/rustwide/workdir/tests/fixtures/lockfiles" "--rules" "/opt/rustwide/workdir/rules" "--format" "json"`
[INFO] [stdout] code=<interrupted>
[INFO] [stdout] stdout=""
[INFO] [stdout] stderr=```
[INFO] [stdout] \x1b[33m
[INFO] [stdout]    ██████╗██╗   ██╗███████╗ ██████╗ █████╗ ███╗   ██╗
[INFO] [stdout]   ██╔════╝╚██╗ ██╔╝██╔════╝██╔════╝██╔══██╗████╗  ██║
[INFO] [stdout]   ██║      ╚████╔╝ ███████╗██║     ███████║██╔██╗ ██║
[INFO] [stdout]   ██║       ╚██╔╝  ╚════██║██║     ██╔══██║██║╚██╗██║
[INFO] [stdout]   ╚██████╗   ██║   ███████║╚██████╗██║  ██║██║ ╚████║
[INFO] [stdout]    ╚═════╝   ╚═╝   ╚══════╝ ╚═════╝╚═╝  ╚═╝╚═╝  ╚═══╝
[INFO] [stdout] \x1b[0m
[INFO] [stdout]   \x1b[33m\x1b[1mcyscan\x1b[0m v1.2.0 — \x1b[2mCybrium AI SAST Engine\x1b[0m
[INFO] [stdout]   \x1b[2mhttps://github.com/cybrium-ai/cyscan\x1b[0m
[INFO] [stdout] 
[INFO] [stdout] [INFO  cyscan::rule] loaded 1810 rule(s) from /opt/rustwide/workdir/rules
[INFO] [stdout] [WARN  cyscan::supply::advisory] /opt/rustwide/workdir/rules/advisories/npm.jsonl.gz:1: bad advisory: missing field `package` at line 1 column 6170
[INFO] [stdout] ```
[INFO] [stdout] 
[INFO] [stdout] 
[INFO] [stdout] stack backtrace:
[INFO] [stdout]    0:     0x5b59bfb5cef1 - std[70759c8f55707aa4]::backtrace_rs::backtrace::libunwind::trace
[INFO] [stdout]                                at /rustc/dfb0accb7f508ae8be965d8629557221c889dd98/library/std/src/../../backtrace/src/backtrace/libunwind.rs:117:9
[INFO] [stdout]    1:     0x5b59bfb5cef1 - std[70759c8f55707aa4]::backtrace_rs::backtrace::trace_unsynchronized::<std[70759c8f55707aa4]::sys::backtrace::_print_fmt::{closure#1}>
[INFO] [stdout]                                at /rustc/dfb0accb7f508ae8be965d8629557221c889dd98/library/std/src/../../backtrace/src/backtrace/mod.rs:66:14
[INFO] [stdout]    2:     0x5b59bfb5cef1 - std[70759c8f55707aa4]::sys::backtrace::_print_fmt
[INFO] [stdout]                                at /rustc/dfb0accb7f508ae8be965d8629557221c889dd98/library/std/src/sys/backtrace.rs:74:9
[INFO] [stdout]    3:     0x5b59bfb5cef1 - <<std[70759c8f55707aa4]::sys::backtrace::BacktraceLock>::print::DisplayBacktrace as core[df12db4294e9bfd3]::fmt::Display>::fmt
[INFO] [stdout]                                at /rustc/dfb0accb7f508ae8be965d8629557221c889dd98/library/std/src/sys/backtrace.rs:44:26
[INFO] [stdout]    4:     0x5b59bfb749ea - <core[df12db4294e9bfd3]::fmt::rt::Argument>::fmt
[INFO] [stdout]                                at /rustc/dfb0accb7f508ae8be965d8629557221c889dd98/library/core/src/fmt/rt.rs:152:76
[INFO] [stdout]    5:     0x5b59bfb749ea - core[df12db4294e9bfd3]::fmt::write
[INFO] [stdout]    6:     0x5b59bfb62adc - core[df12db4294e9bfd3]::io::write::default_write_fmt::<alloc[2182bb758b4b3781]::vec::Vec<u8>>
[INFO] [stdout]                                at /rustc/dfb0accb7f508ae8be965d8629557221c889dd98/library/core/src/io/write.rs:402:11
[INFO] [stdout]    7:     0x5b59bfb62adc - <alloc[2182bb758b4b3781]::vec::Vec<u8> as core[df12db4294e9bfd3]::io::write::Write>::write_fmt
[INFO] [stdout]                                at /rustc/dfb0accb7f508ae8be965d8629557221c889dd98/library/core/src/io/write.rs:335:13
[INFO] [stdout]    8:     0x5b59bfb35d16 - <std[70759c8f55707aa4]::sys::backtrace::BacktraceLock>::print
[INFO] [stdout]                                at /rustc/dfb0accb7f508ae8be965d8629557221c889dd98/library/std/src/sys/backtrace.rs:47:9
[INFO] [stdout]    9:     0x5b59bfb35d16 - std[70759c8f55707aa4]::panicking::default_hook::{closure#0}
[INFO] [stdout]                                at /rustc/dfb0accb7f508ae8be965d8629557221c889dd98/library/std/src/panicking.rs:292:27
[INFO] [stdout]   10:     0x5b59bfb53679 - std[70759c8f55707aa4]::panicking::default_hook
[INFO] [stdout]                                at /rustc/dfb0accb7f508ae8be965d8629557221c889dd98/library/std/src/panicking.rs:316:9
[INFO] [stdout]   11:     0x5b59bf8578f0 - <alloc[2182bb758b4b3781]::boxed::Box<dyn for<'a, 'b> core[df12db4294e9bfd3]::ops::function::Fn<(&'a std[70759c8f55707aa4]::panic::PanicHookInfo<'b>,), Output = ()> + core[df12db4294e9bfd3]::marker::Send + core[df12db4294e9bfd3]::marker::Sync> as core[df12db4294e9bfd3]::ops::function::Fn<(&std[70759c8f55707aa4]::panic::PanicHookInfo,)>>::call
[INFO] [stdout]                                at /rustc/dfb0accb7f508ae8be965d8629557221c889dd98/library/alloc/src/boxed.rs:2334:9
[INFO] [stdout]   12:     0x5b59bf8578f0 - test[9d35eded1c95d3be]::test_main_inner::<test[9d35eded1c95d3be]::test_main_static::{closure#0}>::{closure#0}
[INFO] [stdout]                                at /rustc/dfb0accb7f508ae8be965d8629557221c889dd98/library/test/src/lib.rs:155:21
[INFO] [stdout]   13:     0x5b59bfb53832 - <alloc[2182bb758b4b3781]::boxed::Box<dyn for<'a, 'b> core[df12db4294e9bfd3]::ops::function::Fn<(&'a std[70759c8f55707aa4]::panic::PanicHookInfo<'b>,), Output = ()> + core[df12db4294e9bfd3]::marker::Send + core[df12db4294e9bfd3]::marker::Sync> as core[df12db4294e9bfd3]::ops::function::Fn<(&std[70759c8f55707aa4]::panic::PanicHookInfo,)>>::call
[INFO] [stdout]                                at /rustc/dfb0accb7f508ae8be965d8629557221c889dd98/library/alloc/src/boxed.rs:2334:9
[INFO] [stdout]   14:     0x5b59bfb53832 - std[70759c8f55707aa4]::panicking::panic_with_hook
[INFO] [stdout]                                at /rustc/dfb0accb7f508ae8be965d8629557221c889dd98/library/std/src/panicking.rs:823:13
[INFO] [stdout]   15:     0x5b59bfb35dc2 - std[70759c8f55707aa4]::panicking::panic_handler::{closure#0}
[INFO] [stdout]                                at /rustc/dfb0accb7f508ae8be965d8629557221c889dd98/library/std/src/panicking.rs:688:13
[INFO] [stdout]   16:     0x5b59bfb2e7f9 - std[70759c8f55707aa4]::sys::backtrace::__rust_end_short_backtrace::<std[70759c8f55707aa4]::panicking::panic_handler::{closure#0}, !>
[INFO] [stdout]                                at /rustc/dfb0accb7f508ae8be965d8629557221c889dd98/library/std/src/sys/backtrace.rs:182:18
[INFO] [stdout]   17:     0x5b59bfb369bd - __rustc[8fa7c3cbc660c2b3]::rust_begin_unwind
[INFO] [stdout]                                at /rustc/dfb0accb7f508ae8be965d8629557221c889dd98/library/std/src/panicking.rs:679:5
[INFO] [stdout]   18:     0x5b59bfb7528c - core[df12db4294e9bfd3]::panicking::panic_fmt
[INFO] [stdout]                                at /rustc/dfb0accb7f508ae8be965d8629557221c889dd98/library/core/src/panicking.rs:80:14
[INFO] [stdout]   19:     0x5b59bf895d68 - core[df12db4294e9bfd3]::panicking::panic_display::<assert_cmd[f6e5adce279ae44d]::assert::AssertError>
[INFO] [stdout]                                at /rustc/dfb0accb7f508ae8be965d8629557221c889dd98/library/core/src/panicking.rs:259:5
[INFO] [stdout]   20:     0x5b59bf89a5f7 - <assert_cmd[f6e5adce279ae44d]::assert::AssertError>::panic::<assert_cmd[f6e5adce279ae44d]::assert::Assert>
[INFO] [stdout]                                at /opt/rustwide/cargo-home/registry/src/index.crates.io-1949cf8c6b5b557f/assert_cmd-2.2.1/src/assert.rs:1036:9
[INFO] [stdout]   21:     0x5b59bf894817 - <<assert_cmd[f6e5adce279ae44d]::assert::AssertError>::panic<assert_cmd[f6e5adce279ae44d]::assert::Assert> as core[df12db4294e9bfd3]::ops::function::FnOnce<(assert_cmd[f6e5adce279ae44d]::assert::AssertError,)>>::call_once
[INFO] [stdout]                                at /rustc/dfb0accb7f508ae8be965d8629557221c889dd98/library/core/src/ops/function.rs:250:5
[INFO] [stdout]   22:     0x5b59bf8a07fb - <core[df12db4294e9bfd3]::result::Result<assert_cmd[f6e5adce279ae44d]::assert::Assert, assert_cmd[f6e5adce279ae44d]::assert::AssertError>>::unwrap_or_else::<<assert_cmd[f6e5adce279ae44d]::assert::AssertError>::panic<assert_cmd[f6e5adce279ae44d]::assert::Assert>>
[INFO] [stdout]                                at /rustc/dfb0accb7f508ae8be965d8629557221c889dd98/library/core/src/result.rs:1621:23
[INFO] [stdout]   23:     0x5b59bf89be40 - <assert_cmd[f6e5adce279ae44d]::assert::Assert>::success
[INFO] [stdout]                                at /opt/rustwide/cargo-home/registry/src/index.crates.io-1949cf8c6b5b557f/assert_cmd-2.2.1/src/assert.rs:161:28
[INFO] [stdout]   24:     0x5b59bf70747c - integration[cd4ad1bbb506e9ab]::supply_reachability_emits_dependency_path_and_callsite_evidence
[INFO] [stdout]                                at /opt/rustwide/workdir/tests/integration.rs:1437:10
[INFO] [stdout]   25:     0x5b59bf6e1f27 - integration[cd4ad1bbb506e9ab]::supply_reachability_emits_dependency_path_and_callsite_evidence::{closure#0}
[INFO] [stdout]                                at /opt/rustwide/workdir/tests/integration.rs:1422:69
[INFO] [stdout]   26:     0x5b59bf71b3e6 - <integration[cd4ad1bbb506e9ab]::supply_reachability_emits_dependency_path_and_callsite_evidence::{closure#0} as core[df12db4294e9bfd3]::ops::function::FnOnce<()>>::call_once
[INFO] [stdout]                                at /rustc/dfb0accb7f508ae8be965d8629557221c889dd98/library/core/src/ops/function.rs:250:5
[INFO] [stdout]   27:     0x5b59bf84abdb - <fn() -> core[df12db4294e9bfd3]::result::Result<(), alloc[2182bb758b4b3781]::string::String> as core[df12db4294e9bfd3]::ops::function::FnOnce<()>>::call_once
[INFO] [stdout]                                at /rustc/dfb0accb7f508ae8be965d8629557221c889dd98/library/core/src/ops/function.rs:250:5
[INFO] [stdout]   28:     0x5b59bf84abdb - test[9d35eded1c95d3be]::__rust_begin_short_backtrace::<core[df12db4294e9bfd3]::result::Result<(), alloc[2182bb758b4b3781]::string::String>, fn() -> core[df12db4294e9bfd3]::result::Result<(), alloc[2182bb758b4b3781]::string::String>>
[INFO] [stdout]                                at /rustc/dfb0accb7f508ae8be965d8629557221c889dd98/library/test/src/lib.rs:733:18
[INFO] [stdout]   29:     0x5b59bf858245 - test[9d35eded1c95d3be]::run_test_in_process::{closure#0}
[INFO] [stdout]                                at /rustc/dfb0accb7f508ae8be965d8629557221c889dd98/library/test/src/lib.rs:756:74
[INFO] [stdout]   30:     0x5b59bf858245 - <core[df12db4294e9bfd3]::panic::unwind_safe::AssertUnwindSafe<test[9d35eded1c95d3be]::run_test_in_process::{closure#0}> as core[df12db4294e9bfd3]::ops::function::FnOnce<()>>::call_once
[INFO] [stdout]                                at /rustc/dfb0accb7f508ae8be965d8629557221c889dd98/library/core/src/panic/unwind_safe.rs:275:9
[INFO] [stdout]   31:     0x5b59bf858245 - std[70759c8f55707aa4]::panicking::catch_unwind::do_call::<core[df12db4294e9bfd3]::panic::unwind_safe::AssertUnwindSafe<test[9d35eded1c95d3be]::run_test_in_process::{closure#0}>, core[df12db4294e9bfd3]::result::Result<(), alloc[2182bb758b4b3781]::string::String>>
[INFO] [stdout]                                at /rustc/dfb0accb7f508ae8be965d8629557221c889dd98/library/std/src/panicking.rs:576:43
[INFO] [stdout]   32:     0x5b59bf858245 - std[70759c8f55707aa4]::panicking::catch_unwind::<core[df12db4294e9bfd3]::result::Result<(), alloc[2182bb758b4b3781]::string::String>, core[df12db4294e9bfd3]::panic::unwind_safe::AssertUnwindSafe<test[9d35eded1c95d3be]::run_test_in_process::{closure#0}>>
[INFO] [stdout]                                at /rustc/dfb0accb7f508ae8be965d8629557221c889dd98/library/std/src/panicking.rs:544:19
[INFO] [stdout]   33:     0x5b59bf858245 - std[70759c8f55707aa4]::panic::catch_unwind::<core[df12db4294e9bfd3]::panic::unwind_safe::AssertUnwindSafe<test[9d35eded1c95d3be]::run_test_in_process::{closure#0}>, core[df12db4294e9bfd3]::result::Result<(), alloc[2182bb758b4b3781]::string::String>>
[INFO] [stdout]                                at /rustc/dfb0accb7f508ae8be965d8629557221c889dd98/library/std/src/panic.rs:359:14
[INFO] [stdout]   34:     0x5b59bf858245 - test[9d35eded1c95d3be]::run_test_in_process
[INFO] [stdout]                                at /rustc/dfb0accb7f508ae8be965d8629557221c889dd98/library/test/src/lib.rs:756:27
[INFO] [stdout]   35:     0x5b59bf858245 - test[9d35eded1c95d3be]::run_test::{closure#0}
[INFO] [stdout]                                at /rustc/dfb0accb7f508ae8be965d8629557221c889dd98/library/test/src/lib.rs:677:43
[INFO] [stdout]   36:     0x5b59bf851b04 - test[9d35eded1c95d3be]::run_test::{closure#1}
[INFO] [stdout]                                at /rustc/dfb0accb7f508ae8be965d8629557221c889dd98/library/test/src/lib.rs:707:41
[INFO] [stdout]   37:     0x5b59bf851b04 - std[70759c8f55707aa4]::sys::backtrace::__rust_begin_short_backtrace::<test[9d35eded1c95d3be]::run_test::{closure#1}, ()>
[INFO] [stdout]                                at /rustc/dfb0accb7f508ae8be965d8629557221c889dd98/library/std/src/sys/backtrace.rs:166:18
[INFO] [stdout]   38:     0x5b59bf85b3a2 - std[70759c8f55707aa4]::thread::lifecycle::spawn_unchecked::<test[9d35eded1c95d3be]::run_test::{closure#1}, ()>::{closure#1}::{closure#0}
[INFO] [stdout]                                at /rustc/dfb0accb7f508ae8be965d8629557221c889dd98/library/std/src/thread/lifecycle.rs:70:13
[INFO] [stdout]   39:     0x5b59bf85b3a2 - <core[df12db4294e9bfd3]::panic::unwind_safe::AssertUnwindSafe<std[70759c8f55707aa4]::thread::lifecycle::spawn_unchecked<test[9d35eded1c95d3be]::run_test::{closure#1}, ()>::{closure#1}::{closure#0}> as core[df12db4294e9bfd3]::ops::function::FnOnce<()>>::call_once
[INFO] [stdout]                                at /rustc/dfb0accb7f508ae8be965d8629557221c889dd98/library/core/src/panic/unwind_safe.rs:275:9
[INFO] [stdout]   40:     0x5b59bf85b3a2 - std[70759c8f55707aa4]::panicking::catch_unwind::do_call::<core[df12db4294e9bfd3]::panic::unwind_safe::AssertUnwindSafe<std[70759c8f55707aa4]::thread::lifecycle::spawn_unchecked<test[9d35eded1c95d3be]::run_test::{closure#1}, ()>::{closure#1}::{closure#0}>, ()>
[INFO] [stdout]                                at /rustc/dfb0accb7f508ae8be965d8629557221c889dd98/library/std/src/panicking.rs:576:43
[INFO] [stdout]   41:     0x5b59bf85b3a2 - std[70759c8f55707aa4]::panicking::catch_unwind::<(), core[df12db4294e9bfd3]::panic::unwind_safe::AssertUnwindSafe<std[70759c8f55707aa4]::thread::lifecycle::spawn_unchecked<test[9d35eded1c95d3be]::run_test::{closure#1}, ()>::{closure#1}::{closure#0}>>
[INFO] [stdout]                                at /rustc/dfb0accb7f508ae8be965d8629557221c889dd98/library/std/src/panicking.rs:544:19
[INFO] [stdout]   42:     0x5b59bf85b3a2 - std[70759c8f55707aa4]::panic::catch_unwind::<core[df12db4294e9bfd3]::panic::unwind_safe::AssertUnwindSafe<std[70759c8f55707aa4]::thread::lifecycle::spawn_unchecked<test[9d35eded1c95d3be]::run_test::{closure#1}, ()>::{closure#1}::{closure#0}>, ()>
[INFO] [stdout]                                at /rustc/dfb0accb7f508ae8be965d8629557221c889dd98/library/std/src/panic.rs:359:14
[INFO] [stdout]   43:     0x5b59bf85b3a2 - std[70759c8f55707aa4]::thread::lifecycle::spawn_unchecked::<test[9d35eded1c95d3be]::run_test::{closure#1}, ()>::{closure#1}
[INFO] [stdout]                                at /rustc/dfb0accb7f508ae8be965d8629557221c889dd98/library/std/src/thread/lifecycle.rs:68:26
[INFO] [stdout]   44:     0x5b59bf85b3a2 - <std[70759c8f55707aa4]::thread::lifecycle::spawn_unchecked<test[9d35eded1c95d3be]::run_test::{closure#1}, ()>::{closure#1} as core[df12db4294e9bfd3]::ops::function::FnOnce<()>>::call_once::{shim:vtable#0}
[INFO] [stdout]                                at /rustc/dfb0accb7f508ae8be965d8629557221c889dd98/library/core/src/ops/function.rs:250:5
[INFO] [stdout]   45:     0x5b59bfb5be09 - <alloc[2182bb758b4b3781]::boxed::Box<dyn core[df12db4294e9bfd3]::ops::function::FnOnce<(), Output = ()> + core[df12db4294e9bfd3]::marker::Send> as core[df12db4294e9bfd3]::ops::function::FnOnce<()>>::call_once
[INFO] [stdout]                                at /rustc/dfb0accb7f508ae8be965d8629557221c889dd98/library/alloc/src/boxed.rs:2320:9
[INFO] [stdout]   46:     0x5b59bfb5be09 - <std[70759c8f55707aa4]::sys::thread::unix::Thread>::new::thread_start
[INFO] [stdout]                                at /rustc/dfb0accb7f508ae8be965d8629557221c889dd98/library/std/src/sys/thread/unix.rs:123:17
[INFO] [stdout]   47:     0x7b625433bdfa - <unknown>
[INFO] [stdout]   48:     0x7b62543cf3d4 - clone
[INFO] [stdout]   49:                0x0 - <unknown>
[INFO] [stdout] 
[INFO] [stdout] 
[INFO] [stdout] failures:
[INFO] [stdout]     supply_reachability_emits_dependency_path_and_callsite_evidence
[INFO] [stdout] 
[INFO] [stdout] test result: FAILED. 43 passed; 1 failed; 0 ignored; 0 measured; 0 filtered out; finished in 218.68s
[INFO] [stdout] 
[INFO] [stderr] error: test failed, to rerun pass `--test integration`
[INFO] running `Command { std: "docker" "inspect" "4b2e4fc85b87af0013310d8c3b7db2ee91635fd63124b756f959a37252bd2e2a", kill_on_drop: false }`
[INFO] running `Command { std: "docker" "rm" "-f" "4b2e4fc85b87af0013310d8c3b7db2ee91635fd63124b756f959a37252bd2e2a", kill_on_drop: false }`
[INFO] [stdout] 4b2e4fc85b87af0013310d8c3b7db2ee91635fd63124b756f959a37252bd2e2a
