[INFO] cloning repository https://github.com/Xuepoo/ctxctl
[INFO] running `Command { std: "git" "-c" "credential.helper=" "-c" "credential.helper=/workspace/cargo-home/bin/git-credential-null" "clone" "--bare" "https://github.com/Xuepoo/ctxctl" "/workspace/cache/git-repos/https%3A%2F%2Fgithub.com%2FXuepoo%2Fctxctl", kill_on_drop: false }`
[INFO] [stderr] Cloning into bare repository '/workspace/cache/git-repos/https%3A%2F%2Fgithub.com%2FXuepoo%2Fctxctl'...
[INFO] running `Command { std: "git" "rev-parse" "HEAD", kill_on_drop: false }`
[INFO] [stdout] b65917b0325ea54983371d16a7d6cd72d954232e
[INFO] testing Xuepoo/ctxctl against 1.99.0-beta.8 for beta-1.100-3
[INFO] running `Command { std: "git" "clone" "/workspace/cache/git-repos/https%3A%2F%2Fgithub.com%2FXuepoo%2Fctxctl" "/workspace/builds/worker-1-tc1/source", kill_on_drop: false }`
[INFO] [stderr] Cloning into '/workspace/builds/worker-1-tc1/source'...
[INFO] [stderr] done.
[INFO] removed /workspace/builds/worker-1-tc1/source/rust-toolchain.toml
[INFO] started tweaking git repo https://github.com/Xuepoo/ctxctl
[INFO] finished tweaking git repo https://github.com/Xuepoo/ctxctl
[INFO] tweaked toml for git repo https://github.com/Xuepoo/ctxctl written to /workspace/builds/worker-1-tc1/source/Cargo.toml
[INFO] validating manifest of git repo https://github.com/Xuepoo/ctxctl on toolchain 1.99.0-beta.8
[INFO] running `Command { std: CARGO_HOME="/workspace/cargo-home" RUSTUP_HOME="/workspace/rustup-home" "/workspace/cargo-home/bin/cargo" "+1.99.0-beta.8" "metadata" "--manifest-path" "Cargo.toml" "--no-deps", kill_on_drop: false }`
[INFO] crate git repo https://github.com/Xuepoo/ctxctl already has a lockfile, it will not be regenerated
[INFO] running `Command { std: CARGO_HOME="/workspace/cargo-home" RUSTUP_HOME="/workspace/rustup-home" "/workspace/cargo-home/bin/cargo" "+1.99.0-beta.8" "fetch" "--manifest-path" "Cargo.toml", kill_on_drop: false }`
[INFO] [stderr]     Updating crates.io index
[INFO] [stderr]  Downloading crates ...
[INFO] [stderr]   Downloaded toml_datetime v1.1.1+spec-1.1.0
[INFO] [stderr]   Downloaded toml_writer v1.1.2+spec-1.1.0
[INFO] [stderr]   Downloaded toml_parser v1.1.3+spec-1.1.0
[INFO] [stderr]   Downloaded toml v1.1.4+spec-1.1.0
[INFO] [stderr]   Downloaded streaming-iterator v0.1.9
[INFO] [stderr]   Downloaded serde_spanned v1.1.1
[INFO] [stderr]   Downloaded tree-sitter-language v0.1.7
[INFO] [stderr]   Downloaded find-msvc-tools v0.1.10
[INFO] [stderr]   Downloaded tree-sitter-html v0.23.2
[INFO] [stderr]   Downloaded tree-sitter-lua v0.5.0
[INFO] [stderr]   Downloaded clap_derive v4.6.4
[INFO] [stderr]   Downloaded tree-sitter-css v0.25.0
[INFO] [stderr]   Downloaded clap v4.6.6
[INFO] [stderr]   Downloaded winnow v1.0.4
[INFO] [stderr]   Downloaded tree-sitter-go v0.25.0
[INFO] [stderr]   Downloaded indexmap v2.14.0
[INFO] [stderr]   Downloaded fancy-regex v0.17.0
[INFO] [stderr]   Downloaded cc v1.4.2
[INFO] [stderr]   Downloaded tree-sitter-javascript v0.25.0
[INFO] [stderr]   Downloaded tree-sitter-java v0.23.5
[INFO] [stderr]   Downloaded clap_builder v4.6.6
[INFO] [stderr]   Downloaded tree-sitter-python v0.25.0
[INFO] [stderr]   Downloaded tree-sitter v0.26.12
[INFO] [stderr]   Downloaded tree-sitter-c v0.24.2
[INFO] [stderr]   Downloaded tree-sitter-md v0.5.3
[INFO] [stderr]   Downloaded tree-sitter-rust v0.24.2
[INFO] [stderr]   Downloaded tree-sitter-ruby v0.23.1
[INFO] [stderr]   Downloaded tree-sitter-typescript v0.23.2
[INFO] [stderr]   Downloaded tree-sitter-cpp v0.23.4
[INFO] [stderr]   Downloaded tree-sitter-c-sharp v0.23.5
[INFO] [stderr]   Downloaded tiktoken-rs v0.12.0
[INFO] running `Command { std: "docker" "create" "-v" "/var/lib/crater-agent-workspace/builds/worker-1-tc1/source:/opt/rustwide/workdir:ro,Z" "-v" "/var/lib/crater-agent-workspace/builds/worker-1-tc1/target:/opt/rustwide/target:rw,Z" "-v" "/var/lib/crater-agent-workspace/cargo-home:/opt/rustwide/cargo-home:ro,Z" "-v" "/var/lib/crater-agent-workspace/rustup-home:/opt/rustwide/rustup-home:ro,Z" "-m" "1610612736" "--network" "none" "ghcr.io/rust-lang/crates-build-env/linux@sha256:77db811e55d90add9212f6832c23229e3de5f1c1f9905e8cb07319ea15df73ac" "sleep" "infinity", kill_on_drop: false }`
[INFO] [stdout] 58082df1b00daeaa1039f4743152974918d3c516e616b03908326d970cf910e6
[INFO] running `Command { std: "docker" "start" "58082df1b00daeaa1039f4743152974918d3c516e616b03908326d970cf910e6", kill_on_drop: false }`
[INFO] running `Command { std: "docker" "inspect" "58082df1b00daeaa1039f4743152974918d3c516e616b03908326d970cf910e6", kill_on_drop: false }`
[INFO] running `Command { std: "docker" "exec" "-e" "SOURCE_DIR=/opt/rustwide/workdir" "-e" "CARGO_HOME=/opt/rustwide/cargo-home" "-e" "RUSTUP_HOME=/opt/rustwide/rustup-home" "-e" "CARGO_TARGET_DIR=/opt/rustwide/target" "-w" "/opt/rustwide/workdir" "--user" "0:0" "58082df1b00daeaa1039f4743152974918d3c516e616b03908326d970cf910e6" "/opt/rustwide/cargo-home/bin/cargo" "+1.99.0-beta.8" "metadata" "--no-deps" "--format-version=1", kill_on_drop: false }`
[INFO] running `Command { std: "docker" "inspect" "58082df1b00daeaa1039f4743152974918d3c516e616b03908326d970cf910e6", kill_on_drop: false }`
[INFO] running `Command { std: "docker" "exec" "-e" "SOURCE_DIR=/opt/rustwide/workdir" "-e" "CARGO_HOME=/opt/rustwide/cargo-home" "-e" "RUSTUP_HOME=/opt/rustwide/rustup-home" "-e" "CARGO_TARGET_DIR=/opt/rustwide/target" "-e" "CARGO_INCREMENTAL=0" "-e" "RUST_BACKTRACE=full" "-e" "RUSTFLAGS=--cap-lints=warn" "-e" "RUSTDOCFLAGS=--cap-lints=warn" "-w" "/opt/rustwide/workdir" "--user" "0:0" "58082df1b00daeaa1039f4743152974918d3c516e616b03908326d970cf910e6" "/opt/rustwide/cargo-home/bin/cargo" "+1.99.0-beta.8" "build" "--frozen" "--message-format=json", kill_on_drop: false }`
[INFO] [stderr]    Compiling find-msvc-tools v0.1.10
[INFO] [stderr]    Compiling shlex v2.0.1
[INFO] [stderr]    Compiling tree-sitter-language v0.1.7
[INFO] [stderr]    Compiling memchr v2.8.3
[INFO] [stderr]    Compiling proc-macro2 v1.0.107
[INFO] [stderr]    Compiling unicode-ident v1.0.24
[INFO] [stderr]    Compiling quote v1.0.47
[INFO] [stderr]    Compiling serde_core v1.0.229
[INFO] [stderr]    Compiling regex-syntax v0.8.11
[INFO] [stderr]    Compiling cc v1.4.2
[INFO] [stderr]    Compiling zmij v1.0.23
[INFO] [stderr]    Compiling serde_json v1.0.151
[INFO] [stderr]    Compiling equivalent v1.0.2
[INFO] [stderr]    Compiling itoa v1.0.18
[INFO] [stderr]    Compiling hashbrown v0.17.1
[INFO] [stderr]    Compiling aho-corasick v1.1.5
[INFO] [stderr]    Compiling syn v3.0.3
[INFO] [stderr]    Compiling bit-vec v0.8.0
[INFO] [stderr]    Compiling indexmap v2.14.0
[INFO] [stderr]    Compiling thiserror v2.0.20
[INFO] [stderr]    Compiling serde v1.0.229
[INFO] [stderr]    Compiling anyhow v1.0.104
[INFO] [stderr]    Compiling anstyle-parse v1.0.0
[INFO] [stderr]    Compiling tree-sitter-cpp v0.23.4
[INFO] [stderr]    Compiling tree-sitter-c-sharp v0.23.5
[INFO] [stderr]    Compiling tree-sitter-c v0.24.2
[INFO] [stderr]    Compiling tree-sitter-javascript v0.25.0
[INFO] [stderr]    Compiling tree-sitter-java v0.23.5
[INFO] [stderr]    Compiling tree-sitter-html v0.23.2
[INFO] [stderr]    Compiling tree-sitter-typescript v0.23.2
[INFO] [stderr]    Compiling tree-sitter-go v0.25.0
[INFO] [stderr]    Compiling tree-sitter-rust v0.24.2
[INFO] [stderr]    Compiling tree-sitter-css v0.25.0
[INFO] [stderr]    Compiling tree-sitter-ruby v0.23.1
[INFO] [stderr]    Compiling tree-sitter-python v0.25.0
[INFO] [stderr]    Compiling tree-sitter-md v0.5.3
[INFO] [stderr]    Compiling tree-sitter-lua v0.5.0
[INFO] [stderr]    Compiling bit-set v0.8.0
[INFO] [stderr]    Compiling is_terminal_polyfill v1.70.2
[INFO] [stderr]    Compiling colorchoice v1.0.5
[INFO] [stderr]    Compiling anstyle-query v1.1.5
[INFO] [stderr]    Compiling anstyle v1.0.14
[INFO] [stderr]    Compiling regex-automata v0.4.18
[INFO] [stderr]    Compiling anstream v1.0.0
[INFO] [stderr]    Compiling tree-sitter v0.26.12
[INFO] [stderr]    Compiling thiserror-impl v2.0.20
[INFO] [stderr]    Compiling serde_derive v1.0.229
[INFO] [stderr]    Compiling regex v1.13.1
[INFO] [stderr]    Compiling bstr v1.13.1
[INFO] [stderr]    Compiling fancy-regex v0.17.0
[INFO] [stderr]    Compiling rustc-hash v2.1.3
[INFO] [stderr]    Compiling clap_lex v1.1.0
[INFO] [stderr]    Compiling winnow v1.0.4
[INFO] [stderr]    Compiling streaming-iterator v0.1.9
[INFO] [stderr]    Compiling base64 v0.22.1
[INFO] [stderr]    Compiling toml_parser v1.1.3+spec-1.1.0
[INFO] [stderr]    Compiling tiktoken-rs v0.12.0
[INFO] [stderr]    Compiling clap_derive v4.6.4
[INFO] [stderr]    Compiling clap_builder v4.6.6
[INFO] [stderr]    Compiling serde_spanned v1.1.1
[INFO] [stderr]    Compiling toml_datetime v1.1.1+spec-1.1.0
[INFO] [stderr]    Compiling toml_writer v1.1.2+spec-1.1.0
[INFO] [stderr]    Compiling ctx-exec v0.3.3 (/opt/rustwide/workdir/crates/ctx-exec)
[INFO] [stderr]    Compiling toml v1.1.4+spec-1.1.0
[INFO] [stderr]    Compiling shell-words v1.1.1
[INFO] [stderr]    Compiling ctx-symbol v0.3.3 (/opt/rustwide/workdir/crates/ctx-symbol)
[INFO] [stderr]    Compiling clap v4.6.6
[INFO] [stderr]    Compiling ctxctl v0.3.3 (/opt/rustwide/workdir/crates/ctxctl)
[INFO] [stderr]     Finished `dev` profile [unoptimized + debuginfo] target(s) in 1m 19s
[INFO] running `Command { std: "docker" "inspect" "58082df1b00daeaa1039f4743152974918d3c516e616b03908326d970cf910e6", kill_on_drop: false }`
[INFO] running `Command { std: "docker" "exec" "-e" "SOURCE_DIR=/opt/rustwide/workdir" "-e" "CARGO_HOME=/opt/rustwide/cargo-home" "-e" "RUSTUP_HOME=/opt/rustwide/rustup-home" "-e" "CARGO_TARGET_DIR=/opt/rustwide/target" "-e" "CARGO_INCREMENTAL=0" "-e" "RUST_BACKTRACE=full" "-e" "RUSTFLAGS=--cap-lints=warn" "-e" "RUSTDOCFLAGS=--cap-lints=warn" "-w" "/opt/rustwide/workdir" "--user" "0:0" "58082df1b00daeaa1039f4743152974918d3c516e616b03908326d970cf910e6" "/opt/rustwide/cargo-home/bin/cargo" "+1.99.0-beta.8" "test" "--frozen" "--no-run" "--message-format=json", kill_on_drop: false }`
[INFO] [stderr]    Compiling ctx-exec v0.3.3 (/opt/rustwide/workdir/crates/ctx-exec)
[INFO] [stderr]    Compiling ctx-symbol v0.3.3 (/opt/rustwide/workdir/crates/ctx-symbol)
[INFO] [stderr]    Compiling ctxctl v0.3.3 (/opt/rustwide/workdir/crates/ctxctl)
[INFO] [stderr]     Finished `test` profile [unoptimized + debuginfo] target(s) in 9.97s
[INFO] running `Command { std: "docker" "inspect" "58082df1b00daeaa1039f4743152974918d3c516e616b03908326d970cf910e6", kill_on_drop: false }`
[INFO] running `Command { std: "docker" "exec" "-e" "SOURCE_DIR=/opt/rustwide/workdir" "-e" "CARGO_HOME=/opt/rustwide/cargo-home" "-e" "RUSTUP_HOME=/opt/rustwide/rustup-home" "-e" "CARGO_TARGET_DIR=/opt/rustwide/target" "-e" "CARGO_INCREMENTAL=0" "-e" "RUST_BACKTRACE=full" "-e" "RUSTFLAGS=--cap-lints=warn" "-e" "RUSTDOCFLAGS=--cap-lints=warn" "-w" "/opt/rustwide/workdir" "--user" "0:0" "58082df1b00daeaa1039f4743152974918d3c516e616b03908326d970cf910e6" "/opt/rustwide/cargo-home/bin/cargo" "+1.99.0-beta.8" "test" "--frozen", kill_on_drop: false }`
[INFO] [stderr]     Finished `test` profile [unoptimized + debuginfo] target(s) in 0.14s
[INFO] [stderr]      Running unittests src/lib.rs (/opt/rustwide/target/debug/deps/ctx_exec-6c19369d811400cc)
[INFO] [stdout] 
[INFO] [stdout] running 0 tests
[INFO] [stdout] 
[INFO] [stdout] test result: ok. 0 passed; 0 failed; 0 ignored; 0 measured; 0 filtered out; finished in 0.00s
[INFO] [stdout] 
[INFO] [stderr]      Running tests/byte_fidelity.rs (/opt/rustwide/target/debug/deps/byte_fidelity-298b4bdc9a29e9c0)
[INFO] [stdout] 
[INFO] [stdout] running 7 tests
[INFO] [stdout] test passthrough_preserves_invalid_utf8_across_chunk_boundaries ... ok
[INFO] [stdout] test passthrough_preserves_invalid_utf8_byte_exact ... ok
[INFO] [stdout] test window_only_collapse_is_not_flagged_ineffective ... ok
[INFO] [stdout] test compressed_path_is_declared_lossy_for_invalid_utf8 ... ok
[INFO] [stdout] test terminated_long_line_within_budget_is_not_truncated ... ok
[INFO] [stdout] test streaming_resumes_after_truncated_line ... ok
[INFO] [stdout] test overlong_newline_free_stream_is_truncated_deterministically ... ok
[INFO] [stdout] 
[INFO] [stdout] test result: ok. 7 passed; 0 failed; 0 ignored; 0 measured; 0 filtered out; finished in 32.73s
[INFO] [stdout] 
[INFO] [stdout] 
[INFO] [stderr]      Running tests/compress_test.rs (/opt/rustwide/target/debug/deps/compress_test-0803366275e71f56)
[INFO] [stdout] running 39 tests
[INFO] [stdout] test empty_keep_pattern_is_rejected ... ok
[INFO] [stdout] test collapse_threshold_minus_one_lines_pass_through ... ok
[INFO] [stdout] test empty_keep_list_matches_nothing ... ok
[INFO] [stdout] test collapse_threshold_plus_one_lines_fold ... ok
[INFO] [stdout] test empty_output ... ok
[INFO] [stdout] test exactly_collapse_threshold_lines_pass_through ... ok
[INFO] [stdout] test estimate_tokens_uses_cl100k_bpe ... ok
[INFO] [stdout] test invalid_pattern_errors_with_pattern_name ... ok
[INFO] [stdout] test location_line_stays_adjacent_to_kept_header ... ok
[INFO] [stdout] test keeps_critical_lines_in_the_middle ... ok
[INFO] [stdout] test keeps_critical_lines_case_insensitively ... ok
[INFO] [stdout] test collapse_threshold_turns_off_compression ... ok
[INFO] [stdout] test keeps_diagnostic_location_lines ... ok
[INFO] [stdout] test invalid_pattern_errors_even_for_small_outputs ... ok
[INFO] [stdout] test over_broad_keep_pattern_is_flagged ... ok
[INFO] [stdout] test head_and_tail_are_always_kept ... ok
[INFO] [stdout] test output_is_byte_stable ... ok
[INFO] [stdout] test location_lines_kept_with_unrelated_patterns ... ok
[INFO] [stdout] test passthrough_is_not_flagged_as_ineffective ... ok
[INFO] [stdout] test custom_keep_pattern ... ok
[INFO] [stdout] test per_pattern_anchors_survive_individual_compilation ... ok
[INFO] [stdout] test singular_omission_run_says_line_not_lines ... ok
[INFO] [stdout] test non_critical_lines_are_folded_away ... ok
[INFO] [stdout] test small_output_passes_through_uncompressed ... ok
[INFO] [stdout] test single_non_critical_line_passes_through_without_newline ... ok
[INFO] [stdout] test location_lines_output_is_byte_stable_and_stream_identical ... ok
[INFO] [stdout] test stream_compressor_no_tail_or_head ... ok
[INFO] [stdout] test stream_compressor_is_byte_stable ... ok
[INFO] [stdout] test single_line_output_is_kept_as_is ... ok
[INFO] [stdout] test saved_percent_is_zero_for_passthrough ... ok
[INFO] [stdout] test stream_compressor_normalizes_crlf_in_compressed_mode ... ok
[INFO] [stdout] test stream_compressor_preserves_crlf_passthrough ... ok
[INFO] [stdout] test stream_compressor_with_no_pushes_is_empty ... ok
[INFO] [stdout] test whitespace_only_keep_pattern_is_rejected ... ok
[INFO] [stdout] test stream_compressor_tolerates_arbitrary_chunk_boundaries ... ok
[INFO] [stdout] test passthrough_without_trailing_newline_is_byte_verbatim ... ok
[INFO] [stdout] test stream_compressor_matches_batch_output ... ok
[INFO] [stdout] test stream_compressor_unterminated_final_line ... ok
[INFO] [stdout] test stream_compressor_handles_ten_million_plain_lines ... ok
[INFO] [stdout] 
[INFO] [stdout] test result: ok. 39 passed; 0 failed; 0 ignored; 0 measured; 0 filtered out; finished in 2.08s
[INFO] [stdout] 
[INFO] [stderr]      Running unittests src/lib.rs (/opt/rustwide/target/debug/deps/ctx_symbol-e91aaacfeaf78657)
[INFO] [stdout] 
[INFO] [stdout] running 6 tests
[INFO] [stdout] test language::tests::truncation_still_caps_cjk_at_max_chars ... ok
[INFO] [stdout] test language::tests::drops_trailing_comments_and_collapses_whitespace ... ok
[INFO] [stdout] test language::tests::skips_attribute_and_decorator_lines ... ok
[INFO] [stdout] test language::tests::cjk_signatures_cap_by_chars_not_bytes ... ok
[INFO] [stdout] test language::tests::caps_long_signatures ... ok
[INFO] [stdout] test language::tests::strips_trailing_continuation_delimiters ... ok
[INFO] [stdout] 
[INFO] [stdout] test result: ok. 6 passed; 0 failed; 0 ignored; 0 measured; 0 filtered out; finished in 0.01s
[INFO] [stdout] 
[INFO] [stderr]      Running tests/degenerate_test.rs (/opt/rustwide/target/debug/deps/degenerate_test-9252d941ded22dcc)
[INFO] [stdout] 
[INFO] [stdout] running 12 tests
[INFO] [stdout] test empty_files_yield_no_symbols_across_languages ... ok
[INFO] [stdout] test bom_only_file_is_handled_without_panicking ... ok
[INFO] [stdout] test empty_file_slice_by_name_reports_not_found ... ok
[INFO] [stdout] test bom_prefixed_rust_ranges_exclude_the_bom ... ok
[INFO] [stdout] test bom_prefixed_slice_by_name_returns_clean_source ... ok
[INFO] [stdout] test whitespace_only_files_behave_like_empty_files ... ok
[INFO] [stdout] test crlf_ranges_never_point_at_a_lone_cr ... ok
[INFO] [stdout] test bom_prefixed_sources_across_languages_are_tolerated ... ok
[INFO] [stdout] test crlf_sources_across_languages_extract_and_compact_deterministically ... ok
[INFO] [stdout] test garbage_after_valid_prefix_keeps_the_valid_symbols ... ok
[INFO] [stdout] test garbage_trees_actually_report_errors ... ok
[INFO] [stdout] test garbage_trees_never_panic_and_stay_deterministic ... ok
[INFO] [stdout] 
[INFO] [stdout] test result: ok. 12 passed; 0 failed; 0 ignored; 0 measured; 0 filtered out; finished in 0.08s
[INFO] [stdout] 
[INFO] [stderr]      Running tests/imports_test.rs (/opt/rustwide/target/debug/deps/imports_test-171400c9d7fb48c4)
[INFO] [stdout] 
[INFO] [stdout] running 11 tests
[INFO] [stdout] test java_extracts_imports_including_static_and_wildcard ... ok
[INFO] [stdout] test lua_require_targets_with_path_prefix_are_relative ... ok
[INFO] [stdout] test javascript_extracts_imports_require_and_reexports ... ok
[INFO] [stdout] test python_extracts_imports_and_relative_from ... ok
[INFO] [stdout] test ruby_require_relative_is_local_require_is_external ... ok
[INFO] [stdout] test go_extracts_import_specs ... ok
[INFO] [stdout] test typescript_extracts_statements_require_and_reexports ... ok
[INFO] [stdout] test rust_extracts_use_mod_and_extern_crate ... ok
[INFO] [stdout] test cpp_extracts_includes_and_using_declarations ... ok
[INFO] [stdout] test csharp_extracts_using_directives ... ok
[INFO] [stdout] test c_quoted_includes_are_relative_angle_are_external ... ok
[INFO] [stdout] 
[INFO] [stdout] test result: ok. 11 passed; 0 failed; 0 ignored; 0 measured; 0 filtered out; finished in 0.00s
[INFO] [stdout] 
[INFO] [stderr]      Running tests/markup_test.rs (/opt/rustwide/target/debug/deps/markup_test-99db698b6cf3e484)
[INFO] [stdout] 
[INFO] [stdout] running 10 tests
[INFO] [stdout] test markdown_headings_with_section_spans ... ok
[INFO] [stdout] test html_extracts_id_elements_and_skips_plain_tags ... ok
[INFO] [stdout] test html_htm_extension_routes ... ok
[INFO] [stdout] test css_rules_including_nested_media ... ok
[INFO] [stdout] test html_self_closing_elements_are_anchors_too ... ok
[INFO] [stdout] test markdown_leaf_section_compact_passes_prose_through ... ok
[INFO] [stdout] test scss_routes_through_css_backend ... ok
[INFO] [stdout] test markdown_setext_headings_recognized ... ok
[INFO] [stdout] test markdown_parent_section_compact_passes_through ... ok
[INFO] [stderr]      Running tests/symbol_test.rs (/opt/rustwide/target/debug/deps/symbol_test-a97b870b368bf36a)
[INFO] [stdout] test markdown_section_slice_covers_chapter ... ok
[INFO] [stdout] 
[INFO] [stdout] test result: ok. 10 passed; 0 failed; 0 ignored; 0 measured; 0 filtered out; finished in 0.02s
[INFO] [stdout] 
[INFO] [stdout] 
[INFO] [stdout] running 48 tests
[INFO] [stdout] test compact_crlf_comment_masking_stays_aligned ... ok
[INFO] [stdout] test compact_const_template_literal_passes_through ... ok
[INFO] [stdout] test c_globals_pointers_and_prototypes ... ok
[INFO] [stdout] test compact_comment_quotes_do_not_break_folding ... ok
[INFO] [stdout] test c_typedef_compact_keeps_the_close ... ok
[INFO] [stdout] test compact_crlf_source_folds_with_stable_line_endings ... ok
[INFO] [stdout] test ast_anchored_fold_c_functions_and_typedefs ... ok
[INFO] [stdout] test compact_hash_comments_are_not_preprocessor_directives ... ok
[INFO] [stdout] test c_extracts_functions_types_enums_consts_and_fields ... ok
[INFO] [stdout] test bare_struct_fold_keeps_the_semicolon ... ok
[INFO] [stdout] test compact_is_smaller_and_parseable ... ok
[INFO] [stdout] test compact_preproc_macro_drops_closer ... ok
[INFO] [stdout] test compact_java_annotation_prefix_folds_class_body ... ok
[INFO] [stdout] test compact_passes_single_line_symbols_through ... ok
[INFO] [stdout] test compact_slides_past_expression_continuations ... ok
[INFO] [stdout] test cpp_extracts_classes_namespaces_and_templates ... ok
[INFO] [stdout] test compact_paren_in_comment_does_not_hold_open_balance ... ok
[INFO] [stdout] test compact_js_template_literal_passes_through ... ok
[INFO] [stdout] test compact_output_is_byte_stable_across_invocations ... ok
[INFO] [stdout] test compact_keeps_python_decorators_and_signature ... ok
[INFO] [stdout] test compact_ruby_predicate_and_case_fold ... ok
[INFO] [stdout] test compact_rust_const_array_literal_passes_through ... ok
[INFO] [stdout] test compact_jsx_fragment_passes_through ... ok
[INFO] [stdout] test cpp_header_with_scope_resolution_routes_to_cpp ... ok
[INFO] [stdout] test cpp_special_members_and_operators ... ok
[INFO] [stdout] test css_rule_set_fold_keeps_block_comment_closed ... ok
[INFO] [stdout] test csharp_extracts_types_methods_properties_and_fields ... ok
[INFO] [stdout] test doc_comment_requires_direct_adjacency ... ok
[INFO] [stdout] test go_extracts_funcs_methods_types_and_specs ... ok
[INFO] [stdout] test javascript_extracts_classes_functions_and_variables ... ok
[INFO] [stdout] test h_files_pick_the_cleaner_grammar ... ok
[INFO] [stdout] test java_extracts_types_methods_constructors_and_fields ... ok
[INFO] [stdout] test lua_extracts_functions_and_variables ... ok
[INFO] [stdout] test python_extracts_classes_and_functions ... ok
[INFO] [stdout] test python_byte_range_slices_original_text ... ok
[INFO] [stdout] test python_docstrings_are_attached ... ok
[INFO] [stdout] test python_decorated_definitions_include_decorators ... ok
[INFO] [stdout] test rust_byte_range_slices_original_text ... ok
[INFO] [stdout] test rust_signature_is_first_line ... ok
[INFO] [stdout] test ruby_extracts_methods_classes_modules_and_docs ... ok
[INFO] [stdout] test ts_extracts_interface_function_class ... ok
[INFO] [stdout] test tsx_uses_the_tsx_grammar ... ok
[INFO] [stdout] test rust_extracts_struct_and_functions ... ok
[INFO] [stdout] test rust_extracts_unions ... ok
[INFO] [stdout] test slice_by_name_returns_just_the_function ... ok
[INFO] [stdout] test unsupported_language_errors ... ok
[INFO] [stdout] test h_files_tolerate_annotation_macros ... ok
[INFO] [stdout] test walks_survive_deeply_nested_source ... ok
[INFO] [stderr]      Running unittests src/main.rs (/opt/rustwide/target/debug/deps/ctxctl-ba4084746742fc81)
[INFO] [stdout] 
[INFO] [stdout] test result: ok. 48 passed; 0 failed; 0 ignored; 0 measured; 0 filtered out; finished in 1.78s
[INFO] [stdout] 
[INFO] [stdout] 
[INFO] [stdout] running 29 tests
[INFO] [stdout] test deps::tests::relative_target_expands_python_dots ... ok
[INFO] [stdout] test deps::tests::normalize_resolves_dot_segments ... ok
[INFO] [stdout] test exec_timeout_tests::timeout_error_message_mentions_timeout ... ok
[INFO] [stdout] test mcp::tests::absolute_file_arg_is_rejected_before_any_read ... ok
[INFO] [stdout] test mcp::tests::initialize_negotiates_and_identifies ... ok
[INFO] [stdout] test mcp::tests::mini_outline_lists_top_level_symbols_and_caps_at_twenty ... ok
[INFO] [stdout] test mcp::tests::available_tools_lists_registry_in_deterministic_order ... ok
[INFO] [stdout] test mcp::tests::missing_file_becomes_is_error_result ... ok
[INFO] [stdout] test deps::tests::is_ignored_matches_segments_and_slash_patterns ... ok
[INFO] [stdout] test deps::tests::existence_candidates_shapes_per_language ... ok
[INFO] [stdout] test exec_timeout_tests::fast_child_reports_exit_well_before_deadline ... ok
[INFO] [stdout] test mcp::tests::pinned_path_error_strings_are_byte_stable ... ok
[INFO] [stdout] test mcp::tests::request_without_method_gets_invalid_request ... ok
[INFO] [stdout] test mcp::tests::notifications_get_no_response ... ok
[INFO] [stdout] test mcp::tests::pinned_path_accepts_absolute_paths_inside_root ... ok
[INFO] [stdout] test mcp::tests::pinned_path_normalizes_absolute_parent_walks ... ok
[INFO] [stdout] test mcp::tests::ranked_suggestions_score_tier_then_name_and_cap_at_five ... ok
[INFO] [stdout] test mcp::tests::symlinked_escape_is_rejected ... ok
[INFO] [stdout] test mcp::tests::unknown_argument_error_lists_valid_keys ... ok
[INFO] [stdout] test mcp::tests::tools_list_exposes_five_tools ... ok
[INFO] [stdout] test mcp::tests::traversal_file_arg_is_rejected ... ok
[INFO] [stdout] test mcp::tests::unknown_method_is_method_not_found ... ok
[INFO] [stdout] test mcp::tests::unknown_tool_is_is_error_result ... ok
[INFO] [stdout] test mcp::tests::usage_hints_are_built_from_the_argument_table ... ok
[INFO] [stdout] test mcp::tests::validate_arguments_coerces_numbers_for_str_args ... ok
[INFO] [stdout] test mcp::tests::validate_arguments_still_rejects_non_numeric_mistypes ... ok
[INFO] [stdout] test exec_timeout_tests::hung_child_is_killed_promptly_at_deadline ... ok
[INFO] [stdout] test mcp::tests::exec_nonzero_exit_becomes_is_error_result ... ok
[INFO] [stdout] test mcp::tests::read_tool_returns_slice_text ... ok
[INFO] [stdout] 
[INFO] [stdout] test result: ok. 29 passed; 0 failed; 0 ignored; 0 measured; 0 filtered out; finished in 1.35s
[INFO] [stdout] 
[INFO] [stderr]      Running tests/cli_test.rs (/opt/rustwide/target/debug/deps/cli_test-715b862a36f6f653)
[INFO] [stdout] 
[INFO] [stdout] running 96 tests
[INFO] [stdout] test broken_explicit_config_still_fails_hard ... ok
[INFO] [stdout] test character_device_arg_is_rejected_as_not_a_regular_file ... ok
[INFO] [stdout] test broken_discovered_project_config_is_skipped_with_warning ... ok
[INFO] [stdout] test config_keep_replaces_defaults ... ok
[INFO] [stdout] test csharp_deps_local_probe ... ok
[INFO] [stdout] test deps_default_ignore_globs_do_not_taint_ancestor_dirs ... ok
[INFO] [stdout] test deps_degenerate_dir_relative_import_stays_local ... ok
[INFO] [stdout] test deps_degenerate_dir_sibling_shadow_is_unresolved_not_local ... ok
[INFO] [stdout] test broken_discovered_xdg_config_is_skipped_with_warning ... ok
[INFO] [stdout] test deps_python_relative_imports_honor_ignore ... ok
[INFO] [stdout] test deps_go_local_via_project_root_probe ... ok
[INFO] [stdout] test csharp_outline_and_deps ... ok
[INFO] [stdout] test deps_graph_identical_from_two_working_directories ... ok
[INFO] [stdout] test directory_arg_is_rejected_as_not_a_regular_file ... ok
[INFO] [stdout] test deps_sibling_shadow_of_bare_import_is_unresolved_not_local ... ok
[INFO] [stdout] test exec_bare_multiword_command_fails_with_hint ... ok
[INFO] [stdout] test c_outline_symbol_and_deps ... ok
[INFO] [stdout] test cpp_outline_compact_and_deps ... ok
[INFO] [stdout] test deps_rust_text_and_json ... ok
[INFO] [stdout] test exec_help_explains_single_quoted_argument ... ok
[INFO] [stdout] test deps_unsupported_extension_exits_2 ... ok
[INFO] [stdout] test exec_empty_keep_pattern_fails_without_spawning ... ok
[INFO] [stdout] test exec_allows_quoted_metacharacters ... ok
[INFO] [stdout] test deps_slash_ignore_pattern_matches_relative_import ... ok
[INFO] [stdout] test exec_compresses_output_and_reports_savings ... ok
[INFO] [stdout] test exec_invalid_keep_pattern_fails ... ok
[INFO] [stdout] test deps_typescript_require_and_reexports ... ok
[INFO] [stdout] test exec_rejects_pipe_and_semicolon ... ok
[INFO] [stdout] test exec_rejects_unquoted_metacharacters ... ok
[INFO] [stdout] test exec_ineffective_keep_warns_on_stderr_not_stdout ... ok
[INFO] [stdout] test exec_merges_stderr_without_blank_line_gap ... ok
[INFO] [stdout] test exec_json_surfaces_ineffective_warning_in_payload ... ok
[INFO] [stdout] test exec_json_contract ... ok
[INFO] [stdout] test exec_keeps_rustc_location_after_error_header ... ok
[INFO] [stdout] test exec_custom_keep_pattern_keeps_matching_lines ... ok
[INFO] [stdout] test invalid_config_fails_with_exit_1 ... ok
[INFO] [stdout] test exec_passes_through_exit_code ... ok
[INFO] [stdout] test exec_signal_exit_code_is_128_plus_signal ... ok
[INFO] [stdout] test exec_stderr_only_output_is_compressed_and_reported ... ok
[INFO] [stdout] test explicit_config_file_changes_behavior ... ok
[INFO] [stdout] test explicit_config_overrides_project_config ... ok
[INFO] [stdout] test go_outline_and_symbol ... ok
[INFO] [stdout] test outline_fold_threshold_does_not_affect_json ... ok
[INFO] [stdout] test nearest_project_config_wins ... ok
[INFO] [stdout] test java_outline_symbol_and_deps_local_probe ... ok
[INFO] [stdout] test outline_json_error_contract ... ok
[INFO] [stdout] test outline_missing_file_exits_1 ... ok
[INFO] [stdout] test outline_fold_threshold_folds_in_text_mode ... ok
[INFO] [stdout] test javascript_outline_symbol_and_deps ... ok
[INFO] [stdout] test outline_json_contract ... ok
[INFO] [stdout] test lua_outline_compact_and_deps ... ok
[INFO] [stdout] test no_saved_suppresses_metrics ... ok
[INFO] [stdout] test outline_format_json_is_alias_of_json_flag ... ok
[INFO] [stdout] test outline_no_doc_and_no_lines_flags ... ok
[INFO] [stdout] test outline_saved_reflects_actual_output_size ... ok
[INFO] [stdout] test oversized_file_error_states_size_and_limit ... ok
[INFO] [stdout] test outline_text_reports_symbols_and_savings ... ok
[INFO] [stdout] test outline_unsupported_extension_exits_2 ... ok
[INFO] [stdout] test output_file_in_unwritable_dir_exits_1 ... ok
[INFO] [stdout] test partial_section_keeps_other_section_defaults ... ok
[INFO] [stdout] test project_config_discovery_walks_up ... ok
[INFO] [stdout] test project_config_overrides_global_fold_threshold ... ok
[INFO] [stdout] test output_file_receives_the_full_payload ... ok
[INFO] [stdout] test read_invalid_range_exits_2 ... ok
[INFO] [stdout] test outline_signals_parse_failure ... ok
[INFO] [stdout] test read_out_of_bounds_exits_2 ... ok
[INFO] [stdout] test paths_ignore_is_replaced_not_concatenated ... ok
[INFO] [stdout] test python_symbol_slices_original_source ... ok
[INFO] [stdout] test read_json_contract ... ok
[INFO] [stdout] test read_open_ended_range ... ok
[INFO] [stdout] test read_returns_exact_line_ranges ... ok
[INFO] [stdout] test symbol_compact_conflicts_with_signature_and_lines ... ok
[INFO] [stdout] test python_outline_text_and_json ... ok
[INFO] [stdout] test read_preserves_crlf_line_endings ... ok
[INFO] [stdout] test small_file_stays_under_configured_limit ... ok
[INFO] [stdout] test symbol_kind_help_lists_var_not_variable ... ok
[INFO] [stdout] test symbol_json_contract ... ok
[INFO] [stdout] test read_works_on_python_and_go ... ok
[INFO] [stdout] test symbol_signature_only ... ok
[INFO] [stdout] test symbol_compact_prunes_body ... ok
[INFO] [stdout] test symbol_not_found_exits_4 ... ok
[INFO] [stdout] test ruby_outline_symbol_and_deps ... ok
[INFO] [stdout] test symbol_subrange_lines ... ok
[INFO] [stdout] test output_is_byte_stable ... ok
[INFO] [stdout] test symbol_subrange_out_of_bounds_exits_2 ... ok
[INFO] [stdout] test symbol_slices_the_original_source ... ok
[INFO] [stdout] test symbol_kind_filter_disambiguates_same_name_symbols ... ok
[INFO] [stdout] test unknown_key_via_explicit_config_still_fails_hard ... ok
[INFO] [stdout] test symbol_subrange_rejects_multiple_ranges ... ok
[INFO] [stdout] test symlink_to_regular_source_is_accepted ... ok
[INFO] [stdout] test unknown_key_in_project_config_warns_and_succeeds ... ok
[INFO] [stdout] test token_accounting_uses_cl100k_bpe ... ok
[INFO] [stdout] test xdg_config_new_keys_parse ... ok
[INFO] [stdout] test exec_streams_huge_output_bounded_memory has been running for over 60 seconds
[INFO] [stdout] test unknown_key_in_discovered_xdg_config_warns_and_succeeds ... ok
[INFO] [stdout] test symlinked_project_config_is_followed ... ok
[INFO] [stdout] test exec_streams_huge_output_bounded_memory ... FAILED
[INFO] [stdout] 
[INFO] [stdout] failures:
[INFO] [stdout] 
[INFO] [stdout] ---- exec_streams_huge_output_bounded_memory stdout ----
[INFO] [stdout] 
[INFO] [stdout] thread 'exec_streams_huge_output_bounded_memory' (2287) panicked at crates/ctxctl/tests/cli_test.rs:986:5:
[INFO] [stdout] assertion `left == right` failed: stderr: error: command `sh -c 'seq 1 200000'` exceeded the 30s execution timeout and was killed
[INFO] [stdout] 
[INFO] [stdout]   left: Some(1)
[INFO] [stdout]  right: Some(0)
[INFO] [stdout] stack backtrace:
[INFO] [stdout]    0:     0x55ebb7a535f1 - std[70759c8f55707aa4]::backtrace_rs::backtrace::libunwind::trace
[INFO] [stdout]                                at /rustc/dfb0accb7f508ae8be965d8629557221c889dd98/library/std/src/../../backtrace/src/backtrace/libunwind.rs:117:9
[INFO] [stdout]    1:     0x55ebb7a535f1 - std[70759c8f55707aa4]::backtrace_rs::backtrace::trace_unsynchronized::<std[70759c8f55707aa4]::sys::backtrace::_print_fmt::{closure#1}>
[INFO] [stdout]                                at /rustc/dfb0accb7f508ae8be965d8629557221c889dd98/library/std/src/../../backtrace/src/backtrace/mod.rs:66:14
[INFO] [stdout]    2:     0x55ebb7a535f1 - std[70759c8f55707aa4]::sys::backtrace::_print_fmt
[INFO] [stdout]                                at /rustc/dfb0accb7f508ae8be965d8629557221c889dd98/library/std/src/sys/backtrace.rs:74:9
[INFO] [stdout]    3:     0x55ebb7a535f1 - <<std[70759c8f55707aa4]::sys::backtrace::BacktraceLock>::print::DisplayBacktrace as core[df12db4294e9bfd3]::fmt::Display>::fmt
[INFO] [stdout]                                at /rustc/dfb0accb7f508ae8be965d8629557221c889dd98/library/std/src/sys/backtrace.rs:44:26
[INFO] [stdout]    4:     0x55ebb7a689fa - <core[df12db4294e9bfd3]::fmt::rt::Argument>::fmt
[INFO] [stdout]                                at /rustc/dfb0accb7f508ae8be965d8629557221c889dd98/library/core/src/fmt/rt.rs:152:76
[INFO] [stdout]    5:     0x55ebb7a689fa - core[df12db4294e9bfd3]::fmt::write
[INFO] [stdout]    6:     0x55ebb7a57f4c - core[df12db4294e9bfd3]::io::write::default_write_fmt::<alloc[2182bb758b4b3781]::vec::Vec<u8>>
[INFO] [stdout]                                at /rustc/dfb0accb7f508ae8be965d8629557221c889dd98/library/core/src/io/write.rs:402:11
[INFO] [stdout]    7:     0x55ebb7a57f4c - <alloc[2182bb758b4b3781]::vec::Vec<u8> as core[df12db4294e9bfd3]::io::write::Write>::write_fmt
[INFO] [stdout]                                at /rustc/dfb0accb7f508ae8be965d8629557221c889dd98/library/core/src/io/write.rs:335:13
[INFO] [stdout]    8:     0x55ebb7a2ce06 - <std[70759c8f55707aa4]::sys::backtrace::BacktraceLock>::print
[INFO] [stdout]                                at /rustc/dfb0accb7f508ae8be965d8629557221c889dd98/library/std/src/sys/backtrace.rs:47:9
[INFO] [stdout]    9:     0x55ebb7a2ce06 - std[70759c8f55707aa4]::panicking::default_hook::{closure#0}
[INFO] [stdout]                                at /rustc/dfb0accb7f508ae8be965d8629557221c889dd98/library/std/src/panicking.rs:292:27
[INFO] [stdout]   10:     0x55ebb7a49ef9 - std[70759c8f55707aa4]::panicking::default_hook
[INFO] [stdout]                                at /rustc/dfb0accb7f508ae8be965d8629557221c889dd98/library/std/src/panicking.rs:316:9
[INFO] [stdout]   11:     0x55ebb79b2f60 - <alloc[2182bb758b4b3781]::boxed::Box<dyn for<'a, 'b> core[df12db4294e9bfd3]::ops::function::Fn<(&'a std[70759c8f55707aa4]::panic::PanicHookInfo<'b>,), Output = ()> + core[df12db4294e9bfd3]::marker::Send + core[df12db4294e9bfd3]::marker::Sync> as core[df12db4294e9bfd3]::ops::function::Fn<(&std[70759c8f55707aa4]::panic::PanicHookInfo,)>>::call
[INFO] [stdout]                                at /rustc/dfb0accb7f508ae8be965d8629557221c889dd98/library/alloc/src/boxed.rs:2334:9
[INFO] [stdout]   12:     0x55ebb79b2f60 - test[9d35eded1c95d3be]::test_main_inner::<test[9d35eded1c95d3be]::test_main_static::{closure#0}>::{closure#0}
[INFO] [stdout]                                at /rustc/dfb0accb7f508ae8be965d8629557221c889dd98/library/test/src/lib.rs:155:21
[INFO] [stdout]   13:     0x55ebb7a4a0b2 - <alloc[2182bb758b4b3781]::boxed::Box<dyn for<'a, 'b> core[df12db4294e9bfd3]::ops::function::Fn<(&'a std[70759c8f55707aa4]::panic::PanicHookInfo<'b>,), Output = ()> + core[df12db4294e9bfd3]::marker::Send + core[df12db4294e9bfd3]::marker::Sync> as core[df12db4294e9bfd3]::ops::function::Fn<(&std[70759c8f55707aa4]::panic::PanicHookInfo,)>>::call
[INFO] [stdout]                                at /rustc/dfb0accb7f508ae8be965d8629557221c889dd98/library/alloc/src/boxed.rs:2334:9
[INFO] [stdout]   14:     0x55ebb7a4a0b2 - std[70759c8f55707aa4]::panicking::panic_with_hook
[INFO] [stdout]                                at /rustc/dfb0accb7f508ae8be965d8629557221c889dd98/library/std/src/panicking.rs:823:13
[INFO] [stdout]   15:     0x55ebb7a2ceb2 - std[70759c8f55707aa4]::panicking::panic_handler::{closure#0}
[INFO] [stdout]                                at /rustc/dfb0accb7f508ae8be965d8629557221c889dd98/library/std/src/panicking.rs:688:13
[INFO] [stdout]   16:     0x55ebb7a25929 - std[70759c8f55707aa4]::sys::backtrace::__rust_end_short_backtrace::<std[70759c8f55707aa4]::panicking::panic_handler::{closure#0}, !>
[INFO] [stdout]                                at /rustc/dfb0accb7f508ae8be965d8629557221c889dd98/library/std/src/sys/backtrace.rs:182:18
[INFO] [stdout]   17:     0x55ebb7a2db9d - __rustc[8fa7c3cbc660c2b3]::rust_begin_unwind
[INFO] [stdout]                                at /rustc/dfb0accb7f508ae8be965d8629557221c889dd98/library/std/src/panicking.rs:679:5
[INFO] [stdout]   18:     0x55ebb7a691ac - core[df12db4294e9bfd3]::panicking::panic_fmt
[INFO] [stdout]                                at /rustc/dfb0accb7f508ae8be965d8629557221c889dd98/library/core/src/panicking.rs:80:14
[INFO] [stdout]   19:     0x55ebb7a690a3 - core[df12db4294e9bfd3]::panicking::assert_failed_inner
[INFO] [stdout]                                at /rustc/dfb0accb7f508ae8be965d8629557221c889dd98/library/core/src/panicking.rs:447:23
[INFO] [stdout]   20:     0x55ebb7993461 - core[df12db4294e9bfd3]::panicking::assert_failed::<core[df12db4294e9bfd3]::option::Option<i32>, core[df12db4294e9bfd3]::option::Option<i32>>
[INFO] [stdout]                                at /rustc/dfb0accb7f508ae8be965d8629557221c889dd98/library/core/src/panicking.rs:407:5
[INFO] [stdout]   21:     0x55ebb797142d - cli_test[7880a0513ec940f6]::exec_streams_huge_output_bounded_memory
[INFO] [stdout]                                at /opt/rustwide/workdir/crates/ctxctl/tests/cli_test.rs:986:5
[INFO] [stdout]   22:     0x55ebb7954477 - cli_test[7880a0513ec940f6]::exec_streams_huge_output_bounded_memory::{closure#0}
[INFO] [stdout]                                at /opt/rustwide/workdir/crates/ctxctl/tests/cli_test.rs:980:45
[INFO] [stdout]   23:     0x55ebb798c1a6 - <cli_test[7880a0513ec940f6]::exec_streams_huge_output_bounded_memory::{closure#0} as core[df12db4294e9bfd3]::ops::function::FnOnce<()>>::call_once
[INFO] [stdout]                                at /rustc/dfb0accb7f508ae8be965d8629557221c889dd98/library/core/src/ops/function.rs:250:5
[INFO] [stdout]   24:     0x55ebb79a624b - <fn() -> core[df12db4294e9bfd3]::result::Result<(), alloc[2182bb758b4b3781]::string::String> as core[df12db4294e9bfd3]::ops::function::FnOnce<()>>::call_once
[INFO] [stdout]                                at /rustc/dfb0accb7f508ae8be965d8629557221c889dd98/library/core/src/ops/function.rs:250:5
[INFO] [stdout]   25:     0x55ebb79a624b - test[9d35eded1c95d3be]::__rust_begin_short_backtrace::<core[df12db4294e9bfd3]::result::Result<(), alloc[2182bb758b4b3781]::string::String>, fn() -> core[df12db4294e9bfd3]::result::Result<(), alloc[2182bb758b4b3781]::string::String>>
[INFO] [stdout]                                at /rustc/dfb0accb7f508ae8be965d8629557221c889dd98/library/test/src/lib.rs:733:18
[INFO] [stdout]   26:     0x55ebb79b38b5 - test[9d35eded1c95d3be]::run_test_in_process::{closure#0}
[INFO] [stdout]                                at /rustc/dfb0accb7f508ae8be965d8629557221c889dd98/library/test/src/lib.rs:756:74
[INFO] [stdout]   27:     0x55ebb79b38b5 - <core[df12db4294e9bfd3]::panic::unwind_safe::AssertUnwindSafe<test[9d35eded1c95d3be]::run_test_in_process::{closure#0}> as core[df12db4294e9bfd3]::ops::function::FnOnce<()>>::call_once
[INFO] [stdout]                                at /rustc/dfb0accb7f508ae8be965d8629557221c889dd98/library/core/src/panic/unwind_safe.rs:275:9
[INFO] [stdout]   28:     0x55ebb79b38b5 - std[70759c8f55707aa4]::panicking::catch_unwind::do_call::<core[df12db4294e9bfd3]::panic::unwind_safe::AssertUnwindSafe<test[9d35eded1c95d3be]::run_test_in_process::{closure#0}>, core[df12db4294e9bfd3]::result::Result<(), alloc[2182bb758b4b3781]::string::String>>
[INFO] [stdout]                                at /rustc/dfb0accb7f508ae8be965d8629557221c889dd98/library/std/src/panicking.rs:576:43
[INFO] [stdout]   29:     0x55ebb79b38b5 - std[70759c8f55707aa4]::panicking::catch_unwind::<core[df12db4294e9bfd3]::result::Result<(), alloc[2182bb758b4b3781]::string::String>, core[df12db4294e9bfd3]::panic::unwind_safe::AssertUnwindSafe<test[9d35eded1c95d3be]::run_test_in_process::{closure#0}>>
[INFO] [stdout]                                at /rustc/dfb0accb7f508ae8be965d8629557221c889dd98/library/std/src/panicking.rs:544:19
[INFO] [stdout]   30:     0x55ebb79b38b5 - std[70759c8f55707aa4]::panic::catch_unwind::<core[df12db4294e9bfd3]::panic::unwind_safe::AssertUnwindSafe<test[9d35eded1c95d3be]::run_test_in_process::{closure#0}>, core[df12db4294e9bfd3]::result::Result<(), alloc[2182bb758b4b3781]::string::String>>
[INFO] [stdout]                                at /rustc/dfb0accb7f508ae8be965d8629557221c889dd98/library/std/src/panic.rs:359:14
[INFO] [stdout]   31:     0x55ebb79b38b5 - test[9d35eded1c95d3be]::run_test_in_process
[INFO] [stdout]                                at /rustc/dfb0accb7f508ae8be965d8629557221c889dd98/library/test/src/lib.rs:756:27
[INFO] [stdout]   32:     0x55ebb79b38b5 - test[9d35eded1c95d3be]::run_test::{closure#0}
[INFO] [stdout]                                at /rustc/dfb0accb7f508ae8be965d8629557221c889dd98/library/test/src/lib.rs:677:43
[INFO] [stdout]   33:     0x55ebb79ad174 - test[9d35eded1c95d3be]::run_test::{closure#1}
[INFO] [stdout]                                at /rustc/dfb0accb7f508ae8be965d8629557221c889dd98/library/test/src/lib.rs:707:41
[INFO] [stdout]   34:     0x55ebb79ad174 - std[70759c8f55707aa4]::sys::backtrace::__rust_begin_short_backtrace::<test[9d35eded1c95d3be]::run_test::{closure#1}, ()>
[INFO] [stdout]                                at /rustc/dfb0accb7f508ae8be965d8629557221c889dd98/library/std/src/sys/backtrace.rs:166:18
[INFO] [stdout]   35:     0x55ebb79b6a12 - std[70759c8f55707aa4]::thread::lifecycle::spawn_unchecked::<test[9d35eded1c95d3be]::run_test::{closure#1}, ()>::{closure#1}::{closure#0}
[INFO] [stdout]                                at /rustc/dfb0accb7f508ae8be965d8629557221c889dd98/library/std/src/thread/lifecycle.rs:70:13
[INFO] [stdout]   36:     0x55ebb79b6a12 - <core[df12db4294e9bfd3]::panic::unwind_safe::AssertUnwindSafe<std[70759c8f55707aa4]::thread::lifecycle::spawn_unchecked<test[9d35eded1c95d3be]::run_test::{closure#1}, ()>::{closure#1}::{closure#0}> as core[df12db4294e9bfd3]::ops::function::FnOnce<()>>::call_once
[INFO] [stdout]                                at /rustc/dfb0accb7f508ae8be965d8629557221c889dd98/library/core/src/panic/unwind_safe.rs:275:9
[INFO] [stdout]   37:     0x55ebb79b6a12 - std[70759c8f55707aa4]::panicking::catch_unwind::do_call::<core[df12db4294e9bfd3]::panic::unwind_safe::AssertUnwindSafe<std[70759c8f55707aa4]::thread::lifecycle::spawn_unchecked<test[9d35eded1c95d3be]::run_test::{closure#1}, ()>::{closure#1}::{closure#0}>, ()>
[INFO] [stdout]                                at /rustc/dfb0accb7f508ae8be965d8629557221c889dd98/library/std/src/panicking.rs:576:43
[INFO] [stdout]   38:     0x55ebb79b6a12 - std[70759c8f55707aa4]::panicking::catch_unwind::<(), core[df12db4294e9bfd3]::panic::unwind_safe::AssertUnwindSafe<std[70759c8f55707aa4]::thread::lifecycle::spawn_unchecked<test[9d35eded1c95d3be]::run_test::{closure#1}, ()>::{closure#1}::{closure#0}>>
[INFO] [stdout]                                at /rustc/dfb0accb7f508ae8be965d8629557221c889dd98/library/std/src/panicking.rs:544:19
[INFO] [stdout]   39:     0x55ebb79b6a12 - std[70759c8f55707aa4]::panic::catch_unwind::<core[df12db4294e9bfd3]::panic::unwind_safe::AssertUnwindSafe<std[70759c8f55707aa4]::thread::lifecycle::spawn_unchecked<test[9d35eded1c95d3be]::run_test::{closure#1}, ()>::{closure#1}::{closure#0}>, ()>
[INFO] [stdout]                                at /rustc/dfb0accb7f508ae8be965d8629557221c889dd98/library/std/src/panic.rs:359:14
[INFO] [stdout]   40:     0x55ebb79b6a12 - std[70759c8f55707aa4]::thread::lifecycle::spawn_unchecked::<test[9d35eded1c95d3be]::run_test::{closure#1}, ()>::{closure#1}
[INFO] [stdout]                                at /rustc/dfb0accb7f508ae8be965d8629557221c889dd98/library/std/src/thread/lifecycle.rs:68:26
[INFO] [stdout]   41:     0x55ebb79b6a12 - <std[70759c8f55707aa4]::thread::lifecycle::spawn_unchecked<test[9d35eded1c95d3be]::run_test::{closure#1}, ()>::{closure#1} as core[df12db4294e9bfd3]::ops::function::FnOnce<()>>::call_once::{shim:vtable#0}
[INFO] [stdout]                                at /rustc/dfb0accb7f508ae8be965d8629557221c889dd98/library/core/src/ops/function.rs:250:5
[INFO] [stdout]   42:     0x55ebb7a52589 - <alloc[2182bb758b4b3781]::boxed::Box<dyn core[df12db4294e9bfd3]::ops::function::FnOnce<(), Output = ()> + core[df12db4294e9bfd3]::marker::Send> as core[df12db4294e9bfd3]::ops::function::FnOnce<()>>::call_once
[INFO] [stdout]                                at /rustc/dfb0accb7f508ae8be965d8629557221c889dd98/library/alloc/src/boxed.rs:2320:9
[INFO] [stdout]   43:     0x55ebb7a52589 - <std[70759c8f55707aa4]::sys::thread::unix::Thread>::new::thread_start
[INFO] [stdout]                                at /rustc/dfb0accb7f508ae8be965d8629557221c889dd98/library/std/src/sys/thread/unix.rs:123:17
[INFO] [stdout]   44:     0x7d08aa636dfa - <unknown>
[INFO] [stdout]   45:     0x7d08aa6ca3d4 - clone
[INFO] [stdout]   46:                0x0 - <unknown>
[INFO] [stdout] 
[INFO] [stdout] 
[INFO] [stdout] failures:
[INFO] [stdout]     exec_streams_huge_output_bounded_memory
[INFO] [stdout] 
[INFO] [stdout] test result: FAILED. 95 passed; 1 failed; 0 ignored; 0 measured; 0 filtered out; finished in 84.80s
[INFO] [stdout] 
[INFO] [stderr] error: test failed, to rerun pass `-p ctxctl --test cli_test`
[INFO] running `Command { std: "docker" "inspect" "58082df1b00daeaa1039f4743152974918d3c516e616b03908326d970cf910e6", kill_on_drop: false }`
[INFO] running `Command { std: "docker" "rm" "-f" "58082df1b00daeaa1039f4743152974918d3c516e616b03908326d970cf910e6", kill_on_drop: false }`
[INFO] [stdout] 58082df1b00daeaa1039f4743152974918d3c516e616b03908326d970cf910e6
