[INFO] cloning repository https://github.com/AnYuDadNoMad/cognidns-core
[INFO] running `Command { std: "git" "-c" "credential.helper=" "-c" "credential.helper=/workspace/cargo-home/bin/git-credential-null" "clone" "--bare" "https://github.com/AnYuDadNoMad/cognidns-core" "/workspace/cache/git-repos/https%3A%2F%2Fgithub.com%2FAnYuDadNoMad%2Fcognidns-core", kill_on_drop: false }`
[INFO] [stderr] Cloning into bare repository '/workspace/cache/git-repos/https%3A%2F%2Fgithub.com%2FAnYuDadNoMad%2Fcognidns-core'...
[INFO] running `Command { std: "git" "rev-parse" "HEAD", kill_on_drop: false }`
[INFO] [stdout] 70d8855e378b8c0e13d37b8b4bb28dde6574b32c
[INFO] testing AnYuDadNoMad/cognidns-core against 1.100.0-beta.1 for beta-1.100-3
[INFO] running `Command { std: "git" "clone" "/workspace/cache/git-repos/https%3A%2F%2Fgithub.com%2FAnYuDadNoMad%2Fcognidns-core" "/workspace/builds/worker-2-tc2/source", kill_on_drop: false }`
[INFO] [stderr] Cloning into '/workspace/builds/worker-2-tc2/source'...
[INFO] [stderr] done.
[INFO] started tweaking git repo https://github.com/AnYuDadNoMad/cognidns-core
[INFO] finished tweaking git repo https://github.com/AnYuDadNoMad/cognidns-core
[INFO] tweaked toml for git repo https://github.com/AnYuDadNoMad/cognidns-core written to /workspace/builds/worker-2-tc2/source/Cargo.toml
[INFO] validating manifest of git repo https://github.com/AnYuDadNoMad/cognidns-core on toolchain 1.100.0-beta.1
[INFO] running `Command { std: CARGO_HOME="/workspace/cargo-home" RUSTUP_HOME="/workspace/rustup-home" "/workspace/cargo-home/bin/cargo" "+1.100.0-beta.1" "metadata" "--manifest-path" "Cargo.toml" "--no-deps", kill_on_drop: false }`
[INFO] crate git repo https://github.com/AnYuDadNoMad/cognidns-core already has a lockfile, it will not be regenerated
[INFO] running `Command { std: CARGO_HOME="/workspace/cargo-home" RUSTUP_HOME="/workspace/rustup-home" "/workspace/cargo-home/bin/cargo" "+1.100.0-beta.1" "fetch" "--manifest-path" "Cargo.toml", kill_on_drop: false }`
[INFO] running `Command { std: "docker" "create" "-v" "/var/lib/crater-agent-workspace/builds/worker-2-tc2/source:/opt/rustwide/workdir:ro,Z" "-v" "/var/lib/crater-agent-workspace/builds/worker-2-tc2/target:/opt/rustwide/target:rw,Z" "-v" "/var/lib/crater-agent-workspace/cargo-home:/opt/rustwide/cargo-home:ro,Z" "-v" "/var/lib/crater-agent-workspace/rustup-home:/opt/rustwide/rustup-home:ro,Z" "-m" "1610612736" "--network" "none" "ghcr.io/rust-lang/crates-build-env/linux@sha256:77db811e55d90add9212f6832c23229e3de5f1c1f9905e8cb07319ea15df73ac" "sleep" "infinity", kill_on_drop: false }`
[INFO] [stdout] 41c49b815e733c29737ec1d6c076be515d7dad456a9eb98e30af3c88ead5c100
[INFO] running `Command { std: "docker" "start" "41c49b815e733c29737ec1d6c076be515d7dad456a9eb98e30af3c88ead5c100", kill_on_drop: false }`
[INFO] running `Command { std: "docker" "inspect" "41c49b815e733c29737ec1d6c076be515d7dad456a9eb98e30af3c88ead5c100", kill_on_drop: false }`
[INFO] running `Command { std: "docker" "exec" "-e" "SOURCE_DIR=/opt/rustwide/workdir" "-e" "CARGO_HOME=/opt/rustwide/cargo-home" "-e" "RUSTUP_HOME=/opt/rustwide/rustup-home" "-e" "CARGO_TARGET_DIR=/opt/rustwide/target" "-w" "/opt/rustwide/workdir" "--user" "0:0" "41c49b815e733c29737ec1d6c076be515d7dad456a9eb98e30af3c88ead5c100" "/opt/rustwide/cargo-home/bin/cargo" "+1.100.0-beta.1" "metadata" "--no-deps" "--format-version=1", kill_on_drop: false }`
[INFO] running `Command { std: "docker" "inspect" "41c49b815e733c29737ec1d6c076be515d7dad456a9eb98e30af3c88ead5c100", kill_on_drop: false }`
[INFO] running `Command { std: "docker" "exec" "-e" "SOURCE_DIR=/opt/rustwide/workdir" "-e" "CARGO_HOME=/opt/rustwide/cargo-home" "-e" "RUSTUP_HOME=/opt/rustwide/rustup-home" "-e" "CARGO_TARGET_DIR=/opt/rustwide/target" "-e" "CARGO_INCREMENTAL=0" "-e" "RUST_BACKTRACE=full" "-e" "RUSTFLAGS=--cap-lints=warn" "-e" "RUSTDOCFLAGS=--cap-lints=warn" "-w" "/opt/rustwide/workdir" "--user" "0:0" "41c49b815e733c29737ec1d6c076be515d7dad456a9eb98e30af3c88ead5c100" "/opt/rustwide/cargo-home/bin/cargo" "+1.100.0-beta.1" "build" "--frozen" "--message-format=json", kill_on_drop: false }`
[INFO] [stderr]    Compiling proc-macro2 v1.0.106
[INFO] [stderr]    Compiling quote v1.0.45
[INFO] [stderr]    Compiling unicode-ident v1.0.24
[INFO] [stderr]    Compiling libc v0.2.186
[INFO] [stderr]    Compiling cfg-if v1.0.4
[INFO] [stderr]    Compiling portable-atomic v1.13.1
[INFO] [stderr]    Compiling critical-section v1.2.0
[INFO] [stderr]    Compiling find-msvc-tools v0.1.9
[INFO] [stderr]    Compiling smallvec v1.15.1
[INFO] [stderr]    Compiling shlex v1.3.0
[INFO] [stderr]    Compiling pin-project-lite v0.2.17
[INFO] [stderr]    Compiling itoa v1.0.18
[INFO] [stderr]    Compiling stable_deref_trait v1.2.1
[INFO] [stderr]    Compiling log v0.4.30
[INFO] [stderr]    Compiling futures-core v0.3.32
[INFO] [stderr]    Compiling version_check v0.9.5
[INFO] [stderr]    Compiling serde_core v1.0.228
[INFO] [stderr]    Compiling bytes v1.11.1
[INFO] [stderr]    Compiling memchr v2.8.1
[INFO] [stderr]    Compiling parking_lot_core v0.9.12
[INFO] [stderr]    Compiling futures-sink v0.3.32
[INFO] [stderr]    Compiling scopeguard v1.2.0
[INFO] [stderr]    Compiling futures-channel v0.3.32
[INFO] [stderr]    Compiling lock_api v0.4.14
[INFO] [stderr]    Compiling once_cell v1.21.4
[INFO] [stderr]    Compiling serde v1.0.228
[INFO] [stderr]    Compiling zerocopy v0.8.48
[INFO] [stderr]    Compiling syn v2.0.117
[INFO] [stderr]    Compiling tracing-core v0.1.36
[INFO] [stderr]    Compiling fs_extra v1.3.0
[INFO] [stderr]    Compiling futures-task v0.3.32
[INFO] [stderr]    Compiling slab v0.4.12
[INFO] [stderr]    Compiling dunce v1.0.5
[INFO] [stderr]    Compiling futures-io v0.3.32
[INFO] [stderr]    Compiling zeroize v1.8.2
[INFO] [stderr]    Compiling litemap v0.8.2
[INFO] [stderr]    Compiling writeable v0.6.3
[INFO] [stderr]    Compiling jobserver v0.1.34
[INFO] [stderr]    Compiling errno v0.3.14
[INFO] [stderr]    Compiling socket2 v0.6.3
[INFO] [stderr]    Compiling signal-hook-registry v1.4.8
[INFO] [stderr]    Compiling cc v1.2.62
[INFO] [stderr]    Compiling parking_lot v0.12.5
[INFO] [stderr]    Compiling mio v1.2.0
[INFO] [stderr]    Compiling getrandom v0.2.17
[INFO] [stderr]    Compiling http v1.4.1
[INFO] [stderr]    Compiling utf8_iter v1.0.4
[INFO] [stderr]    Compiling icu_normalizer_data v2.2.0
[INFO] [stderr]    Compiling icu_properties_data v2.2.0
[INFO] [stderr]    Compiling percent-encoding v2.3.2
[INFO] [stderr]    Compiling rustls-pki-types v1.14.1
[INFO] [stderr]    Compiling aws-lc-rs v1.17.0
[INFO] [stderr]    Compiling subtle v2.6.1
[INFO] [stderr]    Compiling generic-array v0.14.7
[INFO] [stderr]    Compiling http-body v1.0.1
[INFO] [stderr]    Compiling zmij v1.0.21
[INFO] [stderr]    Compiling untrusted v0.9.0
[INFO] [stderr]    Compiling httparse v1.10.1
[INFO] [stderr]    Compiling tower-service v0.3.3
[INFO] [stderr]    Compiling form_urlencoded v1.2.2
[INFO] [stderr]    Compiling ahash v0.8.12
[INFO] [stderr]    Compiling try-lock v0.2.5
[INFO] [stderr]    Compiling typenum v1.20.0
[INFO] [stderr]    Compiling getrandom v0.3.4
[INFO] [stderr]    Compiling serde_json v1.0.150
[INFO] [stderr]    Compiling cmake v0.1.58
[INFO] [stderr]    Compiling want v0.3.1
[INFO] [stderr]    Compiling sync_wrapper v1.0.2
[INFO] [stderr]    Compiling atomic-waker v1.1.2
[INFO] [stderr]    Compiling ipnet v2.12.0
[INFO] [stderr]    Compiling crossbeam-utils v0.8.21
[INFO] [stderr]    Compiling crc32fast v1.5.0
[INFO] [stderr]    Compiling thiserror v2.0.18
[INFO] [stderr]    Compiling httpdate v1.0.3
[INFO] [stderr]    Compiling rustversion v1.0.22
[INFO] [stderr]    Compiling tower-layer v0.3.3
[INFO] [stderr]    Compiling rustls v0.23.40
[INFO] [stderr]    Compiling aws-lc-sys v0.41.0
[INFO] [stderr]    Compiling ring v0.17.14
[INFO] [stderr]    Compiling regex-syntax v0.8.10
[INFO] [stderr]    Compiling powerfmt v0.2.0
[INFO] [stderr]    Compiling pkg-config v0.3.33
[INFO] [stderr]    Compiling autocfg v1.5.1
[INFO] [stderr]    Compiling equivalent v1.0.2
[INFO] [stderr]    Compiling base64 v0.22.1
[INFO] [stderr]    Compiling utf8parse v0.2.2
[INFO] [stderr]    Compiling vcpkg v0.2.15
[INFO] [stderr]    Compiling simd-adler32 v0.3.9
[INFO] [stderr]    Compiling synstructure v0.13.2
[INFO] [stderr]    Compiling heck v0.5.0
[INFO] [stderr]    Compiling hashbrown v0.17.1
[INFO] [stderr]    Compiling bitflags v2.11.1
[INFO] [stderr]    Compiling regex-automata v0.4.14
[INFO] [stderr]    Compiling libsqlite3-sys v0.30.1
[INFO] [stderr]    Compiling indexmap v2.14.0
[INFO] [stderr]    Compiling anstyle-parse v1.0.0
[INFO] [stderr]    Compiling ppv-lite86 v0.2.21
[INFO] [stderr]    Compiling hashbrown v0.14.5
[INFO] [stderr]    Compiling num-traits v0.2.19
[INFO] [stderr]    Compiling block-buffer v0.10.4
[INFO] [stderr]    Compiling crypto-common v0.1.7
[INFO] [stderr]    Compiling deranged v0.5.8
[INFO] [stderr]    Compiling rand_core v0.9.5
[INFO] [stderr]    Compiling http-body-util v0.1.3
[INFO] [stderr]    Compiling zerofrom-derive v0.1.7
[INFO] [stderr]    Compiling yoke-derive v0.8.2
[INFO] [stderr]    Compiling displaydoc v0.2.5
[INFO] [stderr]    Compiling zerovec-derive v0.11.3
[INFO] [stderr]    Compiling futures-macro v0.3.32
[INFO] [stderr]    Compiling tracing-attributes v0.1.31
[INFO] [stderr]    Compiling serde_derive v1.0.228
[INFO] [stderr]    Compiling zerofrom v0.1.8
[INFO] [stderr]    Compiling yoke v0.8.2
[INFO] [stderr]    Compiling tokio-macros v2.7.0
[INFO] [stderr]    Compiling zerovec v0.11.6
[INFO] [stderr]    Compiling futures-util v0.3.32
[INFO] [stderr]    Compiling tokio v1.52.3
[INFO] [stderr]    Compiling zerotrie v0.2.4
[INFO] [stderr]    Compiling tinystr v0.8.3
[INFO] [stderr]    Compiling potential_utf v0.1.5
[INFO] [stderr]    Compiling icu_locale_core v2.2.0
[INFO] [stderr]    Compiling icu_collections v2.2.0
[INFO] [stderr]    Compiling tracing v0.1.44
[INFO] [stderr]    Compiling thiserror-impl v2.0.18
[INFO] [stderr]    Compiling async-trait v0.1.89
[INFO] [stderr]    Compiling icu_provider v2.2.0
[INFO] [stderr]    Compiling anstyle v1.0.14
[INFO] [stderr]    Compiling icu_properties v2.2.0
[INFO] [stderr]    Compiling icu_normalizer v2.2.0
[INFO] [stderr]    Compiling adler2 v2.0.1
[INFO] [stderr]    Compiling num-conv v0.2.2
[INFO] [stderr]    Compiling ryu v1.0.23
[INFO] [stderr]    Compiling anstyle-query v1.1.5
[INFO] [stderr]    Compiling colorchoice v1.0.5
[INFO] [stderr]    Compiling lazy_static v1.5.0
[INFO] [stderr]    Compiling is_terminal_polyfill v1.70.2
[INFO] [stderr]    Compiling time-core v0.1.8
[INFO] [stderr]    Compiling anstream v1.0.0
[INFO] [stderr]    Compiling time v0.3.47
[INFO] [stderr]    Compiling sharded-slab v0.1.7
[INFO] [stderr]    Compiling miniz_oxide v0.8.9
[INFO] [stderr]    Compiling matchers v0.2.0
[INFO] [stderr]    Compiling rand_chacha v0.9.0
[INFO] [stderr]    Compiling idna_adapter v1.2.2
[INFO] [stderr]    Compiling digest v0.10.7
[INFO] [stderr]    Compiling idna v1.1.0
[INFO] [stderr]    Compiling webpki-roots v1.0.7
[INFO] [stderr]    Compiling rand_core v0.6.4
[INFO] [stderr]    Compiling tracing-serde v0.2.0
[INFO] [stderr]    Compiling toml_datetime v0.6.11
[INFO] [stderr]    Compiling url v2.5.8
[INFO] [stderr]    Compiling serde_spanned v0.6.9
[INFO] [stderr]    Compiling serde_urlencoded v0.7.1
[INFO] [stderr]    Compiling tracing-log v0.2.0
[INFO] [stderr]    Compiling thread_local v1.1.9
[INFO] [stderr]    Compiling anyhow v1.0.102
[INFO] [stderr]    Compiling clap_lex v1.1.0
[INFO] [stderr]    Compiling nu-ansi-term v0.50.3
[INFO] [stderr]    Compiling mime v0.3.17
[INFO] [stderr]    Compiling tinyvec_macros v0.1.1
[INFO] [stderr]    Compiling strsim v0.11.1
[INFO] [stderr]    Compiling bumpalo v3.20.3
[INFO] [stderr]    Compiling winnow v0.7.15
[INFO] [stderr]    Compiling zip v2.4.2
[INFO] [stderr]    Compiling thiserror v1.0.69
[INFO] [stderr]    Compiling toml_write v0.1.2
[INFO] [stderr]    Compiling base64ct v1.8.3
[INFO] [stderr]    Compiling zopfli v0.8.3
[INFO] [stderr]    Compiling clap_builder v4.6.0
[INFO] [stderr]    Compiling password-hash v0.5.0
[INFO] [stderr]    Compiling tracing-subscriber v0.3.23
[INFO] [stderr]    Compiling axum-core v0.4.5
[INFO] [stderr]    Compiling tinyvec v1.11.0
[INFO] [stderr]    Compiling hyper v1.9.0
[INFO] [stderr]    Compiling tower v0.5.3
[INFO] [stderr]    Compiling tower-http v0.6.11
[INFO] [stderr]    Compiling toml_edit v0.22.27
[INFO] [stderr]    Compiling hyper-util v0.1.20
[INFO] [stderr]    Compiling tokio-util v0.7.18
[INFO] [stderr]    Compiling blake2 v0.10.6
[INFO] [stderr]    Compiling rand v0.9.4
[INFO] [stderr]    Compiling flate2 v1.1.9
[INFO] [stderr]    Compiling futures-executor v0.3.32
[INFO] [stderr]    Compiling crossbeam-channel v0.5.15
[INFO] [stderr]    Compiling clap_derive v4.6.1
[INFO] [stderr]    Compiling thiserror-impl v1.0.69
[INFO] [stderr]    Compiling enum-as-inner v0.6.1
[INFO] [stderr]    Compiling hashlink v0.9.1
[INFO] [stderr]    Compiling serde_path_to_error v0.1.20
[INFO] [stderr]    Compiling matchit v0.7.3
[INFO] [stderr]    Compiling symlink v0.1.0
[INFO] [stderr]    Compiling data-encoding v2.11.0
[INFO] [stderr]    Compiling iana-time-zone v0.1.65
[INFO] [stderr]    Compiling fallible-iterator v0.3.0
[INFO] [stderr]    Compiling fallible-streaming-iterator v0.1.9
[INFO] [stderr]    Compiling cpufeatures v0.2.17
[INFO] [stderr]    Compiling chrono v0.4.44
[INFO] [stderr]    Compiling argon2 v0.5.3
[INFO] [stderr]    Compiling hickory-proto v0.25.2
[INFO] [stderr]    Compiling clap v4.6.1
[INFO] [stderr]    Compiling axum v0.7.9
[INFO] [stderr]    Compiling tracing-appender v0.2.5
[INFO] [stderr]    Compiling toml v0.8.23
[INFO] [stderr]    Compiling futures v0.3.32
[INFO] [stderr]    Compiling arc-swap v1.9.1
[INFO] [stderr]    Compiling dashmap v6.2.1
[INFO] [stderr]    Compiling rustls-pemfile v2.2.0
[INFO] [stderr]    Compiling urlencoding v2.1.3
[INFO] [stderr]    Compiling smol_str v0.2.2
[INFO] [stderr]    Compiling rusqlite v0.32.1
[INFO] [stderr]    Compiling rustls-webpki v0.103.13
[INFO] [stderr]    Compiling tokio-rustls v0.26.4
[INFO] [stderr]    Compiling hyper-rustls v0.27.9
[INFO] [stderr]    Compiling reqwest v0.12.28
[INFO] [stderr]    Compiling cognidns v0.10.0 (/opt/rustwide/workdir)
[INFO] [stderr] warning: unused dependency `tracing-appender`
[INFO] [stderr]   --> Cargo.toml:18:1
[INFO] [stderr]    |
[INFO] [stderr] 18 | tracing-appender = "0.2"
[INFO] [stderr]    | ^^^^^^^^^^^^^^^^^^^^^^^^
[INFO] [stderr]    |
[INFO] [stderr]    = note: `cargo::unused_dependencies` is set to `warn` by default
[INFO] [stderr] help: consider removing the dependency on `tracing-appender`
[INFO] [stderr] warning: unused dependency `urlencoding`
[INFO] [stderr]   --> Cargo.toml:19:1
[INFO] [stderr]    |
[INFO] [stderr] 19 | urlencoding = "2"
[INFO] [stderr]    | ^^^^^^^^^^^^^^^^^
[INFO] [stderr]    |
[INFO] [stderr] help: consider removing the dependency on `urlencoding`
[INFO] [stderr] warning: unused dependency `zip`
[INFO] [stderr]   --> Cargo.toml:67:15
[INFO] [stderr]    |
[INFO] [stderr] 67 | [dependencies.zip]
[INFO] [stderr]    |               ^^^^
[INFO] [stderr]    |
[INFO] [stderr] help: consider removing the dependency on `zip`
[INFO] [stderr] warning: `cognidns` (manifest) generated 3 warnings
[INFO] [stderr]     Finished `dev` profile [unoptimized + debuginfo] target(s) in 4m 22s
[INFO] running `Command { std: "docker" "inspect" "41c49b815e733c29737ec1d6c076be515d7dad456a9eb98e30af3c88ead5c100", kill_on_drop: false }`
[INFO] running `Command { std: "docker" "exec" "-e" "SOURCE_DIR=/opt/rustwide/workdir" "-e" "CARGO_HOME=/opt/rustwide/cargo-home" "-e" "RUSTUP_HOME=/opt/rustwide/rustup-home" "-e" "CARGO_TARGET_DIR=/opt/rustwide/target" "-e" "CARGO_INCREMENTAL=0" "-e" "RUST_BACKTRACE=full" "-e" "RUSTFLAGS=--cap-lints=warn" "-e" "RUSTDOCFLAGS=--cap-lints=warn" "-w" "/opt/rustwide/workdir" "--user" "0:0" "41c49b815e733c29737ec1d6c076be515d7dad456a9eb98e30af3c88ead5c100" "/opt/rustwide/cargo-home/bin/cargo" "+1.100.0-beta.1" "test" "--frozen" "--no-run" "--message-format=json", kill_on_drop: false }`
[INFO] [stderr]    Compiling cognidns v0.10.0 (/opt/rustwide/workdir)
[INFO] [stdout] warning: unused import: `std::time::Instant`
[INFO] [stdout]  --> src/policy.rs:7:5
[INFO] [stdout]   |
[INFO] [stdout] 7 | use std::time::Instant;
[INFO] [stdout]   |     ^^^^^^^^^^^^^^^^^^
[INFO] [stdout]   |
[INFO] [stdout]   = note: `#[warn(unused_imports)]` (part of `#[warn(unused)]`) on by default
[INFO] [stdout] 
[INFO] [stdout] 
[INFO] [stderr]     Finished `test` profile [unoptimized + debuginfo] target(s) in 1m 03s
[INFO] running `Command { std: "docker" "inspect" "41c49b815e733c29737ec1d6c076be515d7dad456a9eb98e30af3c88ead5c100", kill_on_drop: false }`
[INFO] running `Command { std: "docker" "exec" "-e" "SOURCE_DIR=/opt/rustwide/workdir" "-e" "CARGO_HOME=/opt/rustwide/cargo-home" "-e" "RUSTUP_HOME=/opt/rustwide/rustup-home" "-e" "CARGO_TARGET_DIR=/opt/rustwide/target" "-e" "CARGO_INCREMENTAL=0" "-e" "RUST_BACKTRACE=full" "-e" "RUSTFLAGS=--cap-lints=warn" "-e" "RUSTDOCFLAGS=--cap-lints=warn" "-w" "/opt/rustwide/workdir" "--user" "0:0" "41c49b815e733c29737ec1d6c076be515d7dad456a9eb98e30af3c88ead5c100" "/opt/rustwide/cargo-home/bin/cargo" "+1.100.0-beta.1" "test" "--frozen", kill_on_drop: false }`
[INFO] [stderr] warning: unused import: `std::time::Instant`
[INFO] [stderr]  --> src/policy.rs:7:5
[INFO] [stderr]   |
[INFO] [stderr] 7 | use std::time::Instant;
[INFO] [stderr]   |     ^^^^^^^^^^^^^^^^^^
[INFO] [stderr]   |
[INFO] [stderr]   = note: `#[warn(unused_imports)]` (part of `#[warn(unused)]`) on by default
[INFO] [stderr] 
[INFO] [stderr] warning: `cognidns` (lib test) generated 1 warning (run `cargo fix --lib -p cognidns --tests` to apply 1 suggestion)
[INFO] [stderr]     Finished `test` profile [unoptimized + debuginfo] target(s) in 0.51s
[INFO] [stderr]      Running unittests src/lib.rs (/opt/rustwide/target/debug/build/cognidns/4af5da98368d5857/out/cognidns-4af5da98368d5857)
[INFO] [stdout] 
[INFO] [stdout] running 239 tests
[INFO] [stdout] test admin::tests::admin_auth_accepts_bearer_and_custom_header ... ok
[INFO] [stdout] test admin::tests::delete_view_in_raw_rejects_deleting_default_view ... ok
[INFO] [stdout] test admin::tests::resolve_relative_config_path_prefers_existing_project_relative_path ... ok
[INFO] [stdout] test admin::tests::ensure_view_support_files_creates_missing_data_files ... ok
[INFO] [stdout] test admin::tests::classify_reload_errors ... ok
[INFO] [stdout] test admin::tests::config_sections_static_data_uses_default_view_records ... ok
[INFO] [stdout] test admin::tests::resolve_path_relative_to_config_for_creation_normalizes_config_prefix ... ok
[INFO] [stdout] test admin::tests::ensure_view_data_paths_in_raw_sets_target_view ... ok
[INFO] [stdout] test admin::tests::config_sections_round_trip_advanced_fields ... ok
[INFO] [stdout] test admin::tests::upsert_view_in_raw_keeps_file_backed_view_data_out_of_inline_arrays ... ok
[INFO] [stdout] test admin::tests::update_config_sections_sets_default_view_data_file_paths ... ok
[INFO] [stdout] test cache::tests::capacity_evicts_oldest_entry ... ok
[INFO] [stdout] test cache::tests::clear_domain_removes_subdomains_but_not_unrelated_entries ... ok
[INFO] [stdout] test cache::tests::export_dump_includes_response_visualization ... ok
[INFO] [stdout] test admin::tests::upsert_view_in_raw_rejects_rename_when_previous_not_found ... ok
[INFO] [stdout] test admin::tests::upsert_view_in_raw_rejects_renaming_default_view ... ok
[INFO] [stdout] test cache::tests::import_dump_ignores_visualization_field ... ok
[INFO] [stdout] test codec::dns::tests::analyze_answer_for_name_with_dnames_collects_all_followup_records_in_one_pass ... ok
[INFO] [stdout] test admin::tests::upsert_view_in_raw_can_rename_and_update_metadata ... ok
[INFO] [stdout] test codec::dns::tests::align_response_edns_to_request_restores_request_do_bit ... ok
[INFO] [stdout] test codec::dns::tests::build_authoritative_answer_multi_sets_ancount_for_multiple_rrs ... ok
[INFO] [stdout] test cache::tests::lowering_capacity_trims_existing_entries ... ok
[INFO] [stdout] test codec::dns::tests::align_response_edns_to_request_strips_unsolicited_opt ... ok
[INFO] [stdout] test codec::dns::tests::build_dnssec_query_like_request_sets_do_and_cd ... ok
[INFO] [stdout] test codec::dns::tests::build_query_like_request_preserves_cookie_option ... ok
[INFO] [stdout] test codec::dns::tests::build_authoritative_nodata_returns_noerror_with_soa_authority ... ok
[INFO] [stdout] test codec::dns::tests::build_authoritative_soa_answer_accepts_trailing_dot_names ... ok
[INFO] [stdout] test codec::dns::tests::build_authoritative_soa_answer_uses_soa_type ... ok
[INFO] [stdout] test codec::dns::tests::build_static_answer_accepts_compressed_ipv6 ... ok
[INFO] [stdout] test codec::dns::tests::build_badvers_response_sets_extended_rcode_and_resets_version ... ok
[INFO] [stdout] test codec::dns::tests::build_static_answer_supports_extended_record_types ... ok
[INFO] [stdout] test codec::dns::tests::decays_answer_ttl_in_place ... ok
[INFO] [stdout] test codec::dns::tests::build_query_like_request_preserves_edns_opt ... ok
[INFO] [stdout] test codec::dns::tests::build_response_with_rcode_echoes_request_edns_opt ... ok
[INFO] [stdout] test codec::dns::tests::extracts_authority_ns_hostnames ... ok
[INFO] [stdout] test codec::dns::tests::extracts_cookie_option_and_rejects_short_cookie ... ok
[INFO] [stdout] test codec::dns::tests::extracts_edns_opt_from_request ... ok
[INFO] [stdout] test codec::dns::tests::detects_authority_soa_without_referral_ns ... ok
[INFO] [stdout] test codec::dns::tests::extracts_glue_ipv4_address ... ok
[INFO] [stdout] test codec::dns::tests::extract_cache_ttl_ignores_opt_record_ttl_field ... ok
[INFO] [stdout] test codec::dns::tests::extracts_negative_cache_ttl_from_authority_soa ... ok
[INFO] [stdout] test codec::dns::tests::qtype_label_helpers_return_readable_values ... ok
[INFO] [stdout] test codec::dns::tests::referral_authority_zone_with_trailing_dot ... ok
[INFO] [stdout] test codec::dns::tests::referral_analysis_normalizes_case_and_deduplicates_hosts_zones ... ok
[INFO] [stdout] test codec::dns::tests::referral_authority_zone_all_uppercase_normalized ... ok
[INFO] [stdout] test codec::dns::tests::referral_empty_authority_zones_rejected ... ok
[INFO] [stdout] test admin::tests::resolve_relative_config_path_falls_back_to_config_dir_relative_path ... ok
[INFO] [stdout] test codec::dns::tests::referral_full_glue_coverage ... ok
[INFO] [stdout] test codec::dns::tests::referral_mixed_case_across_all_fields ... ok
[INFO] [stdout] test codec::dns::tests::referral_mixed_trailing_dots_across_fields ... ok
[INFO] [stdout] test codec::dns::tests::referral_more_glue_than_ns_hostnames ... ok
[INFO] [stdout] test codec::dns::tests::referral_multiple_authority_zones_rejected ... ok
[INFO] [stdout] test codec::dns::tests::referral_multiple_ns_hostnames_with_case_variants_deduplicated ... ok
[INFO] [stdout] test codec::dns::tests::referral_multiple_ns_mixed_duplicates_and_glue ... ok
[INFO] [stdout] test codec::dns::tests::extracts_edns_options_and_common_option_entrypoints ... ok
[INFO] [stdout] test codec::dns::tests::referral_authority_zone_subdomain_query_parent_mismatch ... ok
[INFO] [stdout] test codec::dns::tests::referral_complex_mixed_case_dots_no_glue_out_of_zone ... ok
[INFO] [stdout] test codec::dns::tests::referral_ns_hostname_is_root_remains_valid ... ok
[INFO] [stdout] test codec::dns::tests::referral_no_glue_at_all ... ok
[INFO] [stdout] test codec::dns::tests::referral_ns_hostname_with_trailing_dot ... ok
[INFO] [stdout] test codec::dns::tests::referral_out_of_zone_ns_with_good_glue_coverage ... ok
[INFO] [stdout] test codec::dns::tests::referral_ns_hostname_all_uppercase_normalized ... ok
[INFO] [stdout] test codec::dns::tests::referral_out_of_zone_ns_without_glue_low_trust ... ok
[INFO] [stdout] test codec::dns::tests::referral_no_glue_out_of_zone_ns_remains_valid ... ok
[INFO] [stdout] test codec::dns::tests::referral_query_name_with_trailing_dot ... ok
[INFO] [stdout] test codec::dns::tests::referral_query_name_all_uppercase_normalized ... ok
[INFO] [stdout] test codec::dns::tests::referral_root_to_tld_out_of_zone_ns_is_valid ... ok
[INFO] [stdout] test codec::dns::tests::referral_validation_accepts_root_authority_zone ... ok
[INFO] [stdout] test codec::dns::tests::referral_validation_accepts_well_formed_referral ... ok
[INFO] [stdout] test codec::dns::tests::referral_out_of_zone_with_authority_soa_present ... ok
[INFO] [stdout] test codec::dns::tests::referral_partial_glue_coverage_fifty_percent ... ok
[INFO] [stdout] test codec::dns::tests::referral_validation_tolerates_case_and_trailing_dot ... ok
[INFO] [stdout] test codec::dns::tests::rejects_unsupported_edns_version ... ok
[INFO] [stdout] test codec::dns::tests::referral_validation_degrades_trust_for_out_of_zone_ns ... ok
[INFO] [stdout] test codec::dns::tests::referral_validation_rejects_invalid_authority_zone ... ok
[INFO] [stdout] test codec::dns::tests::referral_root_zone_query_root ... ok
[INFO] [stdout] test codec::dns::tests::referral_tld_to_authoritative_out_of_zone_ns_is_valid ... ok
[INFO] [stdout] test codec::dns::tests::truncate_response_for_udp_sets_tc_and_respects_payload_size ... ok
[INFO] [stdout] test config::tests::default_config_is_valid ... ok
[INFO] [stdout] test config::tests::dns_view_effective_static_records_merges_new_and_legacy_records ... ok
[INFO] [stdout] test config::tests::dns_view_query_control_defaults_keep_compatible_behavior ... ok
[INFO] [stdout] test codec::dns::tests::toggles_rd_bit ... ok
[INFO] [stdout] test config::tests::dns_view_query_mode_accepts_hyphen_alias ... ok
[INFO] [stdout] test codec::dns::tests::strip_edns_opt_from_request_removes_opt_record ... ok
[INFO] [stdout] test codec::dns::tests::toggles_cd_bit ... ok
[INFO] [stdout] test config::tests::dns_view_validate_accepts_extended_static_like_record_types ... ok
[INFO] [stdout] test config::tests::dns_view_validate_accepts_new_and_legacy_records_together ... ok
[INFO] [stdout] test config::tests::dns_view_validate_rejects_invalid_new_static_record ... ok
[INFO] [stdout] test config::tests::dnssec_requires_some_trust_anchor_source_when_enabled ... ok
[INFO] [stdout] test cache::tests::prune_expired_removes_only_after_expiry ... ok
[INFO] [stdout] test config::tests::empty_upstreams_rejected_when_iterative_fallback_enabled ... ok
[INFO] [stdout] test config::tests::empty_file_path_is_allowed_for_static_and_blocked_domains ... ok
[INFO] [stdout] test config::tests::invalid_resolve_mode_is_rejected ... ok
[INFO] [stdout] test config::tests::empty_upstreams_allowed_for_iterative_without_forwarder_fallback ... ok
[INFO] [stdout] test config::tests::empty_upstreams_rejected_for_forwarder_mode ... ok
[INFO] [stdout] test config::tests::global_enable_recursion_defaults_to_true_and_can_be_disabled ... ok
[INFO] [stdout] test cache::tests::get_stale_returns_expired_response_after_ttl_expires ... ok
[INFO] [stdout] test config::tests::dnssec_can_be_disabled_without_trust_anchors ... ok
[INFO] [stdout] test codec::dns_rfc_patch::tests::normalize_cname_chain_answers_preserves_multiple_terminal_a_records ... ok
[INFO] [stdout] test config::tests::invalid_upstream_ip_is_rejected ... ok
[INFO] [stdout] test config::tests::iterative_cname_bridge_fallback_defaults_to_enabled ... ok
[INFO] [stdout] test config::tests::iterative_fallback_to_forwarder_defaults_to_disabled ... ok
[INFO] [stdout] test config::tests::invalid_upstream_endpoint_is_rejected ... ok
[INFO] [stdout] test config::tests::load_or_default_parses_iterative_address_family ... ok
[INFO] [stdout] test config::tests::load_or_default_ignores_whitespace_external_file_paths ... ok
[INFO] [stdout] test config::tests::load_or_default_loads_static_records_from_external_toml ... ok
[INFO] [stdout] test config::tests::load_or_default_loads_authoritative_zones_with_config_prefix_path ... ok
[INFO] [stdout] test config::tests::load_or_default_parses_iterative_fallback_toggle ... ok
[INFO] [stdout] test config::tests::load_or_default_parses_iterative_cname_bridge_toggle ... ok
[INFO] [stdout] test config::tests::load_or_default_parses_dnssec_block ... ok
[INFO] [stdout] test config::tests::load_or_default_parses_ns_hostname_resolve_mode ... ok
[INFO] [stdout] test config::tests::load_or_default_loads_blocked_domains_from_external_toml ... ok
[INFO] [stdout] test config::tests::load_or_default_rejects_directory_used_as_static_records_file ... ok
[INFO] [stdout] test config::tests::load_or_default_loads_authoritative_zones_from_dir_and_view_dir ... ok
[INFO] [stdout] test config::tests::load_or_default_parses_topn_stats_toggle ... ok
[INFO] [stdout] test config::tests::load_or_default_rejects_view_blocked_domains_file_pointing_to_directory ... ok
[INFO] [stdout] test config::tests::minimal_response_defaults_to_true_and_can_be_disabled ... ok
[INFO] [stdout] test config::tests::load_or_default_recovers_misplaced_top_level_fields_from_view_scope ... ok
[INFO] [stdout] test config::tests::ns_hostname_resolve_mode_defaults_to_bootstrap_recursive ... ok
[INFO] [stdout] test config::tests::load_or_default_recovers_misplaced_top_level_fields_from_section_scope ... ok
[INFO] [stdout] test config::tests::load_or_default_parses_dotted_logging_levels ... ok
[INFO] [stdout] test config::tests::validate_rejects_top_level_authoritative_zone_configuration ... ok
[INFO] [stdout] test control::tests::read_request_rejects_invalid_json_payload ... ok
[INFO] [stdout] test config::tests::zero_port_is_rejected ... ok
[INFO] [stdout] test config::tests::topn_stats_defaults_to_disabled ... ok
[INFO] [stdout] test config::tests::pure_iterative_ns_hostname_mode_requires_root_servers ... ok
[INFO] [stdout] test control::tests::read_request_rejects_truncated_frame_payload ... ok
[INFO] [stdout] test control::tests::write_response_includes_version_and_code ... ok
[INFO] [stdout] test ctl_config::tests::default_values_are_stable ... ok
[INFO] [stdout] test config::tests::view_authoritative_records_is_rejected ... ok
[INFO] [stdout] test control::tests::read_request_rejects_empty_frame ... ok
[INFO] [stdout] test dnssec::tests::matches_dnskey_with_parent_ds ... ok
[INFO] [stdout] test dnssec::tests::validates_nsec3_ds_child_zone_nodata_response ... ok
[INFO] [stdout] test dnssec::tests::validates_nsec3_optout_ds_nodata_as_insecure ... ok
[INFO] [stdout] test ctl_config::tests::load_or_default_recovers_legacy_control_fields ... ok
[INFO] [stdout] test dnssec::tests::validates_nsec3_nodata_response ... ok
[INFO] [stdout] test control::tests::read_request_accepts_valid_frame ... ok
[INFO] [stdout] test control::tests::read_request_rejects_frame_larger_than_limit ... ok
[INFO] [stdout] test dnssec::tests::validates_nsec3_nxdomain_response ... ok
[INFO] [stdout] test dnssec::tests::validates_nsec3_optout_referral_as_insecure ... ok
[INFO] [stdout] test dnssec::tests::validates_nsec_nxdomain_response ... ok
[INFO] [stdout] test error::tests::dns_error_converts_to_anyhow ... ok
[INFO] [stdout] test error::tests::dns_error_display_formats_correctly ... ok
[INFO] [stdout] test dnssec::tests::validates_nsec3_wildcard_nodata_response ... ok
[INFO] [stdout] test dnssec::tests::validates_nsec_nodata_response ... ok
[INFO] [stdout] test dnssec::tests::validates_nsec_wildcard_nodata_response ... ok
[INFO] [stdout] test metrics::tests::metrics_snapshot_accumulates_core_counters ... ok
[INFO] [stdout] test metrics::tests::metrics_snapshot_tracks_iterative_and_window_values ... ok
[INFO] [stdout] test dnssec::tests::verifies_root_dnskeys_with_custom_anchor ... ok
[INFO] [stdout] test dnssec::tests::verifies_signed_answer_rrset ... ok
[INFO] [stdout] test policy::tests::domain_matches_is_case_insensitive_and_trailing_dot_safe ... ok
[INFO] [stdout] test policy::tests::domain_matches_required_www_abc_com_semantics ... ok
[INFO] [stdout] test policy::tests::acl_matcher_supports_ipv6_prefix_lookup ... ok
[INFO] [stdout] test policy::tests::domain_matches_plain_suffix_rule ... ok
[INFO] [stdout] test policy::tests::rate_limit_allows_below_cap_and_denies_above ... ok
[INFO] [stdout] test policy::tests::split_horizon_falls_back_to_default_view_without_cidr_match ... ok
[INFO] [stdout] test policy::tests::domain_matches_wildcard_rule ... ok
[INFO] [stdout] test policy::tests::rate_limit_handles_concurrent_access ... ok
[INFO] [stdout] test policy::tests::split_horizon_keeps_config_order_even_with_more_specific_later_cidr ... ok
[INFO] [stdout] test policy::tests::split_horizon_uses_first_matching_view_and_refuses_blocked_domain ... ok
[INFO] [stdout] test policy::tests::split_horizon_without_default_view_keeps_global_behavior ... ok
[INFO] [stdout] test resolver::tests::adaptive_cache_window_expands_and_shrinks_capacity ... ok
[INFO] [stdout] test platform_db::tests::summarize_audit_logs_returns_zero_counts_when_empty ... ok
[INFO] [stdout] test platform_db::tests::plaintext_tokens_remain_backward_compatible ... ok
[INFO] [stdout] test platform_db::tests::summarize_audit_logs_aggregates_counts_and_time_filters ... ok
[INFO] [stdout] test error::tests::dns_error_mutex_poisoned_recovers_data ... ok
[INFO] [stdout] test resolver::tests::cache_hit_restores_request_do_bit_for_dnssec_client ... ok
[INFO] [stdout] test resolver::tests::cname_chain_cache_disabled_does_not_cache_combined ... ok
[INFO] [stdout] test resolver::tests::cache_keys_are_case_insensitive_for_hits ... ok
[INFO] [stdout] test resolver::tests::cache_hit_strips_edns_for_plain_client_after_dnssec_seed ... ok
[INFO] [stdout] test resolver::tests::cname_chain_cache_entry_verifiable_in_cache_store ... ok
[INFO] [stdout] test resolver::tests::cname_chain_cache_combined_result_hits_on_reresolve ... ok
[INFO] [stdout] test resolver::tests::cname_chain_cached_response_has_original_question ... ok
[INFO] [stdout] test resolver::tests::cname_chain_loop_detected_with_inline_cache_enabled ... ok
[INFO] [stdout] test resolver::tests::cname_chain_inline_cache_skips_upstream_for_cached_target ... ok
[INFO] [stdout] test resolver::tests::cname_chain_inline_cache_disabled_queries_every_hop ... ok
[INFO] [stdout] test resolver::tests::cname_followup_keeps_dname_records_without_extra_upstream_queries ... ok
[INFO] [stdout] test resolver::tests::cname_chain_max_depth_exceeded_with_optimizations ... ok
[INFO] [stdout] test resolver::tests::cname_live_cold_vs_warm_www163 ... ignored
[INFO] [stdout] test resolver::tests::cname_live_dualstack_www163_optimized_vs_unoptimized ... ignored
[INFO] [stdout] test resolver::tests::cname_live_forwarder_www163_a_optimized ... ignored
[INFO] [stdout] test resolver::tests::cname_live_iterative_www163_full_walk ... ignored
[INFO] [stdout] test resolver::tests::delegation_cache_uses_longest_suffix_and_respects_failure_backoff ... ok
[INFO] [stdout] test resolver::tests::dnssec_cd_request_copies_cd_bit_and_clears_ad ... ok
[INFO] [stdout] test resolver::tests::dnssec_bad_cache_is_bypassed_by_cd_requests ... ok
[INFO] [stdout] test resolver::tests::dnssec_validated_response_sets_ad_bit ... ok
[INFO] [stdout] test resolver::tests::dnssec_resolver_clears_upstream_ad_without_validation ... ok
[INFO] [stdout] test resolver::tests::dnssec_validation_failure_returns_servfail ... ok
[INFO] [stdout] test resolver::tests::formerr_with_dnssec_do_does_not_downgrade_edns ... ok
[INFO] [stdout] test resolver::tests::formerr_with_edns_retries_same_upstream_without_edns ... ok
[INFO] [stdout] test resolver::tests::iterative_address_family_filters_endpoints_strictly ... ok
[INFO] [stdout] test resolver::tests::iterative_noerror_authority_soa_is_returned_without_fallback ... ok
[INFO] [stdout] test resolver::tests::iterative_qname_minimization_reduces_upstream_question_name ... ok
[INFO] [stdout] test resolver::tests::dnssec_validation_failure_populates_bad_cache ... ok
[INFO] [stdout] test resolver::tests::iterative_terminal_notimp_is_returned_without_forwarder_fallback ... ok
[INFO] [stdout] test resolver::tests::iterative_terminal_refused_is_returned_without_forwarder_fallback ... ok
[INFO] [stdout] test resolver::tests::iterative_terminal_servfail_is_returned_without_forwarder_fallback ... ok
[INFO] [stdout] test resolver::tests::ns_host_cache_expired_entries_are_not_reused ... ok
[INFO] [stdout] test resolver::tests::ns_host_recent_failure_backoff_expires_after_window ... ok
[INFO] [stdout] test resolver::tests::prefetch_budget_exhaustion_limits_followup_prefetches ... ok
[INFO] [stdout] test resolver::tests::prefetch_requires_popularity_threshold ... ok
[INFO] [stdout] test resolver::tests::query_iterative_disables_cname_bridge_fallback_when_configured ... ok
[INFO] [stdout] test resolver::tests::query_iterative_single_skips_invalid_referral_before_ns_resolution ... ok
[INFO] [stdout] test resolver::tests::repeated_tcp_fallback_queries_reuse_same_upstream_connection ... ok
[INFO] [stdout] test resolver::tests::resolve_ns_hostnames_pure_iterative_mode_skips_bootstrap_recursive_queries ... ok
[INFO] [stdout] test resolver::tests::resolve_ns_hostnames_skips_recent_failed_hostname_without_querying ... ok
[INFO] [stdout] test resolver::tests::resolve_ns_hostnames_uses_parallel_bootstrap_resolvers ... ok
[INFO] [stdout] test resolver::tests::cname_chain_dualstack_share_populates_sibling_in_hot_cache ... ok
[INFO] [stdout] test resolver::tests::cname_chain_dualstack_share_disabled_no_background_query ... ok
[INFO] [stdout] test resolver::tests::cname_chain_target_prefetch_disabled_no_extra_queries ... ok
[INFO] [stdout] test resolver::tests::cname_chain_target_prefetch_fires_for_leaf_sibling ... ok
[INFO] [stdout] test resolver::tests::static_cname_chain_expansion_keeps_full_static_chain ... ok
[INFO] [stdout] test resolver::tests::iterative_timeout_budget_is_enforced_before_next_referral_hop ... ok
[INFO] [stdout] test resolver::tests::sharded_inflight_deduplicates_same_key_concurrent_queries ... FAILED
[INFO] [stdout] test resolver::tests::static_record_lookup_accepts_named_qtype_case_insensitively ... ok
[INFO] [stdout] test resolver::tests::static_record_cname_query_returns_configured_target ... ok
[INFO] [stdout] test resolver::tests::static_record_cname_can_serve_a_query_without_upstream ... ok
[INFO] [stdout] test resolver::tests::static_record_cname_expand_toggle_returns_cname_and_final_address ... ok
[INFO] [stdout] test resolver::tests::shared_upstream_udp_transport_handles_concurrent_queries ... ok
[INFO] [stdout] test resolver::tests::upstream_udp_shard_index_is_stable_for_same_query_id ... ok
[INFO] [stdout] test resolver::tests::upstream_tcp_shard_index_normalizes_case_variants ... ok
[INFO] [stdout] test resolver::tests::truncated_udp_response_retries_over_tcp_and_preserves_edns_payload_size ... ok
[INFO] [stdout] test traits::tests::mock_cache_capacity_is_zero_by_default ... ok
[INFO] [stdout] test traits::tests::mock_cache_clear_all ... ok
[INFO] [stdout] test traits::tests::mock_cache_insert_and_get ... ok
[INFO] [stdout] test resolver::tests::cname_chain_all_optimizations_reduce_dualstack_queries ... FAILED
[INFO] [stdout] test traits::tests::mock_dnssec_cache_deterministic_key ... ok
[INFO] [stdout] test traits::tests::mock_cache_trait_object_works ... ok
[INFO] [stdout] test traits::tests::mock_dnssec_cache_miss_returns_none ... ok
[INFO] [stdout] test traits::tests::mock_dnssec_cache_insert_and_get ... ok
[INFO] [stdout] test traits::tests::mock_transport_as_trait_object ... ok
[INFO] [stdout] test traits::tests::real_response_cache_implements_dns_cache ... ok
[INFO] [stdout] test traits::tests::mock_transport_returns_canned_response ... ok
[INFO] [stdout] test topn::tests::top_domains_returns_sorted_results ... ok
[INFO] [stdout] test topn::tests::top_clients_returns_sorted_results ... ok
[INFO] [stdout] test topn::tests::top_domains_with_success_reports_rate ... ok
[INFO] [stdout] test topn::tests::top_n_cap_respected ... ok
[INFO] [stdout] test resolver::tests::stale_cache_is_used_when_upstream_is_unavailable ... ok
[INFO] [stdout] test platform_db::tests::auth_tokens_are_hashed_and_verifiable ... ok
[INFO] [stdout] 
[INFO] [stdout] failures:
[INFO] [stdout] 
[INFO] [stdout] ---- resolver::tests::sharded_inflight_deduplicates_same_key_concurrent_queries stdout ----
[INFO] [stdout] 
[INFO] [stdout] thread 'resolver::tests::sharded_inflight_deduplicates_same_key_concurrent_queries' (4628) panicked at src/resolver/mod.rs:7817:9:
[INFO] [stdout] assertion `left == right` failed
[INFO] [stdout]   left: 24
[INFO] [stdout]  right: 1
[INFO] [stdout] stack backtrace:
[INFO] [stdout]    0:     0x5b09fbb38461 - std[617be2ca0a6fd877]::backtrace_rs::backtrace::libunwind::trace
[INFO] [stdout]                                at /rustc/e3feeb59cd1bdd011a2bfcc0747b55125d9b8527/library/std/src/../../backtrace/src/backtrace/libunwind.rs:117:9
[INFO] [stdout]    1:     0x5b09fbb38461 - std[617be2ca0a6fd877]::backtrace_rs::backtrace::trace_unsynchronized::<std[617be2ca0a6fd877]::sys::backtrace::_print_fmt::{closure#1}>
[INFO] [stdout]                                at /rustc/e3feeb59cd1bdd011a2bfcc0747b55125d9b8527/library/std/src/../../backtrace/src/backtrace/mod.rs:66:14
[INFO] [stdout]    2:     0x5b09fbb38461 - std[617be2ca0a6fd877]::sys::backtrace::_print_fmt
[INFO] [stdout]                                at /rustc/e3feeb59cd1bdd011a2bfcc0747b55125d9b8527/library/std/src/sys/backtrace.rs:74:9
[INFO] [stdout]    3:     0x5b09fbb38461 - <<std[617be2ca0a6fd877]::sys::backtrace::BacktraceLock>::print::DisplayBacktrace as core[a373ad73a504971]::fmt::Display>::fmt
[INFO] [stdout]                                at /rustc/e3feeb59cd1bdd011a2bfcc0747b55125d9b8527/library/std/src/sys/backtrace.rs:44:26
[INFO] [stdout]    4:     0x5b09fbb507ca - <core[a373ad73a504971]::fmt::rt::Argument>::fmt
[INFO] [stdout]                                at /rustc/e3feeb59cd1bdd011a2bfcc0747b55125d9b8527/library/core/src/fmt/rt.rs:152:76
[INFO] [stdout]    5:     0x5b09fbb507ca - core[a373ad73a504971]::fmt::write
[INFO] [stdout]    6:     0x5b09fbb3d9ac - core[a373ad73a504971]::io::write::default_write_fmt::<alloc[2e1b2a31b91974c5]::vec::Vec<u8>>
[INFO] [stdout]                                at /rustc/e3feeb59cd1bdd011a2bfcc0747b55125d9b8527/library/core/src/io/write.rs:402:11
[INFO] [stdout]    7:     0x5b09fbb3d9ac - <alloc[2e1b2a31b91974c5]::vec::Vec<u8> as core[a373ad73a504971]::io::write::Write>::write_fmt
[INFO] [stdout]                                at /rustc/e3feeb59cd1bdd011a2bfcc0747b55125d9b8527/library/core/src/io/write.rs:335:13
[INFO] [stdout]    8:     0x5b09fbb10ac6 - <std[617be2ca0a6fd877]::sys::backtrace::BacktraceLock>::print
[INFO] [stdout]                                at /rustc/e3feeb59cd1bdd011a2bfcc0747b55125d9b8527/library/std/src/sys/backtrace.rs:47:9
[INFO] [stdout]    9:     0x5b09fbb10ac6 - std[617be2ca0a6fd877]::panicking::default_hook::{closure#0}
[INFO] [stdout]                                at /rustc/e3feeb59cd1bdd011a2bfcc0747b55125d9b8527/library/std/src/panicking.rs:289:27
[INFO] [stdout]   10:     0x5b09fbb2f219 - std[617be2ca0a6fd877]::panicking::default_hook
[INFO] [stdout]                                at /rustc/e3feeb59cd1bdd011a2bfcc0747b55125d9b8527/library/std/src/panicking.rs:313:9
[INFO] [stdout]   11:     0x5b09fb2bf8d0 - <alloc[2e1b2a31b91974c5]::boxed::Box<dyn for<'a, 'b> core[a373ad73a504971]::ops::function::Fn<(&'a std[617be2ca0a6fd877]::panic::PanicHookInfo<'b>,), Output = ()> + core[a373ad73a504971]::marker::Sync + core[a373ad73a504971]::marker::Send> as core[a373ad73a504971]::ops::function::Fn<(&std[617be2ca0a6fd877]::panic::PanicHookInfo,)>>::call
[INFO] [stdout]                                at /rustc/e3feeb59cd1bdd011a2bfcc0747b55125d9b8527/library/alloc/src/boxed.rs:2328:9
[INFO] [stdout]   12:     0x5b09fb2bf8d0 - test[aada8e7e76ba119b]::test_main_inner::{closure#0}
[INFO] [stdout]                                at /rustc/e3feeb59cd1bdd011a2bfcc0747b55125d9b8527/library/test/src/lib.rs:137:21
[INFO] [stdout]   13:     0x5b09fbb2f542 - <alloc[2e1b2a31b91974c5]::boxed::Box<dyn for<'a, 'b> core[a373ad73a504971]::ops::function::Fn<(&'a std[617be2ca0a6fd877]::panic::PanicHookInfo<'b>,), Output = ()> + core[a373ad73a504971]::marker::Sync + core[a373ad73a504971]::marker::Send> as core[a373ad73a504971]::ops::function::Fn<(&std[617be2ca0a6fd877]::panic::PanicHookInfo,)>>::call
[INFO] [stdout]                                at /rustc/e3feeb59cd1bdd011a2bfcc0747b55125d9b8527/library/alloc/src/boxed.rs:2328:9
[INFO] [stdout]   14:     0x5b09fbb2f542 - std[617be2ca0a6fd877]::panicking::panic_with_hook
[INFO] [stdout]                                at /rustc/e3feeb59cd1bdd011a2bfcc0747b55125d9b8527/library/std/src/panicking.rs:819:13
[INFO] [stdout]   15:     0x5b09fbb10b72 - std[617be2ca0a6fd877]::panicking::panic_handler::{closure#0}
[INFO] [stdout]                                at /rustc/e3feeb59cd1bdd011a2bfcc0747b55125d9b8527/library/std/src/panicking.rs:685:13
[INFO] [stdout]   16:     0x5b09fbb08ec9 - std[617be2ca0a6fd877]::sys::backtrace::__rust_end_short_backtrace::<std[617be2ca0a6fd877]::panicking::panic_handler::{closure#0}, !>
[INFO] [stdout]                                at /rustc/e3feeb59cd1bdd011a2bfcc0747b55125d9b8527/library/std/src/sys/backtrace.rs:182:18
[INFO] [stdout]   17:     0x5b09fbb11a7d - __rustc[ea4f61d10b84890b]::rust_begin_unwind
[INFO] [stdout]                                at /rustc/e3feeb59cd1bdd011a2bfcc0747b55125d9b8527/library/std/src/panicking.rs:676:5
[INFO] [stdout]   18:     0x5b09fbb5101c - core[a373ad73a504971]::panicking::panic_fmt
[INFO] [stdout]                                at /rustc/e3feeb59cd1bdd011a2bfcc0747b55125d9b8527/library/core/src/panicking.rs:80:14
[INFO] [stdout]   19:     0x5b09fbb50e83 - core[a373ad73a504971]::panicking::assert_failed_inner
[INFO] [stdout]                                at /rustc/e3feeb59cd1bdd011a2bfcc0747b55125d9b8527/library/core/src/panicking.rs:452:17
[INFO] [stdout]   20:     0x5b09fbb4b19d - core[a373ad73a504971]::panicking::assert_failed::<usize, usize>
[INFO] [stdout]                                at /rustc/e3feeb59cd1bdd011a2bfcc0747b55125d9b8527/library/core/src/panicking.rs:407:5
[INFO] [stdout]   21:     0x5b09fad1f469 - cognidns[97081d76749ea50e]::resolver::tests::sharded_inflight_deduplicates_same_key_concurrent_queries::{closure#0}
[INFO] [stdout]                                at /opt/rustwide/workdir/src/resolver/mod.rs:7817:9
[INFO] [stdout]   22:     0x5b09fb00aca5 - <core[a373ad73a504971]::pin::Pin<&mut dyn core[a373ad73a504971]::future::future::Future<Output = core[a373ad73a504971]::result::Result<(), anyhow[b780eabbadaab445]::Error>>> as core[a373ad73a504971]::future::future::Future>::poll
[INFO] [stdout]                                at /rustc/e3feeb59cd1bdd011a2bfcc0747b55125d9b8527/library/core/src/future/future.rs:133:9
[INFO] [stdout]   23:     0x5b09fb00ad9d - <core[a373ad73a504971]::pin::Pin<&mut core[a373ad73a504971]::pin::Pin<&mut dyn core[a373ad73a504971]::future::future::Future<Output = core[a373ad73a504971]::result::Result<(), anyhow[b780eabbadaab445]::Error>>>> as core[a373ad73a504971]::future::future::Future>::poll
[INFO] [stdout]                                at /rustc/e3feeb59cd1bdd011a2bfcc0747b55125d9b8527/library/core/src/future/future.rs:133:9
[INFO] [stdout]   24:     0x5b09fb1bc1cd - <tokio[23daafbf24c6963c]::runtime::scheduler::current_thread::CoreGuard>::block_on::<core[a373ad73a504971]::pin::Pin<&mut core[a373ad73a504971]::pin::Pin<&mut dyn core[a373ad73a504971]::future::future::Future<Output = core[a373ad73a504971]::result::Result<(), anyhow[b780eabbadaab445]::Error>>>>>::{closure#0}::{closure#0}::{closure#0}
[INFO] [stdout]                                at /opt/rustwide/cargo-home/registry/src/index.crates.io-1949cf8c6b5b557f/tokio-1.52.3/src/runtime/scheduler/current_thread/mod.rs:778:70
[INFO] [stdout]   25:     0x5b09fb1bbfb8 - tokio[23daafbf24c6963c]::task::coop::with_budget::<core[a373ad73a504971]::task::poll::Poll<core[a373ad73a504971]::result::Result<(), anyhow[b780eabbadaab445]::Error>>, <tokio[23daafbf24c6963c]::runtime::scheduler::current_thread::CoreGuard>::block_on<core[a373ad73a504971]::pin::Pin<&mut core[a373ad73a504971]::pin::Pin<&mut dyn core[a373ad73a504971]::future::future::Future<Output = core[a373ad73a504971]::result::Result<(), anyhow[b780eabbadaab445]::Error>>>>>::{closure#0}::{closure#0}::{closure#0}>
[INFO] [stdout]                                at /opt/rustwide/cargo-home/registry/src/index.crates.io-1949cf8c6b5b557f/tokio-1.52.3/src/task/coop/mod.rs:167:5
[INFO] [stdout]   26:     0x5b09fb1bbfb8 - tokio[23daafbf24c6963c]::task::coop::budget::<core[a373ad73a504971]::task::poll::Poll<core[a373ad73a504971]::result::Result<(), anyhow[b780eabbadaab445]::Error>>, <tokio[23daafbf24c6963c]::runtime::scheduler::current_thread::CoreGuard>::block_on<core[a373ad73a504971]::pin::Pin<&mut core[a373ad73a504971]::pin::Pin<&mut dyn core[a373ad73a504971]::future::future::Future<Output = core[a373ad73a504971]::result::Result<(), anyhow[b780eabbadaab445]::Error>>>>>::{closure#0}::{closure#0}::{closure#0}>
[INFO] [stdout]                                at /opt/rustwide/cargo-home/registry/src/index.crates.io-1949cf8c6b5b557f/tokio-1.52.3/src/task/coop/mod.rs:133:5
[INFO] [stdout]   27:     0x5b09fb1bbfb8 - <tokio[23daafbf24c6963c]::runtime::scheduler::current_thread::CoreGuard>::block_on::<core[a373ad73a504971]::pin::Pin<&mut core[a373ad73a504971]::pin::Pin<&mut dyn core[a373ad73a504971]::future::future::Future<Output = core[a373ad73a504971]::result::Result<(), anyhow[b780eabbadaab445]::Error>>>>>::{closure#0}::{closure#0}
[INFO] [stdout]                                at /opt/rustwide/cargo-home/registry/src/index.crates.io-1949cf8c6b5b557f/tokio-1.52.3/src/runtime/scheduler/current_thread/mod.rs:778:25
[INFO] [stdout]   28:     0x5b09fb18ce67 - <tokio[23daafbf24c6963c]::runtime::scheduler::current_thread::Context>::enter::<core[a373ad73a504971]::task::poll::Poll<core[a373ad73a504971]::result::Result<(), anyhow[b780eabbadaab445]::Error>>, <tokio[23daafbf24c6963c]::runtime::scheduler::current_thread::CoreGuard>::block_on<core[a373ad73a504971]::pin::Pin<&mut core[a373ad73a504971]::pin::Pin<&mut dyn core[a373ad73a504971]::future::future::Future<Output = core[a373ad73a504971]::result::Result<(), anyhow[b780eabbadaab445]::Error>>>>>::{closure#0}::{closure#0}>
[INFO] [stdout]                                at /opt/rustwide/cargo-home/registry/src/index.crates.io-1949cf8c6b5b557f/tokio-1.52.3/src/runtime/scheduler/current_thread/mod.rs:451:19
[INFO] [stdout]   29:     0x5b09fb1ba51d - <tokio[23daafbf24c6963c]::runtime::scheduler::current_thread::CoreGuard>::block_on::<core[a373ad73a504971]::pin::Pin<&mut core[a373ad73a504971]::pin::Pin<&mut dyn core[a373ad73a504971]::future::future::Future<Output = core[a373ad73a504971]::result::Result<(), anyhow[b780eabbadaab445]::Error>>>>>::{closure#0}
[INFO] [stdout]                                at /opt/rustwide/cargo-home/registry/src/index.crates.io-1949cf8c6b5b557f/tokio-1.52.3/src/runtime/scheduler/current_thread/mod.rs:777:44
[INFO] [stdout]   30:     0x5b09fb1b8c7b - <tokio[23daafbf24c6963c]::runtime::scheduler::current_thread::CoreGuard>::enter::<<tokio[23daafbf24c6963c]::runtime::scheduler::current_thread::CoreGuard>::block_on<core[a373ad73a504971]::pin::Pin<&mut core[a373ad73a504971]::pin::Pin<&mut dyn core[a373ad73a504971]::future::future::Future<Output = core[a373ad73a504971]::result::Result<(), anyhow[b780eabbadaab445]::Error>>>>>::{closure#0}, core[a373ad73a504971]::option::Option<core[a373ad73a504971]::result::Result<(), anyhow[b780eabbadaab445]::Error>>>::{closure#0}
[INFO] [stdout]                                at /opt/rustwide/cargo-home/registry/src/index.crates.io-1949cf8c6b5b557f/tokio-1.52.3/src/runtime/scheduler/current_thread/mod.rs:865:68
[INFO] [stdout]   31:     0x5b09fb0aa5aa - <tokio[23daafbf24c6963c]::runtime::context::scoped::Scoped<tokio[23daafbf24c6963c]::runtime::scheduler::Context>>::set::<<tokio[23daafbf24c6963c]::runtime::scheduler::current_thread::CoreGuard>::enter<<tokio[23daafbf24c6963c]::runtime::scheduler::current_thread::CoreGuard>::block_on<core[a373ad73a504971]::pin::Pin<&mut core[a373ad73a504971]::pin::Pin<&mut dyn core[a373ad73a504971]::future::future::Future<Output = core[a373ad73a504971]::result::Result<(), anyhow[b780eabbadaab445]::Error>>>>>::{closure#0}, core[a373ad73a504971]::option::Option<core[a373ad73a504971]::result::Result<(), anyhow[b780eabbadaab445]::Error>>>::{closure#0}, (alloc[2e1b2a31b91974c5]::boxed::Box<tokio[23daafbf24c6963c]::runtime::scheduler::current_thread::Core>, core[a373ad73a504971]::option::Option<core[a373ad73a504971]::result::Result<(), anyhow[b780eabbadaab445]::Error>>)>
[INFO] [stdout]                                at /opt/rustwide/cargo-home/registry/src/index.crates.io-1949cf8c6b5b557f/tokio-1.52.3/src/runtime/context/scoped.rs:40:9
[INFO] [stdout]   32:     0x5b09fb00687a - tokio[23daafbf24c6963c]::runtime::context::set_scheduler::<(alloc[2e1b2a31b91974c5]::boxed::Box<tokio[23daafbf24c6963c]::runtime::scheduler::current_thread::Core>, core[a373ad73a504971]::option::Option<core[a373ad73a504971]::result::Result<(), anyhow[b780eabbadaab445]::Error>>), <tokio[23daafbf24c6963c]::runtime::scheduler::current_thread::CoreGuard>::enter<<tokio[23daafbf24c6963c]::runtime::scheduler::current_thread::CoreGuard>::block_on<core[a373ad73a504971]::pin::Pin<&mut core[a373ad73a504971]::pin::Pin<&mut dyn core[a373ad73a504971]::future::future::Future<Output = core[a373ad73a504971]::result::Result<(), anyhow[b780eabbadaab445]::Error>>>>>::{closure#0}, core[a373ad73a504971]::option::Option<core[a373ad73a504971]::result::Result<(), anyhow[b780eabbadaab445]::Error>>>::{closure#0}>::{closure#0}
[INFO] [stdout]                                at /opt/rustwide/cargo-home/registry/src/index.crates.io-1949cf8c6b5b557f/tokio-1.52.3/src/runtime/context.rs:181:38
[INFO] [stdout]   33:     0x5b09facb235c - <std[617be2ca0a6fd877]::thread::local::LocalKey<tokio[23daafbf24c6963c]::runtime::context::Context>>::try_with::<tokio[23daafbf24c6963c]::runtime::context::set_scheduler<(alloc[2e1b2a31b91974c5]::boxed::Box<tokio[23daafbf24c6963c]::runtime::scheduler::current_thread::Core>, core[a373ad73a504971]::option::Option<core[a373ad73a504971]::result::Result<(), anyhow[b780eabbadaab445]::Error>>), <tokio[23daafbf24c6963c]::runtime::scheduler::current_thread::CoreGuard>::enter<<tokio[23daafbf24c6963c]::runtime::scheduler::current_thread::CoreGuard>::block_on<core[a373ad73a504971]::pin::Pin<&mut core[a373ad73a504971]::pin::Pin<&mut dyn core[a373ad73a504971]::future::future::Future<Output = core[a373ad73a504971]::result::Result<(), anyhow[b780eabbadaab445]::Error>>>>>::{closure#0}, core[a373ad73a504971]::option::Option<core[a373ad73a504971]::result::Result<(), anyhow[b780eabbadaab445]::Error>>>::{closure#0}>::{closure#0}, (alloc[2e1b2a31b91974c5]::boxed::Box<tokio[23daafbf24c6963c]::runtime::scheduler::current_thread::Core>, core[a373ad73a504971]::option::Option<core[a373ad73a504971]::result::Result<(), anyhow[b780eabbadaab445]::Error>>)>
[INFO] [stdout]                                at /rustc/e3feeb59cd1bdd011a2bfcc0747b55125d9b8527/library/std/src/thread/local.rs:463:12
[INFO] [stdout]   34:     0x5b09facb1c2c - <std[617be2ca0a6fd877]::thread::local::LocalKey<tokio[23daafbf24c6963c]::runtime::context::Context>>::with::<tokio[23daafbf24c6963c]::runtime::context::set_scheduler<(alloc[2e1b2a31b91974c5]::boxed::Box<tokio[23daafbf24c6963c]::runtime::scheduler::current_thread::Core>, core[a373ad73a504971]::option::Option<core[a373ad73a504971]::result::Result<(), anyhow[b780eabbadaab445]::Error>>), <tokio[23daafbf24c6963c]::runtime::scheduler::current_thread::CoreGuard>::enter<<tokio[23daafbf24c6963c]::runtime::scheduler::current_thread::CoreGuard>::block_on<core[a373ad73a504971]::pin::Pin<&mut core[a373ad73a504971]::pin::Pin<&mut dyn core[a373ad73a504971]::future::future::Future<Output = core[a373ad73a504971]::result::Result<(), anyhow[b780eabbadaab445]::Error>>>>>::{closure#0}, core[a373ad73a504971]::option::Option<core[a373ad73a504971]::result::Result<(), anyhow[b780eabbadaab445]::Error>>>::{closure#0}>::{closure#0}, (alloc[2e1b2a31b91974c5]::boxed::Box<tokio[23daafbf24c6963c]::runtime::scheduler::current_thread::Core>, core[a373ad73a504971]::option::Option<core[a373ad73a504971]::result::Result<(), anyhow[b780eabbadaab445]::Error>>)>
[INFO] [stdout]                                at /rustc/e3feeb59cd1bdd011a2bfcc0747b55125d9b8527/library/std/src/thread/local.rs:427:20
[INFO] [stdout]   35:     0x5b09fafeee61 - tokio[23daafbf24c6963c]::runtime::context::set_scheduler::<(alloc[2e1b2a31b91974c5]::boxed::Box<tokio[23daafbf24c6963c]::runtime::scheduler::current_thread::Core>, core[a373ad73a504971]::option::Option<core[a373ad73a504971]::result::Result<(), anyhow[b780eabbadaab445]::Error>>), <tokio[23daafbf24c6963c]::runtime::scheduler::current_thread::CoreGuard>::enter<<tokio[23daafbf24c6963c]::runtime::scheduler::current_thread::CoreGuard>::block_on<core[a373ad73a504971]::pin::Pin<&mut core[a373ad73a504971]::pin::Pin<&mut dyn core[a373ad73a504971]::future::future::Future<Output = core[a373ad73a504971]::result::Result<(), anyhow[b780eabbadaab445]::Error>>>>>::{closure#0}, core[a373ad73a504971]::option::Option<core[a373ad73a504971]::result::Result<(), anyhow[b780eabbadaab445]::Error>>>::{closure#0}>
[INFO] [stdout]                                at /opt/rustwide/cargo-home/registry/src/index.crates.io-1949cf8c6b5b557f/tokio-1.52.3/src/runtime/context.rs:181:17
[INFO] [stdout]   36:     0x5b09fb1a56b9 - <tokio[23daafbf24c6963c]::runtime::scheduler::current_thread::CoreGuard>::enter::<<tokio[23daafbf24c6963c]::runtime::scheduler::current_thread::CoreGuard>::block_on<core[a373ad73a504971]::pin::Pin<&mut core[a373ad73a504971]::pin::Pin<&mut dyn core[a373ad73a504971]::future::future::Future<Output = core[a373ad73a504971]::result::Result<(), anyhow[b780eabbadaab445]::Error>>>>>::{closure#0}, core[a373ad73a504971]::option::Option<core[a373ad73a504971]::result::Result<(), anyhow[b780eabbadaab445]::Error>>>
[INFO] [stdout]                                at /opt/rustwide/cargo-home/registry/src/index.crates.io-1949cf8c6b5b557f/tokio-1.52.3/src/runtime/scheduler/current_thread/mod.rs:865:27
[INFO] [stdout]   37:     0x5b09fb1a5e86 - <tokio[23daafbf24c6963c]::runtime::scheduler::current_thread::CoreGuard>::block_on::<core[a373ad73a504971]::pin::Pin<&mut core[a373ad73a504971]::pin::Pin<&mut dyn core[a373ad73a504971]::future::future::Future<Output = core[a373ad73a504971]::result::Result<(), anyhow[b780eabbadaab445]::Error>>>>>
[INFO] [stdout]                                at /opt/rustwide/cargo-home/registry/src/index.crates.io-1949cf8c6b5b557f/tokio-1.52.3/src/runtime/scheduler/current_thread/mod.rs:765:24
[INFO] [stdout]   38:     0x5b09fb1b8019 - <tokio[23daafbf24c6963c]::runtime::scheduler::current_thread::CurrentThread>::block_on::<core[a373ad73a504971]::pin::Pin<&mut dyn core[a373ad73a504971]::future::future::Future<Output = core[a373ad73a504971]::result::Result<(), anyhow[b780eabbadaab445]::Error>>>>::{closure#0}
[INFO] [stdout]                                at /opt/rustwide/cargo-home/registry/src/index.crates.io-1949cf8c6b5b557f/tokio-1.52.3/src/runtime/scheduler/current_thread/mod.rs:205:33
[INFO] [stdout]   39:     0x5b09fab8e4b8 - tokio[23daafbf24c6963c]::runtime::context::runtime::enter_runtime::<<tokio[23daafbf24c6963c]::runtime::scheduler::current_thread::CurrentThread>::block_on<core[a373ad73a504971]::pin::Pin<&mut dyn core[a373ad73a504971]::future::future::Future<Output = core[a373ad73a504971]::result::Result<(), anyhow[b780eabbadaab445]::Error>>>>::{closure#0}, core[a373ad73a504971]::result::Result<(), anyhow[b780eabbadaab445]::Error>>
[INFO] [stdout]                                at /opt/rustwide/cargo-home/registry/src/index.crates.io-1949cf8c6b5b557f/tokio-1.52.3/src/runtime/context/runtime.rs:65:16
[INFO] [stdout]   40:     0x5b09fb171c64 - <tokio[23daafbf24c6963c]::runtime::scheduler::current_thread::CurrentThread>::block_on::<core[a373ad73a504971]::pin::Pin<&mut dyn core[a373ad73a504971]::future::future::Future<Output = core[a373ad73a504971]::result::Result<(), anyhow[b780eabbadaab445]::Error>>>>
[INFO] [stdout]                                at /opt/rustwide/cargo-home/registry/src/index.crates.io-1949cf8c6b5b557f/tokio-1.52.3/src/runtime/scheduler/current_thread/mod.rs:193:9
[INFO] [stdout]   41:     0x5b09fad60874 - <tokio[23daafbf24c6963c]::runtime::runtime::Runtime>::block_on_inner::<core[a373ad73a504971]::pin::Pin<&mut dyn core[a373ad73a504971]::future::future::Future<Output = core[a373ad73a504971]::result::Result<(), anyhow[b780eabbadaab445]::Error>>>>
[INFO] [stdout]                                at /opt/rustwide/cargo-home/registry/src/index.crates.io-1949cf8c6b5b557f/tokio-1.52.3/src/runtime/runtime.rs:371:52
[INFO] [stdout]   42:     0x5b09fad60af1 - <tokio[23daafbf24c6963c]::runtime::runtime::Runtime>::block_on::<core[a373ad73a504971]::pin::Pin<&mut dyn core[a373ad73a504971]::future::future::Future<Output = core[a373ad73a504971]::result::Result<(), anyhow[b780eabbadaab445]::Error>>>>
[INFO] [stdout]                                at /opt/rustwide/cargo-home/registry/src/index.crates.io-1949cf8c6b5b557f/tokio-1.52.3/src/runtime/runtime.rs:345:18
[INFO] [stdout]   43:     0x5b09fad58554 - cognidns[97081d76749ea50e]::resolver::tests::sharded_inflight_deduplicates_same_key_concurrent_queries
[INFO] [stdout]                                at /opt/rustwide/workdir/src/resolver/mod.rs:7820:11
[INFO] [stdout]   44:     0x5b09facf3c97 - cognidns[97081d76749ea50e]::resolver::tests::sharded_inflight_deduplicates_same_key_concurrent_queries::{closure#0}
[INFO] [stdout]                                at /opt/rustwide/workdir/src/resolver/mod.rs:7787:77
[INFO] [stdout]   45:     0x5b09facaf606 - <cognidns[97081d76749ea50e]::resolver::tests::sharded_inflight_deduplicates_same_key_concurrent_queries::{closure#0} as core[a373ad73a504971]::ops::function::FnOnce<()>>::call_once
[INFO] [stdout]                                at /rustc/e3feeb59cd1bdd011a2bfcc0747b55125d9b8527/library/core/src/ops/function.rs:250:5
[INFO] [stdout]   46:     0x5b09fb2b2d1b - <fn() -> core[a373ad73a504971]::result::Result<(), alloc[2e1b2a31b91974c5]::string::String> as core[a373ad73a504971]::ops::function::FnOnce<()>>::call_once
[INFO] [stdout]                                at /rustc/e3feeb59cd1bdd011a2bfcc0747b55125d9b8527/library/core/src/ops/function.rs:250:5
[INFO] [stdout]   47:     0x5b09fb2b2d1b - test[aada8e7e76ba119b]::__rust_begin_short_backtrace::<core[a373ad73a504971]::result::Result<(), alloc[2e1b2a31b91974c5]::string::String>, fn() -> core[a373ad73a504971]::result::Result<(), alloc[2e1b2a31b91974c5]::string::String>>
[INFO] [stdout]                                at /rustc/e3feeb59cd1bdd011a2bfcc0747b55125d9b8527/library/test/src/lib.rs:701:18
[INFO] [stdout]   48:     0x5b09fb2bfef5 - test[aada8e7e76ba119b]::run_test_in_process::{closure#0}
[INFO] [stdout]                                at /rustc/e3feeb59cd1bdd011a2bfcc0747b55125d9b8527/library/test/src/lib.rs:724:74
[INFO] [stdout]   49:     0x5b09fb2bfef5 - <core[a373ad73a504971]::panic::unwind_safe::AssertUnwindSafe<test[aada8e7e76ba119b]::run_test_in_process::{closure#0}> as core[a373ad73a504971]::ops::function::FnOnce<()>>::call_once
[INFO] [stdout]                                at /rustc/e3feeb59cd1bdd011a2bfcc0747b55125d9b8527/library/core/src/panic/unwind_safe.rs:275:9
[INFO] [stdout]   50:     0x5b09fb2bfef5 - std[617be2ca0a6fd877]::panicking::catch_unwind::do_call::<core[a373ad73a504971]::panic::unwind_safe::AssertUnwindSafe<test[aada8e7e76ba119b]::run_test_in_process::{closure#0}>, core[a373ad73a504971]::result::Result<(), alloc[2e1b2a31b91974c5]::string::String>>
[INFO] [stdout]                                at /rustc/e3feeb59cd1bdd011a2bfcc0747b55125d9b8527/library/std/src/panicking.rs:573:43
[INFO] [stdout]   51:     0x5b09fb2bfef5 - std[617be2ca0a6fd877]::panicking::catch_unwind::<core[a373ad73a504971]::result::Result<(), alloc[2e1b2a31b91974c5]::string::String>, core[a373ad73a504971]::panic::unwind_safe::AssertUnwindSafe<test[aada8e7e76ba119b]::run_test_in_process::{closure#0}>>
[INFO] [stdout]                                at /rustc/e3feeb59cd1bdd011a2bfcc0747b55125d9b8527/library/std/src/panicking.rs:541:19
[INFO] [stdout]   52:     0x5b09fb2bfef5 - std[617be2ca0a6fd877]::panic::catch_unwind::<core[a373ad73a504971]::panic::unwind_safe::AssertUnwindSafe<test[aada8e7e76ba119b]::run_test_in_process::{closure#0}>, core[a373ad73a504971]::result::Result<(), alloc[2e1b2a31b91974c5]::string::String>>
[INFO] [stdout]                                at /rustc/e3feeb59cd1bdd011a2bfcc0747b55125d9b8527/library/std/src/panic.rs:359:14
[INFO] [stdout]   53:     0x5b09fb2bfef5 - test[aada8e7e76ba119b]::run_test_in_process
[INFO] [stdout]                                at /rustc/e3feeb59cd1bdd011a2bfcc0747b55125d9b8527/library/test/src/lib.rs:724:27
[INFO] [stdout]   54:     0x5b09fb2bfef5 - test[aada8e7e76ba119b]::run_test::{closure#0}
[INFO] [stdout]                                at /rustc/e3feeb59cd1bdd011a2bfcc0747b55125d9b8527/library/test/src/lib.rs:645:43
[INFO] [stdout]   55:     0x5b09fb2b97e4 - test[aada8e7e76ba119b]::run_test::{closure#1}
[INFO] [stdout]                                at /rustc/e3feeb59cd1bdd011a2bfcc0747b55125d9b8527/library/test/src/lib.rs:675:41
[INFO] [stdout]   56:     0x5b09fb2b97e4 - std[617be2ca0a6fd877]::sys::backtrace::__rust_begin_short_backtrace::<test[aada8e7e76ba119b]::run_test::{closure#1}, ()>
[INFO] [stdout]                                at /rustc/e3feeb59cd1bdd011a2bfcc0747b55125d9b8527/library/std/src/sys/backtrace.rs:166:18
[INFO] [stdout]   57:     0x5b09fb2c2f82 - std[617be2ca0a6fd877]::thread::lifecycle::spawn_unchecked::<test[aada8e7e76ba119b]::run_test::{closure#1}, ()>::{closure#1}::{closure#0}
[INFO] [stdout]                                at /rustc/e3feeb59cd1bdd011a2bfcc0747b55125d9b8527/library/std/src/thread/lifecycle.rs:70:13
[INFO] [stdout]   58:     0x5b09fb2c2f82 - <core[a373ad73a504971]::panic::unwind_safe::AssertUnwindSafe<std[617be2ca0a6fd877]::thread::lifecycle::spawn_unchecked<test[aada8e7e76ba119b]::run_test::{closure#1}, ()>::{closure#1}::{closure#0}> as core[a373ad73a504971]::ops::function::FnOnce<()>>::call_once
[INFO] [stdout]                                at /rustc/e3feeb59cd1bdd011a2bfcc0747b55125d9b8527/library/core/src/panic/unwind_safe.rs:275:9
[INFO] [stdout]   59:     0x5b09fb2c2f82 - std[617be2ca0a6fd877]::panicking::catch_unwind::do_call::<core[a373ad73a504971]::panic::unwind_safe::AssertUnwindSafe<std[617be2ca0a6fd877]::thread::lifecycle::spawn_unchecked<test[aada8e7e76ba119b]::run_test::{closure#1}, ()>::{closure#1}::{closure#0}>, ()>
[INFO] [stdout]                                at /rustc/e3feeb59cd1bdd011a2bfcc0747b55125d9b8527/library/std/src/panicking.rs:573:43
[INFO] [stdout]   60:     0x5b09fb2c2f82 - std[617be2ca0a6fd877]::panicking::catch_unwind::<(), core[a373ad73a504971]::panic::unwind_safe::AssertUnwindSafe<std[617be2ca0a6fd877]::thread::lifecycle::spawn_unchecked<test[aada8e7e76ba119b]::run_test::{closure#1}, ()>::{closure#1}::{closure#0}>>
[INFO] [stdout]                                at /rustc/e3feeb59cd1bdd011a2bfcc0747b55125d9b8527/library/std/src/panicking.rs:541:19
[INFO] [stdout]   61:     0x5b09fb2c2f82 - std[617be2ca0a6fd877]::panic::catch_unwind::<core[a373ad73a504971]::panic::unwind_safe::AssertUnwindSafe<std[617be2ca0a6fd877]::thread::lifecycle::spawn_unchecked<test[aada8e7e76ba119b]::run_test::{closure#1}, ()>::{closure#1}::{closure#0}>, ()>
[INFO] [stdout]                                at /rustc/e3feeb59cd1bdd011a2bfcc0747b55125d9b8527/library/std/src/panic.rs:359:14
[INFO] [stdout]   62:     0x5b09fb2c2f82 - std[617be2ca0a6fd877]::thread::lifecycle::spawn_unchecked::<test[aada8e7e76ba119b]::run_test::{closure#1}, ()>::{closure#1}
[INFO] [stdout]                                at /rustc/e3feeb59cd1bdd011a2bfcc0747b55125d9b8527/library/std/src/thread/lifecycle.rs:68:26
[INFO] [stdout]   63:     0x5b09fb2c2f82 - <std[617be2ca0a6fd877]::thread::lifecycle::spawn_unchecked<test[aada8e7e76ba119b]::run_test::{closure#1}, ()>::{closure#1} as core[a373ad73a504971]::ops::function::FnOnce<()>>::call_once::{shim:vtable#0}
[INFO] [stdout]                                at /rustc/e3feeb59cd1bdd011a2bfcc0747b55125d9b8527/library/core/src/ops/function.rs:250:5
[INFO] [stdout]   64:     0x5b09fbb373cf - <alloc[2e1b2a31b91974c5]::boxed::Box<dyn core[a373ad73a504971]::ops::function::FnOnce<(), Output = ()> + core[a373ad73a504971]::marker::Send> as core[a373ad73a504971]::ops::function::FnOnce<()>>::call_once
[INFO] [stdout]                                at /rustc/e3feeb59cd1bdd011a2bfcc0747b55125d9b8527/library/alloc/src/boxed.rs:2314:9
[INFO] [stdout]   65:     0x5b09fbb373cf - <std[617be2ca0a6fd877]::sys::thread::unix::Thread>::new::thread_start
[INFO] [stdout]                                at /rustc/e3feeb59cd1bdd011a2bfcc0747b55125d9b8527/library/std/src/sys/thread/unix.rs:127:17
[INFO] [stdout]   66:     0x7ae221d73dfa - <unknown>
[INFO] [stdout]   67:     0x7ae221e073d4 - clone
[INFO] [stdout]   68:                0x0 - <unknown>
[INFO] [stdout] 
[INFO] [stdout] ---- resolver::tests::cname_chain_all_optimizations_reduce_dualstack_queries stdout ----
[INFO] [stdout] 
[INFO] [stdout] thread 'resolver::tests::cname_chain_all_optimizations_reduce_dualstack_queries' (4588) panicked at src/resolver/mod.rs:8617:9:
[INFO] [stdout] optimized dual-stack: expected ≤ 5 effective queries, got 6 (A=3, AAAA=4, bg=1)
[INFO] [stdout] stack backtrace:
[INFO] [stdout]    0:     0x5b09fbb38461 - std[617be2ca0a6fd877]::backtrace_rs::backtrace::libunwind::trace
[INFO] [stdout]                                at /rustc/e3feeb59cd1bdd011a2bfcc0747b55125d9b8527/library/std/src/../../backtrace/src/backtrace/libunwind.rs:117:9
[INFO] [stdout]    1:     0x5b09fbb38461 - std[617be2ca0a6fd877]::backtrace_rs::backtrace::trace_unsynchronized::<std[617be2ca0a6fd877]::sys::backtrace::_print_fmt::{closure#1}>
[INFO] [stdout]                                at /rustc/e3feeb59cd1bdd011a2bfcc0747b55125d9b8527/library/std/src/../../backtrace/src/backtrace/mod.rs:66:14
[INFO] [stdout]    2:     0x5b09fbb38461 - std[617be2ca0a6fd877]::sys::backtrace::_print_fmt
[INFO] [stdout]                                at /rustc/e3feeb59cd1bdd011a2bfcc0747b55125d9b8527/library/std/src/sys/backtrace.rs:74:9
[INFO] [stdout]    3:     0x5b09fbb38461 - <<std[617be2ca0a6fd877]::sys::backtrace::BacktraceLock>::print::DisplayBacktrace as core[a373ad73a504971]::fmt::Display>::fmt
[INFO] [stdout]                                at /rustc/e3feeb59cd1bdd011a2bfcc0747b55125d9b8527/library/std/src/sys/backtrace.rs:44:26
[INFO] [stdout]    4:     0x5b09fbb507ca - <core[a373ad73a504971]::fmt::rt::Argument>::fmt
[INFO] [stdout]                                at /rustc/e3feeb59cd1bdd011a2bfcc0747b55125d9b8527/library/core/src/fmt/rt.rs:152:76
[INFO] [stdout]    5:     0x5b09fbb507ca - core[a373ad73a504971]::fmt::write
[INFO] [stdout]    6:     0x5b09fbb3d9ac - core[a373ad73a504971]::io::write::default_write_fmt::<alloc[2e1b2a31b91974c5]::vec::Vec<u8>>
[INFO] [stdout]                                at /rustc/e3feeb59cd1bdd011a2bfcc0747b55125d9b8527/library/core/src/io/write.rs:402:11
[INFO] [stdout]    7:     0x5b09fbb3d9ac - <alloc[2e1b2a31b91974c5]::vec::Vec<u8> as core[a373ad73a504971]::io::write::Write>::write_fmt
[INFO] [stdout]                                at /rustc/e3feeb59cd1bdd011a2bfcc0747b55125d9b8527/library/core/src/io/write.rs:335:13
[INFO] [stdout]    8:     0x5b09fbb10ac6 - <std[617be2ca0a6fd877]::sys::backtrace::BacktraceLock>::print
[INFO] [stdout]                                at /rustc/e3feeb59cd1bdd011a2bfcc0747b55125d9b8527/library/std/src/sys/backtrace.rs:47:9
[INFO] [stdout]    9:     0x5b09fbb10ac6 - std[617be2ca0a6fd877]::panicking::default_hook::{closure#0}
[INFO] [stdout]                                at /rustc/e3feeb59cd1bdd011a2bfcc0747b55125d9b8527/library/std/src/panicking.rs:289:27
[INFO] [stdout]   10:     0x5b09fbb2f219 - std[617be2ca0a6fd877]::panicking::default_hook
[INFO] [stdout]                                at /rustc/e3feeb59cd1bdd011a2bfcc0747b55125d9b8527/library/std/src/panicking.rs:313:9
[INFO] [stdout]   11:     0x5b09fb2bf8d0 - <alloc[2e1b2a31b91974c5]::boxed::Box<dyn for<'a, 'b> core[a373ad73a504971]::ops::function::Fn<(&'a std[617be2ca0a6fd877]::panic::PanicHookInfo<'b>,), Output = ()> + core[a373ad73a504971]::marker::Sync + core[a373ad73a504971]::marker::Send> as core[a373ad73a504971]::ops::function::Fn<(&std[617be2ca0a6fd877]::panic::PanicHookInfo,)>>::call
[INFO] [stdout]                                at /rustc/e3feeb59cd1bdd011a2bfcc0747b55125d9b8527/library/alloc/src/boxed.rs:2328:9
[INFO] [stdout]   12:     0x5b09fb2bf8d0 - test[aada8e7e76ba119b]::test_main_inner::{closure#0}
[INFO] [stdout]                                at /rustc/e3feeb59cd1bdd011a2bfcc0747b55125d9b8527/library/test/src/lib.rs:137:21
[INFO] [stdout]   13:     0x5b09fbb2f542 - <alloc[2e1b2a31b91974c5]::boxed::Box<dyn for<'a, 'b> core[a373ad73a504971]::ops::function::Fn<(&'a std[617be2ca0a6fd877]::panic::PanicHookInfo<'b>,), Output = ()> + core[a373ad73a504971]::marker::Sync + core[a373ad73a504971]::marker::Send> as core[a373ad73a504971]::ops::function::Fn<(&std[617be2ca0a6fd877]::panic::PanicHookInfo,)>>::call
[INFO] [stdout]                                at /rustc/e3feeb59cd1bdd011a2bfcc0747b55125d9b8527/library/alloc/src/boxed.rs:2328:9
[INFO] [stdout]   14:     0x5b09fbb2f542 - std[617be2ca0a6fd877]::panicking::panic_with_hook
[INFO] [stdout]                                at /rustc/e3feeb59cd1bdd011a2bfcc0747b55125d9b8527/library/std/src/panicking.rs:819:13
[INFO] [stdout]   15:     0x5b09fbb10b72 - std[617be2ca0a6fd877]::panicking::panic_handler::{closure#0}
[INFO] [stdout]                                at /rustc/e3feeb59cd1bdd011a2bfcc0747b55125d9b8527/library/std/src/panicking.rs:685:13
[INFO] [stdout]   16:     0x5b09fbb08ec9 - std[617be2ca0a6fd877]::sys::backtrace::__rust_end_short_backtrace::<std[617be2ca0a6fd877]::panicking::panic_handler::{closure#0}, !>
[INFO] [stdout]                                at /rustc/e3feeb59cd1bdd011a2bfcc0747b55125d9b8527/library/std/src/sys/backtrace.rs:182:18
[INFO] [stdout]   17:     0x5b09fbb11a7d - __rustc[ea4f61d10b84890b]::rust_begin_unwind
[INFO] [stdout]                                at /rustc/e3feeb59cd1bdd011a2bfcc0747b55125d9b8527/library/std/src/panicking.rs:676:5
[INFO] [stdout]   18:     0x5b09fbb5101c - core[a373ad73a504971]::panicking::panic_fmt
[INFO] [stdout]                                at /rustc/e3feeb59cd1bdd011a2bfcc0747b55125d9b8527/library/core/src/panicking.rs:80:14
[INFO] [stdout]   19:     0x5b09fad1706f - cognidns[97081d76749ea50e]::resolver::tests::cname_chain_all_optimizations_reduce_dualstack_queries::{closure#0}
[INFO] [stdout]                                at /opt/rustwide/workdir/src/resolver/mod.rs:8617:9
[INFO] [stdout]   20:     0x5b09fb00aca5 - <core[a373ad73a504971]::pin::Pin<&mut dyn core[a373ad73a504971]::future::future::Future<Output = core[a373ad73a504971]::result::Result<(), anyhow[b780eabbadaab445]::Error>>> as core[a373ad73a504971]::future::future::Future>::poll
[INFO] [stdout]                                at /rustc/e3feeb59cd1bdd011a2bfcc0747b55125d9b8527/library/core/src/future/future.rs:133:9
[INFO] [stdout]   21:     0x5b09fb00ad9d - <core[a373ad73a504971]::pin::Pin<&mut core[a373ad73a504971]::pin::Pin<&mut dyn core[a373ad73a504971]::future::future::Future<Output = core[a373ad73a504971]::result::Result<(), anyhow[b780eabbadaab445]::Error>>>> as core[a373ad73a504971]::future::future::Future>::poll
[INFO] [stdout]                                at /rustc/e3feeb59cd1bdd011a2bfcc0747b55125d9b8527/library/core/src/future/future.rs:133:9
[INFO] [stdout]   22:     0x5b09fb1bc1cd - <tokio[23daafbf24c6963c]::runtime::scheduler::current_thread::CoreGuard>::block_on::<core[a373ad73a504971]::pin::Pin<&mut core[a373ad73a504971]::pin::Pin<&mut dyn core[a373ad73a504971]::future::future::Future<Output = core[a373ad73a504971]::result::Result<(), anyhow[b780eabbadaab445]::Error>>>>>::{closure#0}::{closure#0}::{closure#0}
[INFO] [stdout]                                at /opt/rustwide/cargo-home/registry/src/index.crates.io-1949cf8c6b5b557f/tokio-1.52.3/src/runtime/scheduler/current_thread/mod.rs:778:70
[INFO] [stdout]   23:     0x5b09fb1bbfb8 - tokio[23daafbf24c6963c]::task::coop::with_budget::<core[a373ad73a504971]::task::poll::Poll<core[a373ad73a504971]::result::Result<(), anyhow[b780eabbadaab445]::Error>>, <tokio[23daafbf24c6963c]::runtime::scheduler::current_thread::CoreGuard>::block_on<core[a373ad73a504971]::pin::Pin<&mut core[a373ad73a504971]::pin::Pin<&mut dyn core[a373ad73a504971]::future::future::Future<Output = core[a373ad73a504971]::result::Result<(), anyhow[b780eabbadaab445]::Error>>>>>::{closure#0}::{closure#0}::{closure#0}>
[INFO] [stdout]                                at /opt/rustwide/cargo-home/registry/src/index.crates.io-1949cf8c6b5b557f/tokio-1.52.3/src/task/coop/mod.rs:167:5
[INFO] [stdout]   24:     0x5b09fb1bbfb8 - tokio[23daafbf24c6963c]::task::coop::budget::<core[a373ad73a504971]::task::poll::Poll<core[a373ad73a504971]::result::Result<(), anyhow[b780eabbadaab445]::Error>>, <tokio[23daafbf24c6963c]::runtime::scheduler::current_thread::CoreGuard>::block_on<core[a373ad73a504971]::pin::Pin<&mut core[a373ad73a504971]::pin::Pin<&mut dyn core[a373ad73a504971]::future::future::Future<Output = core[a373ad73a504971]::result::Result<(), anyhow[b780eabbadaab445]::Error>>>>>::{closure#0}::{closure#0}::{closure#0}>
[INFO] [stdout]                                at /opt/rustwide/cargo-home/registry/src/index.crates.io-1949cf8c6b5b557f/tokio-1.52.3/src/task/coop/mod.rs:133:5
[INFO] [stdout]   25:     0x5b09fb1bbfb8 - <tokio[23daafbf24c6963c]::runtime::scheduler::current_thread::CoreGuard>::block_on::<core[a373ad73a504971]::pin::Pin<&mut core[a373ad73a504971]::pin::Pin<&mut dyn core[a373ad73a504971]::future::future::Future<Output = core[a373ad73a504971]::result::Result<(), anyhow[b780eabbadaab445]::Error>>>>>::{closure#0}::{closure#0}
[INFO] [stdout]                                at /opt/rustwide/cargo-home/registry/src/index.crates.io-1949cf8c6b5b557f/tokio-1.52.3/src/runtime/scheduler/current_thread/mod.rs:778:25
[INFO] [stdout]   26:     0x5b09fb18ce67 - <tokio[23daafbf24c6963c]::runtime::scheduler::current_thread::Context>::enter::<core[a373ad73a504971]::task::poll::Poll<core[a373ad73a504971]::result::Result<(), anyhow[b780eabbadaab445]::Error>>, <tokio[23daafbf24c6963c]::runtime::scheduler::current_thread::CoreGuard>::block_on<core[a373ad73a504971]::pin::Pin<&mut core[a373ad73a504971]::pin::Pin<&mut dyn core[a373ad73a504971]::future::future::Future<Output = core[a373ad73a504971]::result::Result<(), anyhow[b780eabbadaab445]::Error>>>>>::{closure#0}::{closure#0}>
[INFO] [stdout]                                at /opt/rustwide/cargo-home/registry/src/index.crates.io-1949cf8c6b5b557f/tokio-1.52.3/src/runtime/scheduler/current_thread/mod.rs:451:19
[INFO] [stdout]   27:     0x5b09fb1ba51d - <tokio[23daafbf24c6963c]::runtime::scheduler::current_thread::CoreGuard>::block_on::<core[a373ad73a504971]::pin::Pin<&mut core[a373ad73a504971]::pin::Pin<&mut dyn core[a373ad73a504971]::future::future::Future<Output = core[a373ad73a504971]::result::Result<(), anyhow[b780eabbadaab445]::Error>>>>>::{closure#0}
[INFO] [stdout]                                at /opt/rustwide/cargo-home/registry/src/index.crates.io-1949cf8c6b5b557f/tokio-1.52.3/src/runtime/scheduler/current_thread/mod.rs:777:44
[INFO] [stdout]   28:     0x5b09fb1b8c7b - <tokio[23daafbf24c6963c]::runtime::scheduler::current_thread::CoreGuard>::enter::<<tokio[23daafbf24c6963c]::runtime::scheduler::current_thread::CoreGuard>::block_on<core[a373ad73a504971]::pin::Pin<&mut core[a373ad73a504971]::pin::Pin<&mut dyn core[a373ad73a504971]::future::future::Future<Output = core[a373ad73a504971]::result::Result<(), anyhow[b780eabbadaab445]::Error>>>>>::{closure#0}, core[a373ad73a504971]::option::Option<core[a373ad73a504971]::result::Result<(), anyhow[b780eabbadaab445]::Error>>>::{closure#0}
[INFO] [stdout]                                at /opt/rustwide/cargo-home/registry/src/index.crates.io-1949cf8c6b5b557f/tokio-1.52.3/src/runtime/scheduler/current_thread/mod.rs:865:68
[INFO] [stdout]   29:     0x5b09fb0aa5aa - <tokio[23daafbf24c6963c]::runtime::context::scoped::Scoped<tokio[23daafbf24c6963c]::runtime::scheduler::Context>>::set::<<tokio[23daafbf24c6963c]::runtime::scheduler::current_thread::CoreGuard>::enter<<tokio[23daafbf24c6963c]::runtime::scheduler::current_thread::CoreGuard>::block_on<core[a373ad73a504971]::pin::Pin<&mut core[a373ad73a504971]::pin::Pin<&mut dyn core[a373ad73a504971]::future::future::Future<Output = core[a373ad73a504971]::result::Result<(), anyhow[b780eabbadaab445]::Error>>>>>::{closure#0}, core[a373ad73a504971]::option::Option<core[a373ad73a504971]::result::Result<(), anyhow[b780eabbadaab445]::Error>>>::{closure#0}, (alloc[2e1b2a31b91974c5]::boxed::Box<tokio[23daafbf24c6963c]::runtime::scheduler::current_thread::Core>, core[a373ad73a504971]::option::Option<core[a373ad73a504971]::result::Result<(), anyhow[b780eabbadaab445]::Error>>)>
[INFO] [stdout]                                at /opt/rustwide/cargo-home/registry/src/index.crates.io-1949cf8c6b5b557f/tokio-1.52.3/src/runtime/context/scoped.rs:40:9
[INFO] [stdout]   30:     0x5b09fb00687a - tokio[23daafbf24c6963c]::runtime::context::set_scheduler::<(alloc[2e1b2a31b91974c5]::boxed::Box<tokio[23daafbf24c6963c]::runtime::scheduler::current_thread::Core>, core[a373ad73a504971]::option::Option<core[a373ad73a504971]::result::Result<(), anyhow[b780eabbadaab445]::Error>>), <tokio[23daafbf24c6963c]::runtime::scheduler::current_thread::CoreGuard>::enter<<tokio[23daafbf24c6963c]::runtime::scheduler::current_thread::CoreGuard>::block_on<core[a373ad73a504971]::pin::Pin<&mut core[a373ad73a504971]::pin::Pin<&mut dyn core[a373ad73a504971]::future::future::Future<Output = core[a373ad73a504971]::result::Result<(), anyhow[b780eabbadaab445]::Error>>>>>::{closure#0}, core[a373ad73a504971]::option::Option<core[a373ad73a504971]::result::Result<(), anyhow[b780eabbadaab445]::Error>>>::{closure#0}>::{closure#0}
[INFO] [stdout]                                at /opt/rustwide/cargo-home/registry/src/index.crates.io-1949cf8c6b5b557f/tokio-1.52.3/src/runtime/context.rs:181:38
[INFO] [stdout]   31:     0x5b09facb235c - <std[617be2ca0a6fd877]::thread::local::LocalKey<tokio[23daafbf24c6963c]::runtime::context::Context>>::try_with::<tokio[23daafbf24c6963c]::runtime::context::set_scheduler<(alloc[2e1b2a31b91974c5]::boxed::Box<tokio[23daafbf24c6963c]::runtime::scheduler::current_thread::Core>, core[a373ad73a504971]::option::Option<core[a373ad73a504971]::result::Result<(), anyhow[b780eabbadaab445]::Error>>), <tokio[23daafbf24c6963c]::runtime::scheduler::current_thread::CoreGuard>::enter<<tokio[23daafbf24c6963c]::runtime::scheduler::current_thread::CoreGuard>::block_on<core[a373ad73a504971]::pin::Pin<&mut core[a373ad73a504971]::pin::Pin<&mut dyn core[a373ad73a504971]::future::future::Future<Output = core[a373ad73a504971]::result::Result<(), anyhow[b780eabbadaab445]::Error>>>>>::{closure#0}, core[a373ad73a504971]::option::Option<core[a373ad73a504971]::result::Result<(), anyhow[b780eabbadaab445]::Error>>>::{closure#0}>::{closure#0}, (alloc[2e1b2a31b91974c5]::boxed::Box<tokio[23daafbf24c6963c]::runtime::scheduler::current_thread::Core>, core[a373ad73a504971]::option::Option<core[a373ad73a504971]::result::Result<(), anyhow[b780eabbadaab445]::Error>>)>
[INFO] [stdout]                                at /rustc/e3feeb59cd1bdd011a2bfcc0747b55125d9b8527/library/std/src/thread/local.rs:463:12
[INFO] [stdout]   32:     0x5b09facb1c2c - <std[617be2ca0a6fd877]::thread::local::LocalKey<tokio[23daafbf24c6963c]::runtime::context::Context>>::with::<tokio[23daafbf24c6963c]::runtime::context::set_scheduler<(alloc[2e1b2a31b91974c5]::boxed::Box<tokio[23daafbf24c6963c]::runtime::scheduler::current_thread::Core>, core[a373ad73a504971]::option::Option<core[a373ad73a504971]::result::Result<(), anyhow[b780eabbadaab445]::Error>>), <tokio[23daafbf24c6963c]::runtime::scheduler::current_thread::CoreGuard>::enter<<tokio[23daafbf24c6963c]::runtime::scheduler::current_thread::CoreGuard>::block_on<core[a373ad73a504971]::pin::Pin<&mut core[a373ad73a504971]::pin::Pin<&mut dyn core[a373ad73a504971]::future::future::Future<Output = core[a373ad73a504971]::result::Result<(), anyhow[b780eabbadaab445]::Error>>>>>::{closure#0}, core[a373ad73a504971]::option::Option<core[a373ad73a504971]::result::Result<(), anyhow[b780eabbadaab445]::Error>>>::{closure#0}>::{closure#0}, (alloc[2e1b2a31b91974c5]::boxed::Box<tokio[23daafbf24c6963c]::runtime::scheduler::current_thread::Core>, core[a373ad73a504971]::option::Option<core[a373ad73a504971]::result::Result<(), anyhow[b780eabbadaab445]::Error>>)>
[INFO] [stdout]                                at /rustc/e3feeb59cd1bdd011a2bfcc0747b55125d9b8527/library/std/src/thread/local.rs:427:20
[INFO] [stdout]   33:     0x5b09fafeee61 - tokio[23daafbf24c6963c]::runtime::context::set_scheduler::<(alloc[2e1b2a31b91974c5]::boxed::Box<tokio[23daafbf24c6963c]::runtime::scheduler::current_thread::Core>, core[a373ad73a504971]::option::Option<core[a373ad73a504971]::result::Result<(), anyhow[b780eabbadaab445]::Error>>), <tokio[23daafbf24c6963c]::runtime::scheduler::current_thread::CoreGuard>::enter<<tokio[23daafbf24c6963c]::runtime::scheduler::current_thread::CoreGuard>::block_on<core[a373ad73a504971]::pin::Pin<&mut core[a373ad73a504971]::pin::Pin<&mut dyn core[a373ad73a504971]::future::future::Future<Output = core[a373ad73a504971]::result::Result<(), anyhow[b780eabbadaab445]::Error>>>>>::{closure#0}, core[a373ad73a504971]::option::Option<core[a373ad73a504971]::result::Result<(), anyhow[b780eabbadaab445]::Error>>>::{closure#0}>
[INFO] [stdout]                                at /opt/rustwide/cargo-home/registry/src/index.crates.io-1949cf8c6b5b557f/tokio-1.52.3/src/runtime/context.rs:181:17
[INFO] [stdout]   34:     0x5b09fb1a56b9 - <tokio[23daafbf24c6963c]::runtime::scheduler::current_thread::CoreGuard>::enter::<<tokio[23daafbf24c6963c]::runtime::scheduler::current_thread::CoreGuard>::block_on<core[a373ad73a504971]::pin::Pin<&mut core[a373ad73a504971]::pin::Pin<&mut dyn core[a373ad73a504971]::future::future::Future<Output = core[a373ad73a504971]::result::Result<(), anyhow[b780eabbadaab445]::Error>>>>>::{closure#0}, core[a373ad73a504971]::option::Option<core[a373ad73a504971]::result::Result<(), anyhow[b780eabbadaab445]::Error>>>
[INFO] [stdout]                                at /opt/rustwide/cargo-home/registry/src/index.crates.io-1949cf8c6b5b557f/tokio-1.52.3/src/runtime/scheduler/current_thread/mod.rs:865:27
[INFO] [stdout]   35:     0x5b09fb1a5e86 - <tokio[23daafbf24c6963c]::runtime::scheduler::current_thread::CoreGuard>::block_on::<core[a373ad73a504971]::pin::Pin<&mut core[a373ad73a504971]::pin::Pin<&mut dyn core[a373ad73a504971]::future::future::Future<Output = core[a373ad73a504971]::result::Result<(), anyhow[b780eabbadaab445]::Error>>>>>
[INFO] [stdout]                                at /opt/rustwide/cargo-home/registry/src/index.crates.io-1949cf8c6b5b557f/tokio-1.52.3/src/runtime/scheduler/current_thread/mod.rs:765:24
[INFO] [stdout]   36:     0x5b09fb1b8019 - <tokio[23daafbf24c6963c]::runtime::scheduler::current_thread::CurrentThread>::block_on::<core[a373ad73a504971]::pin::Pin<&mut dyn core[a373ad73a504971]::future::future::Future<Output = core[a373ad73a504971]::result::Result<(), anyhow[b780eabbadaab445]::Error>>>>::{closure#0}
[INFO] [stdout]                                at /opt/rustwide/cargo-home/registry/src/index.crates.io-1949cf8c6b5b557f/tokio-1.52.3/src/runtime/scheduler/current_thread/mod.rs:205:33
[INFO] [stdout]   37:     0x5b09fab8e4b8 - tokio[23daafbf24c6963c]::runtime::context::runtime::enter_runtime::<<tokio[23daafbf24c6963c]::runtime::scheduler::current_thread::CurrentThread>::block_on<core[a373ad73a504971]::pin::Pin<&mut dyn core[a373ad73a504971]::future::future::Future<Output = core[a373ad73a504971]::result::Result<(), anyhow[b780eabbadaab445]::Error>>>>::{closure#0}, core[a373ad73a504971]::result::Result<(), anyhow[b780eabbadaab445]::Error>>
[INFO] [stdout]                                at /opt/rustwide/cargo-home/registry/src/index.crates.io-1949cf8c6b5b557f/tokio-1.52.3/src/runtime/context/runtime.rs:65:16
[INFO] [stdout]   38:     0x5b09fb171c64 - <tokio[23daafbf24c6963c]::runtime::scheduler::current_thread::CurrentThread>::block_on::<core[a373ad73a504971]::pin::Pin<&mut dyn core[a373ad73a504971]::future::future::Future<Output = core[a373ad73a504971]::result::Result<(), anyhow[b780eabbadaab445]::Error>>>>
[INFO] [stdout]                                at /opt/rustwide/cargo-home/registry/src/index.crates.io-1949cf8c6b5b557f/tokio-1.52.3/src/runtime/scheduler/current_thread/mod.rs:193:9
[INFO] [stdout]   39:     0x5b09fad60874 - <tokio[23daafbf24c6963c]::runtime::runtime::Runtime>::block_on_inner::<core[a373ad73a504971]::pin::Pin<&mut dyn core[a373ad73a504971]::future::future::Future<Output = core[a373ad73a504971]::result::Result<(), anyhow[b780eabbadaab445]::Error>>>>
[INFO] [stdout]                                at /opt/rustwide/cargo-home/registry/src/index.crates.io-1949cf8c6b5b557f/tokio-1.52.3/src/runtime/runtime.rs:371:52
[INFO] [stdout]   40:     0x5b09fad60af1 - <tokio[23daafbf24c6963c]::runtime::runtime::Runtime>::block_on::<core[a373ad73a504971]::pin::Pin<&mut dyn core[a373ad73a504971]::future::future::Future<Output = core[a373ad73a504971]::result::Result<(), anyhow[b780eabbadaab445]::Error>>>>
[INFO] [stdout]                                at /opt/rustwide/cargo-home/registry/src/index.crates.io-1949cf8c6b5b557f/tokio-1.52.3/src/runtime/runtime.rs:345:18
[INFO] [stdout]   41:     0x5b09fad57824 - cognidns[97081d76749ea50e]::resolver::tests::cname_chain_all_optimizations_reduce_dualstack_queries
[INFO] [stdout]                                at /opt/rustwide/workdir/src/resolver/mod.rs:8686:11
[INFO] [stdout]   42:     0x5b09facf3b47 - cognidns[97081d76749ea50e]::resolver::tests::cname_chain_all_optimizations_reduce_dualstack_queries::{closure#0}
[INFO] [stdout]                                at /opt/rustwide/workdir/src/resolver/mod.rs:8550:74
[INFO] [stdout]   43:     0x5b09facaf526 - <cognidns[97081d76749ea50e]::resolver::tests::cname_chain_all_optimizations_reduce_dualstack_queries::{closure#0} as core[a373ad73a504971]::ops::function::FnOnce<()>>::call_once
[INFO] [stdout]                                at /rustc/e3feeb59cd1bdd011a2bfcc0747b55125d9b8527/library/core/src/ops/function.rs:250:5
[INFO] [stdout]   44:     0x5b09fb2b2d1b - <fn() -> core[a373ad73a504971]::result::Result<(), alloc[2e1b2a31b91974c5]::string::String> as core[a373ad73a504971]::ops::function::FnOnce<()>>::call_once
[INFO] [stdout]                                at /rustc/e3feeb59cd1bdd011a2bfcc0747b55125d9b8527/library/core/src/ops/function.rs:250:5
[INFO] [stdout]   45:     0x5b09fb2b2d1b - test[aada8e7e76ba119b]::__rust_begin_short_backtrace::<core[a373ad73a504971]::result::Result<(), alloc[2e1b2a31b91974c5]::string::String>, fn() -> core[a373ad73a504971]::result::Result<(), alloc[2e1b2a31b91974c5]::string::String>>
[INFO] [stdout]                                at /rustc/e3feeb59cd1bdd011a2bfcc0747b55125d9b8527/library/test/src/lib.rs:701:18
[INFO] [stdout]   46:     0x5b09fb2bfef5 - test[aada8e7e76ba119b]::run_test_in_process::{closure#0}
[INFO] [stdout]                                at /rustc/e3feeb59cd1bdd011a2bfcc0747b55125d9b8527/library/test/src/lib.rs:724:74
[INFO] [stdout]   47:     0x5b09fb2bfef5 - <core[a373ad73a504971]::panic::unwind_safe::AssertUnwindSafe<test[aada8e7e76ba119b]::run_test_in_process::{closure#0}> as core[a373ad73a504971]::ops::function::FnOnce<()>>::call_once
[INFO] [stdout]                                at /rustc/e3feeb59cd1bdd011a2bfcc0747b55125d9b8527/library/core/src/panic/unwind_safe.rs:275:9
[INFO] [stdout]   48:     0x5b09fb2bfef5 - std[617be2ca0a6fd877]::panicking::catch_unwind::do_call::<core[a373ad73a504971]::panic::unwind_safe::AssertUnwindSafe<test[aada8e7e76ba119b]::run_test_in_process::{closure#0}>, core[a373ad73a504971]::result::Result<(), alloc[2e1b2a31b91974c5]::string::String>>
[INFO] [stdout]                                at /rustc/e3feeb59cd1bdd011a2bfcc0747b55125d9b8527/library/std/src/panicking.rs:573:43
[INFO] [stdout]   49:     0x5b09fb2bfef5 - std[617be2ca0a6fd877]::panicking::catch_unwind::<core[a373ad73a504971]::result::Result<(), alloc[2e1b2a31b91974c5]::string::String>, core[a373ad73a504971]::panic::unwind_safe::AssertUnwindSafe<test[aada8e7e76ba119b]::run_test_in_process::{closure#0}>>
[INFO] [stdout]                                at /rustc/e3feeb59cd1bdd011a2bfcc0747b55125d9b8527/library/std/src/panicking.rs:541:19
[INFO] [stdout]   50:     0x5b09fb2bfef5 - std[617be2ca0a6fd877]::panic::catch_unwind::<core[a373ad73a504971]::panic::unwind_safe::AssertUnwindSafe<test[aada8e7e76ba119b]::run_test_in_process::{closure#0}>, core[a373ad73a504971]::result::Result<(), alloc[2e1b2a31b91974c5]::string::String>>
[INFO] [stdout]                                at /rustc/e3feeb59cd1bdd011a2bfcc0747b55125d9b8527/library/std/src/panic.rs:359:14
[INFO] [stdout]   51:     0x5b09fb2bfef5 - test[aada8e7e76ba119b]::run_test_in_process
[INFO] [stdout]                                at /rustc/e3feeb59cd1bdd011a2bfcc0747b55125d9b8527/library/test/src/lib.rs:724:27
[INFO] [stdout]   52:     0x5b09fb2bfef5 - test[aada8e7e76ba119b]::run_test::{closure#0}
[INFO] [stdout]                                at /rustc/e3feeb59cd1bdd011a2bfcc0747b55125d9b8527/library/test/src/lib.rs:645:43
[INFO] [stdout]   53:     0x5b09fb2b97e4 - test[aada8e7e76ba119b]::run_test::{closure#1}
[INFO] [stdout]                                at /rustc/e3feeb59cd1bdd011a2bfcc0747b55125d9b8527/library/test/src/lib.rs:675:41
[INFO] [stdout]   54:     0x5b09fb2b97e4 - std[617be2ca0a6fd877]::sys::backtrace::__rust_begin_short_backtrace::<test[aada8e7e76ba119b]::run_test::{closure#1}, ()>
[INFO] [stdout]                                at /rustc/e3feeb59cd1bdd011a2bfcc0747b55125d9b8527/library/std/src/sys/backtrace.rs:166:18
[INFO] [stdout]   55:     0x5b09fb2c2f82 - std[617be2ca0a6fd877]::thread::lifecycle::spawn_unchecked::<test[aada8e7e76ba119b]::run_test::{closure#1}, ()>::{closure#1}::{closure#0}
[INFO] [stdout]                                at /rustc/e3feeb59cd1bdd011a2bfcc0747b55125d9b8527/library/std/src/thread/lifecycle.rs:70:13
[INFO] [stdout]   56:     0x5b09fb2c2f82 - <core[a373ad73a504971]::panic::unwind_safe::AssertUnwindSafe<std[617be2ca0a6fd877]::thread::lifecycle::spawn_unchecked<test[aada8e7e76ba119b]::run_test::{closure#1}, ()>::{closure#1}::{closure#0}> as core[a373ad73a504971]::ops::function::FnOnce<()>>::call_once
[INFO] [stdout]                                at /rustc/e3feeb59cd1bdd011a2bfcc0747b55125d9b8527/library/core/src/panic/unwind_safe.rs:275:9
[INFO] [stdout]   57:     0x5b09fb2c2f82 - std[617be2ca0a6fd877]::panicking::catch_unwind::do_call::<core[a373ad73a504971]::panic::unwind_safe::AssertUnwindSafe<std[617be2ca0a6fd877]::thread::lifecycle::spawn_unchecked<test[aada8e7e76ba119b]::run_test::{closure#1}, ()>::{closure#1}::{closure#0}>, ()>
[INFO] [stdout]                                at /rustc/e3feeb59cd1bdd011a2bfcc0747b55125d9b8527/library/std/src/panicking.rs:573:43
[INFO] [stdout]   58:     0x5b09fb2c2f82 - std[617be2ca0a6fd877]::panicking::catch_unwind::<(), core[a373ad73a504971]::panic::unwind_safe::AssertUnwindSafe<std[617be2ca0a6fd877]::thread::lifecycle::spawn_unchecked<test[aada8e7e76ba119b]::run_test::{closure#1}, ()>::{closure#1}::{closure#0}>>
[INFO] [stdout]                                at /rustc/e3feeb59cd1bdd011a2bfcc0747b55125d9b8527/library/std/src/panicking.rs:541:19
[INFO] [stdout]   59:     0x5b09fb2c2f82 - std[617be2ca0a6fd877]::panic::catch_unwind::<core[a373ad73a504971]::panic::unwind_safe::AssertUnwindSafe<std[617be2ca0a6fd877]::thread::lifecycle::spawn_unchecked<test[aada8e7e76ba119b]::run_test::{closure#1}, ()>::{closure#1}::{closure#0}>, ()>
[INFO] [stdout]                                at /rustc/e3feeb59cd1bdd011a2bfcc0747b55125d9b8527/library/std/src/panic.rs:359:14
[INFO] [stdout]   60:     0x5b09fb2c2f82 - std[617be2ca0a6fd877]::thread::lifecycle::spawn_unchecked::<test[aada8e7e76ba119b]::run_test::{closure#1}, ()>::{closure#1}
[INFO] [stdout]                                at /rustc/e3feeb59cd1bdd011a2bfcc0747b55125d9b8527/library/std/src/thread/lifecycle.rs:68:26
[INFO] [stdout]   61:     0x5b09fb2c2f82 - <std[617be2ca0a6fd877]::thread::lifecycle::spawn_unchecked<test[aada8e7e76ba119b]::run_test::{closure#1}, ()>::{closure#1} as core[a373ad73a504971]::ops::function::FnOnce<()>>::call_once::{shim:vtable#0}
[INFO] [stdout]                                at /rustc/e3feeb59cd1bdd011a2bfcc0747b55125d9b8527/library/core/src/ops/function.rs:250:5
[INFO] [stdout]   62:     0x5b09fbb373cf - <alloc[2e1b2a31b91974c5]::boxed::Box<dyn core[a373ad73a504971]::ops::function::FnOnce<(), Output = ()> + core[a373ad73a504971]::marker::Send> as core[a373ad73a504971]::ops::function::FnOnce<()>>::call_once
[INFO] [stdout]                                at /rustc/e3feeb59cd1bdd011a2bfcc0747b55125d9b8527/library/alloc/src/boxed.rs:2314:9
[INFO] [stdout]   63:     0x5b09fbb373cf - <std[617be2ca0a6fd877]::sys::thread::unix::Thread>::new::thread_start
[INFO] [stdout]                                at /rustc/e3feeb59cd1bdd011a2bfcc0747b55125d9b8527/library/std/src/sys/thread/unix.rs:127:17
[INFO] [stdout]   64:     0x7ae221d73dfa - <unknown>
[INFO] [stdout]   65:     0x7ae221e073d4 - clone
[INFO] [stdout]   66:                0x0 - <unknown>
[INFO] [stdout] 
[INFO] [stdout] 
[INFO] [stdout] failures:
[INFO] [stdout]     resolver::tests::cname_chain_all_optimizations_reduce_dualstack_queries
[INFO] [stdout]     resolver::tests::sharded_inflight_deduplicates_same_key_concurrent_queries
[INFO] [stdout] 
[INFO] [stdout] test result: FAILED. 233 passed; 2 failed; 4 ignored; 0 measured; 0 filtered out; finished in 5.08s
[INFO] [stdout] 
[INFO] [stderr] error: test failed, to rerun pass `--lib`
[INFO] running `Command { std: "docker" "inspect" "41c49b815e733c29737ec1d6c076be515d7dad456a9eb98e30af3c88ead5c100", kill_on_drop: false }`
[INFO] running `Command { std: "docker" "rm" "-f" "41c49b815e733c29737ec1d6c076be515d7dad456a9eb98e30af3c88ead5c100", kill_on_drop: false }`
[INFO] [stdout] 41c49b815e733c29737ec1d6c076be515d7dad456a9eb98e30af3c88ead5c100
