[INFO] cloning repository https://github.com/PraveenKumarM17/ClipLinux
[INFO] running `Command { std: "git" "-c" "credential.helper=" "-c" "credential.helper=/workspace/cargo-home/bin/git-credential-null" "clone" "--bare" "https://github.com/PraveenKumarM17/ClipLinux" "/workspace/cache/git-repos/https%3A%2F%2Fgithub.com%2FPraveenKumarM17%2FClipLinux", kill_on_drop: false }`
[INFO] [stderr] Cloning into bare repository '/workspace/cache/git-repos/https%3A%2F%2Fgithub.com%2FPraveenKumarM17%2FClipLinux'...
[INFO] running `Command { std: "git" "rev-parse" "HEAD", kill_on_drop: false }`
[INFO] [stdout] 7a0deaf4eea3e43732fa9c6e940df8d44a3b86ab
[INFO] testing PraveenKumarM17/ClipLinux against 1.99.0-beta.8 for beta-1.100-3
[INFO] running `Command { std: "git" "clone" "/workspace/cache/git-repos/https%3A%2F%2Fgithub.com%2FPraveenKumarM17%2FClipLinux" "/workspace/builds/worker-4-tc1/source", kill_on_drop: false }`
[INFO] [stderr] Cloning into '/workspace/builds/worker-4-tc1/source'...
[INFO] [stderr] done.
[INFO] removed /workspace/builds/worker-4-tc1/source/rust-toolchain.toml
[INFO] started tweaking git repo https://github.com/PraveenKumarM17/ClipLinux
[INFO] finished tweaking git repo https://github.com/PraveenKumarM17/ClipLinux
[INFO] tweaked toml for git repo https://github.com/PraveenKumarM17/ClipLinux written to /workspace/builds/worker-4-tc1/source/Cargo.toml
[INFO] validating manifest of git repo https://github.com/PraveenKumarM17/ClipLinux on toolchain 1.99.0-beta.8
[INFO] running `Command { std: CARGO_HOME="/workspace/cargo-home" RUSTUP_HOME="/workspace/rustup-home" "/workspace/cargo-home/bin/cargo" "+1.99.0-beta.8" "metadata" "--manifest-path" "Cargo.toml" "--no-deps", kill_on_drop: false }`
[INFO] crate git repo https://github.com/PraveenKumarM17/ClipLinux already has a lockfile, it will not be regenerated
[INFO] running `Command { std: CARGO_HOME="/workspace/cargo-home" RUSTUP_HOME="/workspace/rustup-home" "/workspace/cargo-home/bin/cargo" "+1.99.0-beta.8" "fetch" "--manifest-path" "Cargo.toml", kill_on_drop: false }`
[INFO] [stderr]     Blocking waiting for file lock on package cache
[INFO] [stderr]     Updating crates.io index
[INFO] [stderr]     Blocking waiting for file lock on package cache
[INFO] [stderr]  Downloading crates ...
[INFO] [stderr]   Downloaded objc2-exception-helper v0.1.1
[INFO] [stderr]   Downloaded unic-common v0.9.0
[INFO] [stderr]   Downloaded tauri-utils v2.9.3
[INFO] [stderr]   Downloaded tauri-winres v0.3.6
[INFO] [stderr]   Downloaded urlpattern v0.3.0
[INFO] [stderr]   Downloaded unic-ucd-version v0.9.0
[INFO] [stderr]   Downloaded unic-char-range v0.9.0
[INFO] [stderr]   Downloaded unic-char-property v0.9.0
[INFO] [stderr]   Downloaded tauri-build v2.6.3
[INFO] [stderr]   Downloaded unic-ucd-ident v0.9.0
[INFO] [stderr]   Downloaded swift-rs v1.0.8
[INFO] [stderr]   Downloaded serde-untagged v0.1.9
[INFO] [stderr]   Downloaded plist v1.10.0
[INFO] [stderr]   Downloaded infer v0.19.0
[INFO] [stderr]   Downloaded json-patch v3.0.1
[INFO] [stderr]   Downloaded jsonptr v0.6.3
[INFO] [stderr]   Downloaded ctor v0.8.0
[INFO] [stderr]   Downloaded dom_query v0.27.0
[INFO] [stderr]   Downloaded selectors v0.36.1
[INFO] [stderr]   Downloaded dtor v0.3.0
[INFO] [stderr]   Downloaded cargo_metadata v0.19.2
[INFO] [stderr]   Downloaded camino v1.2.5
[INFO] [stderr]   Downloaded cargo_toml v0.22.3
[INFO] [stderr]   Downloaded tauri v2.11.5
[INFO] [stderr]   Downloaded webview2-com v0.38.2
[INFO] [stderr]   Downloaded webview2-com-macros v0.8.1
[INFO] [stderr]   Downloaded webkit2gtk v2.0.2
[INFO] [stderr]   Downloaded webkit2gtk-sys v2.0.2
[INFO] [stderr]   Downloaded soup3-sys v0.5.0
[INFO] [stderr]   Downloaded window-vibrancy v0.6.0
[INFO] [stderr]   Downloaded gdk-pixbuf-sys v0.18.0
[INFO] [stderr]   Downloaded cairo-sys-rs v0.18.2
[INFO] [stderr]   Downloaded gobject-sys v0.18.0
[INFO] [stderr]   Downloaded javascriptcore-rs-sys v1.1.1
[INFO] [stderr]   Downloaded glib-sys v0.18.1
[INFO] [stderr]   Downloaded gio-sys v0.18.1
[INFO] [stderr]   Downloaded gtk-sys v0.18.2
[INFO] [stderr]   Downloaded pango-sys v0.18.0
[INFO] [stderr]   Downloaded atk-sys v0.18.2
[INFO] [stderr]   Downloaded gdk v0.18.2
[INFO] [stderr]   Downloaded gdk-sys v0.18.2
[INFO] [stderr]   Downloaded gio v0.18.4
[INFO] [stderr]   Downloaded gtk v0.18.2
[INFO] [stderr]   Downloaded libappindicator-sys v0.9.0
[INFO] [stderr]   Downloaded javascriptcore-rs v1.1.2
[INFO] [stderr]   Downloaded gtk3-macros v0.18.2
[INFO] [stderr]   Downloaded atk v0.18.2
[INFO] [stderr]   Downloaded soup3 v0.5.0
[INFO] [stderr]   Downloaded gdk-pixbuf v0.18.5
[INFO] [stderr]   Downloaded cairo-rs v0.18.5
[INFO] [stderr]   Downloaded keyboard-types v0.7.0
[INFO] [stderr]   Downloaded libappindicator v0.9.0
[INFO] [stderr]   Downloaded glib-macros v0.18.5
[INFO] [stderr]   Downloaded pango v0.18.3
[INFO] [stderr]   Downloaded tray-icon v0.24.2
[INFO] [stderr]   Downloaded muda v0.19.3
[INFO] [stderr]   Downloaded glib v0.18.5
[INFO] [stderr]   Downloaded objc2-web-kit v0.3.2
[INFO] [stderr]   Downloaded tauri-runtime-wry v2.11.4
[INFO] [stderr]   Downloaded objc2-user-notifications v0.3.2
[INFO] [stderr]   Downloaded wry v0.55.1
[INFO] [stderr]   Downloaded objc2-core-location v0.3.2
[INFO] [stderr]   Downloaded objc2-core-image v0.3.2
[INFO] [stderr]   Downloaded objc2-core-data v0.3.2
[INFO] [stderr]   Downloaded objc2-cloud-kit v0.3.2
[INFO] [stderr]   Downloaded objc2-core-text v0.3.2
[INFO] [stderr]   Downloaded gdkx11 v0.18.2
[INFO] [stderr]   Downloaded dlopen2 v0.8.2
[INFO] [stderr]   Downloaded core-graphics v0.25.0
[INFO] [stderr]   Downloaded dlopen2_derive v0.4.3
[INFO] [stderr]   Downloaded gdkx11-sys v0.18.2
[INFO] [stderr]   Downloaded tauri-runtime v2.11.3
[INFO] [stderr]   Downloaded gdkwayland-sys v0.18.2
[INFO] [stderr]   Downloaded tao v0.35.3
[INFO] [stderr]   Downloaded softbuffer v0.4.8
[INFO] [stderr]   Downloaded webview2-com-sys v0.38.2
[INFO] [stderr]   Downloaded tauri-codegen v2.6.3
[INFO] [stderr]   Downloaded tauri-macros v2.6.3
[INFO] [stderr]   Downloaded ico v0.5.0
[INFO] [stderr]   Downloaded arboard v3.6.1
[INFO] running `Command { std: "docker" "create" "-v" "/var/lib/crater-agent-workspace/builds/worker-4-tc1/source:/opt/rustwide/workdir:ro,Z" "-v" "/var/lib/crater-agent-workspace/builds/worker-4-tc1/target:/opt/rustwide/target:rw,Z" "-v" "/var/lib/crater-agent-workspace/cargo-home:/opt/rustwide/cargo-home:ro,Z" "-v" "/var/lib/crater-agent-workspace/rustup-home:/opt/rustwide/rustup-home:ro,Z" "-m" "1610612736" "--network" "none" "ghcr.io/rust-lang/crates-build-env/linux@sha256:77db811e55d90add9212f6832c23229e3de5f1c1f9905e8cb07319ea15df73ac" "sleep" "infinity", kill_on_drop: false }`
[INFO] [stdout] 0c1adab427833aaeecbf89dd4e54f13374a074c144011cc4a5cce84738b2fecd
[INFO] running `Command { std: "docker" "start" "0c1adab427833aaeecbf89dd4e54f13374a074c144011cc4a5cce84738b2fecd", kill_on_drop: false }`
[INFO] running `Command { std: "docker" "inspect" "0c1adab427833aaeecbf89dd4e54f13374a074c144011cc4a5cce84738b2fecd", kill_on_drop: false }`
[INFO] running `Command { std: "docker" "exec" "-e" "SOURCE_DIR=/opt/rustwide/workdir" "-e" "CARGO_HOME=/opt/rustwide/cargo-home" "-e" "RUSTUP_HOME=/opt/rustwide/rustup-home" "-e" "CARGO_TARGET_DIR=/opt/rustwide/target" "-w" "/opt/rustwide/workdir" "--user" "0:0" "0c1adab427833aaeecbf89dd4e54f13374a074c144011cc4a5cce84738b2fecd" "/opt/rustwide/cargo-home/bin/cargo" "+1.99.0-beta.8" "metadata" "--no-deps" "--format-version=1", kill_on_drop: false }`
[INFO] running `Command { std: "docker" "inspect" "0c1adab427833aaeecbf89dd4e54f13374a074c144011cc4a5cce84738b2fecd", kill_on_drop: false }`
[INFO] running `Command { std: "docker" "exec" "-e" "SOURCE_DIR=/opt/rustwide/workdir" "-e" "CARGO_HOME=/opt/rustwide/cargo-home" "-e" "RUSTUP_HOME=/opt/rustwide/rustup-home" "-e" "CARGO_TARGET_DIR=/opt/rustwide/target" "-e" "CARGO_INCREMENTAL=0" "-e" "RUST_BACKTRACE=full" "-e" "RUSTFLAGS=--cap-lints=warn" "-e" "RUSTDOCFLAGS=--cap-lints=warn" "-w" "/opt/rustwide/workdir" "--user" "0:0" "0c1adab427833aaeecbf89dd4e54f13374a074c144011cc4a5cce84738b2fecd" "/opt/rustwide/cargo-home/bin/cargo" "+1.99.0-beta.8" "build" "--frozen" "--message-format=json", kill_on_drop: false }`
[INFO] [stderr]    Compiling proc-macro2 v1.0.107
[INFO] [stderr]    Compiling unicode-ident v1.0.24
[INFO] [stderr]    Compiling quote v1.0.47
[INFO] [stderr]    Compiling cfg-if v1.0.4
[INFO] [stderr]    Compiling serde_core v1.0.229
[INFO] [stderr]    Compiling serde v1.0.229
[INFO] [stderr]    Compiling libc v0.2.189
[INFO] [stderr]    Compiling hashbrown v0.17.1
[INFO] [stderr]    Compiling version_check v0.9.5
[INFO] [stderr]    Compiling equivalent v1.0.2
[INFO] [stderr]    Compiling getrandom v0.4.3
[INFO] [stderr]    Compiling winnow v0.7.15
[INFO] [stderr]    Compiling toml_write v0.1.2
[INFO] [stderr]    Compiling thiserror v2.0.20
[INFO] [stderr]    Compiling zmij v1.0.23
[INFO] [stderr]    Compiling serde_json v1.0.151
[INFO] [stderr]    Compiling once_cell v1.21.4
[INFO] [stderr]    Compiling bitflags v2.13.1
[INFO] [stderr]    Compiling itoa v1.0.18
[INFO] [stderr]    Compiling memchr v2.8.3
[INFO] [stderr]    Compiling typenum v1.20.1
[INFO] [stderr]    Compiling zerocopy v0.8.56
[INFO] [stderr]    Compiling shlex v2.0.1
[INFO] [stderr]    Compiling rustix v1.1.4
[INFO] [stderr]    Compiling generic-array v0.14.7
[INFO] [stderr]    Compiling ahash v0.8.12
[INFO] [stderr]    Compiling find-msvc-tools v0.1.11
[INFO] [stderr]    Compiling pkg-config v0.3.34
[INFO] [stderr]    Compiling vcpkg v0.2.15
[INFO] [stderr]    Compiling utf8parse v0.2.2
[INFO] [stderr]    Compiling cc v1.4.4
[INFO] [stderr]    Compiling linux-raw-sys v0.12.1
[INFO] [stderr]    Compiling anstyle-parse v1.0.0
[INFO] [stderr]    Compiling colorchoice v1.0.5
[INFO] [stderr]    Compiling indexmap v2.14.0
[INFO] [stderr]    Compiling cfg_aliases v0.2.2
[INFO] [stderr]    Compiling anstyle v1.0.14
[INFO] [stderr]    Compiling is_terminal_polyfill v1.70.2
[INFO] [stderr]    Compiling anstyle-query v1.1.5
[INFO] [stderr]    Compiling nix v0.31.3
[INFO] [stderr]    Compiling tracing-core v0.1.36
[INFO] [stderr]    Compiling syn v3.0.4
[INFO] [stderr]    Compiling anstream v1.0.0
[INFO] [stderr]    Compiling syn v2.0.119
[INFO] [stderr]    Compiling clap_lex v1.1.0
[INFO] [stderr]    Compiling smallvec v1.15.2
[INFO] [stderr]    Compiling cpufeatures v0.2.17
[INFO] [stderr]    Compiling heck v0.5.0
[INFO] [stderr]    Compiling x11rb-protocol v0.13.2
[INFO] [stderr]    Compiling regex-syntax v0.8.11
[INFO] [stderr]    Compiling strsim v0.11.1
[INFO] [stderr]    Compiling log v0.4.34
[INFO] [stderr]    Compiling lazy_static v1.5.0
[INFO] [stderr]    Compiling pin-project-lite v0.2.17
[INFO] [stderr]    Compiling fallible-streaming-iterator v0.1.9
[INFO] [stderr]    Compiling block-buffer v0.10.4
[INFO] [stderr]    Compiling crypto-common v0.1.7
[INFO] [stderr]    Compiling fallible-iterator v0.3.0
[INFO] [stderr]    Compiling sharded-slab v0.1.7
[INFO] [stderr]    Compiling tracing-log v0.2.0
[INFO] [stderr]    Compiling thread_local v1.1.10
[INFO] [stderr]    Compiling digest v0.10.7
[INFO] [stderr]    Compiling clap_builder v4.6.6
[INFO] [stderr]    Compiling sha2 v0.10.9
[INFO] [stderr]    Compiling libsqlite3-sys v0.30.1
[INFO] [stderr]    Compiling nu-ansi-term v0.50.3
[INFO] [stderr]    Compiling clipl-desktop v0.1.0 (/opt/rustwide/workdir/apps/desktop/src-tauri)
[INFO] [stderr]    Compiling ctrlc v3.5.2
[INFO] [stderr]    Compiling regex-automata v0.4.18
[INFO] [stderr]    Compiling uuid v1.25.0
[INFO] [stderr]    Compiling tracing-attributes v0.1.31
[INFO] [stderr]    Compiling gethostname v1.1.0
[INFO] [stderr]    Compiling serde_derive v1.0.229
[INFO] [stderr]    Compiling thiserror-impl v2.0.20
[INFO] [stderr]    Compiling clap_derive v4.6.4
[INFO] [stderr]    Compiling hashbrown v0.14.5
[INFO] [stderr]    Compiling matchers v0.2.0
[INFO] [stderr]    Compiling tracing v0.1.44
[INFO] [stderr]    Compiling hashlink v0.9.1
[INFO] [stderr]    Compiling tracing-subscriber v0.3.23
[INFO] [stderr]    Compiling clap v4.6.6
[INFO] [stderr]    Compiling x11rb v0.13.2
[INFO] [stderr]    Compiling toml_datetime v0.6.11
[INFO] [stderr]    Compiling serde_spanned v0.6.9
[INFO] [stderr]    Compiling toml_edit v0.22.27
[INFO] [stderr]    Compiling toml v0.8.23
[INFO] [stderr]    Compiling clipl-core v0.1.0 (/opt/rustwide/workdir/crates/clipl-core)
[INFO] [stderr]    Compiling rusqlite v0.32.1
[INFO] [stderr]    Compiling clipl-protocol v0.1.0 (/opt/rustwide/workdir/crates/clipl-protocol)
[INFO] [stderr]    Compiling clipl-privacy v0.1.0 (/opt/rustwide/workdir/crates/clipl-privacy)
[INFO] [stderr]    Compiling clipl-platform v0.1.0 (/opt/rustwide/workdir/crates/clipl-platform)
[INFO] [stderr]    Compiling clipl-emoji v0.1.0 (/opt/rustwide/workdir/crates/clipl-emoji)
[INFO] [stderr]    Compiling clipl-symbols v0.1.0 (/opt/rustwide/workdir/crates/clipl-symbols)
[INFO] [stderr]    Compiling clipl-snippets v0.1.0 (/opt/rustwide/workdir/crates/clipl-snippets)
[INFO] [stderr]    Compiling clipl-media v0.1.0 (/opt/rustwide/workdir/crates/clipl-media)
[INFO] [stderr]    Compiling clipl-clipboard v0.1.0 (/opt/rustwide/workdir/crates/clipl-clipboard)
[INFO] [stderr]    Compiling clipl-daemon v0.1.0 (/opt/rustwide/workdir/apps/daemon)
[INFO] [stderr]    Compiling clipl-workspace-tests v0.1.0 (/opt/rustwide/workdir/tests)
[INFO] [stderr]    Compiling clipl v0.1.0 (/opt/rustwide/workdir/apps/cli)
[INFO] [stderr]     Finished `dev` profile [unoptimized + debuginfo] target(s) in 58.78s
[INFO] running `Command { std: "docker" "inspect" "0c1adab427833aaeecbf89dd4e54f13374a074c144011cc4a5cce84738b2fecd", kill_on_drop: false }`
[INFO] running `Command { std: "docker" "exec" "-e" "SOURCE_DIR=/opt/rustwide/workdir" "-e" "CARGO_HOME=/opt/rustwide/cargo-home" "-e" "RUSTUP_HOME=/opt/rustwide/rustup-home" "-e" "CARGO_TARGET_DIR=/opt/rustwide/target" "-e" "CARGO_INCREMENTAL=0" "-e" "RUST_BACKTRACE=full" "-e" "RUSTFLAGS=--cap-lints=warn" "-e" "RUSTDOCFLAGS=--cap-lints=warn" "-w" "/opt/rustwide/workdir" "--user" "0:0" "0c1adab427833aaeecbf89dd4e54f13374a074c144011cc4a5cce84738b2fecd" "/opt/rustwide/cargo-home/bin/cargo" "+1.99.0-beta.8" "test" "--frozen" "--no-run" "--message-format=json", kill_on_drop: false }`
[INFO] [stderr]    Compiling rustix v1.1.4
[INFO] [stderr]    Compiling fastrand v2.5.0
[INFO] [stderr]    Compiling clipl-snippets v0.1.0 (/opt/rustwide/workdir/crates/clipl-snippets)
[INFO] [stderr]    Compiling clipl-symbols v0.1.0 (/opt/rustwide/workdir/crates/clipl-symbols)
[INFO] [stderr]    Compiling clipl-core v0.1.0 (/opt/rustwide/workdir/crates/clipl-core)
[INFO] [stderr]    Compiling clipl-privacy v0.1.0 (/opt/rustwide/workdir/crates/clipl-privacy)
[INFO] [stderr]    Compiling clipl-media v0.1.0 (/opt/rustwide/workdir/crates/clipl-media)
[INFO] [stderr]    Compiling clipl-emoji v0.1.0 (/opt/rustwide/workdir/crates/clipl-emoji)
[INFO] [stderr]    Compiling gethostname v1.1.0
[INFO] [stderr]    Compiling tempfile v3.27.0
[INFO] [stderr]    Compiling x11rb v0.13.2
[INFO] [stderr]    Compiling clipl-desktop v0.1.0 (/opt/rustwide/workdir/apps/desktop/src-tauri)
[INFO] [stderr]    Compiling clipl-protocol v0.1.0 (/opt/rustwide/workdir/crates/clipl-protocol)
[INFO] [stderr]    Compiling clipl-clipboard v0.1.0 (/opt/rustwide/workdir/crates/clipl-clipboard)
[INFO] [stderr]    Compiling clipl-platform v0.1.0 (/opt/rustwide/workdir/crates/clipl-platform)
[INFO] [stderr]    Compiling clipl-daemon v0.1.0 (/opt/rustwide/workdir/apps/daemon)
[INFO] [stderr]    Compiling clipl v0.1.0 (/opt/rustwide/workdir/apps/cli)
[INFO] [stderr]    Compiling clipl-workspace-tests v0.1.0 (/opt/rustwide/workdir/tests)
[INFO] [stderr]     Finished `test` profile [unoptimized + debuginfo] target(s) in 16.99s
[INFO] running `Command { std: "docker" "inspect" "0c1adab427833aaeecbf89dd4e54f13374a074c144011cc4a5cce84738b2fecd", kill_on_drop: false }`
[INFO] running `Command { std: "docker" "exec" "-e" "SOURCE_DIR=/opt/rustwide/workdir" "-e" "CARGO_HOME=/opt/rustwide/cargo-home" "-e" "RUSTUP_HOME=/opt/rustwide/rustup-home" "-e" "CARGO_TARGET_DIR=/opt/rustwide/target" "-e" "CARGO_INCREMENTAL=0" "-e" "RUST_BACKTRACE=full" "-e" "RUSTFLAGS=--cap-lints=warn" "-e" "RUSTDOCFLAGS=--cap-lints=warn" "-w" "/opt/rustwide/workdir" "--user" "0:0" "0c1adab427833aaeecbf89dd4e54f13374a074c144011cc4a5cce84738b2fecd" "/opt/rustwide/cargo-home/bin/cargo" "+1.99.0-beta.8" "test" "--frozen", kill_on_drop: false }`
[INFO] [stderr]     Finished `test` profile [unoptimized + debuginfo] target(s) in 0.38s
[INFO] [stderr]      Running unittests src/main.rs (/opt/rustwide/target/debug/deps/clipl-7dfe0a824826b4e4)
[INFO] [stderr]      Running unittests src/lib.rs (/opt/rustwide/target/debug/deps/clipl_clipboard-0df36922786b3b47)
[INFO] [stdout] 
[INFO] [stdout] running 0 tests
[INFO] [stdout] 
[INFO] [stdout] test result: ok. 0 passed; 0 failed; 0 ignored; 0 measured; 0 filtered out; finished in 0.00s
[INFO] [stdout] 
[INFO] [stdout] 
[INFO] [stdout] running 18 tests
[INFO] [stdout] test hash::tests::same_text_same_hash ... ok
[INFO] [stdout] test tests::consecutive_duplicate_reuses_row ... ok
[INFO] [stdout] test tests::excludes_labelled_secrets ... ok
[INFO] [stdout] test tests::for_client_hides_sensitive_payload ... ok
[INFO] [stdout] test tests::max_age_expires_unpinned ... ok
[INFO] [stdout] test tests::refuses_to_delete_pinned ... ok
[INFO] [stdout] test tests::records_and_lists_text ... ok
[INFO] [stdout] test tests::privacy_runs_before_persist_for_pem ... ok
[INFO] [stdout] test sqlite::tests::kv_round_trip ... ok
[INFO] [stdout] test tests::pinned_survives_limit ... ok
[INFO] [stdout] test sqlite::tests::migrates_to_current ... ok
[INFO] [stdout] test hash::tests::different_text_different_hash ... ok
[INFO] [stdout] test tests::non_consecutive_duplicate_inserts_again ... ok
[INFO] [stdout] test picker::tests::favorites_and_skin_pref ... ok
[INFO] [stdout] test sqlite::tests::insert_list_search_delete ... ok
[INFO] [stdout] test sqlite::tests::expire_by_timestamp ... ok
[INFO] [stdout] test sqlite::tests::pin_survives_limit_and_clear ... ok
[INFO] [stdout] test picker::tests::usage_ranks_and_is_bounded ... ok
[INFO] [stdout] 
[INFO] [stdout] test result: ok. 18 passed; 0 failed; 0 ignored; 0 measured; 0 filtered out; finished in 0.13s
[INFO] [stdout] 
[INFO] [stderr]      Running unittests src/lib.rs (/opt/rustwide/target/debug/deps/clipl_core-33890a906ed5ec19)
[INFO] [stdout] 
[INFO] [stdout] running 24 tests
[INFO] [stdout] test activation::tests::rejects_bare_key ... ok
[INFO] [stdout] test activation::tests::normalizes_case ... ok
[INFO] [stdout] test activation::tests::behavior_parse ... ok
[INFO] [stdout] test clipboard::tests::text_preview_truncates ... ok
[INFO] [stdout] test config::tests::rejects_unknown_selection ... ok
[INFO] [stdout] test activation::tests::parses_super_v ... ok
[INFO] [stdout] test activation::tests::parses_ctrl_shift ... ok
[INFO] [stdout] test config::tests::accepts_activation_table ... ok
[INFO] [stdout] test config::tests::rejects_bare_activation_shortcut ... ok
[INFO] [stdout] test placeholders::tests::memory_storage_lists_prefix ... ok
[INFO] [stdout] test paths::tests::isolated_layout ... ok
[INFO] [stdout] test id::tests::ids_round_trip_as_strings ... ok
[INFO] [stdout] test paths::tests::socket_lives_under_runtime_dir ... ok
[INFO] [stdout] test capabilities::tests::native_is_usable_unsupported_is_not ... ok
[INFO] [stdout] test config::tests::rejects_zero_max_items ... ok
[INFO] [stdout] test activation::tests::parses_gnome_form ... ok
[INFO] [stdout] test platform::tests::pop_gnome_is_gnome ... ok
[INFO] [stdout] test placeholders::tests::memory_clipboard_watch_sees_write ... ok
[INFO] [stdout] test config::tests::defaults_validate ... ok
[INFO] [stdout] test capabilities::tests::unknown_matrix_covers_every_capability ... ok
[INFO] [stdout] test platform::tests::ubuntu_gnome_is_gnome ... ok
[INFO] [stdout] test tests::public_types_are_serde_round_trippable ... ok
[INFO] [stdout] test placeholders::tests::memory_clipboard_round_trip ... ok
[INFO] [stdout] test activation::tests::rejects_unknown_modifier ... ok
[INFO] [stdout] 
[INFO] [stdout] test result: ok. 24 passed; 0 failed; 0 ignored; 0 measured; 0 filtered out; finished in 0.06s
[INFO] [stdout] 
[INFO] [stderr]      Running unittests src/lib.rs (/opt/rustwide/target/debug/deps/clipl_daemon-8ebba867ad1473b3)
[INFO] [stdout] 
[INFO] [stdout] running 7 tests
[INFO] [stdout] test tests::insert_without_helper_is_copy_only ... ok
[INFO] [stdout] test tests::gnome_without_shell_helper_reports_partial_monitoring ... ok
[INFO] [stdout] test tests::toggle_desktop_reaches_subscriber ... ok
[INFO] [stdout] test tests::second_subscribe_replaces_the_first ... ok
[INFO] [stdout] test tests::toggle_without_desktop_is_not_delivered ... ok
[INFO] [stdout] test tests::record_clipboard_text_appears_in_history ... ok
[INFO] [stdout] test tests::mock_backend_records_and_serves_history ... FAILED
[INFO] [stdout] 
[INFO] [stdout] failures:
[INFO] [stdout] 
[INFO] [stdout] ---- tests::mock_backend_records_and_serves_history stdout ----
[INFO] [stdout] 
[INFO] [stdout] thread 'tests::mock_backend_records_and_serves_history' (2345) panicked at apps/daemon/src/lib.rs:748:9:
[INFO] [stdout] timed out waiting for expected history
[INFO] [stdout] stack backtrace:
[INFO] [stdout]    0:     0x55d44333abe1 - std[70759c8f55707aa4]::backtrace_rs::backtrace::libunwind::trace
[INFO] [stdout]                                at /rustc/dfb0accb7f508ae8be965d8629557221c889dd98/library/std/src/../../backtrace/src/backtrace/libunwind.rs:117:9
[INFO] [stdout]    1:     0x55d44333abe1 - std[70759c8f55707aa4]::backtrace_rs::backtrace::trace_unsynchronized::<std[70759c8f55707aa4]::sys::backtrace::_print_fmt::{closure#1}>
[INFO] [stdout]                                at /rustc/dfb0accb7f508ae8be965d8629557221c889dd98/library/std/src/../../backtrace/src/backtrace/mod.rs:66:14
[INFO] [stdout]    2:     0x55d44333abe1 - std[70759c8f55707aa4]::sys::backtrace::_print_fmt
[INFO] [stdout]                                at /rustc/dfb0accb7f508ae8be965d8629557221c889dd98/library/std/src/sys/backtrace.rs:74:9
[INFO] [stdout]    3:     0x55d44333abe1 - <<std[70759c8f55707aa4]::sys::backtrace::BacktraceLock>::print::DisplayBacktrace as core[df12db4294e9bfd3]::fmt::Display>::fmt
[INFO] [stdout]                                at /rustc/dfb0accb7f508ae8be965d8629557221c889dd98/library/std/src/sys/backtrace.rs:44:26
[INFO] [stdout]    4:     0x55d443350cca - <core[df12db4294e9bfd3]::fmt::rt::Argument>::fmt
[INFO] [stdout]                                at /rustc/dfb0accb7f508ae8be965d8629557221c889dd98/library/core/src/fmt/rt.rs:152:76
[INFO] [stdout]    5:     0x55d443350cca - core[df12db4294e9bfd3]::fmt::write
[INFO] [stdout]    6:     0x55d44333f61c - core[df12db4294e9bfd3]::io::write::default_write_fmt::<alloc[2182bb758b4b3781]::vec::Vec<u8>>
[INFO] [stdout]                                at /rustc/dfb0accb7f508ae8be965d8629557221c889dd98/library/core/src/io/write.rs:402:11
[INFO] [stdout]    7:     0x55d44333f61c - <alloc[2182bb758b4b3781]::vec::Vec<u8> as core[df12db4294e9bfd3]::io::write::Write>::write_fmt
[INFO] [stdout]                                at /rustc/dfb0accb7f508ae8be965d8629557221c889dd98/library/core/src/io/write.rs:335:13
[INFO] [stdout]    8:     0x55d443314626 - <std[70759c8f55707aa4]::sys::backtrace::BacktraceLock>::print
[INFO] [stdout]                                at /rustc/dfb0accb7f508ae8be965d8629557221c889dd98/library/std/src/sys/backtrace.rs:47:9
[INFO] [stdout]    9:     0x55d443314626 - std[70759c8f55707aa4]::panicking::default_hook::{closure#0}
[INFO] [stdout]                                at /rustc/dfb0accb7f508ae8be965d8629557221c889dd98/library/std/src/panicking.rs:292:27
[INFO] [stdout]   10:     0x55d443332129 - std[70759c8f55707aa4]::panicking::default_hook
[INFO] [stdout]                                at /rustc/dfb0accb7f508ae8be965d8629557221c889dd98/library/std/src/panicking.rs:316:9
[INFO] [stdout]   11:     0x55d442eff580 - <alloc[2182bb758b4b3781]::boxed::Box<dyn for<'a, 'b> core[df12db4294e9bfd3]::ops::function::Fn<(&'a std[70759c8f55707aa4]::panic::PanicHookInfo<'b>,), Output = ()> + core[df12db4294e9bfd3]::marker::Send + core[df12db4294e9bfd3]::marker::Sync> as core[df12db4294e9bfd3]::ops::function::Fn<(&std[70759c8f55707aa4]::panic::PanicHookInfo,)>>::call
[INFO] [stdout]                                at /rustc/dfb0accb7f508ae8be965d8629557221c889dd98/library/alloc/src/boxed.rs:2334:9
[INFO] [stdout]   12:     0x55d442eff580 - test[9d35eded1c95d3be]::test_main_inner::<test[9d35eded1c95d3be]::test_main_static::{closure#0}>::{closure#0}
[INFO] [stdout]                                at /rustc/dfb0accb7f508ae8be965d8629557221c889dd98/library/test/src/lib.rs:155:21
[INFO] [stdout]   13:     0x55d4433322e2 - <alloc[2182bb758b4b3781]::boxed::Box<dyn for<'a, 'b> core[df12db4294e9bfd3]::ops::function::Fn<(&'a std[70759c8f55707aa4]::panic::PanicHookInfo<'b>,), Output = ()> + core[df12db4294e9bfd3]::marker::Send + core[df12db4294e9bfd3]::marker::Sync> as core[df12db4294e9bfd3]::ops::function::Fn<(&std[70759c8f55707aa4]::panic::PanicHookInfo,)>>::call
[INFO] [stdout]                                at /rustc/dfb0accb7f508ae8be965d8629557221c889dd98/library/alloc/src/boxed.rs:2334:9
[INFO] [stdout]   14:     0x55d4433322e2 - std[70759c8f55707aa4]::panicking::panic_with_hook
[INFO] [stdout]                                at /rustc/dfb0accb7f508ae8be965d8629557221c889dd98/library/std/src/panicking.rs:823:13
[INFO] [stdout]   15:     0x55d443314704 - std[70759c8f55707aa4]::panicking::panic_handler::{closure#0}
[INFO] [stdout]                                at /rustc/dfb0accb7f508ae8be965d8629557221c889dd98/library/std/src/panicking.rs:681:13
[INFO] [stdout]   16:     0x55d44330d289 - std[70759c8f55707aa4]::sys::backtrace::__rust_end_short_backtrace::<std[70759c8f55707aa4]::panicking::panic_handler::{closure#0}, !>
[INFO] [stdout]                                at /rustc/dfb0accb7f508ae8be965d8629557221c889dd98/library/std/src/sys/backtrace.rs:182:18
[INFO] [stdout]   17:     0x55d44331557d - __rustc[8fa7c3cbc660c2b3]::rust_begin_unwind
[INFO] [stdout]                                at /rustc/dfb0accb7f508ae8be965d8629557221c889dd98/library/std/src/panicking.rs:679:5
[INFO] [stdout]   18:     0x55d4433514ec - core[df12db4294e9bfd3]::panicking::panic_fmt
[INFO] [stdout]                                at /rustc/dfb0accb7f508ae8be965d8629557221c889dd98/library/core/src/panicking.rs:80:14
[INFO] [stdout]   19:     0x55d442eae56e - clipl_daemon[3332c3c48c7aeda5]::tests::wait_history::<clipl_daemon[3332c3c48c7aeda5]::tests::mock_backend_records_and_serves_history::{closure#1}>
[INFO] [stdout]                                at /opt/rustwide/workdir/apps/daemon/src/lib.rs:748:9
[INFO] [stdout]   20:     0x55d442eb5eb7 - clipl_daemon[3332c3c48c7aeda5]::tests::mock_backend_records_and_serves_history
[INFO] [stdout]                                at /opt/rustwide/workdir/apps/daemon/src/lib.rs:800:21
[INFO] [stdout]   21:     0x55d442eb1337 - clipl_daemon[3332c3c48c7aeda5]::tests::mock_backend_records_and_serves_history::{closure#0}
[INFO] [stdout]                                at /opt/rustwide/workdir/apps/daemon/src/lib.rs:782:49
[INFO] [stdout]   22:     0x55d442ebbac6 - <clipl_daemon[3332c3c48c7aeda5]::tests::mock_backend_records_and_serves_history::{closure#0} as core[df12db4294e9bfd3]::ops::function::FnOnce<()>>::call_once
[INFO] [stdout]                                at /rustc/dfb0accb7f508ae8be965d8629557221c889dd98/library/core/src/ops/function.rs:250:5
[INFO] [stdout]   23:     0x55d442ef286b - <fn() -> core[df12db4294e9bfd3]::result::Result<(), alloc[2182bb758b4b3781]::string::String> as core[df12db4294e9bfd3]::ops::function::FnOnce<()>>::call_once
[INFO] [stdout]                                at /rustc/dfb0accb7f508ae8be965d8629557221c889dd98/library/core/src/ops/function.rs:250:5
[INFO] [stdout]   24:     0x55d442ef286b - test[9d35eded1c95d3be]::__rust_begin_short_backtrace::<core[df12db4294e9bfd3]::result::Result<(), alloc[2182bb758b4b3781]::string::String>, fn() -> core[df12db4294e9bfd3]::result::Result<(), alloc[2182bb758b4b3781]::string::String>>
[INFO] [stdout]                                at /rustc/dfb0accb7f508ae8be965d8629557221c889dd98/library/test/src/lib.rs:733:18
[INFO] [stdout]   25:     0x55d442effed5 - test[9d35eded1c95d3be]::run_test_in_process::{closure#0}
[INFO] [stdout]                                at /rustc/dfb0accb7f508ae8be965d8629557221c889dd98/library/test/src/lib.rs:756:74
[INFO] [stdout]   26:     0x55d442effed5 - <core[df12db4294e9bfd3]::panic::unwind_safe::AssertUnwindSafe<test[9d35eded1c95d3be]::run_test_in_process::{closure#0}> as core[df12db4294e9bfd3]::ops::function::FnOnce<()>>::call_once
[INFO] [stdout]                                at /rustc/dfb0accb7f508ae8be965d8629557221c889dd98/library/core/src/panic/unwind_safe.rs:275:9
[INFO] [stdout]   27:     0x55d442effed5 - std[70759c8f55707aa4]::panicking::catch_unwind::do_call::<core[df12db4294e9bfd3]::panic::unwind_safe::AssertUnwindSafe<test[9d35eded1c95d3be]::run_test_in_process::{closure#0}>, core[df12db4294e9bfd3]::result::Result<(), alloc[2182bb758b4b3781]::string::String>>
[INFO] [stdout]                                at /rustc/dfb0accb7f508ae8be965d8629557221c889dd98/library/std/src/panicking.rs:576:43
[INFO] [stdout]   28:     0x55d442effed5 - std[70759c8f55707aa4]::panicking::catch_unwind::<core[df12db4294e9bfd3]::result::Result<(), alloc[2182bb758b4b3781]::string::String>, core[df12db4294e9bfd3]::panic::unwind_safe::AssertUnwindSafe<test[9d35eded1c95d3be]::run_test_in_process::{closure#0}>>
[INFO] [stdout]                                at /rustc/dfb0accb7f508ae8be965d8629557221c889dd98/library/std/src/panicking.rs:544:19
[INFO] [stdout]   29:     0x55d442effed5 - std[70759c8f55707aa4]::panic::catch_unwind::<core[df12db4294e9bfd3]::panic::unwind_safe::AssertUnwindSafe<test[9d35eded1c95d3be]::run_test_in_process::{closure#0}>, core[df12db4294e9bfd3]::result::Result<(), alloc[2182bb758b4b3781]::string::String>>
[INFO] [stdout]                                at /rustc/dfb0accb7f508ae8be965d8629557221c889dd98/library/std/src/panic.rs:359:14
[INFO] [stdout]   30:     0x55d442effed5 - test[9d35eded1c95d3be]::run_test_in_process
[INFO] [stdout]                                at /rustc/dfb0accb7f508ae8be965d8629557221c889dd98/library/test/src/lib.rs:756:27
[INFO] [stdout]   31:     0x55d442effed5 - test[9d35eded1c95d3be]::run_test::{closure#0}
[INFO] [stdout]                                at /rustc/dfb0accb7f508ae8be965d8629557221c889dd98/library/test/src/lib.rs:677:43
[INFO] [stdout]   32:     0x55d442ef9794 - test[9d35eded1c95d3be]::run_test::{closure#1}
[INFO] [stdout]                                at /rustc/dfb0accb7f508ae8be965d8629557221c889dd98/library/test/src/lib.rs:707:41
[INFO] [stdout]   33:     0x55d442ef9794 - std[70759c8f55707aa4]::sys::backtrace::__rust_begin_short_backtrace::<test[9d35eded1c95d3be]::run_test::{closure#1}, ()>
[INFO] [stdout]                                at /rustc/dfb0accb7f508ae8be965d8629557221c889dd98/library/std/src/sys/backtrace.rs:166:18
[INFO] [stdout]   34:     0x55d442f03032 - std[70759c8f55707aa4]::thread::lifecycle::spawn_unchecked::<test[9d35eded1c95d3be]::run_test::{closure#1}, ()>::{closure#1}::{closure#0}
[INFO] [stdout]                                at /rustc/dfb0accb7f508ae8be965d8629557221c889dd98/library/std/src/thread/lifecycle.rs:70:13
[INFO] [stdout]   35:     0x55d442f03032 - <core[df12db4294e9bfd3]::panic::unwind_safe::AssertUnwindSafe<std[70759c8f55707aa4]::thread::lifecycle::spawn_unchecked<test[9d35eded1c95d3be]::run_test::{closure#1}, ()>::{closure#1}::{closure#0}> as core[df12db4294e9bfd3]::ops::function::FnOnce<()>>::call_once
[INFO] [stdout]                                at /rustc/dfb0accb7f508ae8be965d8629557221c889dd98/library/core/src/panic/unwind_safe.rs:275:9
[INFO] [stdout]   36:     0x55d442f03032 - std[70759c8f55707aa4]::panicking::catch_unwind::do_call::<core[df12db4294e9bfd3]::panic::unwind_safe::AssertUnwindSafe<std[70759c8f55707aa4]::thread::lifecycle::spawn_unchecked<test[9d35eded1c95d3be]::run_test::{closure#1}, ()>::{closure#1}::{closure#0}>, ()>
[INFO] [stdout]                                at /rustc/dfb0accb7f508ae8be965d8629557221c889dd98/library/std/src/panicking.rs:576:43
[INFO] [stdout]   37:     0x55d442f03032 - std[70759c8f55707aa4]::panicking::catch_unwind::<(), core[df12db4294e9bfd3]::panic::unwind_safe::AssertUnwindSafe<std[70759c8f55707aa4]::thread::lifecycle::spawn_unchecked<test[9d35eded1c95d3be]::run_test::{closure#1}, ()>::{closure#1}::{closure#0}>>
[INFO] [stdout]                                at /rustc/dfb0accb7f508ae8be965d8629557221c889dd98/library/std/src/panicking.rs:544:19
[INFO] [stdout]   38:     0x55d442f03032 - std[70759c8f55707aa4]::panic::catch_unwind::<core[df12db4294e9bfd3]::panic::unwind_safe::AssertUnwindSafe<std[70759c8f55707aa4]::thread::lifecycle::spawn_unchecked<test[9d35eded1c95d3be]::run_test::{closure#1}, ()>::{closure#1}::{closure#0}>, ()>
[INFO] [stdout]                                at /rustc/dfb0accb7f508ae8be965d8629557221c889dd98/library/std/src/panic.rs:359:14
[INFO] [stdout]   39:     0x55d442f03032 - std[70759c8f55707aa4]::thread::lifecycle::spawn_unchecked::<test[9d35eded1c95d3be]::run_test::{closure#1}, ()>::{closure#1}
[INFO] [stdout]                                at /rustc/dfb0accb7f508ae8be965d8629557221c889dd98/library/std/src/thread/lifecycle.rs:68:26
[INFO] [stdout]   40:     0x55d442f03032 - <std[70759c8f55707aa4]::thread::lifecycle::spawn_unchecked<test[9d35eded1c95d3be]::run_test::{closure#1}, ()>::{closure#1} as core[df12db4294e9bfd3]::ops::function::FnOnce<()>>::call_once::{shim:vtable#0}
[INFO] [stdout]                                at /rustc/dfb0accb7f508ae8be965d8629557221c889dd98/library/core/src/ops/function.rs:250:5
[INFO] [stdout]   41:     0x55d443339f69 - <alloc[2182bb758b4b3781]::boxed::Box<dyn core[df12db4294e9bfd3]::ops::function::FnOnce<(), Output = ()> + core[df12db4294e9bfd3]::marker::Send> as core[df12db4294e9bfd3]::ops::function::FnOnce<()>>::call_once
[INFO] [stdout]                                at /rustc/dfb0accb7f508ae8be965d8629557221c889dd98/library/alloc/src/boxed.rs:2320:9
[INFO] [stdout]   42:     0x55d443339f69 - <std[70759c8f55707aa4]::sys::thread::unix::Thread>::new::thread_start
[INFO] [stdout]                                at /rustc/dfb0accb7f508ae8be965d8629557221c889dd98/library/std/src/sys/thread/unix.rs:123:17
[INFO] [stdout]   43:     0x7d46a165adfa - <unknown>
[INFO] [stdout]   44:     0x7d46a16ee3d4 - clone
[INFO] [stdout]   45:                0x0 - <unknown>
[INFO] [stdout] 
[INFO] [stdout] 
[INFO] [stdout] failures:
[INFO] [stdout]     tests::mock_backend_records_and_serves_history
[INFO] [stdout] 
[INFO] [stdout] test result: FAILED. 6 passed; 1 failed; 0 ignored; 0 measured; 0 filtered out; finished in 2.46s
[INFO] [stdout] 
[INFO] [stderr] error: test failed, to rerun pass `-p clipl-daemon --lib`
[INFO] running `Command { std: "docker" "inspect" "0c1adab427833aaeecbf89dd4e54f13374a074c144011cc4a5cce84738b2fecd", kill_on_drop: false }`
[INFO] running `Command { std: "docker" "rm" "-f" "0c1adab427833aaeecbf89dd4e54f13374a074c144011cc4a5cce84738b2fecd", kill_on_drop: false }`
[INFO] [stdout] 0c1adab427833aaeecbf89dd4e54f13374a074c144011cc4a5cce84738b2fecd
