[INFO] fetching crate sefy-core 0.13.0...
[INFO] testing sefy-core-0.13.0 against 1.99.0-beta.8 for beta-1.100-3
[INFO] extracting crate sefy-core 0.13.0 into /workspace/builds/worker-2-tc1/source
[INFO] started tweaking crates.io crate sefy-core 0.13.0
[INFO] removed 0 missing examples
[INFO] removed 0 missing tests
[INFO] finished tweaking crates.io crate sefy-core 0.13.0
[INFO] tweaked toml for crates.io crate sefy-core 0.13.0 written to /workspace/builds/worker-2-tc1/source/Cargo.toml
[INFO] validating manifest of crates.io crate sefy-core 0.13.0 on toolchain 1.99.0-beta.8
[INFO] running `Command { std: CARGO_HOME="/workspace/cargo-home" RUSTUP_HOME="/workspace/rustup-home" "/workspace/cargo-home/bin/cargo" "+1.99.0-beta.8" "metadata" "--manifest-path" "Cargo.toml" "--no-deps", kill_on_drop: false }`
[INFO] crate crates.io crate sefy-core 0.13.0 already has a lockfile, it will not be regenerated
[INFO] running `Command { std: CARGO_HOME="/workspace/cargo-home" RUSTUP_HOME="/workspace/rustup-home" "/workspace/cargo-home/bin/cargo" "+1.99.0-beta.8" "fetch" "--manifest-path" "Cargo.toml", kill_on_drop: false }`
[INFO] [stderr]     Updating crates.io index
[INFO] [stderr]  Downloading crates ...
[INFO] [stderr]   Downloaded wasm-bindgen-shared v0.2.129
[INFO] [stderr]   Downloaded wasm-bindgen-macro v0.2.129
[INFO] [stderr]   Downloaded wasm-bindgen v0.2.129
[INFO] [stderr]   Downloaded universal-hash v0.6.1
[INFO] [stderr]   Downloaded android_system_properties v0.1.6
[INFO] [stderr]   Downloaded zeroize_derive v1.5.0
[INFO] [stderr]   Downloaded password-hash v0.6.1
[INFO] [stderr]   Downloaded either v1.18.0
[INFO] [stderr]   Downloaded rsqlite-vfs v0.1.1
[INFO] [stderr]   Downloaded foldhash v0.2.0
[INFO] [stderr]   Downloaded phc v0.6.1
[INFO] [stderr]   Downloaded aead v0.6.1
[INFO] [stderr]   Downloaded csv-core v0.1.13
[INFO] [stderr]   Downloaded hashlink v0.12.2
[INFO] [stderr]   Downloaded argon2 v0.6.0
[INFO] [stderr]   Downloaded poly1305 v0.9.1
[INFO] [stderr]   Downloaded hybrid-array v0.4.15
[INFO] [stderr]   Downloaded blake2 v0.11.0
[INFO] [stderr]   Downloaded chacha20poly1305 v0.11.0
[INFO] [stderr]   Downloaded js-sys v0.3.106
[INFO] [stderr]   Downloaded cc v1.5.1
[INFO] [stderr]   Downloaded wasm-bindgen-macro-support v0.2.129
[INFO] [stderr]   Downloaded fancy-regex v0.18.0
[INFO] [stderr]   Downloaded rusqlite v0.40.2
[INFO] [stderr]   Downloaded quick-xml v0.42.0
[INFO] [stderr]   Downloaded time v0.3.55
[INFO] [stderr]   Downloaded zxcvbn v3.1.1
[INFO] [stderr]   Downloaded web-sys v0.3.106
[INFO] [stderr]   Downloaded csv v1.4.0
[INFO] [stderr]   Downloaded libsqlite3-sys v0.38.2
[INFO] [stderr]   Downloaded sqlite-wasm-rs v0.5.5
[INFO] running `Command { std: "docker" "create" "-v" "/var/lib/crater-agent-workspace/builds/worker-2-tc1/source:/opt/rustwide/workdir:ro,Z" "-v" "/var/lib/crater-agent-workspace/builds/worker-2-tc1/target:/opt/rustwide/target:rw,Z" "-v" "/var/lib/crater-agent-workspace/cargo-home:/opt/rustwide/cargo-home:ro,Z" "-v" "/var/lib/crater-agent-workspace/rustup-home:/opt/rustwide/rustup-home:ro,Z" "-m" "1610612736" "--network" "none" "ghcr.io/rust-lang/crates-build-env/linux@sha256:77db811e55d90add9212f6832c23229e3de5f1c1f9905e8cb07319ea15df73ac" "sleep" "infinity", kill_on_drop: false }`
[INFO] [stdout] 3eb7dffd35ce2adc73ea478cca974d1cea4221d5f09a9c866ced9ba7f4489eab
[INFO] running `Command { std: "docker" "start" "3eb7dffd35ce2adc73ea478cca974d1cea4221d5f09a9c866ced9ba7f4489eab", kill_on_drop: false }`
[INFO] running `Command { std: "docker" "inspect" "3eb7dffd35ce2adc73ea478cca974d1cea4221d5f09a9c866ced9ba7f4489eab", kill_on_drop: false }`
[INFO] running `Command { std: "docker" "exec" "-e" "SOURCE_DIR=/opt/rustwide/workdir" "-e" "CARGO_HOME=/opt/rustwide/cargo-home" "-e" "RUSTUP_HOME=/opt/rustwide/rustup-home" "-e" "CARGO_TARGET_DIR=/opt/rustwide/target" "-w" "/opt/rustwide/workdir" "--user" "0:0" "3eb7dffd35ce2adc73ea478cca974d1cea4221d5f09a9c866ced9ba7f4489eab" "/opt/rustwide/cargo-home/bin/cargo" "+1.99.0-beta.8" "metadata" "--no-deps" "--format-version=1", kill_on_drop: false }`
[INFO] running `Command { std: "docker" "inspect" "3eb7dffd35ce2adc73ea478cca974d1cea4221d5f09a9c866ced9ba7f4489eab", kill_on_drop: false }`
[INFO] running `Command { std: "docker" "exec" "-e" "SOURCE_DIR=/opt/rustwide/workdir" "-e" "CARGO_HOME=/opt/rustwide/cargo-home" "-e" "RUSTUP_HOME=/opt/rustwide/rustup-home" "-e" "CARGO_TARGET_DIR=/opt/rustwide/target" "-e" "CARGO_INCREMENTAL=0" "-e" "RUST_BACKTRACE=full" "-e" "RUSTFLAGS=--cap-lints=warn" "-e" "RUSTDOCFLAGS=--cap-lints=warn" "-w" "/opt/rustwide/workdir" "--user" "0:0" "3eb7dffd35ce2adc73ea478cca974d1cea4221d5f09a9c866ced9ba7f4489eab" "/opt/rustwide/cargo-home/bin/cargo" "+1.99.0-beta.8" "build" "--frozen" "--message-format=json", kill_on_drop: false }`
[INFO] [stderr]    Compiling libc v0.2.189
[INFO] [stderr]    Compiling cfg-if v1.0.5
[INFO] [stderr]    Compiling getrandom v0.4.3
[INFO] [stderr]    Compiling rand_core v0.10.1
[INFO] [stderr]    Compiling typenum v1.20.1
[INFO] [stderr]    Compiling cmov v0.5.4
[INFO] [stderr]    Compiling proc-macro2 v1.0.107
[INFO] [stderr]    Compiling quote v1.0.47
[INFO] [stderr]    Compiling unicode-ident v1.0.26
[INFO] [stderr]    Compiling memchr v2.8.3
[INFO] [stderr]    Compiling const-oid v0.10.2
[INFO] [stderr]    Compiling cpufeatures v0.3.1
[INFO] [stderr]    Compiling find-msvc-tools v0.1.14
[INFO] [stderr]    Compiling serde_core v1.0.229
[INFO] [stderr]    Compiling shlex v2.0.1
[INFO] [stderr]    Compiling regex-syntax v0.8.11
[INFO] [stderr]    Compiling pkg-config v0.3.34
[INFO] [stderr]    Compiling rustix v1.1.5
[INFO] [stderr]    Compiling bitflags v2.13.2
[INFO] [stderr]    Compiling zmij v1.0.23
[INFO] [stderr]    Compiling crc32fast v1.5.2
[INFO] [stderr]    Compiling foldhash v0.2.0
[INFO] [stderr]    Compiling cc v1.5.1
[INFO] [stderr]    Compiling ctutils v0.4.2
[INFO] [stderr]    Compiling base64ct v1.8.3
[INFO] [stderr]    Compiling bit-vec v0.8.0
[INFO] [stderr]    Compiling hashbrown v0.17.1
[INFO] [stderr]    Compiling itoa v1.0.18
[INFO] [stderr]    Compiling deranged v0.5.8
[INFO] [stderr]    Compiling linux-raw-sys v0.12.1
[INFO] [stderr]    Compiling time-core v0.1.9
[INFO] [stderr]    Compiling bit-set v0.8.0
[INFO] [stderr]    Compiling aho-corasick v1.1.5
[INFO] [stderr]    Compiling serde_json v1.0.151
[INFO] [stderr]    Compiling serde v1.0.229
[INFO] [stderr]    Compiling num-conv v0.2.2
[INFO] [stderr]    Compiling thiserror v2.0.21
[INFO] [stderr]    Compiling either v1.18.0
[INFO] [stderr]    Compiling simd-adler32 v0.3.10
[INFO] [stderr]    Compiling csv-core v0.1.13
[INFO] [stderr]    Compiling miniz_oxide v0.9.1
[INFO] [stderr]    Compiling itertools v0.14.0
[INFO] [stderr]    Compiling ryu v1.0.23
[INFO] [stderr]    Compiling syn v3.0.6
[INFO] [stderr]    Compiling syn v2.0.119
[INFO] [stderr]    Compiling fastrand v2.5.0
[INFO] [stderr]    Compiling once_cell v1.21.4
[INFO] [stderr]    Compiling hashlink v0.12.2
[INFO] [stderr]    Compiling fallible-streaming-iterator v0.1.9
[INFO] [stderr]    Compiling fallible-iterator v0.3.0
[INFO] [stderr]    Compiling smallvec v1.16.2
[INFO] [stderr]    Compiling quick-xml v0.42.0
[INFO] [stderr]    Compiling base64 v0.23.1
[INFO] [stderr]    Compiling hybrid-array v0.4.15
[INFO] [stderr]    Compiling flate2 v1.1.10
[INFO] [stderr]    Compiling time v0.3.55
[INFO] [stderr]    Compiling block-buffer v0.12.1
[INFO] [stderr]    Compiling inout v0.2.2
[INFO] [stderr]    Compiling libsqlite3-sys v0.38.2
[INFO] [stderr]    Compiling crypto-common v0.2.2
[INFO] [stderr]    Compiling phc v0.6.1
[INFO] [stderr]    Compiling password-hash v0.6.1
[INFO] [stderr]    Compiling regex-automata v0.4.18
[INFO] [stderr]    Compiling tempfile v3.27.0
[INFO] [stderr]    Compiling serde_derive v1.0.229
[INFO] [stderr]    Compiling thiserror-impl v2.0.21
[INFO] [stderr]    Compiling csv v1.4.0
[INFO] [stderr]    Compiling digest v0.11.3
[INFO] [stderr]    Compiling universal-hash v0.6.1
[INFO] [stderr]    Compiling cipher v0.5.2
[INFO] [stderr]    Compiling aead v0.6.1
[INFO] [stderr]    Compiling poly1305 v0.9.1
[INFO] [stderr]    Compiling blake2 v0.11.0
[INFO] [stderr]    Compiling sha2 v0.11.0
[INFO] [stderr]    Compiling sha1 v0.11.0
[INFO] [stderr]    Compiling hmac v0.13.0
[INFO] [stderr]    Compiling chacha20 v0.10.2
[INFO] [stderr]    Compiling argon2 v0.6.0
[INFO] [stderr]    Compiling chacha20poly1305 v0.11.0
[INFO] [stderr]    Compiling zeroize_derive v1.5.0
[INFO] [stderr]    Compiling regex v1.13.1
[INFO] [stderr]    Compiling fancy-regex v0.18.0
[INFO] [stderr]    Compiling zeroize v1.9.0
[INFO] [stderr]    Compiling zxcvbn v3.1.1
[INFO] [stderr]    Compiling rusqlite v0.40.2
[INFO] [stderr]    Compiling sefy-core v0.13.0 (/opt/rustwide/workdir)
[INFO] [stderr]     Finished `dev` profile [unoptimized + debuginfo] target(s) in 51.66s
[INFO] running `Command { std: "docker" "inspect" "3eb7dffd35ce2adc73ea478cca974d1cea4221d5f09a9c866ced9ba7f4489eab", kill_on_drop: false }`
[INFO] running `Command { std: "docker" "exec" "-e" "SOURCE_DIR=/opt/rustwide/workdir" "-e" "CARGO_HOME=/opt/rustwide/cargo-home" "-e" "RUSTUP_HOME=/opt/rustwide/rustup-home" "-e" "CARGO_TARGET_DIR=/opt/rustwide/target" "-e" "CARGO_INCREMENTAL=0" "-e" "RUST_BACKTRACE=full" "-e" "RUSTFLAGS=--cap-lints=warn" "-e" "RUSTDOCFLAGS=--cap-lints=warn" "-w" "/opt/rustwide/workdir" "--user" "0:0" "3eb7dffd35ce2adc73ea478cca974d1cea4221d5f09a9c866ced9ba7f4489eab" "/opt/rustwide/cargo-home/bin/cargo" "+1.99.0-beta.8" "test" "--frozen" "--no-run" "--message-format=json", kill_on_drop: false }`
[INFO] [stderr]    Compiling sefy-core v0.13.0 (/opt/rustwide/workdir)
[INFO] [stderr]     Finished `test` profile [unoptimized + debuginfo] target(s) in 7.21s
[INFO] running `Command { std: "docker" "inspect" "3eb7dffd35ce2adc73ea478cca974d1cea4221d5f09a9c866ced9ba7f4489eab", kill_on_drop: false }`
[INFO] running `Command { std: "docker" "exec" "-e" "SOURCE_DIR=/opt/rustwide/workdir" "-e" "CARGO_HOME=/opt/rustwide/cargo-home" "-e" "RUSTUP_HOME=/opt/rustwide/rustup-home" "-e" "CARGO_TARGET_DIR=/opt/rustwide/target" "-e" "CARGO_INCREMENTAL=0" "-e" "RUST_BACKTRACE=full" "-e" "RUSTFLAGS=--cap-lints=warn" "-e" "RUSTDOCFLAGS=--cap-lints=warn" "-w" "/opt/rustwide/workdir" "--user" "0:0" "3eb7dffd35ce2adc73ea478cca974d1cea4221d5f09a9c866ced9ba7f4489eab" "/opt/rustwide/cargo-home/bin/cargo" "+1.99.0-beta.8" "test" "--frozen", kill_on_drop: false }`
[INFO] [stderr]     Finished `test` profile [unoptimized + debuginfo] target(s) in 0.10s
[INFO] [stderr]      Running unittests src/lib.rs (/opt/rustwide/target/debug/deps/sefy_core-803d64ec793c9cb3)
[INFO] [stdout] 
[INFO] [stdout] running 136 tests
[INFO] [stdout] test exchange::csv::tests::headers_are_recognised_whatever_their_spelling ... ok
[INFO] [stdout] test exchange::bitwarden::tests::a_field_name_reads_as_words ... ok
[INFO] [stdout] test exchange::csv::tests::a_moment_is_read_in_any_of_the_shapes_exports_use ... ok
[INFO] [stdout] test exchange::bitwarden::tests::an_expiry_comes_out_as_printed ... ok
[INFO] [stdout] test db::tests::normalize_tags_trims_and_deduplicates ... ok
[INFO] [stdout] test exchange::tests::an_empty_value_is_no_field_and_an_empty_record_is_no_payload ... ok
[INFO] [stdout] test db::tests::escape_like_neutralizes_wildcards ... ok
[INFO] [stdout] test exchange::tests::each_format_is_told_by_its_contents ... ok
[INFO] [stdout] test exchange::tests::earlier_contents_settle_into_a_numbered_line_without_repeats ... ok
[INFO] [stdout] test exchange::tests::fields_settle_in_the_templates_order_with_strangers_after ... ok
[INFO] [stdout] test exchange::xml::tests::a_character_xml_cannot_carry_is_refused_rather_than_dropped ... ok
[INFO] [stdout] test exchange::xml::tests::a_tree_comes_out_with_text_attributes_and_references_resolved ... ok
[INFO] [stdout] test exchange::tests::json_and_xml_that_are_neither_are_refused_by_name ... ok
[INFO] [stdout] test exchange::tests::secrecy_comes_from_the_template_then_the_source_then_caution ... ok
[INFO] [stdout] test exchange::xml::tests::broken_documents_are_errors ... ok
[INFO] [stdout] test exchange::xml::tests::whatever_escape_writes_parses_back_byte_for_byte ... ok
[INFO] [stdout] test exchange::tests::a_field_name_already_taken_gets_a_number_instead_of_replacing ... ok
[INFO] [stdout] test exchange::tests::a_recorded_line_without_a_stamp_continues_after_its_last_version ... ok
[INFO] [stdout] test exchange::tests::a_title_falls_back_to_the_site_then_the_account ... ok
[INFO] [stdout] test generate::tests::a_class_left_out_never_appears ... ok
[INFO] [stdout] test generate::tests::a_draw_past_the_last_whole_multiple_is_drawn_again ... ok
[INFO] [stdout] test exchange::tests::identities_written_other_ways_come_out_the_same ... ok
[INFO] [stdout] test generate::tests::a_generated_value_stays_out_of_debug_output ... ok
[INFO] [stdout] test db::tests::fields_keep_the_order_they_were_written_in ... ok
[INFO] [stdout] test generate::tests::a_long_password_does_not_overflow_its_entropy ... ok
[INFO] [stdout] test generate::tests::a_password_is_as_long_as_asked ... ok
[INFO] [stdout] test generate::tests::a_pronounceable_password_alternates_consonants_and_vowels ... ok
[INFO] [stdout] test generate::tests::a_passphrase_is_words_from_its_list_joined_by_the_separator ... ok
[INFO] [stdout] test db::tests::a_secret_field_is_not_searchable ... ok
[INFO] [stdout] test db::tests::dump_and_load_preserve_items ... ok
[INFO] [stdout] test generate::tests::the_last_draw_below_the_limit_is_kept ... ok
[INFO] [stdout] test generate::tests::the_entropy_counts_exactly_the_passwords_that_are_kept ... ok
[INFO] [stdout] test generate::tests::too_short_to_hold_every_class_is_refused ... ok
[INFO] [stdout] test history::tests::a_field_that_was_secret_stays_secret_in_a_comparison ... ok
[INFO] [stdout] test history::tests::a_file_compares_its_name_and_its_bytes_but_offers_no_bytes_as_text ... ok
[INFO] [stdout] test history::tests::a_comparison_names_what_changed_and_what_did_not ... ok
[INFO] [stdout] test history::tests::a_kind_from_a_newer_sefy_is_kept_as_unknown_rather_than_refused ... ok
[INFO] [stdout] test history::tests::a_line_diff_finds_the_longest_shared_run_not_the_first_one ... ok
[INFO] [stdout] test history::tests::a_line_diff_keeps_what_is_shared_and_marks_the_rest ... ok
[INFO] [stdout] test history::tests::a_line_diff_of_identical_or_empty_texts_is_all_or_nothing ... ok
[INFO] [stdout] test history::tests::contents_that_cannot_be_read_are_not_mistaken_for_empty_ones ... ok
[INFO] [stdout] test generate::tests::nothing_past_the_cap_is_generated ... ok
[INFO] [stdout] test history::tests::a_line_diff_too_large_to_table_is_still_correct ... ok
[INFO] [stdout] test history::tests::every_kind_of_contents_survives_being_kept ... ok
[INFO] [stdout] test generate::tests::the_word_lists_are_the_published_ones ... ok
[INFO] [stdout] test history::tests::fields_that_came_and_went_are_named_as_such ... ok
[INFO] [stdout] test generate::tests::every_class_appears_in_every_password ... ok
[INFO] [stdout] test crypto::tests::tampered_ciphertext_fails_to_open ... ok
[INFO] [stdout] test crypto::tests::seal_open_roundtrip ... ok
[INFO] [stdout] test model::tests::a_field_is_looked_up_by_name ... ok
[INFO] [stdout] test model::tests::a_login_fills_in_the_order_a_sign_in_form_asks ... ok
[INFO] [stdout] test model::tests::a_one_time_password_key_is_secret_wherever_a_template_has_one ... ok
[INFO] [stdout] test model::tests::an_unheard_of_kind_keeps_its_name_instead_of_failing ... ok
[INFO] [stdout] test model::tests::every_kind_but_a_note_and_a_file_is_a_record_with_a_template_row ... ok
[INFO] [stdout] test model::tests::every_template_names_its_fields_uniquely ... ok
[INFO] [stdout] test model::tests::kind_names_round_trip ... ok
[INFO] [stdout] test model::tests::only_field_backed_kinds_have_a_template ... ok
[INFO] [stdout] test model::tests::the_default_field_is_the_first_secret_one ... ok
[INFO] [stdout] test model::tests::the_old_name_for_a_login_still_reads ... ok
[INFO] [stdout] test otp::tests::a_bare_key_is_named_by_the_fallbacks_and_keeps_the_defaults_implicit ... ok
[INFO] [stdout] test otp::tests::a_bare_key_is_stored_one_way_and_a_link_as_given ... ok
[INFO] [stdout] test otp::tests::a_bare_key_means_the_defaults ... ok
[INFO] [stdout] test otp::tests::a_link_carries_its_parameters_and_names ... ok
[INFO] [stdout] test otp::tests::a_link_drawn_again_reads_back_the_same ... ok
[INFO] [stdout] test otp::tests::base32_round_trips_every_length ... ok
[INFO] [stdout] test otp::tests::debug_output_hides_the_key ... ok
[INFO] [stdout] test otp::tests::sha1_codes_match_the_rfc ... ok
[INFO] [stdout] test otp::tests::sha256_codes_match_the_rfc ... ok
[INFO] [stdout] test otp::tests::sha512_codes_match_the_rfc ... ok
[INFO] [stdout] test otp::tests::the_code_counts_down_to_the_next_window ... ok
[INFO] [stdout] test otp::tests::the_issuer_parameter_wins_over_the_label ... ok
[INFO] [stdout] test otp::tests::the_refusal_never_quotes_the_key ... ok
[INFO] [stdout] test otp::tests::what_is_not_a_key_is_refused ... ok
[INFO] [stdout] test plugin::manifest::tests::a_manifest_parses_with_only_its_required_fields ... ok
[INFO] [stdout] test plugin::manifest::tests::a_plugin_without_a_manifest_is_still_named ... ok
[INFO] [stdout] test plugin::manifest::tests::an_undeclared_operation_is_not_supported ... ok
[INFO] [stdout] test plugin::manifest::tests::an_unknown_operation_is_refused_rather_than_guessed ... ok
[INFO] [stdout] test plugin::manifest::tests::operations_are_read_from_the_manifest ... ok
[INFO] [stdout] test plugin::tests::a_file_without_the_prefix_is_not_a_plugin ... ok
[INFO] [stdout] test plugin::tests::a_name_matching_nothing_finds_nothing ... ok
[INFO] [stdout] test plugin::tests::a_plugin_declaring_no_operations_is_refused ... ok
[INFO] [stdout] test plugin::tests::a_plugin_is_also_found_by_its_executable_name ... ok
[INFO] [stdout] test plugin::tests::a_plugin_is_found_by_its_short_name ... ok
[INFO] [stdout] test plugin::tests::a_plugin_reporting_an_error_in_its_reply_fails_the_call ... ok
[INFO] [stdout] test plugin::tests::a_plugin_speaking_another_protocol_is_listed_but_refused ... ok
[INFO] [stdout] test plugin::tests::a_plugin_too_broken_to_describe_itself_is_still_addressable ... ok
[INFO] [stdout] test plugin::tests::a_plugin_with_an_unreadable_manifest_says_why ... ok
[INFO] [stdout] test crypto::tests::same_plaintext_seals_to_different_ciphertexts ... ok
[INFO] [stdout] test plugin::tests::a_request_carries_the_file_and_nothing_secret ... ok
[INFO] [stdout] test plugin::tests::an_empty_directory_contributes_no_plugins ... ok
[INFO] [stdout] test plugin::tests::a_well_formed_plugin_is_discovered_and_usable ... ok
[INFO] [stdout] test plugin::tests::an_operation_the_plugin_does_not_declare_is_refused_before_running ... ok
[INFO] [stdout] test plugin::tests::an_operation_runs_and_its_report_comes_back ... ok
[INFO] [stdout] test plugin::tests::an_unusable_plugin_is_never_run ... ok
[INFO] [stdout] test plugin::tests::plugins_are_never_looked_for_beside_the_vault ... ok
[INFO] [stdout] test plugin::tests::an_unreadable_reply_is_not_quoted_back ... ok
[INFO] [stdout] test plugin::tests::the_application_directory_comes_before_the_path ... ok
[INFO] [stdout] test plugin::tests::the_bare_prefix_is_not_a_plugin ... ok
[INFO] [stdout] test plugin::tests::silence_is_success_with_nothing_to_say ... ok
[INFO] [stdout] test plugin::tests::the_first_directory_wins_when_a_name_appears_twice ... ok
[INFO] [stdout] test strength::tests::a_common_password_scores_at_the_bottom ... ok
[INFO] [stdout] test strength::tests::a_generated_value_scores_no_higher_than_its_entropy_allows ... ok
[INFO] [stdout] test strength::tests::plenty_of_entropy_does_not_lift_a_score_zxcvbn_marked_down ... ok
[INFO] [stdout] test strength::tests::the_context_counts_against_a_password_built_from_it ... ok
[INFO] [stdout] test crypto::tests::ciphertext_carries_the_authentication_tag ... ok
[INFO] [stdout] test strength::tests::the_scale_matches_zxcvbn_at_its_thresholds ... ok
[INFO] [stdout] test strength::tests::a_random_password_scores_at_the_top ... ok
[INFO] [stdout] test format::tests::plaintext_database_bytes_are_not_visible_in_the_file ... ok
[INFO] [stdout] test format::tests::wrong_password_is_rejected ... ok
[INFO] [stdout] test format::tests::encode_decode_roundtrip ... ok
[INFO] [stdout] test sync::tests::a_failed_transfer_leaves_no_claim_that_it_happened ... ok
[INFO] [stdout] test crypto::tests::wrong_password_fails_to_open ... ok
[INFO] [stdout] test format::tests::file_starts_with_no_recognizable_signature ... ok
[INFO] [stdout] test format::tests::truncated_file_is_rejected ... ok
[INFO] [stdout] test format::tests::corrupted_file_is_rejected ... ok
[INFO] [stdout] test sync::tests::a_transport_reporting_success_without_a_file_says_so ... ok
[INFO] [stdout] test merge::tests::a_conflict_won_by_the_other_side_keeps_this_side_in_history has been running for over 60 seconds
[INFO] [stdout] test merge::tests::a_label_change_on_one_side_and_an_edit_on_the_other_are_no_conflict has been running for over 60 seconds
[INFO] [stdout] test merge::tests::a_record_that_diverged_keeps_both_passwords has been running for over 60 seconds
[INFO] [stdout] test merge::tests::an_edit_by_an_older_build_is_not_taken_for_a_version_already_seen has been running for over 60 seconds
[INFO] [stdout] test merge::tests::an_older_version_from_the_other_side_is_kept_in_history_not_beside has been running for over 60 seconds
[INFO] [stdout] test sync::tests::a_transport_that_only_pushes_is_refused_a_pull_before_it_runs ... ok
[INFO] [stdout] test time::tests::a_date_reads_back_as_it_was_written ... ok
[INFO] [stdout] test time::tests::a_date_that_does_not_exist_is_refused_rather_than_rolled_over ... ok
[INFO] [stdout] test time::tests::days_and_dates_are_inverses_across_the_awkward_ones ... ok
[INFO] [stdout] test time::tests::the_shapes_exports_write_are_all_read ... ok
[INFO] [stdout] test merge::tests::two_edits_in_the_same_second_are_a_conflict_not_a_silent_overwrite has been running for over 60 seconds
[INFO] [stdout] test sync::tests::a_pull_folds_the_remote_copy_in_and_keeps_what_is_here has been running for over 60 seconds
[INFO] [stdout] test sync::tests::a_pull_leaves_no_copy_of_the_remote_vault_behind has been running for over 60 seconds
[INFO] [stdout] test sync::tests::a_pull_records_itself_on_disk_along_with_what_it_brought has been running for over 60 seconds
[INFO] [stdout] test merge::tests::a_record_that_diverged_keeps_both_passwords ... ok
[INFO] [stdout] test merge::tests::a_conflict_won_by_the_other_side_keeps_this_side_in_history ... ok
[INFO] [stdout] test sync::tests::a_pull_under_the_wrong_password_changes_nothing_here has been running for over 60 seconds
[INFO] [stdout] test sync::tests::a_push_puts_the_sealed_file_at_the_remote_byte_for_byte has been running for over 60 seconds
[INFO] [stdout] test sync::tests::a_push_stamps_the_vault_and_the_copy_that_goes_up has been running for over 60 seconds
[INFO] [stdout] test sync::tests::a_sync_is_recorded_as_one_operation_not_as_its_last_leg has been running for over 60 seconds
[INFO] [stdout] test merge::tests::a_label_change_on_one_side_and_an_edit_on_the_other_are_no_conflict ... ok
[INFO] [stdout] test sync::tests::a_sync_takes_the_other_side_first_and_publishes_the_result has been running for over 60 seconds
[INFO] [stdout] test merge::tests::an_edit_by_an_older_build_is_not_taken_for_a_version_already_seen ... ok
[INFO] [stdout] test sync::tests::a_push_puts_the_sealed_file_at_the_remote_byte_for_byte ... ok
[INFO] [stdout] test merge::tests::an_older_version_from_the_other_side_is_kept_in_history_not_beside ... ok
[INFO] [stdout] test merge::tests::two_edits_in_the_same_second_are_a_conflict_not_a_silent_overwrite ... ok
[INFO] [stdout] test sync::tests::what_the_transport_carries_is_never_readable_as_plaintext has been running for over 60 seconds
[INFO] [stdout] test sync::tests::what_the_transport_carries_is_never_readable_as_plaintext ... ok
[INFO] [stdout] test sync::tests::a_push_stamps_the_vault_and_the_copy_that_goes_up ... ok
[INFO] [stdout] test sync::tests::a_pull_under_the_wrong_password_changes_nothing_here ... ok
[INFO] [stdout] test sync::tests::a_pull_leaves_no_copy_of_the_remote_vault_behind ... ok
[INFO] [stdout] test sync::tests::a_pull_records_itself_on_disk_along_with_what_it_brought ... ok
[INFO] [stdout] test sync::tests::a_pull_folds_the_remote_copy_in_and_keeps_what_is_here ... ok
[INFO] [stdout] test sync::tests::a_sync_is_recorded_as_one_operation_not_as_its_last_leg ... ok
[INFO] [stdout] test sync::tests::a_sync_takes_the_other_side_first_and_publishes_the_result ... ok
[INFO] [stdout] 
[INFO] [stdout] test result: ok. 136 passed; 0 failed; 0 ignored; 0 measured; 0 filtered out; finished in 152.73s
[INFO] [stdout] 
[INFO] [stderr]      Running tests/exchange.rs (/opt/rustwide/target/debug/deps/exchange-1e952fc66659e439)
[INFO] [stdout] 
[INFO] [stdout] running 28 tests
[INFO] [stdout] test a_file_that_is_none_of_the_formats_is_refused_by_name ... ok
[INFO] [stdout] test a_keepass_file_with_values_still_sealed_is_refused_whole ... ok
[INFO] [stdout] test a_malformed_export_is_refused_before_anything_is_inserted ... ok
[INFO] [stdout] test a_chrome_csv_comes_in_as_logins ... ok
[INFO] [stdout] test a_value_xml_cannot_carry_stops_a_keepass_export_by_name ... ok
[INFO] [stdout] test a_keepass_export_comes_in_with_groups_as_tags_and_the_bin_left_behind ... ok
[INFO] [stdout] test a_keepass_entrys_history_arrives_as_its_versions ... ok
[INFO] [stdout] test a_keepass_entrys_strings_land_in_the_fields_they_mean ... ok
[INFO] [stdout] test a_bitwarden_export_maps_every_type_and_names_what_it_could_not ... ok
[INFO] [stdout] test a_safari_csv_brings_its_one_time_password_keys ... ok
[INFO] [stdout] test a_password_managers_csv_brings_notes_folders_and_its_own_columns ... ok
[INFO] [stdout] test a_flat_login_from_before_fields_still_imports ... ok
[INFO] [stdout] test a_keepassxc_csv_reads_like_its_xml ... ok
[INFO] [stdout] test an_encrypted_bitwarden_export_is_refused_with_the_way_out ... ok
[INFO] [stdout] test a_firefox_csv_keeps_its_identities_times_and_names_its_bookkeeping ... ok
[INFO] [stdout] test an_export_from_a_future_version_is_refused ... ok
[INFO] [stdout] test a_csv_export_writes_logins_and_counts_what_it_cannot has been running for over 60 seconds
[INFO] [stdout] test a_keepass_export_carries_history_when_asked has been running for over 60 seconds
[INFO] [stdout] test a_keepass_export_round_trips_every_kind has been running for over 60 seconds
[INFO] [stdout] test a_second_import_says_nothing_about_entries_it_skipped ... ok
[INFO] [stdout] test an_attachment_the_file_left_out_is_named_and_the_rest_still_arrives ... ok
[INFO] [stdout] test re_importing_an_export_does_not_duplicate_what_is_already_here ... ok
[INFO] [stdout] test bitwardens_password_history_becomes_versions_one_change_apart ... ok
[INFO] [stdout] test a_keepass_export_carries_history_when_asked ... ok
[INFO] [stdout] test an_entry_without_an_identity_is_always_added ... ok
[INFO] [stdout] test a_csv_export_writes_logins_and_counts_what_it_cannot ... ok
[INFO] [stdout] test a_keepass_export_round_trips_every_kind ... ok
[INFO] [stdout] test a_sefy_export_round_trips_every_kind_with_identity_and_times ... ok
[INFO] [stdout] test keepass_attachments_become_files_and_a_lone_one_keeps_its_entry ... ok
[INFO] [stdout] test history_leaves_only_when_asked_for_and_arrives_whole ... ok
[INFO] [stdout] test an_imported_export_merges_back_without_a_false_conflict ... ok
[INFO] [stdout] 
[INFO] [stdout] test result: ok. 28 passed; 0 failed; 0 ignored; 0 measured; 0 filtered out; finished in 76.57s
[INFO] [stdout] 
[INFO] [stderr]      Running tests/format_compatibility.rs (/opt/rustwide/target/debug/deps/format_compatibility-01a2afcead9d1905)
[INFO] [stdout] 
[INFO] [stdout] running 2 tests
[INFO] [stdout] test a_vault_written_by_0_5_0_still_opens_and_reads ... ok
[INFO] [stdout] test a_vault_written_by_0_5_0_still_takes_new_items ... ok
[INFO] [stdout] 
[INFO] [stdout] test result: ok. 2 passed; 0 failed; 0 ignored; 0 measured; 0 filtered out; finished in 11.48s
[INFO] [stdout] 
[INFO] [stderr]      Running tests/history.rs (/opt/rustwide/target/debug/deps/history-08d754f6fa899a2c)
[INFO] [stdout] 
[INFO] [stdout] running 16 tests
[INFO] [stdout] test a_field_the_record_no_longer_has_comes_back_at_the_end ... ok
[INFO] [stdout] test a_note_is_restored_whole_and_never_by_field ... ok
[INFO] [stdout] test a_new_title_or_new_tags_make_no_version ... ok
[INFO] [stdout] test saving_the_same_contents_again_makes_no_version ... ok
[INFO] [stdout] test every_version_has_an_identity_of_its_own ... ok
[INFO] [stdout] test an_old_value_is_not_something_to_find_an_item_by ... ok
[INFO] [stdout] test a_version_that_is_not_there_is_named_as_missing ... ok
[INFO] [stdout] test a_restore_brings_back_the_whole_contents_and_can_itself_be_undone ... ok
[INFO] [stdout] test history_never_reaches_the_disk_in_the_clear ... ok
[INFO] [stdout] test a_field_the_version_did_not_have_is_refused_with_what_it_did_have ... ok
[INFO] [stdout] test an_edit_keeps_what_it_replaced ... ok
[INFO] [stdout] test a_version_of_another_item_cannot_be_restored_into_this_one ... ok
[INFO] [stdout] test restoring_what_is_already_current_changes_nothing ... ok
[INFO] [stdout] test a_restored_field_comes_back_alone ... ok
[INFO] [stdout] test history_survives_a_save_and_reopen ... ok
[INFO] [stdout] test removing_an_item_removes_its_history ... ok
[INFO] [stdout] 
[INFO] [stdout] test result: ok. 16 passed; 0 failed; 0 ignored; 0 measured; 0 filtered out; finished in 25.41s
[INFO] [stdout] 
[INFO] [stderr]      Running tests/schema_migration.rs (/opt/rustwide/target/debug/deps/schema_migration-847a01ca7c02a9e3)
[INFO] [stdout] 
[INFO] [stdout] running 19 tests
[INFO] [stdout] test an_absent_optional_stays_absent_rather_than_becoming_empty ... ok
[INFO] [stdout] test version_four::a_vault_from_0_7_1_opens_and_keeps_everything_in_it ... ok
[INFO] [stdout] test version_four::a_vault_written_before_the_table_existed_says_it_never_synced ... ok
[INFO] [stdout] test a_note_written_by_0_6_0_is_untouched_by_the_migration ... ok
[INFO] [stdout] test the_migration_keeps_secrecy_where_it_belongs ... ok
[INFO] [stdout] test version_four::every_item_of_a_vault_from_before_history_starts_with_one_version ... ok
[INFO] [stdout] test a_credential_written_by_0_6_0_becomes_a_login_with_fields ... ok
[INFO] [stdout] test version_four::the_counts_a_status_reports_come_off_a_real_file ... ok
[INFO] [stdout] test an_edit_is_not_undone_by_the_row_the_old_build_left_behind ... ok
[INFO] [stdout] test the_migration_leaves_no_readable_copy_behind_for_an_older_build ... ok
[INFO] [stdout] test migrating_twice_does_not_change_what_was_migrated_once ... ok
[INFO] [stdout] test a_migrated_vault_still_takes_new_items ... ok
[INFO] [stdout] test version_four::the_first_edit_after_the_migration_keeps_what_0_7_1_wrote ... ok
[INFO] [stdout] test version_four::the_migration_moves_the_schema_forward_and_the_stamp_survives_a_reopen ... FAILED
[INFO] [stdout] test version_five::a_delete_by_an_older_build_takes_the_history_with_it ... FAILED
[INFO] [stdout] test migrated_apart::copies_migrated_separately_merge_an_edit_without_a_conflict ... ok
[INFO] [stdout] test an_account_added_by_0_6_0_after_the_migration_is_still_picked_up ... ok
[INFO] [stdout] test version_five::an_edit_by_an_older_build_becomes_current_and_leaves_the_history_alone ... ok
[INFO] [stdout] test version_five::an_item_an_older_build_adds_is_given_a_version_on_the_next_open ... ok
[INFO] [stdout] 
[INFO] [stdout] failures:
[INFO] [stdout] 
[INFO] [stdout] ---- version_four::the_migration_moves_the_schema_forward_and_the_stamp_survives_a_reopen stdout ----
[INFO] [stdout] 
[INFO] [stdout] thread 'version_four::the_migration_moves_the_schema_forward_and_the_stamp_survives_a_reopen' (1904) panicked at tests/schema_migration.rs:361:22:
[INFO] [stdout] called `Result::unwrap()` on an `Err` value: Io { context: "cannot write /tmp/.tmpg590No/notes.bak.sefy-tmp", source: Os { code: 28, kind: StorageFull, message: "No space left on device" } }
[INFO] [stdout] stack backtrace:
[INFO] [stdout]    0:     0x575c1ce4ac91 - std[70759c8f55707aa4]::backtrace_rs::backtrace::libunwind::trace
[INFO] [stdout]                                at /rustc/dfb0accb7f508ae8be965d8629557221c889dd98/library/std/src/../../backtrace/src/backtrace/libunwind.rs:117:9
[INFO] [stdout]    1:     0x575c1ce4ac91 - std[70759c8f55707aa4]::backtrace_rs::backtrace::trace_unsynchronized::<std[70759c8f55707aa4]::sys::backtrace::_print_fmt::{closure#1}>
[INFO] [stdout]                                at /rustc/dfb0accb7f508ae8be965d8629557221c889dd98/library/std/src/../../backtrace/src/backtrace/mod.rs:66:14
[INFO] [stdout]    2:     0x575c1ce4ac91 - std[70759c8f55707aa4]::sys::backtrace::_print_fmt
[INFO] [stdout]                                at /rustc/dfb0accb7f508ae8be965d8629557221c889dd98/library/std/src/sys/backtrace.rs:74:9
[INFO] [stdout]    3:     0x575c1ce4ac91 - <<std[70759c8f55707aa4]::sys::backtrace::BacktraceLock>::print::DisplayBacktrace as core[df12db4294e9bfd3]::fmt::Display>::fmt
[INFO] [stdout]                                at /rustc/dfb0accb7f508ae8be965d8629557221c889dd98/library/std/src/sys/backtrace.rs:44:26
[INFO] [stdout]    4:     0x575c1ce6043a - <core[df12db4294e9bfd3]::fmt::rt::Argument>::fmt
[INFO] [stdout]                                at /rustc/dfb0accb7f508ae8be965d8629557221c889dd98/library/core/src/fmt/rt.rs:152:76
[INFO] [stdout]    5:     0x575c1ce6043a - core[df12db4294e9bfd3]::fmt::write
[INFO] [stdout]    6:     0x575c1ce4f3ac - core[df12db4294e9bfd3]::io::write::default_write_fmt::<alloc[2182bb758b4b3781]::vec::Vec<u8>>
[INFO] [stdout]                                at /rustc/dfb0accb7f508ae8be965d8629557221c889dd98/library/core/src/io/write.rs:402:11
[INFO] [stdout]    7:     0x575c1ce4f3ac - <alloc[2182bb758b4b3781]::vec::Vec<u8> as core[df12db4294e9bfd3]::io::write::Write>::write_fmt
[INFO] [stdout]                                at /rustc/dfb0accb7f508ae8be965d8629557221c889dd98/library/core/src/io/write.rs:335:13
[INFO] [stdout]    8:     0x575c1ce244a6 - <std[70759c8f55707aa4]::sys::backtrace::BacktraceLock>::print
[INFO] [stdout]                                at /rustc/dfb0accb7f508ae8be965d8629557221c889dd98/library/std/src/sys/backtrace.rs:47:9
[INFO] [stdout]    9:     0x575c1ce244a6 - std[70759c8f55707aa4]::panicking::default_hook::{closure#0}
[INFO] [stdout]                                at /rustc/dfb0accb7f508ae8be965d8629557221c889dd98/library/std/src/panicking.rs:292:27
[INFO] [stdout]   10:     0x575c1ce41899 - std[70759c8f55707aa4]::panicking::default_hook
[INFO] [stdout]                                at /rustc/dfb0accb7f508ae8be965d8629557221c889dd98/library/std/src/panicking.rs:316:9
[INFO] [stdout]   11:     0x575c1cb44d70 - <alloc[2182bb758b4b3781]::boxed::Box<dyn for<'a, 'b> core[df12db4294e9bfd3]::ops::function::Fn<(&'a std[70759c8f55707aa4]::panic::PanicHookInfo<'b>,), Output = ()> + core[df12db4294e9bfd3]::marker::Send + core[df12db4294e9bfd3]::marker::Sync> as core[df12db4294e9bfd3]::ops::function::Fn<(&std[70759c8f55707aa4]::panic::PanicHookInfo,)>>::call
[INFO] [stdout]                                at /rustc/dfb0accb7f508ae8be965d8629557221c889dd98/library/alloc/src/boxed.rs:2334:9
[INFO] [stdout]   12:     0x575c1cb44d70 - test[9d35eded1c95d3be]::test_main_inner::<test[9d35eded1c95d3be]::test_main_static::{closure#0}>::{closure#0}
[INFO] [stdout]                                at /rustc/dfb0accb7f508ae8be965d8629557221c889dd98/library/test/src/lib.rs:155:21
[INFO] [stdout]   13:     0x575c1ce41a52 - <alloc[2182bb758b4b3781]::boxed::Box<dyn for<'a, 'b> core[df12db4294e9bfd3]::ops::function::Fn<(&'a std[70759c8f55707aa4]::panic::PanicHookInfo<'b>,), Output = ()> + core[df12db4294e9bfd3]::marker::Send + core[df12db4294e9bfd3]::marker::Sync> as core[df12db4294e9bfd3]::ops::function::Fn<(&std[70759c8f55707aa4]::panic::PanicHookInfo,)>>::call
[INFO] [stdout]                                at /rustc/dfb0accb7f508ae8be965d8629557221c889dd98/library/alloc/src/boxed.rs:2334:9
[INFO] [stdout]   14:     0x575c1ce41a52 - std[70759c8f55707aa4]::panicking::panic_with_hook
[INFO] [stdout]                                at /rustc/dfb0accb7f508ae8be965d8629557221c889dd98/library/std/src/panicking.rs:823:13
[INFO] [stdout]   15:     0x575c1ce24552 - std[70759c8f55707aa4]::panicking::panic_handler::{closure#0}
[INFO] [stdout]                                at /rustc/dfb0accb7f508ae8be965d8629557221c889dd98/library/std/src/panicking.rs:688:13
[INFO] [stdout]   16:     0x575c1ce1cfc9 - std[70759c8f55707aa4]::sys::backtrace::__rust_end_short_backtrace::<std[70759c8f55707aa4]::panicking::panic_handler::{closure#0}, !>
[INFO] [stdout]                                at /rustc/dfb0accb7f508ae8be965d8629557221c889dd98/library/std/src/sys/backtrace.rs:182:18
[INFO] [stdout]   17:     0x575c1ce2523d - __rustc[8fa7c3cbc660c2b3]::rust_begin_unwind
[INFO] [stdout]                                at /rustc/dfb0accb7f508ae8be965d8629557221c889dd98/library/std/src/panicking.rs:679:5
[INFO] [stdout]   18:     0x575c1ce60c5c - core[df12db4294e9bfd3]::panicking::panic_fmt
[INFO] [stdout]                                at /rustc/dfb0accb7f508ae8be965d8629557221c889dd98/library/core/src/panicking.rs:80:14
[INFO] [stdout]   19:     0x575c1ce609b2 - core[df12db4294e9bfd3]::result::unwrap_failed
[INFO] [stdout]                                at /rustc/dfb0accb7f508ae8be965d8629557221c889dd98/library/core/src/result.rs:1871:5
[INFO] [stdout]   20:     0x575c1cb371d4 - <core[df12db4294e9bfd3]::result::Result<(), sefy_core[fd19e73ab69ed759]::error::Error>>::unwrap
[INFO] [stdout]                                at /rustc/dfb0accb7f508ae8be965d8629557221c889dd98/library/core/src/result.rs:1232:23
[INFO] [stdout]   21:     0x575c1cb371d4 - schema_migration[e85bc715f6e468]::version_four::the_migration_moves_the_schema_forward_and_the_stamp_survives_a_reopen
[INFO] [stdout]                                at /opt/rustwide/workdir/tests/schema_migration.rs:361:22
[INFO] [stdout]   22:     0x575c1cb2bfa7 - schema_migration[e85bc715f6e468]::version_four::the_migration_moves_the_schema_forward_and_the_stamp_survives_a_reopen::{closure#0}
[INFO] [stdout]                                at /opt/rustwide/workdir/tests/schema_migration.rs:348:80
[INFO] [stdout]   23:     0x575c1cb37fe6 - <schema_migration[e85bc715f6e468]::version_four::the_migration_moves_the_schema_forward_and_the_stamp_survives_a_reopen::{closure#0} as core[df12db4294e9bfd3]::ops::function::FnOnce<()>>::call_once
[INFO] [stdout]                                at /rustc/dfb0accb7f508ae8be965d8629557221c889dd98/library/core/src/ops/function.rs:250:5
[INFO] [stdout]   24:     0x575c1cb3805b - <fn() -> core[df12db4294e9bfd3]::result::Result<(), alloc[2182bb758b4b3781]::string::String> as core[df12db4294e9bfd3]::ops::function::FnOnce<()>>::call_once
[INFO] [stdout]                                at /rustc/dfb0accb7f508ae8be965d8629557221c889dd98/library/core/src/ops/function.rs:250:5
[INFO] [stdout]   25:     0x575c1cb3805b - test[9d35eded1c95d3be]::__rust_begin_short_backtrace::<core[df12db4294e9bfd3]::result::Result<(), alloc[2182bb758b4b3781]::string::String>, fn() -> core[df12db4294e9bfd3]::result::Result<(), alloc[2182bb758b4b3781]::string::String>>
[INFO] [stdout]                                at /rustc/dfb0accb7f508ae8be965d8629557221c889dd98/library/test/src/lib.rs:733:18
[INFO] [stdout]   26:     0x575c1cb456c5 - test[9d35eded1c95d3be]::run_test_in_process::{closure#0}
[INFO] [stdout]                                at /rustc/dfb0accb7f508ae8be965d8629557221c889dd98/library/test/src/lib.rs:756:74
[INFO] [stdout]   27:     0x575c1cb456c5 - <core[df12db4294e9bfd3]::panic::unwind_safe::AssertUnwindSafe<test[9d35eded1c95d3be]::run_test_in_process::{closure#0}> as core[df12db4294e9bfd3]::ops::function::FnOnce<()>>::call_once
[INFO] [stdout]                                at /rustc/dfb0accb7f508ae8be965d8629557221c889dd98/library/core/src/panic/unwind_safe.rs:275:9
[INFO] [stdout]   28:     0x575c1cb456c5 - std[70759c8f55707aa4]::panicking::catch_unwind::do_call::<core[df12db4294e9bfd3]::panic::unwind_safe::AssertUnwindSafe<test[9d35eded1c95d3be]::run_test_in_process::{closure#0}>, core[df12db4294e9bfd3]::result::Result<(), alloc[2182bb758b4b3781]::string::String>>
[INFO] [stdout]                                at /rustc/dfb0accb7f508ae8be965d8629557221c889dd98/library/std/src/panicking.rs:576:43
[INFO] [stdout]   29:     0x575c1cb456c5 - std[70759c8f55707aa4]::panicking::catch_unwind::<core[df12db4294e9bfd3]::result::Result<(), alloc[2182bb758b4b3781]::string::String>, core[df12db4294e9bfd3]::panic::unwind_safe::AssertUnwindSafe<test[9d35eded1c95d3be]::run_test_in_process::{closure#0}>>
[INFO] [stdout]                                at /rustc/dfb0accb7f508ae8be965d8629557221c889dd98/library/std/src/panicking.rs:544:19
[INFO] [stdout]   30:     0x575c1cb456c5 - std[70759c8f55707aa4]::panic::catch_unwind::<core[df12db4294e9bfd3]::panic::unwind_safe::AssertUnwindSafe<test[9d35eded1c95d3be]::run_test_in_process::{closure#0}>, core[df12db4294e9bfd3]::result::Result<(), alloc[2182bb758b4b3781]::string::String>>
[INFO] [stdout]                                at /rustc/dfb0accb7f508ae8be965d8629557221c889dd98/library/std/src/panic.rs:359:14
[INFO] [stdout]   31:     0x575c1cb456c5 - test[9d35eded1c95d3be]::run_test_in_process
[INFO] [stdout]                                at /rustc/dfb0accb7f508ae8be965d8629557221c889dd98/library/test/src/lib.rs:756:27
[INFO] [stdout]   32:     0x575c1cb456c5 - test[9d35eded1c95d3be]::run_test::{closure#0}
[INFO] [stdout]                                at /rustc/dfb0accb7f508ae8be965d8629557221c889dd98/library/test/src/lib.rs:677:43
[INFO] [stdout]   33:     0x575c1cb3ef84 - test[9d35eded1c95d3be]::run_test::{closure#1}
[INFO] [stdout]                                at /rustc/dfb0accb7f508ae8be965d8629557221c889dd98/library/test/src/lib.rs:707:41
[INFO] [stdout]   34:     0x575c1cb3ef84 - std[70759c8f55707aa4]::sys::backtrace::__rust_begin_short_backtrace::<test[9d35eded1c95d3be]::run_test::{closure#1}, ()>
[INFO] [stdout]                                at /rustc/dfb0accb7f508ae8be965d8629557221c889dd98/library/std/src/sys/backtrace.rs:166:18
[INFO] [stdout]   35:     0x575c1cb48822 - std[70759c8f55707aa4]::thread::lifecycle::spawn_unchecked::<test[9d35eded1c95d3be]::run_test::{closure#1}, ()>::{closure#1}::{closure#0}
[INFO] [stdout]                                at /rustc/dfb0accb7f508ae8be965d8629557221c889dd98/library/std/src/thread/lifecycle.rs:70:13
[INFO] [stdout]   36:     0x575c1cb48822 - <core[df12db4294e9bfd3]::panic::unwind_safe::AssertUnwindSafe<std[70759c8f55707aa4]::thread::lifecycle::spawn_unchecked<test[9d35eded1c95d3be]::run_test::{closure#1}, ()>::{closure#1}::{closure#0}> as core[df12db4294e9bfd3]::ops::function::FnOnce<()>>::call_once
[INFO] [stdout]                                at /rustc/dfb0accb7f508ae8be965d8629557221c889dd98/library/core/src/panic/unwind_safe.rs:275:9
[INFO] [stdout]   37:     0x575c1cb48822 - std[70759c8f55707aa4]::panicking::catch_unwind::do_call::<core[df12db4294e9bfd3]::panic::unwind_safe::AssertUnwindSafe<std[70759c8f55707aa4]::thread::lifecycle::spawn_unchecked<test[9d35eded1c95d3be]::run_test::{closure#1}, ()>::{closure#1}::{closure#0}>, ()>
[INFO] [stdout]                                at /rustc/dfb0accb7f508ae8be965d8629557221c889dd98/library/std/src/panicking.rs:576:43
[INFO] [stdout]   38:     0x575c1cb48822 - std[70759c8f55707aa4]::panicking::catch_unwind::<(), core[df12db4294e9bfd3]::panic::unwind_safe::AssertUnwindSafe<std[70759c8f55707aa4]::thread::lifecycle::spawn_unchecked<test[9d35eded1c95d3be]::run_test::{closure#1}, ()>::{closure#1}::{closure#0}>>
[INFO] [stdout]                                at /rustc/dfb0accb7f508ae8be965d8629557221c889dd98/library/std/src/panicking.rs:544:19
[INFO] [stdout]   39:     0x575c1cb48822 - std[70759c8f55707aa4]::panic::catch_unwind::<core[df12db4294e9bfd3]::panic::unwind_safe::AssertUnwindSafe<std[70759c8f55707aa4]::thread::lifecycle::spawn_unchecked<test[9d35eded1c95d3be]::run_test::{closure#1}, ()>::{closure#1}::{closure#0}>, ()>
[INFO] [stdout]                                at /rustc/dfb0accb7f508ae8be965d8629557221c889dd98/library/std/src/panic.rs:359:14
[INFO] [stdout]   40:     0x575c1cb48822 - std[70759c8f55707aa4]::thread::lifecycle::spawn_unchecked::<test[9d35eded1c95d3be]::run_test::{closure#1}, ()>::{closure#1}
[INFO] [stdout]                                at /rustc/dfb0accb7f508ae8be965d8629557221c889dd98/library/std/src/thread/lifecycle.rs:68:26
[INFO] [stdout]   41:     0x575c1cb48822 - <std[70759c8f55707aa4]::thread::lifecycle::spawn_unchecked<test[9d35eded1c95d3be]::run_test::{closure#1}, ()>::{closure#1} as core[df12db4294e9bfd3]::ops::function::FnOnce<()>>::call_once::{shim:vtable#0}
[INFO] [stdout]                                at /rustc/dfb0accb7f508ae8be965d8629557221c889dd98/library/core/src/ops/function.rs:250:5
[INFO] [stdout]   42:     0x575c1ce49f99 - <alloc[2182bb758b4b3781]::boxed::Box<dyn core[df12db4294e9bfd3]::ops::function::FnOnce<(), Output = ()> + core[df12db4294e9bfd3]::marker::Send> as core[df12db4294e9bfd3]::ops::function::FnOnce<()>>::call_once
[INFO] [stdout]                                at /rustc/dfb0accb7f508ae8be965d8629557221c889dd98/library/alloc/src/boxed.rs:2320:9
[INFO] [stdout]   43:     0x575c1ce49f99 - <std[70759c8f55707aa4]::sys::thread::unix::Thread>::new::thread_start
[INFO] [stdout]                                at /rustc/dfb0accb7f508ae8be965d8629557221c889dd98/library/std/src/sys/thread/unix.rs:123:17
[INFO] [stdout]   44:     0x73c30a97ddfa - <unknown>
[INFO] [stdout]   45:     0x73c30aa113d4 - clone
[INFO] [stdout]   46:                0x0 - <unknown>
[INFO] [stdout] 
[INFO] [stdout] ---- version_five::a_delete_by_an_older_build_takes_the_history_with_it stdout ----
[INFO] [stdout] 
[INFO] [stdout] thread 'version_five::a_delete_by_an_older_build_takes_the_history_with_it' (1896) panicked at tests/schema_migration.rs:473:79:
[INFO] [stdout] called `Result::unwrap()` on an `Err` value: Os { code: 28, kind: StorageFull, message: "No space left on device" }
[INFO] [stdout] stack backtrace:
[INFO] [stdout]    0:     0x575c1ce4ac91 - std[70759c8f55707aa4]::backtrace_rs::backtrace::libunwind::trace
[INFO] [stdout]                                at /rustc/dfb0accb7f508ae8be965d8629557221c889dd98/library/std/src/../../backtrace/src/backtrace/libunwind.rs:117:9
[INFO] [stdout]    1:     0x575c1ce4ac91 - std[70759c8f55707aa4]::backtrace_rs::backtrace::trace_unsynchronized::<std[70759c8f55707aa4]::sys::backtrace::_print_fmt::{closure#1}>
[INFO] [stdout]                                at /rustc/dfb0accb7f508ae8be965d8629557221c889dd98/library/std/src/../../backtrace/src/backtrace/mod.rs:66:14
[INFO] [stdout]    2:     0x575c1ce4ac91 - std[70759c8f55707aa4]::sys::backtrace::_print_fmt
[INFO] [stdout]                                at /rustc/dfb0accb7f508ae8be965d8629557221c889dd98/library/std/src/sys/backtrace.rs:74:9
[INFO] [stdout]    3:     0x575c1ce4ac91 - <<std[70759c8f55707aa4]::sys::backtrace::BacktraceLock>::print::DisplayBacktrace as core[df12db4294e9bfd3]::fmt::Display>::fmt
[INFO] [stdout]                                at /rustc/dfb0accb7f508ae8be965d8629557221c889dd98/library/std/src/sys/backtrace.rs:44:26
[INFO] [stdout]    4:     0x575c1ce6043a - <core[df12db4294e9bfd3]::fmt::rt::Argument>::fmt
[INFO] [stdout]                                at /rustc/dfb0accb7f508ae8be965d8629557221c889dd98/library/core/src/fmt/rt.rs:152:76
[INFO] [stdout]    5:     0x575c1ce6043a - core[df12db4294e9bfd3]::fmt::write
[INFO] [stdout]    6:     0x575c1ce4f3ac - core[df12db4294e9bfd3]::io::write::default_write_fmt::<alloc[2182bb758b4b3781]::vec::Vec<u8>>
[INFO] [stdout]                                at /rustc/dfb0accb7f508ae8be965d8629557221c889dd98/library/core/src/io/write.rs:402:11
[INFO] [stdout]    7:     0x575c1ce4f3ac - <alloc[2182bb758b4b3781]::vec::Vec<u8> as core[df12db4294e9bfd3]::io::write::Write>::write_fmt
[INFO] [stdout]                                at /rustc/dfb0accb7f508ae8be965d8629557221c889dd98/library/core/src/io/write.rs:335:13
[INFO] [stdout]    8:     0x575c1ce244a6 - <std[70759c8f55707aa4]::sys::backtrace::BacktraceLock>::print
[INFO] [stdout]                                at /rustc/dfb0accb7f508ae8be965d8629557221c889dd98/library/std/src/sys/backtrace.rs:47:9
[INFO] [stdout]    9:     0x575c1ce244a6 - std[70759c8f55707aa4]::panicking::default_hook::{closure#0}
[INFO] [stdout]                                at /rustc/dfb0accb7f508ae8be965d8629557221c889dd98/library/std/src/panicking.rs:292:27
[INFO] [stdout]   10:     0x575c1ce41899 - std[70759c8f55707aa4]::panicking::default_hook
[INFO] [stdout]                                at /rustc/dfb0accb7f508ae8be965d8629557221c889dd98/library/std/src/panicking.rs:316:9
[INFO] [stdout]   11:     0x575c1cb44d70 - <alloc[2182bb758b4b3781]::boxed::Box<dyn for<'a, 'b> core[df12db4294e9bfd3]::ops::function::Fn<(&'a std[70759c8f55707aa4]::panic::PanicHookInfo<'b>,), Output = ()> + core[df12db4294e9bfd3]::marker::Send + core[df12db4294e9bfd3]::marker::Sync> as core[df12db4294e9bfd3]::ops::function::Fn<(&std[70759c8f55707aa4]::panic::PanicHookInfo,)>>::call
[INFO] [stdout]                                at /rustc/dfb0accb7f508ae8be965d8629557221c889dd98/library/alloc/src/boxed.rs:2334:9
[INFO] [stdout]   12:     0x575c1cb44d70 - test[9d35eded1c95d3be]::test_main_inner::<test[9d35eded1c95d3be]::test_main_static::{closure#0}>::{closure#0}
[INFO] [stdout]                                at /rustc/dfb0accb7f508ae8be965d8629557221c889dd98/library/test/src/lib.rs:155:21
[INFO] [stdout]   13:     0x575c1ce41a52 - <alloc[2182bb758b4b3781]::boxed::Box<dyn for<'a, 'b> core[df12db4294e9bfd3]::ops::function::Fn<(&'a std[70759c8f55707aa4]::panic::PanicHookInfo<'b>,), Output = ()> + core[df12db4294e9bfd3]::marker::Send + core[df12db4294e9bfd3]::marker::Sync> as core[df12db4294e9bfd3]::ops::function::Fn<(&std[70759c8f55707aa4]::panic::PanicHookInfo,)>>::call
[INFO] [stdout]                                at /rustc/dfb0accb7f508ae8be965d8629557221c889dd98/library/alloc/src/boxed.rs:2334:9
[INFO] [stdout]   14:     0x575c1ce41a52 - std[70759c8f55707aa4]::panicking::panic_with_hook
[INFO] [stdout]                                at /rustc/dfb0accb7f508ae8be965d8629557221c889dd98/library/std/src/panicking.rs:823:13
[INFO] [stdout]   15:     0x575c1ce24552 - std[70759c8f55707aa4]::panicking::panic_handler::{closure#0}
[INFO] [stdout]                                at /rustc/dfb0accb7f508ae8be965d8629557221c889dd98/library/std/src/panicking.rs:688:13
[INFO] [stdout]   16:     0x575c1ce1cfc9 - std[70759c8f55707aa4]::sys::backtrace::__rust_end_short_backtrace::<std[70759c8f55707aa4]::panicking::panic_handler::{closure#0}, !>
[INFO] [stdout]                                at /rustc/dfb0accb7f508ae8be965d8629557221c889dd98/library/std/src/sys/backtrace.rs:182:18
[INFO] [stdout]   17:     0x575c1ce2523d - __rustc[8fa7c3cbc660c2b3]::rust_begin_unwind
[INFO] [stdout]                                at /rustc/dfb0accb7f508ae8be965d8629557221c889dd98/library/std/src/panicking.rs:679:5
[INFO] [stdout]   18:     0x575c1ce60c5c - core[df12db4294e9bfd3]::panicking::panic_fmt
[INFO] [stdout]                                at /rustc/dfb0accb7f508ae8be965d8629557221c889dd98/library/core/src/panicking.rs:80:14
[INFO] [stdout]   19:     0x575c1ce609b2 - core[df12db4294e9bfd3]::result::unwrap_failed
[INFO] [stdout]                                at /rustc/dfb0accb7f508ae8be965d8629557221c889dd98/library/core/src/result.rs:1871:5
[INFO] [stdout]   20:     0x575c1cb22cd1 - <core[df12db4294e9bfd3]::result::Result<(), core[df12db4294e9bfd3]::io::error::Error>>::unwrap
[INFO] [stdout]                                at /rustc/dfb0accb7f508ae8be965d8629557221c889dd98/library/core/src/result.rs:1232:23
[INFO] [stdout]   21:     0x575c1cb22cd1 - schema_migration[e85bc715f6e468]::version_five::as_an_older_build
[INFO] [stdout]                                at /opt/rustwide/workdir/tests/schema_migration.rs:473:79
[INFO] [stdout]   22:     0x575c1cb23883 - schema_migration[e85bc715f6e468]::version_five::a_delete_by_an_older_build_takes_the_history_with_it
[INFO] [stdout]                                at /opt/rustwide/workdir/tests/schema_migration.rs:530:9
[INFO] [stdout]   23:     0x575c1cb20ff7 - schema_migration[e85bc715f6e468]::version_five::a_delete_by_an_older_build_takes_the_history_with_it::{closure#0}
[INFO] [stdout]                                at /opt/rustwide/workdir/tests/schema_migration.rs:525:62
[INFO] [stdout]   24:     0x575c1cb37ee6 - <schema_migration[e85bc715f6e468]::version_five::a_delete_by_an_older_build_takes_the_history_with_it::{closure#0} as core[df12db4294e9bfd3]::ops::function::FnOnce<()>>::call_once
[INFO] [stdout]                                at /rustc/dfb0accb7f508ae8be965d8629557221c889dd98/library/core/src/ops/function.rs:250:5
[INFO] [stdout]   25:     0x575c1cb3805b - <fn() -> core[df12db4294e9bfd3]::result::Result<(), alloc[2182bb758b4b3781]::string::String> as core[df12db4294e9bfd3]::ops::function::FnOnce<()>>::call_once
[INFO] [stdout]                                at /rustc/dfb0accb7f508ae8be965d8629557221c889dd98/library/core/src/ops/function.rs:250:5
[INFO] [stdout]   26:     0x575c1cb3805b - test[9d35eded1c95d3be]::__rust_begin_short_backtrace::<core[df12db4294e9bfd3]::result::Result<(), alloc[2182bb758b4b3781]::string::String>, fn() -> core[df12db4294e9bfd3]::result::Result<(), alloc[2182bb758b4b3781]::string::String>>
[INFO] [stdout]                                at /rustc/dfb0accb7f508ae8be965d8629557221c889dd98/library/test/src/lib.rs:733:18
[INFO] [stdout]   27:     0x575c1cb456c5 - test[9d35eded1c95d3be]::run_test_in_process::{closure#0}
[INFO] [stdout]                                at /rustc/dfb0accb7f508ae8be965d8629557221c889dd98/library/test/src/lib.rs:756:74
[INFO] [stdout]   28:     0x575c1cb456c5 - <core[df12db4294e9bfd3]::panic::unwind_safe::AssertUnwindSafe<test[9d35eded1c95d3be]::run_test_in_process::{closure#0}> as core[df12db4294e9bfd3]::ops::function::FnOnce<()>>::call_once
[INFO] [stdout]                                at /rustc/dfb0accb7f508ae8be965d8629557221c889dd98/library/core/src/panic/unwind_safe.rs:275:9
[INFO] [stdout]   29:     0x575c1cb456c5 - std[70759c8f55707aa4]::panicking::catch_unwind::do_call::<core[df12db4294e9bfd3]::panic::unwind_safe::AssertUnwindSafe<test[9d35eded1c95d3be]::run_test_in_process::{closure#0}>, core[df12db4294e9bfd3]::result::Result<(), alloc[2182bb758b4b3781]::string::String>>
[INFO] [stdout]                                at /rustc/dfb0accb7f508ae8be965d8629557221c889dd98/library/std/src/panicking.rs:576:43
[INFO] [stdout]   30:     0x575c1cb456c5 - std[70759c8f55707aa4]::panicking::catch_unwind::<core[df12db4294e9bfd3]::result::Result<(), alloc[2182bb758b4b3781]::string::String>, core[df12db4294e9bfd3]::panic::unwind_safe::AssertUnwindSafe<test[9d35eded1c95d3be]::run_test_in_process::{closure#0}>>
[INFO] [stdout]                                at /rustc/dfb0accb7f508ae8be965d8629557221c889dd98/library/std/src/panicking.rs:544:19
[INFO] [stdout]   31:     0x575c1cb456c5 - std[70759c8f55707aa4]::panic::catch_unwind::<core[df12db4294e9bfd3]::panic::unwind_safe::AssertUnwindSafe<test[9d35eded1c95d3be]::run_test_in_process::{closure#0}>, core[df12db4294e9bfd3]::result::Result<(), alloc[2182bb758b4b3781]::string::String>>
[INFO] [stdout]                                at /rustc/dfb0accb7f508ae8be965d8629557221c889dd98/library/std/src/panic.rs:359:14
[INFO] [stdout]   32:     0x575c1cb456c5 - test[9d35eded1c95d3be]::run_test_in_process
[INFO] [stdout]                                at /rustc/dfb0accb7f508ae8be965d8629557221c889dd98/library/test/src/lib.rs:756:27
[INFO] [stdout]   33:     0x575c1cb456c5 - test[9d35eded1c95d3be]::run_test::{closure#0}
[INFO] [stdout]                                at /rustc/dfb0accb7f508ae8be965d8629557221c889dd98/library/test/src/lib.rs:677:43
[INFO] [stdout]   34:     0x575c1cb3ef84 - test[9d35eded1c95d3be]::run_test::{closure#1}
[INFO] [stdout]                                at /rustc/dfb0accb7f508ae8be965d8629557221c889dd98/library/test/src/lib.rs:707:41
[INFO] [stdout]   35:     0x575c1cb3ef84 - std[70759c8f55707aa4]::sys::backtrace::__rust_begin_short_backtrace::<test[9d35eded1c95d3be]::run_test::{closure#1}, ()>
[INFO] [stdout]                                at /rustc/dfb0accb7f508ae8be965d8629557221c889dd98/library/std/src/sys/backtrace.rs:166:18
[INFO] [stdout]   36:     0x575c1cb48822 - std[70759c8f55707aa4]::thread::lifecycle::spawn_unchecked::<test[9d35eded1c95d3be]::run_test::{closure#1}, ()>::{closure#1}::{closure#0}
[INFO] [stdout]                                at /rustc/dfb0accb7f508ae8be965d8629557221c889dd98/library/std/src/thread/lifecycle.rs:70:13
[INFO] [stdout]   37:     0x575c1cb48822 - <core[df12db4294e9bfd3]::panic::unwind_safe::AssertUnwindSafe<std[70759c8f55707aa4]::thread::lifecycle::spawn_unchecked<test[9d35eded1c95d3be]::run_test::{closure#1}, ()>::{closure#1}::{closure#0}> as core[df12db4294e9bfd3]::ops::function::FnOnce<()>>::call_once
[INFO] [stdout]                                at /rustc/dfb0accb7f508ae8be965d8629557221c889dd98/library/core/src/panic/unwind_safe.rs:275:9
[INFO] [stdout]   38:     0x575c1cb48822 - std[70759c8f55707aa4]::panicking::catch_unwind::do_call::<core[df12db4294e9bfd3]::panic::unwind_safe::AssertUnwindSafe<std[70759c8f55707aa4]::thread::lifecycle::spawn_unchecked<test[9d35eded1c95d3be]::run_test::{closure#1}, ()>::{closure#1}::{closure#0}>, ()>
[INFO] [stdout]                                at /rustc/dfb0accb7f508ae8be965d8629557221c889dd98/library/std/src/panicking.rs:576:43
[INFO] [stdout]   39:     0x575c1cb48822 - std[70759c8f55707aa4]::panicking::catch_unwind::<(), core[df12db4294e9bfd3]::panic::unwind_safe::AssertUnwindSafe<std[70759c8f55707aa4]::thread::lifecycle::spawn_unchecked<test[9d35eded1c95d3be]::run_test::{closure#1}, ()>::{closure#1}::{closure#0}>>
[INFO] [stdout]                                at /rustc/dfb0accb7f508ae8be965d8629557221c889dd98/library/std/src/panicking.rs:544:19
[INFO] [stdout]   40:     0x575c1cb48822 - std[70759c8f55707aa4]::panic::catch_unwind::<core[df12db4294e9bfd3]::panic::unwind_safe::AssertUnwindSafe<std[70759c8f55707aa4]::thread::lifecycle::spawn_unchecked<test[9d35eded1c95d3be]::run_test::{closure#1}, ()>::{closure#1}::{closure#0}>, ()>
[INFO] [stdout]                                at /rustc/dfb0accb7f508ae8be965d8629557221c889dd98/library/std/src/panic.rs:359:14
[INFO] [stdout]   41:     0x575c1cb48822 - std[70759c8f55707aa4]::thread::lifecycle::spawn_unchecked::<test[9d35eded1c95d3be]::run_test::{closure#1}, ()>::{closure#1}
[INFO] [stdout]                                at /rustc/dfb0accb7f508ae8be965d8629557221c889dd98/library/std/src/thread/lifecycle.rs:68:26
[INFO] [stdout]   42:     0x575c1cb48822 - <std[70759c8f55707aa4]::thread::lifecycle::spawn_unchecked<test[9d35eded1c95d3be]::run_test::{closure#1}, ()>::{closure#1} as core[df12db4294e9bfd3]::ops::function::FnOnce<()>>::call_once::{shim:vtable#0}
[INFO] [stdout]                                at /rustc/dfb0accb7f508ae8be965d8629557221c889dd98/library/core/src/ops/function.rs:250:5
[INFO] [stdout]   43:     0x575c1ce49f99 - <alloc[2182bb758b4b3781]::boxed::Box<dyn core[df12db4294e9bfd3]::ops::function::FnOnce<(), Output = ()> + core[df12db4294e9bfd3]::marker::Send> as core[df12db4294e9bfd3]::ops::function::FnOnce<()>>::call_once
[INFO] [stdout]                                at /rustc/dfb0accb7f508ae8be965d8629557221c889dd98/library/alloc/src/boxed.rs:2320:9
[INFO] [stdout]   44:     0x575c1ce49f99 - <std[70759c8f55707aa4]::sys::thread::unix::Thread>::new::thread_start
[INFO] [stdout]                                at /rustc/dfb0accb7f508ae8be965d8629557221c889dd98/library/std/src/sys/thread/unix.rs:123:17
[INFO] [stdout]   45:     0x73c30a97ddfa - <unknown>
[INFO] [stdout]   46:     0x73c30aa113d4 - clone
[INFO] [stdout]   47:                0x0 - <unknown>
[INFO] [stdout] 
[INFO] [stdout] 
[INFO] [stdout] failures:
[INFO] [stdout]     version_five::a_delete_by_an_older_build_takes_the_history_with_it
[INFO] [stdout]     version_four::the_migration_moves_the_schema_forward_and_the_stamp_survives_a_reopen
[INFO] [stdout] 
[INFO] [stdout] test result: FAILED. 17 passed; 2 failed; 0 ignored; 0 measured; 0 filtered out; finished in 29.85s
[INFO] [stdout] 
[INFO] [stderr] error: test failed, to rerun pass `--test schema_migration`
[INFO] running `Command { std: "docker" "inspect" "3eb7dffd35ce2adc73ea478cca974d1cea4221d5f09a9c866ced9ba7f4489eab", kill_on_drop: false }`
[INFO] running `Command { std: "docker" "rm" "-f" "3eb7dffd35ce2adc73ea478cca974d1cea4221d5f09a9c866ced9ba7f4489eab", kill_on_drop: false }`
[INFO] [stdout] 3eb7dffd35ce2adc73ea478cca974d1cea4221d5f09a9c866ced9ba7f4489eab
